[INFO] fetching crate ifttt-webhook 0.3.2...
[INFO] testing ifttt-webhook-0.3.2 against 1.99.0-beta.8+cargoflags=--release for beta-release-1.100-2
[INFO] extracting crate ifttt-webhook 0.3.2 into /workspace/builds/worker-5-tc1/source
[INFO] started tweaking crates.io crate ifttt-webhook 0.3.2
[INFO] finished tweaking crates.io crate ifttt-webhook 0.3.2
[INFO] tweaked toml for crates.io crate ifttt-webhook 0.3.2 written to /workspace/builds/worker-5-tc1/source/Cargo.toml
[INFO] validating manifest of crates.io crate ifttt-webhook 0.3.2 on toolchain 1.99.0-beta.8
[INFO] running `Command { std: CARGO_HOME="/workspace/cargo-home" RUSTUP_HOME="/workspace/rustup-home" "/workspace/cargo-home/bin/cargo" "+1.99.0-beta.8" "metadata" "--manifest-path" "Cargo.toml" "--no-deps", kill_on_drop: false }`
[INFO] running `Command { std: CARGO_HOME="/workspace/cargo-home" RUSTUP_HOME="/workspace/rustup-home" "/workspace/cargo-home/bin/cargo" "+1.99.0-beta.8" "generate-lockfile" "--manifest-path" "Cargo.toml", kill_on_drop: false }`
[INFO] [stderr]     Blocking waiting for file lock on package cache
[INFO] [stderr]     Updating crates.io index
[INFO] [stderr]     Blocking waiting for file lock on package cache
[INFO] [stderr]      Locking 153 packages to highest compatible versions
[INFO] [stderr]       Adding reqwest v0.10.10 (available: v0.13.5)
[INFO] [stderr]       Adding tokio v0.2.25 (available: v1.53.3)
[INFO] running `Command { std: CARGO_HOME="/workspace/cargo-home" RUSTUP_HOME="/workspace/rustup-home" "/workspace/cargo-home/bin/cargo" "+1.99.0-beta.8" "fetch" "--manifest-path" "Cargo.toml", kill_on_drop: false }`
[INFO] [stderr]     Blocking waiting for file lock on package cache
[INFO] [stderr]     Blocking waiting for file lock on package cache
[INFO] [stderr]  Downloading crates ...
[INFO] [stderr]   Downloaded net2 v0.2.39
[INFO] running `Command { std: "docker" "create" "-v" "/var/lib/crater-agent-workspace/builds/worker-5-tc1/source:/opt/rustwide/workdir:ro,Z" "-v" "/var/lib/crater-agent-workspace/builds/worker-5-tc1/target:/opt/rustwide/target:rw,Z" "-v" "/var/lib/crater-agent-workspace/cargo-home:/opt/rustwide/cargo-home:ro,Z" "-v" "/var/lib/crater-agent-workspace/rustup-home:/opt/rustwide/rustup-home:ro,Z" "-m" "1610612736" "--network" "none" "ghcr.io/rust-lang/crates-build-env/linux@sha256:77db811e55d90add9212f6832c23229e3de5f1c1f9905e8cb07319ea15df73ac" "sleep" "infinity", kill_on_drop: false }`
[INFO] [stdout] f0da845629c6519f4731f533ca7f80abd36af5d349d5078d159b6be372fc7962
[INFO] running `Command { std: "docker" "start" "f0da845629c6519f4731f533ca7f80abd36af5d349d5078d159b6be372fc7962", kill_on_drop: false }`
[INFO] running `Command { std: "docker" "inspect" "f0da845629c6519f4731f533ca7f80abd36af5d349d5078d159b6be372fc7962", kill_on_drop: false }`
[INFO] running `Command { std: "docker" "exec" "-e" "SOURCE_DIR=/opt/rustwide/workdir" "-e" "CARGO_HOME=/opt/rustwide/cargo-home" "-e" "RUSTUP_HOME=/opt/rustwide/rustup-home" "-e" "CARGO_TARGET_DIR=/opt/rustwide/target" "-w" "/opt/rustwide/workdir" "--user" "0:0" "f0da845629c6519f4731f533ca7f80abd36af5d349d5078d159b6be372fc7962" "/opt/rustwide/cargo-home/bin/cargo" "+1.99.0-beta.8" "metadata" "--no-deps" "--format-version=1", kill_on_drop: false }`
[INFO] running `Command { std: "docker" "inspect" "f0da845629c6519f4731f533ca7f80abd36af5d349d5078d159b6be372fc7962", kill_on_drop: false }`
[INFO] running `Command { std: "docker" "exec" "-e" "SOURCE_DIR=/opt/rustwide/workdir" "-e" "CARGO_HOME=/opt/rustwide/cargo-home" "-e" "RUSTUP_HOME=/opt/rustwide/rustup-home" "-e" "CARGO_TARGET_DIR=/opt/rustwide/target" "-e" "CARGO_INCREMENTAL=0" "-e" "RUST_BACKTRACE=full" "-e" "RUSTFLAGS=--cap-lints=warn" "-e" "RUSTDOCFLAGS=--cap-lints=warn" "-w" "/opt/rustwide/workdir" "--user" "0:0" "f0da845629c6519f4731f533ca7f80abd36af5d349d5078d159b6be372fc7962" "/opt/rustwide/cargo-home/bin/cargo" "+1.99.0-beta.8" "build" "--frozen" "--message-format=json" "--release", kill_on_drop: false }`
[INFO] [stderr]    Compiling syn v3.0.9
[INFO] [stderr]    Compiling libc v0.2.191
[INFO] [stderr]    Compiling syn v2.0.119
[INFO] [stderr]    Compiling cfg-if v0.1.10
[INFO] [stderr]    Compiling bytes v0.5.6
[INFO] [stderr]    Compiling pin-project-lite v0.1.12
[INFO] [stderr]    Compiling openssl-sys v0.9.117
[INFO] [stderr]    Compiling lazy_static v1.5.1
[INFO] [stderr]    Compiling indexmap v1.9.3
[INFO] [stderr]    Compiling openssl v0.10.81
[INFO] [stderr]    Compiling foreign-types-shared v0.1.1
[INFO] [stderr]    Compiling tokio-macros v0.2.6
[INFO] [stderr]    Compiling tracing v0.1.44
[INFO] [stderr]    Compiling native-tls v0.2.18
[INFO] [stderr]    Compiling futures-util v0.3.34
[INFO] [stderr]    Compiling unicase v2.10.0
[INFO] [stderr]    Compiling want v0.3.2
[INFO] [stderr]    Compiling encoding_rs v0.8.42
[INFO] [stderr]    Compiling futures-channel v0.3.34
[INFO] [stderr]    Compiling foreign-types v0.3.2
[INFO] [stderr]    Compiling serde_json v1.0.154
[INFO] [stderr]    Compiling httpdate v0.3.2
[INFO] [stderr]    Compiling simdutf8 v0.1.5
[INFO] [stderr]    Compiling multiversion_no_op v1.0.0
[INFO] [stderr]    Compiling core_detect v1.0.0
[INFO] [stderr]    Compiling mime_guess v2.0.5
[INFO] [stderr]    Compiling serde_urlencoded v0.7.1
[INFO] [stderr]    Compiling ipnet v2.12.2
[INFO] [stderr]    Compiling base64 v0.13.1
[INFO] [stderr]    Compiling http-body v0.3.1
[INFO] [stderr]    Compiling iovec v0.1.4
[INFO] [stderr]    Compiling net2 v0.2.39
[INFO] [stderr]    Compiling errno v0.3.14
[INFO] [stderr]    Compiling num_cpus v1.17.0
[INFO] [stderr]    Compiling socket2 v0.3.19
[INFO] [stderr]    Compiling signal-hook-registry v1.4.8
[INFO] [stderr]    Compiling mio v0.6.23
[INFO] [stderr]    Compiling mio-uds v0.6.8
[INFO] [stderr]    Compiling tokio v0.2.25
[INFO] [stderr]    Compiling synstructure v0.14.0
[INFO] [stderr]    Compiling pin-project-internal v1.1.13
[INFO] [stderr]    Compiling openssl-macros v0.1.1
[INFO] [stderr]    Compiling zerofrom-derive v0.1.8
[INFO] [stderr]    Compiling yoke-derive v0.8.4
[INFO] [stderr]    Compiling zerovec-derive v0.11.6
[INFO] [stderr]    Compiling displaydoc v0.2.7
[INFO] [stderr]    Compiling pin-project v1.1.13
[INFO] [stderr]    Compiling tracing-futures v0.2.5
[INFO] [stderr]    Compiling zerofrom v0.1.8
[INFO] [stderr]    Compiling yoke v0.8.3
[INFO] [stderr]    Compiling zerovec v0.11.8
[INFO] [stderr]    Compiling zerotrie v0.2.5
[INFO] [stderr]    Compiling tinystr v0.8.4
[INFO] [stderr]    Compiling potential_utf v0.1.6
[INFO] [stderr]    Compiling icu_collections v2.3.0
[INFO] [stderr]    Compiling icu_locale_core v2.3.0
[INFO] [stderr]    Compiling tokio-util v0.3.1
[INFO] [stderr]    Compiling h2 v0.2.7
[INFO] [stderr]    Compiling icu_provider v2.3.1
[INFO] [stderr]    Compiling tokio-tls v0.3.1
[INFO] [stderr]    Compiling icu_normalizer v2.3.0
[INFO] [stderr]    Compiling icu_properties v2.3.0
[INFO] [stderr]    Compiling idna_adapter v1.2.2
[INFO] [stderr]    Compiling idna v1.1.0
[INFO] [stderr]    Compiling url v2.5.8
[INFO] [stderr]    Compiling hyper v0.13.10
[INFO] [stderr]    Compiling hyper-tls v0.4.3
[INFO] [stderr]    Compiling reqwest v0.10.10
[INFO] [stderr]    Compiling ifttt-webhook v0.3.2 (/opt/rustwide/workdir)
[INFO] [stderr]     Finished `release` profile [optimized] target(s) in 57.22s
[INFO] running `Command { std: "docker" "inspect" "f0da845629c6519f4731f533ca7f80abd36af5d349d5078d159b6be372fc7962", kill_on_drop: false }`
[INFO] running `Command { std: "docker" "exec" "-e" "SOURCE_DIR=/opt/rustwide/workdir" "-e" "CARGO_HOME=/opt/rustwide/cargo-home" "-e" "RUSTUP_HOME=/opt/rustwide/rustup-home" "-e" "CARGO_TARGET_DIR=/opt/rustwide/target" "-e" "CARGO_INCREMENTAL=0" "-e" "RUST_BACKTRACE=full" "-e" "RUSTFLAGS=--cap-lints=warn" "-e" "RUSTDOCFLAGS=--cap-lints=warn" "-w" "/opt/rustwide/workdir" "--user" "0:0" "f0da845629c6519f4731f533ca7f80abd36af5d349d5078d159b6be372fc7962" "/opt/rustwide/cargo-home/bin/cargo" "+1.99.0-beta.8" "test" "--frozen" "--no-run" "--message-format=json" "--release", kill_on_drop: false }`
[INFO] [stderr]    Compiling ifttt-webhook v0.3.2 (/opt/rustwide/workdir)
[INFO] [stderr]     Finished `release` profile [optimized] target(s) in 1.95s
[INFO] running `Command { std: "docker" "inspect" "f0da845629c6519f4731f533ca7f80abd36af5d349d5078d159b6be372fc7962", kill_on_drop: false }`
[INFO] running `Command { std: "docker" "exec" "-e" "SOURCE_DIR=/opt/rustwide/workdir" "-e" "CARGO_HOME=/opt/rustwide/cargo-home" "-e" "RUSTUP_HOME=/opt/rustwide/rustup-home" "-e" "CARGO_TARGET_DIR=/opt/rustwide/target" "-e" "CARGO_INCREMENTAL=0" "-e" "RUST_BACKTRACE=full" "-e" "RUSTFLAGS=--cap-lints=warn" "-e" "RUSTDOCFLAGS=--cap-lints=warn" "-w" "/opt/rustwide/workdir" "--user" "0:0" "f0da845629c6519f4731f533ca7f80abd36af5d349d5078d159b6be372fc7962" "/opt/rustwide/cargo-home/bin/cargo" "+1.99.0-beta.8" "test" "--frozen" "--release", kill_on_drop: false }`
[INFO] [stderr]     Finished `release` profile [optimized] target(s) in 0.17s
[INFO] [stderr]      Running unittests src/lib.rs (/opt/rustwide/target/release/deps/ifttt_webhook-9bd5190d07140919)
[INFO] [stdout] 
[INFO] [stdout] running 4 tests
[INFO] [stdout] test tests::test_get ... FAILED
[INFO] [stdout] test tests::test_post ... FAILED
[INFO] [stdout] test tests::test_post_error_unauthorized ... ok
[INFO] [stdout] test tests::test_get_error_unauthorized ... ok
[INFO] [stdout] 
[INFO] [stdout] failures:
[INFO] [stdout] 
[INFO] [stdout] ---- tests::test_get stdout ----
[INFO] [stdout] 
[INFO] [stdout] thread 'tests::test_get' (1479) panicked at /opt/rustwide/cargo-home/registry/src/index.crates.io-1949cf8c6b5b557f/lazy_static-1.5.1/src/inline_lazy.rs:30:16:
[INFO] [stdout] Once instance has previously been poisoned
[INFO] [stdout] stack backtrace:
[INFO] [stdout]    0:     0x63f0a6422441 - <<std[70759c8f55707aa4]::sys::backtrace::BacktraceLock>::print::DisplayBacktrace as core[df12db4294e9bfd3]::fmt::Display>::fmt
[INFO] [stdout]    1:     0x63f0a6438a0a - core[df12db4294e9bfd3]::fmt::write
[INFO] [stdout]    2:     0x63f0a6426e3c - <alloc[2182bb758b4b3781]::vec::Vec<u8> as core[df12db4294e9bfd3]::io::write::Write>::write_fmt
[INFO] [stdout]    3:     0x63f0a63fd946 - std[70759c8f55707aa4]::panicking::default_hook::{closure#0}
[INFO] [stdout]    4:     0x63f0a641a469 - std[70759c8f55707aa4]::panicking::default_hook
[INFO] [stdout]    5:     0x63f0a62784b0 - test[9d35eded1c95d3be]::test_main_inner::<test[9d35eded1c95d3be]::test_main_static::{closure#0}>::{closure#0}
[INFO] [stdout]    6:     0x63f0a641a792 - std[70759c8f55707aa4]::panicking::panic_with_hook
[INFO] [stdout]    7:     0x63f0a63fda24 - std[70759c8f55707aa4]::panicking::panic_handler::{closure#0}
[INFO] [stdout]    8:     0x63f0a63f6699 - std[70759c8f55707aa4]::sys::backtrace::__rust_end_short_backtrace::<std[70759c8f55707aa4]::panicking::panic_handler::{closure#0}, !>
[INFO] [stdout]    9:     0x63f0a63fe7dd - __rustc[8fa7c3cbc660c2b3]::rust_begin_unwind
[INFO] [stdout]   10:     0x63f0a643916c - core[df12db4294e9bfd3]::panicking::panic_fmt
[INFO] [stdout]   11:     0x63f0a6403c51 - <std[70759c8f55707aa4]::sys::sync::once::futex::Once>::call
[INFO] [stdout]   12:     0x63f0a625f008 - ifttt_webhook[f3ee4fde576906cb]::tests::test_get::{closure#0}
[INFO] [stdout]   13:     0x63f0a62683bd - <tokio[8b8023137919db71]::macros::scoped_tls::ScopedKey<tokio[8b8023137919db71]::runtime::basic_scheduler::Context>>::set::<tokio[8b8023137919db71]::runtime::basic_scheduler::enter<<tokio[8b8023137919db71]::runtime::basic_scheduler::BasicScheduler<tokio[8b8023137919db71]::park::either::Either<tokio[8b8023137919db71]::time::driver::Driver<tokio[8b8023137919db71]::park::either::Either<tokio[8b8023137919db71]::io::driver::Driver, tokio[8b8023137919db71]::park::thread::ParkThread>>, tokio[8b8023137919db71]::park::either::Either<tokio[8b8023137919db71]::io::driver::Driver, tokio[8b8023137919db71]::park::thread::ParkThread>>>>::block_on<ifttt_webhook[f3ee4fde576906cb]::tests::test_get::{closure#0}>::{closure#0}, (), tokio[8b8023137919db71]::park::either::Either<tokio[8b8023137919db71]::time::driver::Driver<tokio[8b8023137919db71]::park::either::Either<tokio[8b8023137919db71]::io::driver::Driver, tokio[8b8023137919db71]::park::thread::ParkThread>>, tokio[8b8023137919db71]::park::either::Either<tokio[8b8023137919db71]::io::driver::Driver, tokio[8b8023137919db71]::park::thread::ParkThread>>>::{closure#0}, ()>
[INFO] [stdout]   14:     0x63f0a6265eef - tokio[8b8023137919db71]::runtime::basic_scheduler::enter::<<tokio[8b8023137919db71]::runtime::basic_scheduler::BasicScheduler<tokio[8b8023137919db71]::park::either::Either<tokio[8b8023137919db71]::time::driver::Driver<tokio[8b8023137919db71]::park::either::Either<tokio[8b8023137919db71]::io::driver::Driver, tokio[8b8023137919db71]::park::thread::ParkThread>>, tokio[8b8023137919db71]::park::either::Either<tokio[8b8023137919db71]::io::driver::Driver, tokio[8b8023137919db71]::park::thread::ParkThread>>>>::block_on<ifttt_webhook[f3ee4fde576906cb]::tests::test_get::{closure#0}>::{closure#0}, (), tokio[8b8023137919db71]::park::either::Either<tokio[8b8023137919db71]::time::driver::Driver<tokio[8b8023137919db71]::park::either::Either<tokio[8b8023137919db71]::io::driver::Driver, tokio[8b8023137919db71]::park::thread::ParkThread>>, tokio[8b8023137919db71]::park::either::Either<tokio[8b8023137919db71]::io::driver::Driver, tokio[8b8023137919db71]::park::thread::ParkThread>>>
[INFO] [stdout]   15:     0x63f0a626067f - tokio[8b8023137919db71]::runtime::context::enter::<<tokio[8b8023137919db71]::runtime::Runtime>::block_on<ifttt_webhook[f3ee4fde576906cb]::tests::test_get::{closure#0}>::{closure#0}, ()>
[INFO] [stdout]   16:     0x63f0a6266d0f - ifttt_webhook[f3ee4fde576906cb]::tests::test_get
[INFO] [stdout]   17:     0x63f0a6267699 - <ifttt_webhook[f3ee4fde576906cb]::tests::test_get::{closure#0} as core[df12db4294e9bfd3]::ops::function::FnOnce<()>>::call_once
[INFO] [stdout]   18:     0x63f0a626b79b - test[9d35eded1c95d3be]::__rust_begin_short_backtrace::<core[df12db4294e9bfd3]::result::Result<(), alloc[2182bb758b4b3781]::string::String>, fn() -> core[df12db4294e9bfd3]::result::Result<(), alloc[2182bb758b4b3781]::string::String>>
[INFO] [stdout]   19:     0x63f0a6278e05 - test[9d35eded1c95d3be]::run_test::{closure#0}
[INFO] [stdout]   20:     0x63f0a62726c4 - std[70759c8f55707aa4]::sys::backtrace::__rust_begin_short_backtrace::<test[9d35eded1c95d3be]::run_test::{closure#1}, ()>
[INFO] [stdout]   21:     0x63f0a627bf62 - <std[70759c8f55707aa4]::thread::lifecycle::spawn_unchecked<test[9d35eded1c95d3be]::run_test::{closure#1}, ()>::{closure#1} as core[df12db4294e9bfd3]::ops::function::FnOnce<()>>::call_once::{shim:vtable#0}
[INFO] [stdout]   22:     0x63f0a6421969 - <std[70759c8f55707aa4]::sys::thread::unix::Thread>::new::thread_start
[INFO] [stdout]   23:     0x74776c066dfa - <unknown>
[INFO] [stdout]   24:     0x74776c0fa3d4 - clone
[INFO] [stdout]   25:                0x0 - <unknown>
[INFO] [stdout] 
[INFO] [stdout] ---- tests::test_post stdout ----
[INFO] [stdout] 
[INFO] [stdout] thread 'tests::test_post' (1481) panicked at src/lib.rs:63:60:
[INFO] [stdout] called `Result::unwrap()` on an `Err` value: NotPresent
[INFO] [stdout] stack backtrace:
[INFO] [stdout]    0:     0x63f0a6422441 - <<std[70759c8f55707aa4]::sys::backtrace::BacktraceLock>::print::DisplayBacktrace as core[df12db4294e9bfd3]::fmt::Display>::fmt
[INFO] [stdout]    1:     0x63f0a6438a0a - core[df12db4294e9bfd3]::fmt::write
[INFO] [stdout]    2:     0x63f0a6426e3c - <alloc[2182bb758b4b3781]::vec::Vec<u8> as core[df12db4294e9bfd3]::io::write::Write>::write_fmt
[INFO] [stdout]    3:     0x63f0a63fd946 - std[70759c8f55707aa4]::panicking::default_hook::{closure#0}
[INFO] [stdout]    4:     0x63f0a641a469 - std[70759c8f55707aa4]::panicking::default_hook
[INFO] [stdout]    5:     0x63f0a62784b0 - test[9d35eded1c95d3be]::test_main_inner::<test[9d35eded1c95d3be]::test_main_static::{closure#0}>::{closure#0}
[INFO] [stdout]    6:     0x63f0a641a792 - std[70759c8f55707aa4]::panicking::panic_with_hook
[INFO] [stdout]    7:     0x63f0a63fd9f2 - std[70759c8f55707aa4]::panicking::panic_handler::{closure#0}
[INFO] [stdout]    8:     0x63f0a63f6699 - std[70759c8f55707aa4]::sys::backtrace::__rust_end_short_backtrace::<std[70759c8f55707aa4]::panicking::panic_handler::{closure#0}, !>
[INFO] [stdout]    9:     0x63f0a63fe7dd - __rustc[8fa7c3cbc660c2b3]::rust_begin_unwind
[INFO] [stdout]   10:     0x63f0a643916c - core[df12db4294e9bfd3]::panicking::panic_fmt
[INFO] [stdout]   11:     0x63f0a6438f42 - core[df12db4294e9bfd3]::result::unwrap_failed
[INFO] [stdout]   12:     0x63f0a62660fb - <std[70759c8f55707aa4]::sync::once::Once>::call_once::<<lazy_static[d708de45b64ffd20]::lazy::Lazy<alloc[2182bb758b4b3781]::string::String>>::get<<ifttt_webhook[f3ee4fde576906cb]::tests::KEY as core[df12db4294e9bfd3]::ops::deref::Deref>::deref::__static_ref_initialize>::{closure#0}>::{closure#0}
[INFO] [stdout]   13:     0x63f0a6403b19 - <std[70759c8f55707aa4]::sys::sync::once::futex::Once>::call
[INFO] [stdout]   14:     0x63f0a625f380 - ifttt_webhook[f3ee4fde576906cb]::tests::test_post::{closure#0}
[INFO] [stdout]   15:     0x63f0a626891d - <tokio[8b8023137919db71]::macros::scoped_tls::ScopedKey<tokio[8b8023137919db71]::runtime::basic_scheduler::Context>>::set::<tokio[8b8023137919db71]::runtime::basic_scheduler::enter<<tokio[8b8023137919db71]::runtime::basic_scheduler::BasicScheduler<tokio[8b8023137919db71]::park::either::Either<tokio[8b8023137919db71]::time::driver::Driver<tokio[8b8023137919db71]::park::either::Either<tokio[8b8023137919db71]::io::driver::Driver, tokio[8b8023137919db71]::park::thread::ParkThread>>, tokio[8b8023137919db71]::park::either::Either<tokio[8b8023137919db71]::io::driver::Driver, tokio[8b8023137919db71]::park::thread::ParkThread>>>>::block_on<ifttt_webhook[f3ee4fde576906cb]::tests::test_post::{closure#0}>::{closure#0}, (), tokio[8b8023137919db71]::park::either::Either<tokio[8b8023137919db71]::time::driver::Driver<tokio[8b8023137919db71]::park::either::Either<tokio[8b8023137919db71]::io::driver::Driver, tokio[8b8023137919db71]::park::thread::ParkThread>>, tokio[8b8023137919db71]::park::either::Either<tokio[8b8023137919db71]::io::driver::Driver, tokio[8b8023137919db71]::park::thread::ParkThread>>>::{closure#0}, ()>
[INFO] [stdout]   16:     0x63f0a6265fff - tokio[8b8023137919db71]::runtime::basic_scheduler::enter::<<tokio[8b8023137919db71]::runtime::basic_scheduler::BasicScheduler<tokio[8b8023137919db71]::park::either::Either<tokio[8b8023137919db71]::time::driver::Driver<tokio[8b8023137919db71]::park::either::Either<tokio[8b8023137919db71]::io::driver::Driver, tokio[8b8023137919db71]::park::thread::ParkThread>>, tokio[8b8023137919db71]::park::either::Either<tokio[8b8023137919db71]::io::driver::Driver, tokio[8b8023137919db71]::park::thread::ParkThread>>>>::block_on<ifttt_webhook[f3ee4fde576906cb]::tests::test_post::{closure#0}>::{closure#0}, (), tokio[8b8023137919db71]::park::either::Either<tokio[8b8023137919db71]::time::driver::Driver<tokio[8b8023137919db71]::park::either::Either<tokio[8b8023137919db71]::io::driver::Driver, tokio[8b8023137919db71]::park::thread::ParkThread>>, tokio[8b8023137919db71]::park::either::Either<tokio[8b8023137919db71]::io::driver::Driver, tokio[8b8023137919db71]::park::thread::ParkThread>>>
[INFO] [stdout]   17:     0x63f0a62607bf - tokio[8b8023137919db71]::runtime::context::enter::<<tokio[8b8023137919db71]::runtime::Runtime>::block_on<ifttt_webhook[f3ee4fde576906cb]::tests::test_post::{closure#0}>::{closure#0}, ()>
[INFO] [stdout]   18:     0x63f0a6266edf - ifttt_webhook[f3ee4fde576906cb]::tests::test_post
[INFO] [stdout]   19:     0x63f0a62676b9 - <ifttt_webhook[f3ee4fde576906cb]::tests::test_post::{closure#0} as core[df12db4294e9bfd3]::ops::function::FnOnce<()>>::call_once
[INFO] [stdout]   20:     0x63f0a626b79b - test[9d35eded1c95d3be]::__rust_begin_short_backtrace::<core[df12db4294e9bfd3]::result::Result<(), alloc[2182bb758b4b3781]::string::String>, fn() -> core[df12db4294e9bfd3]::result::Result<(), alloc[2182bb758b4b3781]::string::String>>
[INFO] [stdout]   21:     0x63f0a6278e05 - test[9d35eded1c95d3be]::run_test::{closure#0}
[INFO] [stdout]   22:     0x63f0a62726c4 - std[70759c8f55707aa4]::sys::backtrace::__rust_begin_short_backtrace::<test[9d35eded1c95d3be]::run_test::{closure#1}, ()>
[INFO] [stdout]   23:     0x63f0a627bf62 - <std[70759c8f55707aa4]::thread::lifecycle::spawn_unchecked<test[9d35eded1c95d3be]::run_test::{closure#1}, ()>::{closure#1} as core[df12db4294e9bfd3]::ops::function::FnOnce<()>>::call_once::{shim:vtable#0}
[INFO] [stdout]   24:     0x63f0a6421969 - <std[70759c8f55707aa4]::sys::thread::unix::Thread>::new::thread_start
[INFO] [stdout]   25:     0x74776c066dfa - <unknown>
[INFO] [stdout]   26:     0x74776c0fa3d4 - clone
[INFO] [stdout]   27:                0x0 - <unknown>
[INFO] [stdout] 
[INFO] [stdout] 
[INFO] [stdout] failures:
[INFO] [stdout]     tests::test_get
[INFO] [stdout]     tests::test_post
[INFO] [stdout] 
[INFO] [stdout] test result: FAILED. 2 passed; 2 failed; 0 ignored; 0 measured; 0 filtered out; finished in 0.09s
[INFO] [stdout] 
[INFO] [stderr] error: test failed, to rerun pass `--lib`
[INFO] running `Command { std: "docker" "inspect" "f0da845629c6519f4731f533ca7f80abd36af5d349d5078d159b6be372fc7962", kill_on_drop: false }`
[INFO] running `Command { std: "docker" "rm" "-f" "f0da845629c6519f4731f533ca7f80abd36af5d349d5078d159b6be372fc7962", kill_on_drop: false }`
[INFO] [stdout] f0da845629c6519f4731f533ca7f80abd36af5d349d5078d159b6be372fc7962
