[INFO] fetching crate ifttt-lint 0.11.2...
[INFO] testing ifttt-lint-0.11.2 against 1.99.0-beta.8+cargoflags=--release for beta-release-1.100-2
[INFO] extracting crate ifttt-lint 0.11.2 into /workspace/builds/worker-0-tc1/source
[INFO] started tweaking crates.io crate ifttt-lint 0.11.2
[INFO] removed 0 missing tests
[INFO] finished tweaking crates.io crate ifttt-lint 0.11.2
[INFO] tweaked toml for crates.io crate ifttt-lint 0.11.2 written to /workspace/builds/worker-0-tc1/source/Cargo.toml
[INFO] validating manifest of crates.io crate ifttt-lint 0.11.2 on toolchain 1.99.0-beta.8
[INFO] running `Command { std: CARGO_HOME="/workspace/cargo-home" RUSTUP_HOME="/workspace/rustup-home" "/workspace/cargo-home/bin/cargo" "+1.99.0-beta.8" "metadata" "--manifest-path" "Cargo.toml" "--no-deps", kill_on_drop: false }`
[INFO] crate crates.io crate ifttt-lint 0.11.2 already has a lockfile, it will not be regenerated
[INFO] running `Command { std: CARGO_HOME="/workspace/cargo-home" RUSTUP_HOME="/workspace/rustup-home" "/workspace/cargo-home/bin/cargo" "+1.99.0-beta.8" "fetch" "--manifest-path" "Cargo.toml", kill_on_drop: false }`
[INFO] [stderr]     Blocking waiting for file lock on package cache
[INFO] [stderr]     Updating crates.io index
[INFO] [stderr]     Blocking waiting for file lock on package cache
[INFO] [stderr]  Downloading crates ...
[INFO] [stderr]   Downloaded lazy-regex-proc_macros v3.6.0
[INFO] [stderr]   Downloaded yare v3.0.0
[INFO] [stderr]   Downloaded yare-macro v3.0.0
[INFO] [stderr]   Downloaded lazy-regex v3.6.0
[INFO] [stderr]   Downloaded codspeed-divan-compat v4.4.1
[INFO] [stderr]   Downloaded codspeed-divan-compat-macros v4.4.1
[INFO] [stderr]   Downloaded assert_cmd v2.2.0
[INFO] [stderr]   Downloaded toml_parser v1.1.0+spec-1.1.0
[INFO] [stderr]   Downloaded toml_datetime v1.1.0+spec-1.1.0
[INFO] [stderr]   Downloaded toml_edit v0.25.8+spec-1.1.0
[INFO] [stderr]   Downloaded codspeed-divan-compat-walltime v4.4.1
[INFO] [stderr]   Downloaded patchkit v0.3.7
[INFO] [stderr]   Downloaded codspeed v4.4.1
[INFO] running `Command { std: "docker" "create" "-v" "/var/lib/crater-agent-workspace/builds/worker-0-tc1/source:/opt/rustwide/workdir:ro,Z" "-v" "/var/lib/crater-agent-workspace/builds/worker-0-tc1/target:/opt/rustwide/target:rw,Z" "-v" "/var/lib/crater-agent-workspace/cargo-home:/opt/rustwide/cargo-home:ro,Z" "-v" "/var/lib/crater-agent-workspace/rustup-home:/opt/rustwide/rustup-home:ro,Z" "-m" "1610612736" "--network" "none" "ghcr.io/rust-lang/crates-build-env/linux@sha256:77db811e55d90add9212f6832c23229e3de5f1c1f9905e8cb07319ea15df73ac" "sleep" "infinity", kill_on_drop: false }`
[INFO] [stdout] dbb310ebc3d22e698a555a5db44c1c911b92f420bd497748eba56d38ed30e6e7
[INFO] running `Command { std: "docker" "start" "dbb310ebc3d22e698a555a5db44c1c911b92f420bd497748eba56d38ed30e6e7", kill_on_drop: false }`
[INFO] running `Command { std: "docker" "inspect" "dbb310ebc3d22e698a555a5db44c1c911b92f420bd497748eba56d38ed30e6e7", kill_on_drop: false }`
[INFO] running `Command { std: "docker" "exec" "-e" "SOURCE_DIR=/opt/rustwide/workdir" "-e" "CARGO_HOME=/opt/rustwide/cargo-home" "-e" "RUSTUP_HOME=/opt/rustwide/rustup-home" "-e" "CARGO_TARGET_DIR=/opt/rustwide/target" "-w" "/opt/rustwide/workdir" "--user" "0:0" "dbb310ebc3d22e698a555a5db44c1c911b92f420bd497748eba56d38ed30e6e7" "/opt/rustwide/cargo-home/bin/cargo" "+1.99.0-beta.8" "metadata" "--no-deps" "--format-version=1", kill_on_drop: false }`
[INFO] running `Command { std: "docker" "inspect" "dbb310ebc3d22e698a555a5db44c1c911b92f420bd497748eba56d38ed30e6e7", kill_on_drop: false }`
[INFO] running `Command { std: "docker" "exec" "-e" "SOURCE_DIR=/opt/rustwide/workdir" "-e" "CARGO_HOME=/opt/rustwide/cargo-home" "-e" "RUSTUP_HOME=/opt/rustwide/rustup-home" "-e" "CARGO_TARGET_DIR=/opt/rustwide/target" "-e" "CARGO_INCREMENTAL=0" "-e" "RUST_BACKTRACE=full" "-e" "RUSTFLAGS=--cap-lints=warn" "-e" "RUSTDOCFLAGS=--cap-lints=warn" "-w" "/opt/rustwide/workdir" "--user" "0:0" "dbb310ebc3d22e698a555a5db44c1c911b92f420bd497748eba56d38ed30e6e7" "/opt/rustwide/cargo-home/bin/cargo" "+1.99.0-beta.8" "build" "--frozen" "--message-format=json" "--release", kill_on_drop: false }`
[INFO] [stderr]    Compiling memchr v2.8.0
[INFO] [stderr]    Compiling regex-syntax v0.8.10
[INFO] [stderr]    Compiling aho-corasick v1.1.4
[INFO] [stderr]    Compiling hashbrown v0.14.5
[INFO] [stderr]    Compiling text-size v1.1.1
[INFO] [stderr]    Compiling countme v3.0.1
[INFO] [stderr]    Compiling crossbeam-epoch v0.9.20
[INFO] [stderr]    Compiling chrono v0.4.45
[INFO] [stderr]    Compiling bstr v1.12.1
[INFO] [stderr]    Compiling clap v4.6.0
[INFO] [stderr]    Compiling serde v1.0.228
[INFO] [stderr]    Compiling crossbeam-deque v0.8.6
[INFO] [stderr]    Compiling rayon-core v1.13.0
[INFO] [stderr]    Compiling rowan v0.16.1
[INFO] [stderr]    Compiling rayon v1.11.0
[INFO] [stderr]    Compiling regex-automata v0.4.14
[INFO] [stderr]    Compiling regex v1.12.3
[INFO] [stderr]    Compiling globset v0.4.18
[INFO] [stderr]    Compiling lazy-regex-proc_macros v3.6.0
[INFO] [stderr]    Compiling lazy-regex v3.6.0
[INFO] [stderr]    Compiling patchkit v0.3.7
[INFO] [stderr]    Compiling ifttt-lint v0.11.2 (/opt/rustwide/workdir)
[INFO] [stderr]     Finished `release` profile [optimized] target(s) in 32.33s
[INFO] running `Command { std: "docker" "inspect" "dbb310ebc3d22e698a555a5db44c1c911b92f420bd497748eba56d38ed30e6e7", kill_on_drop: false }`
[INFO] running `Command { std: "docker" "exec" "-e" "SOURCE_DIR=/opt/rustwide/workdir" "-e" "CARGO_HOME=/opt/rustwide/cargo-home" "-e" "RUSTUP_HOME=/opt/rustwide/rustup-home" "-e" "CARGO_TARGET_DIR=/opt/rustwide/target" "-e" "CARGO_INCREMENTAL=0" "-e" "RUST_BACKTRACE=full" "-e" "RUSTFLAGS=--cap-lints=warn" "-e" "RUSTDOCFLAGS=--cap-lints=warn" "-w" "/opt/rustwide/workdir" "--user" "0:0" "dbb310ebc3d22e698a555a5db44c1c911b92f420bd497748eba56d38ed30e6e7" "/opt/rustwide/cargo-home/bin/cargo" "+1.99.0-beta.8" "test" "--frozen" "--no-run" "--message-format=json" "--release", kill_on_drop: false }`
[INFO] [stderr]    Compiling syn v2.0.117
[INFO] [stderr]    Compiling rustix v1.1.4
[INFO] [stderr]    Compiling regex-automata v0.4.14
[INFO] [stderr]    Compiling nix v0.31.2
[INFO] [stderr]    Compiling approx v0.5.1
[INFO] [stderr]    Compiling toml_parser v1.1.0+spec-1.1.0
[INFO] [stderr]    Compiling toml_datetime v1.1.0+spec-1.1.0
[INFO] [stderr]    Compiling codspeed v4.4.1
[INFO] [stderr]    Compiling chrono v0.4.45
[INFO] [stderr]    Compiling glob v0.3.3
[INFO] [stderr]    Compiling condtype v1.3.0
[INFO] [stderr]    Compiling codspeed-divan-compat v4.4.1
[INFO] [stderr]    Compiling itertools v0.14.0
[INFO] [stderr]    Compiling regex-lite v0.1.9
[INFO] [stderr]    Compiling assert_cmd v2.2.0
[INFO] [stderr]    Compiling predicates v3.1.4
[INFO] [stderr]    Compiling console v0.15.11
[INFO] [stderr]    Compiling wait-timeout v0.2.1
[INFO] [stderr]    Compiling similar v2.7.0
[INFO] [stderr]    Compiling statrs v0.18.0
[INFO] [stderr]    Compiling unindent v0.2.4
[INFO] [stderr]    Compiling toml_edit v0.25.8+spec-1.1.0
[INFO] [stderr]    Compiling proc-macro-crate v3.5.0
[INFO] [stderr]    Compiling terminal_size v0.4.4
[INFO] [stderr]    Compiling tempfile v3.27.0
[INFO] [stderr]    Compiling clap_builder v4.6.0
[INFO] [stderr]    Compiling serde_derive v1.0.228
[INFO] [stderr]    Compiling clap_derive v4.6.0
[INFO] [stderr]    Compiling lazy-regex-proc_macros v3.6.0
[INFO] [stderr]    Compiling divan-macros v0.1.17
[INFO] [stderr]    Compiling yare-macro v3.0.0
[INFO] [stderr]    Compiling regex v1.12.3
[INFO] [stderr]    Compiling bstr v1.12.1
[INFO] [stderr]    Compiling yare v3.0.0
[INFO] [stderr]    Compiling codspeed-divan-compat-macros v4.4.1
[INFO] [stderr]    Compiling lazy-regex v3.6.0
[INFO] [stderr]    Compiling patchkit v0.3.7
[INFO] [stderr]    Compiling globset v0.4.18
[INFO] [stderr]    Compiling clap v4.6.0
[INFO] [stderr]    Compiling serde v1.0.228
[INFO] [stderr]    Compiling insta v1.46.3
[INFO] [stderr]    Compiling ifttt-lint v0.11.2 (/opt/rustwide/workdir)
[INFO] [stderr]    Compiling codspeed-divan-compat-walltime v4.4.1
[INFO] [stderr]     Finished `release` profile [optimized] target(s) in 1m 10s
[INFO] running `Command { std: "docker" "inspect" "dbb310ebc3d22e698a555a5db44c1c911b92f420bd497748eba56d38ed30e6e7", kill_on_drop: false }`
[INFO] running `Command { std: "docker" "exec" "-e" "SOURCE_DIR=/opt/rustwide/workdir" "-e" "CARGO_HOME=/opt/rustwide/cargo-home" "-e" "RUSTUP_HOME=/opt/rustwide/rustup-home" "-e" "CARGO_TARGET_DIR=/opt/rustwide/target" "-e" "CARGO_INCREMENTAL=0" "-e" "RUST_BACKTRACE=full" "-e" "RUSTFLAGS=--cap-lints=warn" "-e" "RUSTDOCFLAGS=--cap-lints=warn" "-w" "/opt/rustwide/workdir" "--user" "0:0" "dbb310ebc3d22e698a555a5db44c1c911b92f420bd497748eba56d38ed30e6e7" "/opt/rustwide/cargo-home/bin/cargo" "+1.99.0-beta.8" "test" "--frozen" "--release", kill_on_drop: false }`
[INFO] [stderr]     Finished `release` profile [optimized] target(s) in 0.17s
[INFO] [stderr]      Running unittests src/lib.rs (/opt/rustwide/target/release/deps/ifttt_lint-8d51b290494738ec)
[INFO] [stdout] 
[INFO] [stdout] running 306 tests
[INFO] [stdout] test check::tests::binary_file_skipped ... ok
[INFO] [stdout] test check::tests::change_detection::source_modified_target_unchanged ... ok
[INFO] [stdout] test check::tests::change_detection::self_reference_without_label ... ok
[INFO] [stdout] test check::tests::change_detection::target_file_missing ... ok
[INFO] [stdout] test check::tests::change_detection::changes_outside_guarded_range_ignored ... ok
[INFO] [stdout] test check::tests::change_detection::removed_lines_trigger_check ... ok
[INFO] [stdout] test check::tests::auto_populate_validation::auto_validate_staged_files ... ok
[INFO] [stdout] test check::tests::content_changes_trigger::content_removal_collapsed_to_then_change_line ... ok
[INFO] [stdout] test check::tests::deleted_file_detection::deleted_target_with_label ... ok
[INFO] [stdout] test check::tests::content_changes_trigger::content_removed_inside_block ... ok
[INFO] [stdout] test check::tests::deleted_file_detection::deleted_file_no_error ... ok
[INFO] [stdout] test check::tests::content_changes_trigger::wrap_existing_code_with_modification ... ok
[INFO] [stdout] test check::tests::deleted_file_detection::unchanged_file_references_deleted_target ... ok
[INFO] [stdout] test check::tests::deleted_file_detection::no_deletions_no_findings ... ok
[INFO] [stdout] test check::tests::directive_only_changes::empty_parens_content_changed ... ok
[INFO] [stdout] test check::tests::content_changes_trigger::content_removed_and_then_change_replaced ... ok
[INFO] [stdout] test check::tests::directive_only_changes::new_pair_around_existing_code ... ok
[INFO] [stdout] test check::tests::directive_only_changes::rename_if_change_label_with_content_change ... ok
[INFO] [stdout] test check::tests::directive_recognition::backtick_mention_in_doc_comment_ignored ... ok
[INFO] [stdout] test check::tests::binary_png_file_skipped ... ok
[INFO] [stdout] test check::tests::directive_recognition::block_comment ... ok
[INFO] [stdout] test check::tests::directive_only_changes::modify_then_change_only ... ok
[INFO] [stdout] test check::tests::change_detection::multiple_targets_all_modified ... ok
[INFO] [stdout] test check::tests::directive_only_changes::new_pair_with_new_content ... ok
[INFO] [stdout] test check::tests::change_detection::multiple_targets_one_not_modified ... ok
[INFO] [stdout] test check::tests::directive_recognition::decoy_if_change_in_backtick_ignored ... ok
[INFO] [stdout] test check::tests::directive_only_changes::rename_if_change_label ... ok
[INFO] [stdout] test check::tests::directive_recognition::c_style_slash_slash ... ok
[INFO] [stdout] test check::tests::directive_recognition::decoy_if_change_in_triple_quote_ignored ... ok
[INFO] [stdout] test check::tests::directive_recognition::block_comment_opener_in_string_not_confused ... ok
[INFO] [stdout] test check::tests::directive_recognition::directive_in_double_quote_ignored_c ... ok
[INFO] [stdout] test check::tests::directive_recognition::decoy_if_change_in_string_ignored ... ok
[INFO] [stdout] test check::tests::directive_recognition::directive_in_backtick_ignored_js ... ok
[INFO] [stdout] test check::tests::directive_recognition::directive_after_block_comment_close_mid_line_ignored ... ok
[INFO] [stdout] test check::tests::directive_recognition::directive_in_heredoc_ignored_hcl ... ok
[INFO] [stdout] test check::tests::directive_recognition::directive_in_heredoc_ignored_perl ... ok
[INFO] [stdout] test check::tests::directive_recognition::directive_in_long_string_ignored_lua ... ok
[INFO] [stdout] test check::tests::directive_recognition::directive_in_heredoc_ignored_shell ... ok
[INFO] [stdout] test check::tests::directive_recognition::directive_in_heredoc_ignored_ruby ... ok
[INFO] [stdout] test check::tests::directive_recognition::directive_in_multiline_string_ignored_nix ... ok
[INFO] [stdout] test check::tests::directive_recognition::directive_in_herestring_ignored_powershell ... ok
[INFO] [stdout] test check::tests::directive_only_changes::empty_block_then_change_substituted ... ok
[INFO] [stdout] test check::tests::directive_recognition::directive_in_multiline_string_ignored_toml ... ok
[INFO] [stdout] test check::tests::directive_recognition::directive_in_raw_string_ignored_cpp ... ok
[INFO] [stdout] test check::tests::directive_recognition::directive_in_string_literal_ignored ... ok
[INFO] [stdout] test check::tests::content_changes_trigger::content_modified_target_untouched ... ok
[INFO] [stdout] test check::tests::directive_recognition::directive_in_single_hash_extended_string_ignored_swift ... ok
[INFO] [stdout] test check::tests::change_detection::multiple_blocks_only_triggered_fires ... ok
[INFO] [stdout] test check::tests::directive_recognition::directive_in_heredoc_ignored_php ... ok
[INFO] [stdout] test check::tests::change_detection::empty_then_change_is_valid ... ok
[INFO] [stdout] test check::tests::change_detection::source_and_target_both_modified ... ok
[INFO] [stdout] test check::tests::directive_recognition::directive_in_multiline_string_ignored_rust ... ok
[INFO] [stdout] test check::tests::directive_recognition::directive_in_multiline_string_ignored_swift ... ok
[INFO] [stdout] test check::tests::auto_populate_validation::auto_derive_non_triggered_labeled_target ... ok
[INFO] [stdout] test check::tests::directive_recognition::directive_in_raw_string_ignored_rust ... ok
[INFO] [stdout] test check::tests::directive_recognition::directive_in_text_block_ignored_java ... ok
[INFO] [stdout] test check::tests::directive_recognition::directive_in_triple_quote_ignored_starlark ... ok
[INFO] [stdout] test check::tests::directive_recognition::directives_after_fenced_block_parsed ... ok
[INFO] [stdout] test check::tests::directive_recognition::directive_in_triple_quote_ignored_python ... ok
[INFO] [stdout] test check::tests::directive_recognition::haskell_block_comment ... ok
[INFO] [stdout] test check::tests::content_changes_trigger::content_modified_and_new_target ... ok
[INFO] [stdout] test check::tests::directive_recognition::directive_in_triple_quote_ignored_groovy ... ok
[INFO] [stdout] test check::tests::directive_recognition::helm_template_block_comment ... ok
[INFO] [stdout] test check::tests::directive_recognition::directive_in_verbatim_string_ignored_csharp ... ok
[INFO] [stdout] test check::tests::directive_recognition::fenced_code_block_in_markdown_ignored ... ok
[INFO] [stdout] test check::tests::directive_recognition::makefile ... ok
[INFO] [stdout] test check::tests::directive_recognition::directive_in_triple_single_quote_ignored_dart ... ok
[INFO] [stdout] test check::tests::directive_recognition::fenced_code_block_in_doc_comment_ignored ... ok
[INFO] [stdout] test check::tests::directive_recognition::inline_directive_after_code_ignored ... ok
[INFO] [stdout] test check::tests::directive_recognition::multibyte_utf8_parsed_correctly ... ok
[INFO] [stdout] test check::tests::directive_recognition::nix_indented_string_closed_before_letter ... ok
[INFO] [stdout] test check::tests::directive_recognition::percent ... ok
[INFO] [stdout] test check::tests::directive_recognition::dockerfile ... ok
[INFO] [stdout] test check::tests::directive_recognition::multiline_block_comment_ignored ... ok
[INFO] [stdout] test check::tests::directive_recognition::escaped_quote_at_eol_not_confused ... ok
[INFO] [stdout] test check::tests::directive_recognition::escaped_quote_in_string_not_confused ... ok
[INFO] [stdout] test check::tests::directive_recognition::multiline_then_change_block_comment ... ok
[INFO] [stdout] test check::tests::directive_recognition::hash_comment ... ok
[INFO] [stdout] test check::tests::directive_recognition::multiline_then_change_html_comment ... ok
[INFO] [stdout] test check::tests::directive_recognition::multiline_then_change_trailing_comma ... ok
[INFO] [stdout] test check::tests::directive_recognition::php_hash ... ok
[INFO] [stdout] test check::tests::directive_recognition::php_slash ... ok
[INFO] [stdout] test check::tests::directive_recognition::prose_mention_not_parsed_as_multiline ... ok
[INFO] [stdout] test check::tests::directive_recognition::real_directive_pairs_around_string_literal ... ok
[INFO] [stdout] test check::tests::directive_recognition::html_comment ... ok
[INFO] [stdout] test check::tests::directive_recognition::prose_then_change_with_trailing_text_ignored ... ok
[INFO] [stdout] test check::tests::directive_recognition::unicode_before_html_close_tag ... ok
[INFO] [stdout] test check::tests::directive_recognition::vue_html ... ok
[INFO] [stdout] test check::tests::directive_recognition::vue_slash ... ok
[INFO] [stdout] test check::tests::directive_recognition::real_directive_pairs_around_backtick ... ok
[INFO] [stdout] test check::tests::directive_recognition::string_ending_at_eol_not_treated_as_multiline ... ok
[INFO] [stdout] test check::tests::directive_recognition::inline_backtick_fenced_code_not_swallowed ... ok
[INFO] [stdout] test check::tests::file_list_scoping::file_list_no_scope_reverse_lookup ... ok
[INFO] [stdout] test check::tests::file_list_validation::file_itself_missing ... ok
[INFO] [stdout] test check::tests::directive_recognition::repeated_hash_prefix_not_recognized ... ok
[INFO] [stdout] test check::tests::file_list_validation::deleted_target_no_duplicate_with_file_list ... ok
[INFO] [stdout] test check::tests::file_list_validation::in_file_list_and_diff_no_duplicate ... ok
[INFO] [stdout] test check::tests::file_list_validation::same_file_label_exists ... ok
[INFO] [stdout] test check::tests::directive_recognition::sql_block_comment ... ok
[INFO] [stdout] test check::tests::file_list_validation::structural_and_diff_same_file ... ok
[INFO] [stdout] test check::tests::file_list_validation::reverse_lookup_scoped_to_non_file_list ... ok
[INFO] [stdout] test check::tests::file_list_validation::same_file_label_missing ... ok
[INFO] [stdout] test check::tests::directive_recognition::sql_dash ... ok
[INFO] [stdout] test check::tests::directive_recognition::prose_if_change_with_trailing_text_ignored ... ok
[INFO] [stdout] test check::tests::file_list_validation::structural_and_diff_distinct ... ok
[INFO] [stdout] test check::tests::file_list_scoping::file_list_scopes_diff ... ok
[INFO] [stdout] test check::tests::file_list_validation::target_file_missing ... ok
[INFO] [stdout] test check::tests::directive_recognition::second_block_comment_on_same_line_ignored ... ok
[INFO] [stdout] test check::tests::directive_recognition::real_directive_pairs_around_triple_quote ... ok
[INFO] [stdout] test check::tests::file_list_validation::target_label_missing ... ok
[INFO] [stdout] test check::tests::directive_recognition::repeated_slash_prefix_not_recognized ... ok
[INFO] [stdout] test check::tests::file_list_validation::valid_target ... ok
[INFO] [stdout] test check::tests::directive_recognition::semicolon ... ok
[INFO] [stdout] test check::tests::find_label_range_missing_label ... ok
[INFO] [stdout] test check::tests::find_label_range_with_interleaved_non_matching_if_change ... ok
[INFO] [stdout] test check::tests::label_scoped_detection::dotted_label_accepted ... ok
[INFO] [stdout] test check::tests::label_scoped_detection::change_outside_label_range ... ok
[INFO] [stdout] test check::tests::label_scoped_detection::hyphenated_label_accepted ... ok
[INFO] [stdout] test check::tests::finding_source_location_omits_label ... ok
[INFO] [stdout] test check::tests::directive_recognition::repeated_semi_prefix_not_recognized ... ok
[INFO] [stdout] test check::tests::label_scoped_detection::same_file_label_both_modified ... ok
[INFO] [stdout] test check::tests::label_scoped_detection::full_path_self_reference_with_label ... ok
[INFO] [stdout] test check::tests::label_scoped_detection::label_not_cleared_by_non_matching_if_change ... ok
[INFO] [stdout] test check::tests::label_scoped_detection::labeled_target_modified_in_range ... ok
[INFO] [stdout] test check::tests::directive_recognition::repeated_dash_prefix_not_recognized ... ok
[INFO] [stdout] test check::tests::non_strict::bare_filename_diff_mode ... ok
[INFO] [stdout] test check::tests::non_strict::bare_filename_at_root ... ok
[INFO] [stdout] test check::tests::directive_recognition::multiline_then_change_non_consecutive_lines_malformed ... ok
[INFO] [stdout] test check::tests::non_strict::bare_filename_same_dir ... ok
[INFO] [stdout] test check::tests::non_strict::path_with_slash_stays_root_relative ... ok
[INFO] [stdout] test check::tests::ignore_patterns::matching_target_skipped ... ok
[INFO] [stdout] test check::tests::directive_recognition::repeated_pct_prefix_not_recognized ... ok
[INFO] [stdout] test check::tests::non_strict::self_ref_suppressed ... ok
[INFO] [stdout] test check::tests::non_strict::then_change_empty_parens ... ok
[INFO] [stdout] test check::tests::non_strict::backslash_path_with_directory_stays_root_relative ... ok
[INFO] [stdout] test check::tests::ignore_patterns::non_matching_still_checked ... ok
[INFO] [stdout] test check::tests::parse_errors::orphan_then_change ... ok
[INFO] [stdout] test check::tests::label_scoped_detection::target_label_not_found ... ok
[INFO] [stdout] test check::tests::parse_errors::modified_but_missing_file ... ok
[INFO] [stdout] test check::tests::parse_errors::path_traversal_rejected ... ok
[INFO] [stdout] test check::tests::parse_errors::bare_path_missing_prefix ... ok
[INFO] [stdout] test check::tests::parse_errors::duplicate_label ... ok
[INFO] [stdout] test check::tests::retain_files_keeps_only_pattern_matches ... ok
[INFO] [stdout] test check::tests::retain_files_matches_undecodable_content_by_bytes ... ok
[INFO] [stdout] test check::tests::parse_errors::double_dot_in_filename_allowed ... ok
[INFO] [stdout] test check::tests::parse_errors::labeled_if_change_empty_then_change_ok ... ok
[INFO] [stdout] test check::tests::parse_errors::nested_labeled_if_change_rejected ... ok
[INFO] [stdout] test check::tests::stale_label_reverse_lookup::moved_label ... ok
[INFO] [stdout] test check::tests::stale_label_reverse_lookup::partial_label_removal ... ok
[INFO] [stdout] test check::tests::retain_files_pattern_overlapping_needle_still_hits ... ok
[INFO] [stdout] test check::tests::parse_errors::unknown_directive ... ok
[INFO] [stdout] test check::tests::parse_errors::unclosed_if_change ... ok
[INFO] [stdout] test check::tests::parse_errors::absolute_path_rejected ... ok
[INFO] [stdout] test check::tests::reverse_lookup_parse_errors_suppressed ... ok
[INFO] [stdout] test check::tests::parse_errors::consecutive_if_change_reports_first_line ... ok
[INFO] [stdout] test check::tests::parse_errors::unlabeled_if_change_empty_then_change ... ok
[INFO] [stdout] test check::tests::removed_new_positions_merge_across_patches ... ok
[INFO] [stdout] test check::tests::retain_files_drops_binary_and_missing ... ok
[INFO] [stdout] test check::tests::stale_label_reverse_lookup::renamed_label ... ok
[INFO] [stdout] test check::tests::retain_files_errors_on_failing_read ... ok
[INFO] [stdout] test check::tests::stale_label_reverse_lookup::stale_label_removed ... ok
[INFO] [stdout] test check::tests::stale_label_reverse_lookup::stale_label_when_ref_file_also_in_diff ... ok
[INFO] [stdout] test check::tests::stale_label_reverse_lookup_no_ifchange_file ... ok
[INFO] [stdout] test check::tests::stale_label_reverse_lookup::valid_label_no_false_positive ... ok
[INFO] [stdout] test check::tests::parse_errors::malformed_label ... ok
[INFO] [stdout] test cli::tests::jj_explicit_diff_reports_co_change_violation ... FAILED
[INFO] [stdout] test cli::tests::jj_auto_detected_when_dot_jj_present ... FAILED
[INFO] [stdout] test cli::tests::explicit_vcs_jj_without_dot_jj_dir_errors ... ok
[INFO] [stdout] test cli::tests::file_list_validates_targets ... ok
[INFO] [stdout] test cli::tests::no_directives_exits_zero ... ok
[INFO] [stdout] test cli::tests::missing_change_reports_finding ... ok
[INFO] [stdout] test cli::tests::json_format_produces_valid_json ... ok
[INFO] [stdout] test cli::tests::diff_detects_stale_file_reference_after_rename_with_edit ... ok
[INFO] [stdout] test cli::tests::diff_detects_stale_file_reference_after_pure_rename ... ok
[INFO] [stdout] test cli::tests::diff_ignores_structural_errors_in_untouched_target_files ... ok
[INFO] [stdout] test cli::tests::explicit_vcs_git_runs_git_backend ... ok
[INFO] [stdout] test cli::tests::outside_root_relative_file_is_skipped ... ok
[INFO] [stdout] test cli::tests::diff_detects_multiple_deleted_targets ... ok
[INFO] [stdout] test parser::tests::parens_in_multiple_targets_not_treated_as_prose ... ok
[INFO] [stdout] test parser::tests::parens_in_path_not_treated_as_prose ... ok
[INFO] [stdout] test parser::tests::parse_target_colon_in_numeric_suffix_not_label ... ok
[INFO] [stdout] test parser::tests::parse_target_drive_letter_with_label ... ok
[INFO] [stdout] test cli::tests::multi_thread_output_is_deterministically_sorted ... ok
[INFO] [stdout] test parser::tests::parse_target_file_and_label ... ok
[INFO] [stdout] test parser::tests::parse_target_file_only ... ok
[INFO] [stdout] test parser::tests::parse_target_label_only ... ok
[INFO] [stdout] test parser::tests::parse_target_port_in_path_no_label ... ok
[INFO] [stdout] test parser::tests::parse_target_port_in_path_with_label ... ok
[INFO] [stdout] test cli::tests::no_ifttt_inert_in_precommit_mode ... ok
[INFO] [stdout] test parser::tests::parse_target_windows_drive_letter_no_label ... ok
[INFO] [stdout] test parser::tests::parse_target_windows_drive_letter_forward_slash ... ok
[INFO] [stdout] test parser::tests::parse_target_windows_drive_letter_with_prefix ... ok
[INFO] [stdout] test parser::tests::then_change_with_parens_in_multiple_targets ... ok
[INFO] [stdout] test parser::tests::prose_after_parens_in_path_still_detected ... ok
[INFO] [stdout] test parser::tests::then_change_with_malformed_label_reports_error ... ok
[INFO] [stdout] test reports::tests::finding_with_label_omits_label_from_location ... ok
[INFO] [stdout] test cli::tests::diff_detects_stale_label_after_rename ... ok
[INFO] [stdout] test reports::tests::format_has_output::empty_json ... ok
[INFO] [stdout] test parser::tests::then_change_with_parens_in_path ... ok
[INFO] [stdout] test parser::tests::unclosed_paren_then_change_is_directive_not_prose ... ok
[INFO] [stdout] test reports::tests::format_has_output::empty_plain ... ok
[INFO] [stdout] test reports::tests::format_has_output::empty_pretty ... ok
[INFO] [stdout] test reports::tests::format_has_output::error_json ... ok
[INFO] [stdout] test reports::tests::format_has_output::error_plain ... ok
[INFO] [stdout] test cli::tests::ignore_suppresses_finding ... ok
[INFO] [stdout] test reports::tests::format_has_output::finding_plain ... ok
[INFO] [stdout] test reports::tests::format_has_output::finding_pretty ... ok
[INFO] [stdout] test reports::tests::plain_format ... ok
[INFO] [stdout] test reports::tests::pretty_no_color ... ok
[INFO] [stdout] test reports::tests::pretty_with_color ... ok
[INFO] [stdout] test reports::tests::format_has_output::error_pretty ... ok
[INFO] [stdout] test udiff::tests::parse_applies_normalize_to_paths ... ok
[INFO] [stdout] test udiff::tests::parse_binary_only_diff_is_empty ... ok
[INFO] [stdout] test udiff::tests::parse_blank_context_line_treated_as_context ... ok
[INFO] [stdout] test udiff::tests::parse_deleted_file_marked ... ok
[INFO] [stdout] test udiff::tests::parse_deleted_file_whose_lines_start_with_dashes ... ok
[INFO] [stdout] test udiff::tests::parse_added_lines_starting_with_plus_plus ... ok
[INFO] [stdout] test reports::tests::format_has_output::finding_json ... ok
[INFO] [stdout] test reports::tests::json_contains_structure ... ok
[INFO] [stdout] test udiff::tests::parse_deletion_after_modification_sets_deleted_flag ... ok
[INFO] [stdout] test udiff::tests::parse_file_count::empty ... ok
[INFO] [stdout] test udiff::tests::parse_file_count::deleted_file ... ok
[INFO] [stdout] test udiff::tests::parse_file_count::one_add ... ok
[INFO] [stdout] test cli::tests::both_sides_changed_exits_zero ... ok
[INFO] [stdout] test udiff::tests::parse_file_count::one_remove ... ok
[INFO] [stdout] test cli::tests::symlink_files_are_skipped_in_structural_validation ... ok
[INFO] [stdout] test udiff::tests::parse_file_count::rename ... ok
[INFO] [stdout] test udiff::tests::parse_first_file_deletion_with_dash_dash_lines ... ok
[INFO] [stdout] test udiff::tests::parse_header_with_timestamp_metadata ... ok
[INFO] [stdout] test udiff::tests::parse_headers_without_hunks_yield_no_changes ... ok
[INFO] [stdout] test udiff::tests::parse_lines::remove ... ok
[INFO] [stdout] test udiff::tests::parse_malformed_diff_errors ... ok
[INFO] [stdout] test udiff::tests::parse_merges_removed_new_positions_for_duplicate_file ... ok
[INFO] [stdout] test udiff::tests::parse_mid_hunk_no_newline_marker ... ok
[INFO] [stdout] test udiff::tests::parse_lines::add ... ok
[INFO] [stdout] test udiff::tests::parse_quoted_path_with_octal_escapes ... ok
[INFO] [stdout] test udiff::tests::parse_mode_only_change_is_empty ... ok
[INFO] [stdout] test udiff::tests::parse_removed_dash_dash_line_in_first_of_two_hunks ... ok
[INFO] [stdout] test udiff::tests::parse_rename_after_modification_merges_changes_for_old_path ... ok
[INFO] [stdout] test udiff::tests::parse_rename_includes_added_lines_in_old_path ... ok
[INFO] [stdout] test udiff::tests::parse_skips_binary_file_after_text_patch ... ok
[INFO] [stdout] test udiff::tests::parse_skips_git_binary_patch_block ... ok
[INFO] [stdout] test udiff::tests::parse_skips_mode_only_change_after_text_patch ... ok
[INFO] [stdout] test udiff::tests::parse_skips_binary_file_between_text_patches ... ok
[INFO] [stdout] test udiff::tests::parse_skips_pure_rename_after_text_patch ... ok
[INFO] [stdout] test vcs_git::tests::diff_range_to_log_range_cases::basic ... ok
[INFO] [stdout] test vcs_git::tests::diff_range_to_log_range_cases::no_separator ... ok
[INFO] [stdout] test vcs_git::tests::diff_range_to_log_range_cases::rightmost_wins ... ok
[INFO] [stdout] test cli::tests::zero_oid_diff_range_exits_zero ... ok
[INFO] [stdout] test vcs_git::tests::diff_range_to_log_range_cases::sha_refs ... ok
[INFO] [stdout] test vcs_git::tests::range_has_null_ref_cases::normal_range ... ok
[INFO] [stdout] test vcs_git::tests::range_has_null_ref_cases::single_ref ... ok
[INFO] [stdout] test vcs_git::tests::range_has_null_ref_cases::zero_base_three_dot ... ok
[INFO] [stdout] test vcs_git::tests::diff_range_to_log_range_cases::two_dot_pass ... ok
[INFO] [stdout] test cli::tests::no_ifttt_suppresses_diff_finding ... ok
[INFO] [stdout] test vcs_git::tests::range_has_null_ref_cases::zero_head_two_dot ... ok
[INFO] [stdout] Initialized empty Git repository in /tmp/.tmphT3g01/.git/
[INFO] [stdout] Initialized empty Git repository in /tmp/.tmphzSawR/.git/
[INFO] [stdout] Initialized empty Git repository in /tmp/.tmpb21yEg/.git/
[INFO] [stdout] Initialized empty Git repository in /tmp/.tmpTIyu9O/.git/
[INFO] [stdout] test udiff::tests::parse_trailing_no_newline_marker ... ok
[INFO] [stdout] test vcs_git::tests::range_has_null_ref_cases::zero_base_two_dot ... ok
[INFO] [stdout] Initialized empty Git repository in /tmp/.tmpaKpDHr/.git/
[INFO] [stdout] Initialized empty Git repository in /tmp/.tmprDiRux/.git/
[INFO] [stdout] Initialized empty Git repository in /tmp/.tmpzapWGV/.git/
[INFO] [stdout] test cli::tests::symlink_to_directory_is_skipped_in_glob_expansion ... ok
[INFO] [stdout] Initialized empty Git repository in /tmp/.tmpNIK0rQ/.git/
[INFO] [stdout] test cli::tests::no_ifttt_does_not_suppress_deleted_file_finding ... ok
[INFO] [stdout] Initialized empty Git repository in /tmp/.tmpmTk116/.git/
[INFO] [stdout] test vcs_jj::tests::diff_error_carries_hint_for_git_shaped_range ... FAILED
[INFO] [stdout] Initialized empty Git repository in /tmp/.tmpNeFFZL/.git/
[INFO] [stdout] test cli::tests::ignore_glob_pattern ... ok
[INFO] [stdout] test vcs_jj::tests::diff_error_has_no_hint_for_jj_native_range ... FAILED
[INFO] [stdout] test vcs_jj::tests::diff_skips_symlinks ... FAILED
[INFO] [stdout] test vcs_jj::tests::git_range_hint_detects_git_shaped_revsets::bare_head ... ok
[INFO] [stdout] test vcs_jj::tests::git_range_hint_detects_git_shaped_revsets::git_remote_range ... ok
[INFO] [stdout] test vcs_jj::tests::git_range_hint_detects_git_shaped_revsets::git_three_dot ... ok
[INFO] [stdout] test vcs_jj::tests::git_range_hint_detects_git_shaped_revsets::jj_bookmark ... ok
[INFO] [stdout] test vcs_jj::tests::git_range_hint_detects_git_shaped_revsets::open_from ... ok
[INFO] [stdout] test vcs_jj::tests::git_range_hint_detects_git_shaped_revsets::refs_prefix ... ok
[INFO] [stdout] test vcs_jj::tests::git_range_hint_detects_git_shaped_revsets::remote_bookmark ... ok
[INFO] [stdout] test vcs_jj::tests::git_range_hint_detects_git_shaped_revsets::revset_function ... ok
[INFO] [stdout] test vcs_jj::tests::diff_with_explicit_revset_reports_added_lines ... FAILED
[INFO] [stdout] test vcs_jj::tests::git_range_hint_detects_git_shaped_revsets::slash_bookmark ... ok
[INFO] [stdout] test vcs_jj::tests::git_range_hint_detects_git_shaped_revsets::unknown_bookmark ... ok
[INFO] [stdout] test vcs_jj::tests::glob_expansion_matches_tracked_files ... FAILED
[INFO] [stdout] test vcs_jj::tests::search_files_lint_empty_when_no_match ... FAILED
[INFO] [stdout] test cli::tests::unpaired_directive_reports_error ... ok
[INFO] [stdout] test vcs_jj::tests::search_files_lint_finds_matching ... FAILED
[INFO] [stdout] test vcs_jj::tests::search_files_skips_binary ... FAILED
[INFO] [stdout] test vcs_jj::tests::search_files_skips_symlinks ... FAILED
[INFO] [stdout] test vcs_none::tests::diff_is_unsupported ... ok
[INFO] [stdout] test vcs_jj::tests::suppressions::tag_absent ... FAILED
[INFO] [stdout] test vcs_jj::tests::suppressions::tag_present ... FAILED
[INFO] [stdout] test vcs_none::tests::read_file::existing_file ... ok
[INFO] [stdout] test vcs_none::tests::file_exists_present_and_absent ... ok
[INFO] [stdout] test vcs_none::tests::read_file::missing_file ... ok
[INFO] [stdout] test vcs_none::tests::read_file_bytes_skips_binary_and_missing ... ok
[INFO] [stdout] test vcs_none::tests::read_file_bytes_serves_undecodable_content ... ok
[INFO] [stdout] test vcs_none::tests::read_file_invalid_utf8_after_probe ... ok
[INFO] [stdout] test cli::tests::no_ifttt_in_any_commit_suppresses_entire_range ... ok
[INFO] [stdout] test vcs_none::tests::read_file_utf8_boundary ... ok
[INFO] [stdout] test vcs_none::tests::search_string_in_files_is_unsupported ... ok
[INFO] [stdout] test vcs_none::tests::suppressions_is_unsupported ... ok
[INFO] [stdout] [main (root-commit) bfd9416] baseline
[INFO] [stdout]  2 files changed, 1 insertion(+)
[INFO] [stdout]  create mode 100644 a.rs
[INFO] [stdout]  create mode 100644 vendor/.gitkeep
[INFO] [stdout] test cli::tests::precommit_skips_cochange_validation ... ok
[INFO] [stdout] [main (root-commit) ca640d0] baseline
[INFO] [stdout]  1 file changed, 1 insertion(+)
[INFO] [stdout]  create mode 100644 f.txt
[INFO] [stdout] [main (root-commit) d8dc295] baseline
[INFO] [stdout]  1 file changed, 1 insertion(+)
[INFO] [stdout]  create mode 100644 a.txt
[INFO] [stdout] [main (root-commit) 76cd5aa] baseline
[INFO] [stdout]  1 file changed, 1 insertion(+)
[INFO] [stdout]  create mode 100644 before.txt
[INFO] [stdout] [main (root-commit) ca640d0] baseline
[INFO] [stdout]  1 file changed, 1 insertion(+)
[INFO] [stdout]  create mode 100644 f.txt
[INFO] [stdout] test vcs_git::tests::diff_with_zero_oid_range_is_empty ... ok
[INFO] [stdout] [main (root-commit) 716e19d] init
[INFO] [stdout]  1 file changed, 1 insertion(+)
[INFO] [stdout]  create mode 100644 x.txt
[INFO] [stdout] [main 305d21d] add line2
[INFO] [stdout]  1 file changed, 1 insertion(+)
[INFO] [stdout] [main (root-commit) 96cf385] baseline
[INFO] [stdout]  1 file changed, 1 insertion(+)
[INFO] [stdout]  create mode 100644 f.txt
[INFO] [stdout] test vcs_git::tests::diff_with_explicit_range_reports_added_lines ... ok
[INFO] [stdout] [main (root-commit) b404aac] base
[INFO] [stdout]  1 file changed, 1 insertion(+)
[INFO] [stdout]  create mode 100644 shared.txt
[INFO] [stdout] [main 75224be] bump submodule and edit a.txt
[INFO] [stdout]  1 file changed, 1 insertion(+), 1 deletion(-)
[INFO] [stdout] [main 67a1319] rename file
[INFO] [stdout]  1 file changed, 0 insertions(+), 0 deletions(-)
[INFO] [stdout]  rename before.txt => after.txt (100%)
[INFO] [stdout] [main (root-commit) 96cf385] baseline
[INFO] [stdout]  1 file changed, 1 insertion(+)
[INFO] [stdout]  create mode 100644 f.txt
[INFO] [stdout] [main (root-commit) 4d9bae1] init
[INFO] [stdout]  2 files changed, 2 insertions(+)
[INFO] [stdout]  create mode 100644 a.txt
[INFO] [stdout]  create mode 100644 b.txt
[INFO] [stdout] test vcs_git::tests::search_files_lint::empty_when_no_match ... ok
[INFO] [stdout] test vcs_git::tests::glob_expansion_skips_submodule_gitlinks ... ok
[INFO] [stdout] test vcs_git::tests::diff_skips_submodule_pointer_changes ... ok
[INFO] [stdout] [feature 37c6bc5] feature start
[INFO] [stdout]  1 file changed, 1 insertion(+)
[INFO] [stdout]  create mode 100644 feature.txt
[INFO] [stdout] test vcs_git::tests::search_files_lint::finds_matching ... ok
[INFO] [stdout] [main 5cfa5a8] feat: update
[INFO] [stdout]  1 file changed, 1 insertion(+), 1 deletion(-)
[INFO] [stdout] test vcs_git::tests::diff_with_pure_rename_marks_old_path_deleted ... ok
[INFO] [stdout] [main 3cf6d8a] ordinary commit message
[INFO] [stdout]  1 file changed, 1 insertion(+), 1 deletion(-)
[INFO] [stdout] test vcs_git::tests::suppressions::tag_present ... ok
[INFO] [stdout] test vcs_git::tests::suppressions::tag_absent ... ok
[INFO] [stdout] test cli::tests::non_strict_resolves_bare_targets ... ok
[INFO] [stdout] [main 2d42a2c] main advances
[INFO] [stdout]  1 file changed, 1 insertion(+)
[INFO] [stdout]  create mode 100644 main_only.txt
[INFO] [stdout] [feature a49e657] feature update
[INFO] [stdout]  1 file changed, 1 insertion(+), 1 deletion(-)
[INFO] [stdout] test vcs_git::tests::three_dot_diff_ignores_base_only_changes ... ok
[INFO] [stdout] 
[INFO] [stdout] failures:
[INFO] [stdout] 
[INFO] [stdout] ---- cli::tests::jj_explicit_diff_reports_co_change_violation stdout ----
[INFO] [stdout] 
[INFO] [stdout] thread 'cli::tests::jj_explicit_diff_reports_co_change_violation' (1979) panicked at src/cli_test.rs:887:14:
[INFO] [stdout] jj must be available for integration tests; run `mise install`: Os { code: 2, kind: NotFound, message: "No such file or directory" }
[INFO] [stdout] stack backtrace:
[INFO] [stdout]    0:     0x5c1d8bc561b1 - <<std[70759c8f55707aa4]::sys::backtrace::BacktraceLock>::print::DisplayBacktrace as core[df12db4294e9bfd3]::fmt::Display>::fmt
[INFO] [stdout]    1:     0x5c1d8bc6eeea - core[df12db4294e9bfd3]::fmt::write
[INFO] [stdout]    2:     0x5c1d8bc5c27c - <alloc[2182bb758b4b3781]::vec::Vec<u8> as core[df12db4294e9bfd3]::io::write::Write>::write_fmt
[INFO] [stdout]    3:     0x5c1d8bc2f7e6 - std[70759c8f55707aa4]::panicking::default_hook::{closure#0}
[INFO] [stdout]    4:     0x5c1d8bc4d839 - std[70759c8f55707aa4]::panicking::default_hook
[INFO] [stdout]    5:     0x5c1d8baf9f50 - test[9d35eded1c95d3be]::test_main_inner::<test[9d35eded1c95d3be]::test_main_static::{closure#0}>::{closure#0}
[INFO] [stdout]    6:     0x5c1d8bc4db62 - std[70759c8f55707aa4]::panicking::panic_with_hook
[INFO] [stdout]    7:     0x5c1d8bc2f892 - std[70759c8f55707aa4]::panicking::panic_handler::{closure#0}
[INFO] [stdout]    8:     0x5c1d8bc27f09 - std[70759c8f55707aa4]::sys::backtrace::__rust_end_short_backtrace::<std[70759c8f55707aa4]::panicking::panic_handler::{closure#0}, !>
[INFO] [stdout]    9:     0x5c1d8bc3068d - __rustc[8fa7c3cbc660c2b3]::rust_begin_unwind
[INFO] [stdout]   10:     0x5c1d8bc6f6cc - core[df12db4294e9bfd3]::panicking::panic_fmt
[INFO] [stdout]   11:     0x5c1d8bc6f4a2 - core[df12db4294e9bfd3]::result::unwrap_failed
[INFO] [stdout]   12:     0x5c1d8ba8555a - <ifttt_lint[57e010112736259d]::cli::tests::JjTestRepo>::jj
[INFO] [stdout]   13:     0x5c1d8ba856e1 - <ifttt_lint[57e010112736259d]::cli::tests::JjTestRepo>::new
[INFO] [stdout]   14:     0x5c1d8ba8b4d6 - ifttt_lint[57e010112736259d]::cli::tests::jj_explicit_diff_reports_co_change_violation
[INFO] [stdout]   15:     0x5c1d8ba5f7e9 - <ifttt_lint[57e010112736259d]::cli::tests::jj_explicit_diff_reports_co_change_violation::{closure#0} as core[df12db4294e9bfd3]::ops::function::FnOnce<()>>::call_once
[INFO] [stdout]   16:     0x5c1d8baed23b - test[9d35eded1c95d3be]::__rust_begin_short_backtrace::<core[df12db4294e9bfd3]::result::Result<(), alloc[2182bb758b4b3781]::string::String>, fn() -> core[df12db4294e9bfd3]::result::Result<(), alloc[2182bb758b4b3781]::string::String>>
[INFO] [stdout]   17:     0x5c1d8bafa8a5 - test[9d35eded1c95d3be]::run_test::{closure#0}
[INFO] [stdout]   18:     0x5c1d8baf4164 - std[70759c8f55707aa4]::sys::backtrace::__rust_begin_short_backtrace::<test[9d35eded1c95d3be]::run_test::{closure#1}, ()>
[INFO] [stdout]   19:     0x5c1d8bafda02 - <std[70759c8f55707aa4]::thread::lifecycle::spawn_unchecked<test[9d35eded1c95d3be]::run_test::{closure#1}, ()>::{closure#1} as core[df12db4294e9bfd3]::ops::function::FnOnce<()>>::call_once::{shim:vtable#0}
[INFO] [stdout]   20:     0x5c1d8bc557d9 - <std[70759c8f55707aa4]::sys::thread::unix::Thread>::new::thread_start
[INFO] [stdout]   21:     0x7f213d347dfa - <unknown>
[INFO] [stdout]   22:     0x7f213d3db3d4 - clone
[INFO] [stdout]   23:                0x0 - <unknown>
[INFO] [stdout] 
[INFO] [stdout] ---- cli::tests::jj_auto_detected_when_dot_jj_present stdout ----
[INFO] [stdout] 
[INFO] [stdout] thread 'cli::tests::jj_auto_detected_when_dot_jj_present' (1968) panicked at src/cli_test.rs:887:14:
[INFO] [stdout] jj must be available for integration tests; run `mise install`: Os { code: 2, kind: NotFound, message: "No such file or directory" }
[INFO] [stdout] stack backtrace:
[INFO] [stdout]    0:     0x5c1d8bc561b1 - <<std[70759c8f55707aa4]::sys::backtrace::BacktraceLock>::print::DisplayBacktrace as core[df12db4294e9bfd3]::fmt::Display>::fmt
[INFO] [stdout]    1:     0x5c1d8bc6eeea - core[df12db4294e9bfd3]::fmt::write
[INFO] [stdout]    2:     0x5c1d8bc5c27c - <alloc[2182bb758b4b3781]::vec::Vec<u8> as core[df12db4294e9bfd3]::io::write::Write>::write_fmt
[INFO] [stdout]    3:     0x5c1d8bc2f7e6 - std[70759c8f55707aa4]::panicking::default_hook::{closure#0}
[INFO] [stdout]    4:     0x5c1d8bc4d839 - std[70759c8f55707aa4]::panicking::default_hook
[INFO] [stdout]    5:     0x5c1d8baf9f50 - test[9d35eded1c95d3be]::test_main_inner::<test[9d35eded1c95d3be]::test_main_static::{closure#0}>::{closure#0}
[INFO] [stdout]    6:     0x5c1d8bc4db62 - std[70759c8f55707aa4]::panicking::panic_with_hook
[INFO] [stdout]    7:     0x5c1d8bc2f892 - std[70759c8f55707aa4]::panicking::panic_handler::{closure#0}
[INFO] [stdout]    8:     0x5c1d8bc27f09 - std[70759c8f55707aa4]::sys::backtrace::__rust_end_short_backtrace::<std[70759c8f55707aa4]::panicking::panic_handler::{closure#0}, !>
[INFO] [stdout]    9:     0x5c1d8bc3068d - __rustc[8fa7c3cbc660c2b3]::rust_begin_unwind
[INFO] [stdout]   10:     0x5c1d8bc6f6cc - core[df12db4294e9bfd3]::panicking::panic_fmt
[INFO] [stdout]   11:     0x5c1d8bc6f4a2 - core[df12db4294e9bfd3]::result::unwrap_failed
[INFO] [stdout]   12:     0x5c1d8ba8555a - <ifttt_lint[57e010112736259d]::cli::tests::JjTestRepo>::jj
[INFO] [stdout]   13:     0x5c1d8ba856e1 - <ifttt_lint[57e010112736259d]::cli::tests::JjTestRepo>::new
[INFO] [stdout]   14:     0x5c1d8ba899b6 - ifttt_lint[57e010112736259d]::cli::tests::jj_auto_detected_when_dot_jj_present
[INFO] [stdout]   15:     0x5c1d8ba5f749 - <ifttt_lint[57e010112736259d]::cli::tests::jj_auto_detected_when_dot_jj_present::{closure#0} as core[df12db4294e9bfd3]::ops::function::FnOnce<()>>::call_once
[INFO] [stdout]   16:     0x5c1d8baed23b - test[9d35eded1c95d3be]::__rust_begin_short_backtrace::<core[df12db4294e9bfd3]::result::Result<(), alloc[2182bb758b4b3781]::string::String>, fn() -> core[df12db4294e9bfd3]::result::Result<(), alloc[2182bb758b4b3781]::string::String>>
[INFO] [stdout]   17:     0x5c1d8bafa8a5 - test[9d35eded1c95d3be]::run_test::{closure#0}
[INFO] [stdout]   18:     0x5c1d8baf4164 - std[70759c8f55707aa4]::sys::backtrace::__rust_begin_short_backtrace::<test[9d35eded1c95d3be]::run_test::{closure#1}, ()>
[INFO] [stdout]   19:     0x5c1d8bafda02 - <std[70759c8f55707aa4]::thread::lifecycle::spawn_unchecked<test[9d35eded1c95d3be]::run_test::{closure#1}, ()>::{closure#1} as core[df12db4294e9bfd3]::ops::function::FnOnce<()>>::call_once::{shim:vtable#0}
[INFO] [stdout]   20:     0x5c1d8bc557d9 - <std[70759c8f55707aa4]::sys::thread::unix::Thread>::new::thread_start
[INFO] [stdout]   21:     0x7f213d347dfa - <unknown>
[INFO] [stdout]   22:     0x7f213d3db3d4 - clone
[INFO] [stdout]   23:                0x0 - <unknown>
[INFO] [stdout] 
[INFO] [stdout] ---- vcs_jj::tests::diff_error_carries_hint_for_git_shaped_range stdout ----
[INFO] [stdout] 
[INFO] [stdout] thread 'vcs_jj::tests::diff_error_carries_hint_for_git_shaped_range' (2813) panicked at src/vcs_jj_test.rs:15:10:
[INFO] [stdout] jj must be available for integration tests; run `mise install`: Os { code: 2, kind: NotFound, message: "No such file or directory" }
[INFO] [stdout] stack backtrace:
[INFO] [stdout]    0:     0x5c1d8bc561b1 - <<std[70759c8f55707aa4]::sys::backtrace::BacktraceLock>::print::DisplayBacktrace as core[df12db4294e9bfd3]::fmt::Display>::fmt
[INFO] [stdout]    1:     0x5c1d8bc6eeea - core[df12db4294e9bfd3]::fmt::write
[INFO] [stdout]    2:     0x5c1d8bc5c27c - <alloc[2182bb758b4b3781]::vec::Vec<u8> as core[df12db4294e9bfd3]::io::write::Write>::write_fmt
[INFO] [stdout]    3:     0x5c1d8bc2f7e6 - std[70759c8f55707aa4]::panicking::default_hook::{closure#0}
[INFO] [stdout]    4:     0x5c1d8bc4d839 - std[70759c8f55707aa4]::panicking::default_hook
[INFO] [stdout]    5:     0x5c1d8baf9f50 - test[9d35eded1c95d3be]::test_main_inner::<test[9d35eded1c95d3be]::test_main_static::{closure#0}>::{closure#0}
[INFO] [stdout]    6:     0x5c1d8bc4db62 - std[70759c8f55707aa4]::panicking::panic_with_hook
[INFO] [stdout]    7:     0x5c1d8bc2f892 - std[70759c8f55707aa4]::panicking::panic_handler::{closure#0}
[INFO] [stdout]    8:     0x5c1d8bc27f09 - std[70759c8f55707aa4]::sys::backtrace::__rust_end_short_backtrace::<std[70759c8f55707aa4]::panicking::panic_handler::{closure#0}, !>
[INFO] [stdout]    9:     0x5c1d8bc3068d - __rustc[8fa7c3cbc660c2b3]::rust_begin_unwind
[INFO] [stdout]   10:     0x5c1d8bc6f6cc - core[df12db4294e9bfd3]::panicking::panic_fmt
[INFO] [stdout]   11:     0x5c1d8bc6f4a2 - core[df12db4294e9bfd3]::result::unwrap_failed
[INFO] [stdout]   12:     0x5c1d8ba70832 - ifttt_lint[57e010112736259d]::vcs_jj::tests::jj
[INFO] [stdout]   13:     0x5c1d8ba73b25 - ifttt_lint[57e010112736259d]::vcs_jj::tests::diff_error_carries_hint_for_git_shaped_range
[INFO] [stdout]   14:     0x5c1d8ba600a9 - <ifttt_lint[57e010112736259d]::vcs_jj::tests::diff_error_carries_hint_for_git_shaped_range::{closure#0} as core[df12db4294e9bfd3]::ops::function::FnOnce<()>>::call_once
[INFO] [stdout]   15:     0x5c1d8baed23b - test[9d35eded1c95d3be]::__rust_begin_short_backtrace::<core[df12db4294e9bfd3]::result::Result<(), alloc[2182bb758b4b3781]::string::String>, fn() -> core[df12db4294e9bfd3]::result::Result<(), alloc[2182bb758b4b3781]::string::String>>
[INFO] [stdout]   16:     0x5c1d8bafa8a5 - test[9d35eded1c95d3be]::run_test::{closure#0}
[INFO] [stdout]   17:     0x5c1d8baf4164 - std[70759c8f55707aa4]::sys::backtrace::__rust_begin_short_backtrace::<test[9d35eded1c95d3be]::run_test::{closure#1}, ()>
[INFO] [stdout]   18:     0x5c1d8bafda02 - <std[70759c8f55707aa4]::thread::lifecycle::spawn_unchecked<test[9d35eded1c95d3be]::run_test::{closure#1}, ()>::{closure#1} as core[df12db4294e9bfd3]::ops::function::FnOnce<()>>::call_once::{shim:vtable#0}
[INFO] [stdout]   19:     0x5c1d8bc557d9 - <std[70759c8f55707aa4]::sys::thread::unix::Thread>::new::thread_start
[INFO] [stdout]   20:     0x7f213d347dfa - <unknown>
[INFO] [stdout]   21:     0x7f213d3db3d4 - clone
[INFO] [stdout]   22:                0x0 - <unknown>
[INFO] [stdout] 
[INFO] [stdout] ---- vcs_jj::tests::diff_error_has_no_hint_for_jj_native_range stdout ----
[INFO] [stdout] 
[INFO] [stdout] thread 'vcs_jj::tests::diff_error_has_no_hint_for_jj_native_range' (2817) panicked at src/vcs_jj_test.rs:15:10:
[INFO] [stdout] jj must be available for integration tests; run `mise install`: Os { code: 2, kind: NotFound, message: "No such file or directory" }
[INFO] [stdout] stack backtrace:
[INFO] [stdout]    0:     0x5c1d8bc561b1 - <<std[70759c8f55707aa4]::sys::backtrace::BacktraceLock>::print::DisplayBacktrace as core[df12db4294e9bfd3]::fmt::Display>::fmt
[INFO] [stdout]    1:     0x5c1d8bc6eeea - core[df12db4294e9bfd3]::fmt::write
[INFO] [stdout]    2:     0x5c1d8bc5c27c - <alloc[2182bb758b4b3781]::vec::Vec<u8> as core[df12db4294e9bfd3]::io::write::Write>::write_fmt
[INFO] [stdout]    3:     0x5c1d8bc2f7e6 - std[70759c8f55707aa4]::panicking::default_hook::{closure#0}
[INFO] [stdout]    4:     0x5c1d8bc4d839 - std[70759c8f55707aa4]::panicking::default_hook
[INFO] [stdout]    5:     0x5c1d8baf9f50 - test[9d35eded1c95d3be]::test_main_inner::<test[9d35eded1c95d3be]::test_main_static::{closure#0}>::{closure#0}
[INFO] [stdout]    6:     0x5c1d8bc4db62 - std[70759c8f55707aa4]::panicking::panic_with_hook
[INFO] [stdout]    7:     0x5c1d8bc2f892 - std[70759c8f55707aa4]::panicking::panic_handler::{closure#0}
[INFO] [stdout]    8:     0x5c1d8bc27f09 - std[70759c8f55707aa4]::sys::backtrace::__rust_end_short_backtrace::<std[70759c8f55707aa4]::panicking::panic_handler::{closure#0}, !>
[INFO] [stdout]    9:     0x5c1d8bc3068d - __rustc[8fa7c3cbc660c2b3]::rust_begin_unwind
[INFO] [stdout]   10:     0x5c1d8bc6f6cc - core[df12db4294e9bfd3]::panicking::panic_fmt
[INFO] [stdout]   11:     0x5c1d8bc6f4a2 - core[df12db4294e9bfd3]::result::unwrap_failed
[INFO] [stdout]   12:     0x5c1d8ba70832 - ifttt_lint[57e010112736259d]::vcs_jj::tests::jj
[INFO] [stdout]   13:     0x5c1d8ba73625 - ifttt_lint[57e010112736259d]::vcs_jj::tests::diff_error_has_no_hint_for_jj_native_range
[INFO] [stdout]   14:     0x5c1d8ba60089 - <ifttt_lint[57e010112736259d]::vcs_jj::tests::diff_error_has_no_hint_for_jj_native_range::{closure#0} as core[df12db4294e9bfd3]::ops::function::FnOnce<()>>::call_once
[INFO] [stdout]   15:     0x5c1d8baed23b - test[9d35eded1c95d3be]::__rust_begin_short_backtrace::<core[df12db4294e9bfd3]::result::Result<(), alloc[2182bb758b4b3781]::string::String>, fn() -> core[df12db4294e9bfd3]::result::Result<(), alloc[2182bb758b4b3781]::string::String>>
[INFO] [stdout]   16:     0x5c1d8bafa8a5 - test[9d35eded1c95d3be]::run_test::{closure#0}
[INFO] [stdout]   17:     0x5c1d8baf4164 - std[70759c8f55707aa4]::sys::backtrace::__rust_begin_short_backtrace::<test[9d35eded1c95d3be]::run_test::{closure#1}, ()>
[INFO] [stdout]   18:     0x5c1d8bafda02 - <std[70759c8f55707aa4]::thread::lifecycle::spawn_unchecked<test[9d35eded1c95d3be]::run_test::{closure#1}, ()>::{closure#1} as core[df12db4294e9bfd3]::ops::function::FnOnce<()>>::call_once::{shim:vtable#0}
[INFO] [stdout]   19:     0x5c1d8bc557d9 - <std[70759c8f55707aa4]::sys::thread::unix::Thread>::new::thread_start
[INFO] [stdout]   20:     0x7f213d347dfa - <unknown>
[INFO] [stdout]   21:     0x7f213d3db3d4 - clone
[INFO] [stdout]   22:                0x0 - <unknown>
[INFO] [stdout] 
[INFO] [stdout] ---- vcs_jj::tests::diff_skips_symlinks stdout ----
[INFO] [stdout] 
[INFO] [stdout] thread 'vcs_jj::tests::diff_skips_symlinks' (2829) panicked at src/vcs_jj_test.rs:15:10:
[INFO] [stdout] jj must be available for integration tests; run `mise install`: Os { code: 2, kind: NotFound, message: "No such file or directory" }
[INFO] [stdout] stack backtrace:
[INFO] [stdout]    0:     0x5c1d8bc561b1 - <<std[70759c8f55707aa4]::sys::backtrace::BacktraceLock>::print::DisplayBacktrace as core[df12db4294e9bfd3]::fmt::Display>::fmt
[INFO] [stdout]    1:     0x5c1d8bc6eeea - core[df12db4294e9bfd3]::fmt::write
[INFO] [stdout]    2:     0x5c1d8bc5c27c - <alloc[2182bb758b4b3781]::vec::Vec<u8> as core[df12db4294e9bfd3]::io::write::Write>::write_fmt
[INFO] [stdout]    3:     0x5c1d8bc2f7e6 - std[70759c8f55707aa4]::panicking::default_hook::{closure#0}
[INFO] [stdout]    4:     0x5c1d8bc4d839 - std[70759c8f55707aa4]::panicking::default_hook
[INFO] [stdout]    5:     0x5c1d8baf9f50 - test[9d35eded1c95d3be]::test_main_inner::<test[9d35eded1c95d3be]::test_main_static::{closure#0}>::{closure#0}
[INFO] [stdout]    6:     0x5c1d8bc4db62 - std[70759c8f55707aa4]::panicking::panic_with_hook
[INFO] [stdout]    7:     0x5c1d8bc2f892 - std[70759c8f55707aa4]::panicking::panic_handler::{closure#0}
[INFO] [stdout]    8:     0x5c1d8bc27f09 - std[70759c8f55707aa4]::sys::backtrace::__rust_end_short_backtrace::<std[70759c8f55707aa4]::panicking::panic_handler::{closure#0}, !>
[INFO] [stdout]    9:     0x5c1d8bc3068d - __rustc[8fa7c3cbc660c2b3]::rust_begin_unwind
[INFO] [stdout]   10:     0x5c1d8bc6f6cc - core[df12db4294e9bfd3]::panicking::panic_fmt
[INFO] [stdout]   11:     0x5c1d8bc6f4a2 - core[df12db4294e9bfd3]::result::unwrap_failed
[INFO] [stdout]   12:     0x5c1d8ba70832 - ifttt_lint[57e010112736259d]::vcs_jj::tests::jj
[INFO] [stdout]   13:     0x5c1d8ba70d4b - ifttt_lint[57e010112736259d]::vcs_jj::tests::diff_skips_symlinks
[INFO] [stdout]   14:     0x5c1d8ba5ffc9 - <ifttt_lint[57e010112736259d]::vcs_jj::tests::diff_skips_symlinks::{closure#0} as core[df12db4294e9bfd3]::ops::function::FnOnce<()>>::call_once
[INFO] [stdout]   15:     0x5c1d8baed23b - test[9d35eded1c95d3be]::__rust_begin_short_backtrace::<core[df12db4294e9bfd3]::result::Result<(), alloc[2182bb758b4b3781]::string::String>, fn() -> core[df12db4294e9bfd3]::result::Result<(), alloc[2182bb758b4b3781]::string::String>>
[INFO] [stdout]   16:     0x5c1d8bafa8a5 - test[9d35eded1c95d3be]::run_test::{closure#0}
[INFO] [stdout]   17:     0x5c1d8baf4164 - std[70759c8f55707aa4]::sys::backtrace::__rust_begin_short_backtrace::<test[9d35eded1c95d3be]::run_test::{closure#1}, ()>
[INFO] [stdout]   18:     0x5c1d8bafda02 - <std[70759c8f55707aa4]::thread::lifecycle::spawn_unchecked<test[9d35eded1c95d3be]::run_test::{closure#1}, ()>::{closure#1} as core[df12db4294e9bfd3]::ops::function::FnOnce<()>>::call_once::{shim:vtable#0}
[INFO] [stdout]   19:     0x5c1d8bc557d9 - <std[70759c8f55707aa4]::sys::thread::unix::Thread>::new::thread_start
[INFO] [stdout]   20:     0x7f213d347dfa - <unknown>
[INFO] [stdout]   21:     0x7f213d3db3d4 - clone
[INFO] [stdout]   22:                0x0 - <unknown>
[INFO] [stdout] 
[INFO] [stdout] ---- vcs_jj::tests::diff_with_explicit_revset_reports_added_lines stdout ----
[INFO] [stdout] 
[INFO] [stdout] thread 'vcs_jj::tests::diff_with_explicit_revset_reports_added_lines' (2846) panicked at src/vcs_jj_test.rs:15:10:
[INFO] [stdout] jj must be available for integration tests; run `mise install`: Os { code: 2, kind: NotFound, message: "No such file or directory" }
[INFO] [stdout] stack backtrace:
[INFO] [stdout]    0:     0x5c1d8bc561b1 - <<std[70759c8f55707aa4]::sys::backtrace::BacktraceLock>::print::DisplayBacktrace as core[df12db4294e9bfd3]::fmt::Display>::fmt
[INFO] [stdout]    1:     0x5c1d8bc6eeea - core[df12db4294e9bfd3]::fmt::write
[INFO] [stdout]    2:     0x5c1d8bc5c27c - <alloc[2182bb758b4b3781]::vec::Vec<u8> as core[df12db4294e9bfd3]::io::write::Write>::write_fmt
[INFO] [stdout]    3:     0x5c1d8bc2f7e6 - std[70759c8f55707aa4]::panicking::default_hook::{closure#0}
[INFO] [stdout]    4:     0x5c1d8bc4d839 - std[70759c8f55707aa4]::panicking::default_hook
[INFO] [stdout]    5:     0x5c1d8baf9f50 - test[9d35eded1c95d3be]::test_main_inner::<test[9d35eded1c95d3be]::test_main_static::{closure#0}>::{closure#0}
[INFO] [stdout]    6:     0x5c1d8bc4db62 - std[70759c8f55707aa4]::panicking::panic_with_hook
[INFO] [stdout]    7:     0x5c1d8bc2f892 - std[70759c8f55707aa4]::panicking::panic_handler::{closure#0}
[INFO] [stdout]    8:     0x5c1d8bc27f09 - std[70759c8f55707aa4]::sys::backtrace::__rust_end_short_backtrace::<std[70759c8f55707aa4]::panicking::panic_handler::{closure#0}, !>
[INFO] [stdout]    9:     0x5c1d8bc3068d - __rustc[8fa7c3cbc660c2b3]::rust_begin_unwind
[INFO] [stdout]   10:     0x5c1d8bc6f6cc - core[df12db4294e9bfd3]::panicking::panic_fmt
[INFO] [stdout]   11:     0x5c1d8bc6f4a2 - core[df12db4294e9bfd3]::result::unwrap_failed
[INFO] [stdout]   12:     0x5c1d8ba70832 - ifttt_lint[57e010112736259d]::vcs_jj::tests::jj
[INFO] [stdout]   13:     0x5c1d8ba7401b - ifttt_lint[57e010112736259d]::vcs_jj::tests::diff_with_explicit_revset_reports_added_lines
[INFO] [stdout]   14:     0x5c1d8ba600c9 - <ifttt_lint[57e010112736259d]::vcs_jj::tests::diff_with_explicit_revset_reports_added_lines::{closure#0} as core[df12db4294e9bfd3]::ops::function::FnOnce<()>>::call_once
[INFO] [stdout]   15:     0x5c1d8baed23b - test[9d35eded1c95d3be]::__rust_begin_short_backtrace::<core[df12db4294e9bfd3]::result::Result<(), alloc[2182bb758b4b3781]::string::String>, fn() -> core[df12db4294e9bfd3]::result::Result<(), alloc[2182bb758b4b3781]::string::String>>
[INFO] [stdout]   16:     0x5c1d8bafa8a5 - test[9d35eded1c95d3be]::run_test::{closure#0}
[INFO] [stdout]   17:     0x5c1d8baf4164 - std[70759c8f55707aa4]::sys::backtrace::__rust_begin_short_backtrace::<test[9d35eded1c95d3be]::run_test::{closure#1}, ()>
[INFO] [stdout]   18:     0x5c1d8bafda02 - <std[70759c8f55707aa4]::thread::lifecycle::spawn_unchecked<test[9d35eded1c95d3be]::run_test::{closure#1}, ()>::{closure#1} as core[df12db4294e9bfd3]::ops::function::FnOnce<()>>::call_once::{shim:vtable#0}
[INFO] [stdout]   19:     0x5c1d8bc557d9 - <std[70759c8f55707aa4]::sys::thread::unix::Thread>::new::thread_start
[INFO] [stdout]   20:     0x7f213d347dfa - <unknown>
[INFO] [stdout]   21:     0x7f213d3db3d4 - clone
[INFO] [stdout]   22:                0x0 - <unknown>
[INFO] [stdout] 
[INFO] [stdout] ---- vcs_jj::tests::glob_expansion_matches_tracked_files stdout ----
[INFO] [stdout] 
[INFO] [stdout] thread 'vcs_jj::tests::glob_expansion_matches_tracked_files' (2859) panicked at src/vcs_jj_test.rs:15:10:
[INFO] [stdout] jj must be available for integration tests; run `mise install`: Os { code: 2, kind: NotFound, message: "No such file or directory" }
[INFO] [stdout] stack backtrace:
[INFO] [stdout]    0:     0x5c1d8bc561b1 - <<std[70759c8f55707aa4]::sys::backtrace::BacktraceLock>::print::DisplayBacktrace as core[df12db4294e9bfd3]::fmt::Display>::fmt
[INFO] [stdout]    1:     0x5c1d8bc6eeea - core[df12db4294e9bfd3]::fmt::write
[INFO] [stdout]    2:     0x5c1d8bc5c27c - <alloc[2182bb758b4b3781]::vec::Vec<u8> as core[df12db4294e9bfd3]::io::write::Write>::write_fmt
[INFO] [stdout]    3:     0x5c1d8bc2f7e6 - std[70759c8f55707aa4]::panicking::default_hook::{closure#0}
[INFO] [stdout]    4:     0x5c1d8bc4d839 - std[70759c8f55707aa4]::panicking::default_hook
[INFO] [stdout]    5:     0x5c1d8baf9f50 - test[9d35eded1c95d3be]::test_main_inner::<test[9d35eded1c95d3be]::test_main_static::{closure#0}>::{closure#0}
[INFO] [stdout]    6:     0x5c1d8bc4db62 - std[70759c8f55707aa4]::panicking::panic_with_hook
[INFO] [stdout]    7:     0x5c1d8bc2f892 - std[70759c8f55707aa4]::panicking::panic_handler::{closure#0}
[INFO] [stdout]    8:     0x5c1d8bc27f09 - std[70759c8f55707aa4]::sys::backtrace::__rust_end_short_backtrace::<std[70759c8f55707aa4]::panicking::panic_handler::{closure#0}, !>
[INFO] [stdout]    9:     0x5c1d8bc3068d - __rustc[8fa7c3cbc660c2b3]::rust_begin_unwind
[INFO] [stdout]   10:     0x5c1d8bc6f6cc - core[df12db4294e9bfd3]::panicking::panic_fmt
[INFO] [stdout]   11:     0x5c1d8bc6f4a2 - core[df12db4294e9bfd3]::result::unwrap_failed
[INFO] [stdout]   12:     0x5c1d8ba70832 - ifttt_lint[57e010112736259d]::vcs_jj::tests::jj
[INFO] [stdout]   13:     0x5c1d8ba7289c - ifttt_lint[57e010112736259d]::vcs_jj::tests::glob_expansion_matches_tracked_files
[INFO] [stdout]   14:     0x5c1d8ba60049 - <ifttt_lint[57e010112736259d]::vcs_jj::tests::glob_expansion_matches_tracked_files::{closure#0} as core[df12db4294e9bfd3]::ops::function::FnOnce<()>>::call_once
[INFO] [stdout]   15:     0x5c1d8baed23b - test[9d35eded1c95d3be]::__rust_begin_short_backtrace::<core[df12db4294e9bfd3]::result::Result<(), alloc[2182bb758b4b3781]::string::String>, fn() -> core[df12db4294e9bfd3]::result::Result<(), alloc[2182bb758b4b3781]::string::String>>
[INFO] [stdout]   16:     0x5c1d8bafa8a5 - test[9d35eded1c95d3be]::run_test::{closure#0}
[INFO] [stdout]   17:     0x5c1d8baf4164 - std[70759c8f55707aa4]::sys::backtrace::__rust_begin_short_backtrace::<test[9d35eded1c95d3be]::run_test::{closure#1}, ()>
[INFO] [stdout]   18:     0x5c1d8bafda02 - <std[70759c8f55707aa4]::thread::lifecycle::spawn_unchecked<test[9d35eded1c95d3be]::run_test::{closure#1}, ()>::{closure#1} as core[df12db4294e9bfd3]::ops::function::FnOnce<()>>::call_once::{shim:vtable#0}
[INFO] [stdout]   19:     0x5c1d8bc557d9 - <std[70759c8f55707aa4]::sys::thread::unix::Thread>::new::thread_start
[INFO] [stdout]   20:     0x7f213d347dfa - <unknown>
[INFO] [stdout]   21:     0x7f213d3db3d4 - clone
[INFO] [stdout]   22:                0x0 - <unknown>
[INFO] [stdout] 
[INFO] [stdout] ---- vcs_jj::tests::search_files_lint_empty_when_no_match stdout ----
[INFO] [stdout] 
[INFO] [stdout] thread 'vcs_jj::tests::search_files_lint_empty_when_no_match' (2861) panicked at src/vcs_jj_test.rs:15:10:
[INFO] [stdout] jj must be available for integration tests; run `mise install`: Os { code: 2, kind: NotFound, message: "No such file or directory" }
[INFO] [stdout] stack backtrace:
[INFO] [stdout]    0:     0x5c1d8bc561b1 - <<std[70759c8f55707aa4]::sys::backtrace::BacktraceLock>::print::DisplayBacktrace as core[df12db4294e9bfd3]::fmt::Display>::fmt
[INFO] [stdout]    1:     0x5c1d8bc6eeea - core[df12db4294e9bfd3]::fmt::write
[INFO] [stdout]    2:     0x5c1d8bc5c27c - <alloc[2182bb758b4b3781]::vec::Vec<u8> as core[df12db4294e9bfd3]::io::write::Write>::write_fmt
[INFO] [stdout]    3:     0x5c1d8bc2f7e6 - std[70759c8f55707aa4]::panicking::default_hook::{closure#0}
[INFO] [stdout]    4:     0x5c1d8bc4d839 - std[70759c8f55707aa4]::panicking::default_hook
[INFO] [stdout]    5:     0x5c1d8baf9f50 - test[9d35eded1c95d3be]::test_main_inner::<test[9d35eded1c95d3be]::test_main_static::{closure#0}>::{closure#0}
[INFO] [stdout]    6:     0x5c1d8bc4db62 - std[70759c8f55707aa4]::panicking::panic_with_hook
[INFO] [stdout]    7:     0x5c1d8bc2f892 - std[70759c8f55707aa4]::panicking::panic_handler::{closure#0}
[INFO] [stdout]    8:     0x5c1d8bc27f09 - std[70759c8f55707aa4]::sys::backtrace::__rust_end_short_backtrace::<std[70759c8f55707aa4]::panicking::panic_handler::{closure#0}, !>
[INFO] [stdout]    9:     0x5c1d8bc3068d - __rustc[8fa7c3cbc660c2b3]::rust_begin_unwind
[INFO] [stdout]   10:     0x5c1d8bc6f6cc - core[df12db4294e9bfd3]::panicking::panic_fmt
[INFO] [stdout]   11:     0x5c1d8bc6f4a2 - core[df12db4294e9bfd3]::result::unwrap_failed
[INFO] [stdout]   12:     0x5c1d8ba70832 - ifttt_lint[57e010112736259d]::vcs_jj::tests::jj
[INFO] [stdout]   13:     0x5c1d8ba73209 - ifttt_lint[57e010112736259d]::vcs_jj::tests::search_files_lint_empty_when_no_match
[INFO] [stdout]   14:     0x5c1d8ba60069 - <ifttt_lint[57e010112736259d]::vcs_jj::tests::search_files_lint_empty_when_no_match::{closure#0} as core[df12db4294e9bfd3]::ops::function::FnOnce<()>>::call_once
[INFO] [stdout]   15:     0x5c1d8baed23b - test[9d35eded1c95d3be]::__rust_begin_short_backtrace::<core[df12db4294e9bfd3]::result::Result<(), alloc[2182bb758b4b3781]::string::String>, fn() -> core[df12db4294e9bfd3]::result::Result<(), alloc[2182bb758b4b3781]::string::String>>
[INFO] [stdout]   16:     0x5c1d8bafa8a5 - test[9d35eded1c95d3be]::run_test::{closure#0}
[INFO] [stdout]   17:     0x5c1d8baf4164 - std[70759c8f55707aa4]::sys::backtrace::__rust_begin_short_backtrace::<test[9d35eded1c95d3be]::run_test::{closure#1}, ()>
[INFO] [stdout]   18:     0x5c1d8bafda02 - <std[70759c8f55707aa4]::thread::lifecycle::spawn_unchecked<test[9d35eded1c95d3be]::run_test::{closure#1}, ()>::{closure#1} as core[df12db4294e9bfd3]::ops::function::FnOnce<()>>::call_once::{shim:vtable#0}
[INFO] [stdout]   19:     0x5c1d8bc557d9 - <std[70759c8f55707aa4]::sys::thread::unix::Thread>::new::thread_start
[INFO] [stdout]   20:     0x7f213d347dfa - <unknown>
[INFO] [stdout]   21:     0x7f213d3db3d4 - clone
[INFO] [stdout]   22:                0x0 - <unknown>
[INFO] [stdout] 
[INFO] [stdout] ---- vcs_jj::tests::search_files_lint_finds_matching stdout ----
[INFO] [stdout] 
[INFO] [stdout] thread 'vcs_jj::tests::search_files_lint_finds_matching' (2863) panicked at src/vcs_jj_test.rs:15:10:
[INFO] [stdout] jj must be available for integration tests; run `mise install`: Os { code: 2, kind: NotFound, message: "No such file or directory" }
[INFO] [stdout] stack backtrace:
[INFO] [stdout]    0:     0x5c1d8bc561b1 - <<std[70759c8f55707aa4]::sys::backtrace::BacktraceLock>::print::DisplayBacktrace as core[df12db4294e9bfd3]::fmt::Display>::fmt
[INFO] [stdout]    1:     0x5c1d8bc6eeea - core[df12db4294e9bfd3]::fmt::write
[INFO] [stdout]    2:     0x5c1d8bc5c27c - <alloc[2182bb758b4b3781]::vec::Vec<u8> as core[df12db4294e9bfd3]::io::write::Write>::write_fmt
[INFO] [stdout]    3:     0x5c1d8bc2f7e6 - std[70759c8f55707aa4]::panicking::default_hook::{closure#0}
[INFO] [stdout]    4:     0x5c1d8bc4d839 - std[70759c8f55707aa4]::panicking::default_hook
[INFO] [stdout]    5:     0x5c1d8baf9f50 - test[9d35eded1c95d3be]::test_main_inner::<test[9d35eded1c95d3be]::test_main_static::{closure#0}>::{closure#0}
[INFO] [stdout]    6:     0x5c1d8bc4db62 - std[70759c8f55707aa4]::panicking::panic_with_hook
[INFO] [stdout]    7:     0x5c1d8bc2f892 - std[70759c8f55707aa4]::panicking::panic_handler::{closure#0}
[INFO] [stdout]    8:     0x5c1d8bc27f09 - std[70759c8f55707aa4]::sys::backtrace::__rust_end_short_backtrace::<std[70759c8f55707aa4]::panicking::panic_handler::{closure#0}, !>
[INFO] [stdout]    9:     0x5c1d8bc3068d - __rustc[8fa7c3cbc660c2b3]::rust_begin_unwind
[INFO] [stdout]   10:     0x5c1d8bc6f6cc - core[df12db4294e9bfd3]::panicking::panic_fmt
[INFO] [stdout]   11:     0x5c1d8bc6f4a2 - core[df12db4294e9bfd3]::result::unwrap_failed
[INFO] [stdout]   12:     0x5c1d8ba70832 - ifttt_lint[57e010112736259d]::vcs_jj::tests::jj
[INFO] [stdout]   13:     0x5c1d8ba72289 - ifttt_lint[57e010112736259d]::vcs_jj::tests::search_files_lint_finds_matching
[INFO] [stdout]   14:     0x5c1d8ba60029 - <ifttt_lint[57e010112736259d]::vcs_jj::tests::search_files_lint_finds_matching::{closure#0} as core[df12db4294e9bfd3]::ops::function::FnOnce<()>>::call_once
[INFO] [stdout]   15:     0x5c1d8baed23b - test[9d35eded1c95d3be]::__rust_begin_short_backtrace::<core[df12db4294e9bfd3]::result::Result<(), alloc[2182bb758b4b3781]::string::String>, fn() -> core[df12db4294e9bfd3]::result::Result<(), alloc[2182bb758b4b3781]::string::String>>
[INFO] [stdout]   16:     0x5c1d8bafa8a5 - test[9d35eded1c95d3be]::run_test::{closure#0}
[INFO] [stdout]   17:     0x5c1d8baf4164 - std[70759c8f55707aa4]::sys::backtrace::__rust_begin_short_backtrace::<test[9d35eded1c95d3be]::run_test::{closure#1}, ()>
[INFO] [stdout]   18:     0x5c1d8bafda02 - <std[70759c8f55707aa4]::thread::lifecycle::spawn_unchecked<test[9d35eded1c95d3be]::run_test::{closure#1}, ()>::{closure#1} as core[df12db4294e9bfd3]::ops::function::FnOnce<()>>::call_once::{shim:vtable#0}
[INFO] [stdout]   19:     0x5c1d8bc557d9 - <std[70759c8f55707aa4]::sys::thread::unix::Thread>::new::thread_start
[INFO] [stdout]   20:     0x7f213d347dfa - <unknown>
[INFO] [stdout]   21:     0x7f213d3db3d4 - clone
[INFO] [stdout]   22:                0x0 - <unknown>
[INFO] [stdout] 
[INFO] [stdout] ---- vcs_jj::tests::search_files_skips_binary stdout ----
[INFO] [stdout] 
[INFO] [stdout] thread 'vcs_jj::tests::search_files_skips_binary' (2865) panicked at src/vcs_jj_test.rs:15:10:
[INFO] [stdout] jj must be available for integration tests; run `mise install`: Os { code: 2, kind: NotFound, message: "No such file or directory" }
[INFO] [stdout] stack backtrace:
[INFO] [stdout]    0:     0x5c1d8bc561b1 - <<std[70759c8f55707aa4]::sys::backtrace::BacktraceLock>::print::DisplayBacktrace as core[df12db4294e9bfd3]::fmt::Display>::fmt
[INFO] [stdout]    1:     0x5c1d8bc6eeea - core[df12db4294e9bfd3]::fmt::write
[INFO] [stdout]    2:     0x5c1d8bc5c27c - <alloc[2182bb758b4b3781]::vec::Vec<u8> as core[df12db4294e9bfd3]::io::write::Write>::write_fmt
[INFO] [stdout]    3:     0x5c1d8bc2f7e6 - std[70759c8f55707aa4]::panicking::default_hook::{closure#0}
[INFO] [stdout]    4:     0x5c1d8bc4d839 - std[70759c8f55707aa4]::panicking::default_hook
[INFO] [stdout]    5:     0x5c1d8baf9f50 - test[9d35eded1c95d3be]::test_main_inner::<test[9d35eded1c95d3be]::test_main_static::{closure#0}>::{closure#0}
[INFO] [stdout]    6:     0x5c1d8bc4db62 - std[70759c8f55707aa4]::panicking::panic_with_hook
[INFO] [stdout]    7:     0x5c1d8bc2f892 - std[70759c8f55707aa4]::panicking::panic_handler::{closure#0}
[INFO] [stdout]    8:     0x5c1d8bc27f09 - std[70759c8f55707aa4]::sys::backtrace::__rust_end_short_backtrace::<std[70759c8f55707aa4]::panicking::panic_handler::{closure#0}, !>
[INFO] [stdout]    9:     0x5c1d8bc3068d - __rustc[8fa7c3cbc660c2b3]::rust_begin_unwind
[INFO] [stdout]   10:     0x5c1d8bc6f6cc - core[df12db4294e9bfd3]::panicking::panic_fmt
[INFO] [stdout]   11:     0x5c1d8bc6f4a2 - core[df12db4294e9bfd3]::result::unwrap_failed
[INFO] [stdout]   12:     0x5c1d8ba70832 - ifttt_lint[57e010112736259d]::vcs_jj::tests::jj
[INFO] [stdout]   13:     0x5c1d8ba715bf - ifttt_lint[57e010112736259d]::vcs_jj::tests::search_files_skips_binary
[INFO] [stdout]   14:     0x5c1d8ba5ffe9 - <ifttt_lint[57e010112736259d]::vcs_jj::tests::search_files_skips_binary::{closure#0} as core[df12db4294e9bfd3]::ops::function::FnOnce<()>>::call_once
[INFO] [stdout]   15:     0x5c1d8baed23b - test[9d35eded1c95d3be]::__rust_begin_short_backtrace::<core[df12db4294e9bfd3]::result::Result<(), alloc[2182bb758b4b3781]::string::String>, fn() -> core[df12db4294e9bfd3]::result::Result<(), alloc[2182bb758b4b3781]::string::String>>
[INFO] [stdout]   16:     0x5c1d8bafa8a5 - test[9d35eded1c95d3be]::run_test::{closure#0}
[INFO] [stdout]   17:     0x5c1d8baf4164 - std[70759c8f55707aa4]::sys::backtrace::__rust_begin_short_backtrace::<test[9d35eded1c95d3be]::run_test::{closure#1}, ()>
[INFO] [stdout]   18:     0x5c1d8bafda02 - <std[70759c8f55707aa4]::thread::lifecycle::spawn_unchecked<test[9d35eded1c95d3be]::run_test::{closure#1}, ()>::{closure#1} as core[df12db4294e9bfd3]::ops::function::FnOnce<()>>::call_once::{shim:vtable#0}
[INFO] [stdout]   19:     0x5c1d8bc557d9 - <std[70759c8f55707aa4]::sys::thread::unix::Thread>::new::thread_start
[INFO] [stdout]   20:     0x7f213d347dfa - <unknown>
[INFO] [stdout]   21:     0x7f213d3db3d4 - clone
[INFO] [stdout]   22:                0x0 - <unknown>
[INFO] [stdout] 
[INFO] [stdout] ---- vcs_jj::tests::search_files_skips_symlinks stdout ----
[INFO] [stdout] 
[INFO] [stdout] thread 'vcs_jj::tests::search_files_skips_symlinks' (2867) panicked at src/vcs_jj_test.rs:15:10:
[INFO] [stdout] jj must be available for integration tests; run `mise install`: Os { code: 2, kind: NotFound, message: "No such file or directory" }
[INFO] [stdout] stack backtrace:
[INFO] [stdout]    0:     0x5c1d8bc561b1 - <<std[70759c8f55707aa4]::sys::backtrace::BacktraceLock>::print::DisplayBacktrace as core[df12db4294e9bfd3]::fmt::Display>::fmt
[INFO] [stdout]    1:     0x5c1d8bc6eeea - core[df12db4294e9bfd3]::fmt::write
[INFO] [stdout]    2:     0x5c1d8bc5c27c - <alloc[2182bb758b4b3781]::vec::Vec<u8> as core[df12db4294e9bfd3]::io::write::Write>::write_fmt
[INFO] [stdout]    3:     0x5c1d8bc2f7e6 - std[70759c8f55707aa4]::panicking::default_hook::{closure#0}
[INFO] [stdout]    4:     0x5c1d8bc4d839 - std[70759c8f55707aa4]::panicking::default_hook
[INFO] [stdout]    5:     0x5c1d8baf9f50 - test[9d35eded1c95d3be]::test_main_inner::<test[9d35eded1c95d3be]::test_main_static::{closure#0}>::{closure#0}
[INFO] [stdout]    6:     0x5c1d8bc4db62 - std[70759c8f55707aa4]::panicking::panic_with_hook
[INFO] [stdout]    7:     0x5c1d8bc2f892 - std[70759c8f55707aa4]::panicking::panic_handler::{closure#0}
[INFO] [stdout]    8:     0x5c1d8bc27f09 - std[70759c8f55707aa4]::sys::backtrace::__rust_end_short_backtrace::<std[70759c8f55707aa4]::panicking::panic_handler::{closure#0}, !>
[INFO] [stdout]    9:     0x5c1d8bc3068d - __rustc[8fa7c3cbc660c2b3]::rust_begin_unwind
[INFO] [stdout]   10:     0x5c1d8bc6f6cc - core[df12db4294e9bfd3]::panicking::panic_fmt
[INFO] [stdout]   11:     0x5c1d8bc6f4a2 - core[df12db4294e9bfd3]::result::unwrap_failed
[INFO] [stdout]   12:     0x5c1d8ba70832 - ifttt_lint[57e010112736259d]::vcs_jj::tests::jj
[INFO] [stdout]   13:     0x5c1d8ba71cb9 - ifttt_lint[57e010112736259d]::vcs_jj::tests::search_files_skips_symlinks
[INFO] [stdout]   14:     0x5c1d8ba60009 - <ifttt_lint[57e010112736259d]::vcs_jj::tests::search_files_skips_symlinks::{closure#0} as core[df12db4294e9bfd3]::ops::function::FnOnce<()>>::call_once
[INFO] [stdout]   15:     0x5c1d8baed23b - test[9d35eded1c95d3be]::__rust_begin_short_backtrace::<core[df12db4294e9bfd3]::result::Result<(), alloc[2182bb758b4b3781]::string::String>, fn() -> core[df12db4294e9bfd3]::result::Result<(), alloc[2182bb758b4b3781]::string::String>>
[INFO] [stdout]   16:     0x5c1d8bafa8a5 - test[9d35eded1c95d3be]::run_test::{closure#0}
[INFO] [stdout]   17:     0x5c1d8baf4164 - std[70759c8f55707aa4]::sys::backtrace::__rust_begin_short_backtrace::<test[9d35eded1c95d3be]::run_test::{closure#1}, ()>
[INFO] [stdout]   18:     0x5c1d8bafda02 - <std[70759c8f55707aa4]::thread::lifecycle::spawn_unchecked<test[9d35eded1c95d3be]::run_test::{closure#1}, ()>::{closure#1} as core[df12db4294e9bfd3]::ops::function::FnOnce<()>>::call_once::{shim:vtable#0}
[INFO] [stdout]   19:     0x5c1d8bc557d9 - <std[70759c8f55707aa4]::sys::thread::unix::Thread>::new::thread_start
[INFO] [stdout]   20:     0x7f213d347dfa - <unknown>
[INFO] [stdout]   21:     0x7f213d3db3d4 - clone
[INFO] [stdout]   22:                0x0 - <unknown>
[INFO] [stdout] 
[INFO] [stdout] ---- vcs_jj::tests::suppressions::tag_absent stdout ----
[INFO] [stdout] 
[INFO] [stdout] thread 'vcs_jj::tests::suppressions::tag_absent' (2870) panicked at src/vcs_jj_test.rs:15:10:
[INFO] [stdout] jj must be available for integration tests; run `mise install`: Os { code: 2, kind: NotFound, message: "No such file or directory" }
[INFO] [stdout] stack backtrace:
[INFO] [stdout]    0:     0x5c1d8bc561b1 - <<std[70759c8f55707aa4]::sys::backtrace::BacktraceLock>::print::DisplayBacktrace as core[df12db4294e9bfd3]::fmt::Display>::fmt
[INFO] [stdout]    1:     0x5c1d8bc6eeea - core[df12db4294e9bfd3]::fmt::write
[INFO] [stdout]    2:     0x5c1d8bc5c27c - <alloc[2182bb758b4b3781]::vec::Vec<u8> as core[df12db4294e9bfd3]::io::write::Write>::write_fmt
[INFO] [stdout]    3:     0x5c1d8bc2f7e6 - std[70759c8f55707aa4]::panicking::default_hook::{closure#0}
[INFO] [stdout]    4:     0x5c1d8bc4d839 - std[70759c8f55707aa4]::panicking::default_hook
[INFO] [stdout]    5:     0x5c1d8baf9f50 - test[9d35eded1c95d3be]::test_main_inner::<test[9d35eded1c95d3be]::test_main_static::{closure#0}>::{closure#0}
[INFO] [stdout]    6:     0x5c1d8bc4db62 - std[70759c8f55707aa4]::panicking::panic_with_hook
[INFO] [stdout]    7:     0x5c1d8bc2f892 - std[70759c8f55707aa4]::panicking::panic_handler::{closure#0}
[INFO] [stdout]    8:     0x5c1d8bc27f09 - std[70759c8f55707aa4]::sys::backtrace::__rust_end_short_backtrace::<std[70759c8f55707aa4]::panicking::panic_handler::{closure#0}, !>
[INFO] [stdout]    9:     0x5c1d8bc3068d - __rustc[8fa7c3cbc660c2b3]::rust_begin_unwind
[INFO] [stdout]   10:     0x5c1d8bc6f6cc - core[df12db4294e9bfd3]::panicking::panic_fmt
[INFO] [stdout]   11:     0x5c1d8bc6f4a2 - core[df12db4294e9bfd3]::result::unwrap_failed
[INFO] [stdout]   12:     0x5c1d8ba70832 - ifttt_lint[57e010112736259d]::vcs_jj::tests::jj
[INFO] [stdout]   13:     0x5c1d8bac5035 - ifttt_lint[57e010112736259d]::vcs_jj::tests::suppressions::tag_absent
[INFO] [stdout]   14:     0x5c1d8ba67569 - <ifttt_lint[57e010112736259d]::vcs_jj::tests::suppressions::tag_absent::{closure#0} as core[df12db4294e9bfd3]::ops::function::FnOnce<()>>::call_once
[INFO] [stdout]   15:     0x5c1d8baed23b - test[9d35eded1c95d3be]::__rust_begin_short_backtrace::<core[df12db4294e9bfd3]::result::Result<(), alloc[2182bb758b4b3781]::string::String>, fn() -> core[df12db4294e9bfd3]::result::Result<(), alloc[2182bb758b4b3781]::string::String>>
[INFO] [stdout]   16:     0x5c1d8bafa8a5 - test[9d35eded1c95d3be]::run_test::{closure#0}
[INFO] [stdout]   17:     0x5c1d8baf4164 - std[70759c8f55707aa4]::sys::backtrace::__rust_begin_short_backtrace::<test[9d35eded1c95d3be]::run_test::{closure#1}, ()>
[INFO] [stdout]   18:     0x5c1d8bafda02 - <std[70759c8f55707aa4]::thread::lifecycle::spawn_unchecked<test[9d35eded1c95d3be]::run_test::{closure#1}, ()>::{closure#1} as core[df12db4294e9bfd3]::ops::function::FnOnce<()>>::call_once::{shim:vtable#0}
[INFO] [stdout]   19:     0x5c1d8bc557d9 - <std[70759c8f55707aa4]::sys::thread::unix::Thread>::new::thread_start
[INFO] [stdout]   20:     0x7f213d347dfa - <unknown>
[INFO] [stdout]   21:     0x7f213d3db3d4 - clone
[INFO] [stdout]   22:                0x0 - <unknown>
[INFO] [stdout] 
[INFO] [stdout] ---- vcs_jj::tests::suppressions::tag_present stdout ----
[INFO] [stdout] 
[INFO] [stdout] thread 'vcs_jj::tests::suppressions::tag_present' (2873) panicked at src/vcs_jj_test.rs:15:10:
[INFO] [stdout] jj must be available for integration tests; run `mise install`: Os { code: 2, kind: NotFound, message: "No such file or directory" }
[INFO] [stdout] stack backtrace:
[INFO] [stdout]    0:     0x5c1d8bc561b1 - <<std[70759c8f55707aa4]::sys::backtrace::BacktraceLock>::print::DisplayBacktrace as core[df12db4294e9bfd3]::fmt::Display>::fmt
[INFO] [stdout]    1:     0x5c1d8bc6eeea - core[df12db4294e9bfd3]::fmt::write
[INFO] [stdout]    2:     0x5c1d8bc5c27c - <alloc[2182bb758b4b3781]::vec::Vec<u8> as core[df12db4294e9bfd3]::io::write::Write>::write_fmt
[INFO] [stdout]    3:     0x5c1d8bc2f7e6 - std[70759c8f55707aa4]::panicking::default_hook::{closure#0}
[INFO] [stdout]    4:     0x5c1d8bc4d839 - std[70759c8f55707aa4]::panicking::default_hook
[INFO] [stdout]    5:     0x5c1d8baf9f50 - test[9d35eded1c95d3be]::test_main_inner::<test[9d35eded1c95d3be]::test_main_static::{closure#0}>::{closure#0}
[INFO] [stdout]    6:     0x5c1d8bc4db62 - std[70759c8f55707aa4]::panicking::panic_with_hook
[INFO] [stdout]    7:     0x5c1d8bc2f892 - std[70759c8f55707aa4]::panicking::panic_handler::{closure#0}
[INFO] [stdout]    8:     0x5c1d8bc27f09 - std[70759c8f55707aa4]::sys::backtrace::__rust_end_short_backtrace::<std[70759c8f55707aa4]::panicking::panic_handler::{closure#0}, !>
[INFO] [stdout]    9:     0x5c1d8bc3068d - __rustc[8fa7c3cbc660c2b3]::rust_begin_unwind
[INFO] [stdout]   10:     0x5c1d8bc6f6cc - core[df12db4294e9bfd3]::panicking::panic_fmt
[INFO] [stdout]   11:     0x5c1d8bc6f4a2 - core[df12db4294e9bfd3]::result::unwrap_failed
[INFO] [stdout]   12:     0x5c1d8ba70832 - ifttt_lint[57e010112736259d]::vcs_jj::tests::jj
[INFO] [stdout]   13:     0x5c1d8bac5716 - ifttt_lint[57e010112736259d]::vcs_jj::tests::suppressions::tag_present
[INFO] [stdout]   14:     0x5c1d8ba67589 - <ifttt_lint[57e010112736259d]::vcs_jj::tests::suppressions::tag_present::{closure#0} as core[df12db4294e9bfd3]::ops::function::FnOnce<()>>::call_once
[INFO] [stdout]   15:     0x5c1d8baed23b - test[9d35eded1c95d3be]::__rust_begin_short_backtrace::<core[df12db4294e9bfd3]::result::Result<(), alloc[2182bb758b4b3781]::string::String>, fn() -> core[df12db4294e9bfd3]::result::Result<(), alloc[2182bb758b4b3781]::string::String>>
[INFO] [stdout]   16:     0x5c1d8bafa8a5 - test[9d35eded1c95d3be]::run_test::{closure#0}
[INFO] [stdout]   17:     0x5c1d8baf4164 - std[70759c8f55707aa4]::sys::backtrace::__rust_begin_short_backtrace::<test[9d35eded1c95d3be]::run_test::{closure#1}, ()>
[INFO] [stdout]   18:     0x5c1d8bafda02 - <std[70759c8f55707aa4]::thread::lifecycle::spawn_unchecked<test[9d35eded1c95d3be]::run_test::{closure#1}, ()>::{closure#1} as core[df12db4294e9bfd3]::ops::function::FnOnce<()>>::call_once::{shim:vtable#0}
[INFO] [stdout]   19:     0x5c1d8bc557d9 - <std[70759c8f55707aa4]::sys::thread::unix::Thread>::new::thread_start
[INFO] [stdout]   20:     0x7f213d347dfa - <unknown>
[INFO] [stdout]   21:     0x7f213d3db3d4 - clone
[INFO] [stdout]   22:                0x0 - <unknown>
[INFO] [stdout] 
[INFO] [stdout] 
[INFO] [stdout] failures:
[INFO] [stdout]     cli::tests::jj_auto_detected_when_dot_jj_present
[INFO] [stdout]     cli::tests::jj_explicit_diff_reports_co_change_violation
[INFO] [stdout]     vcs_jj::tests::diff_error_carries_hint_for_git_shaped_range
[INFO] [stdout]     vcs_jj::tests::diff_error_has_no_hint_for_jj_native_range
[INFO] [stdout]     vcs_jj::tests::diff_skips_symlinks
[INFO] [stdout]     vcs_jj::tests::diff_with_explicit_revset_reports_added_lines
[INFO] [stdout]     vcs_jj::tests::glob_expansion_matches_tracked_files
[INFO] [stdout]     vcs_jj::tests::search_files_lint_empty_when_no_match
[INFO] [stdout]     vcs_jj::tests::search_files_lint_finds_matching
[INFO] [stdout]     vcs_jj::tests::search_files_skips_binary
[INFO] [stdout]     vcs_jj::tests::search_files_skips_symlinks
[INFO] [stdout]     vcs_jj::tests::suppressions::tag_absent
[INFO] [stdout]     vcs_jj::tests::suppressions::tag_present
[INFO] [stdout] 
[INFO] [stdout] test result: FAILED. 293 passed; 13 failed; 0 ignored; 0 measured; 0 filtered out; finished in 0.72s
[INFO] [stdout] 
[INFO] [stderr] error: test failed, to rerun pass `--lib`
[INFO] running `Command { std: "docker" "inspect" "dbb310ebc3d22e698a555a5db44c1c911b92f420bd497748eba56d38ed30e6e7", kill_on_drop: false }`
[INFO] running `Command { std: "docker" "rm" "-f" "dbb310ebc3d22e698a555a5db44c1c911b92f420bd497748eba56d38ed30e6e7", kill_on_drop: false }`
[INFO] [stdout] dbb310ebc3d22e698a555a5db44c1c911b92f420bd497748eba56d38ed30e6e7
