[INFO] fetching crate ifc-validate 0.6.0...
[INFO] testing ifc-validate-0.6.0 against 1.99.0-beta.8+cargoflags=--release for beta-release-1.100-2
[INFO] extracting crate ifc-validate 0.6.0 into /workspace/builds/worker-7-tc1/source
[INFO] started tweaking crates.io crate ifc-validate 0.6.0
[INFO] removed 0 missing examples
[INFO] removed 0 missing tests
[INFO] finished tweaking crates.io crate ifc-validate 0.6.0
[INFO] tweaked toml for crates.io crate ifc-validate 0.6.0 written to /workspace/builds/worker-7-tc1/source/Cargo.toml
[INFO] validating manifest of crates.io crate ifc-validate 0.6.0 on toolchain 1.99.0-beta.8
[INFO] running `Command { std: CARGO_HOME="/workspace/cargo-home" RUSTUP_HOME="/workspace/rustup-home" "/workspace/cargo-home/bin/cargo" "+1.99.0-beta.8" "metadata" "--manifest-path" "Cargo.toml" "--no-deps", kill_on_drop: false }`
[INFO] crate crates.io crate ifc-validate 0.6.0 already has a lockfile, it will not be regenerated
[INFO] running `Command { std: CARGO_HOME="/workspace/cargo-home" RUSTUP_HOME="/workspace/rustup-home" "/workspace/cargo-home/bin/cargo" "+1.99.0-beta.8" "fetch" "--manifest-path" "Cargo.toml", kill_on_drop: false }`
[INFO] [stderr]     Updating crates.io index
[INFO] [stderr]  Downloading crates ...
[INFO] [stderr]   Downloaded ifc-step v0.5.0
[INFO] [stderr]   Downloaded openbim-step v0.11.0
[INFO] [stderr]   Downloaded ifc-model v0.3.1
[INFO] [stderr]   Downloaded ifc-schema v0.3.1
[INFO] running `Command { std: "docker" "create" "-v" "/var/lib/crater-agent-workspace/builds/worker-7-tc1/source:/opt/rustwide/workdir:ro,Z" "-v" "/var/lib/crater-agent-workspace/builds/worker-7-tc1/target:/opt/rustwide/target:rw,Z" "-v" "/var/lib/crater-agent-workspace/cargo-home:/opt/rustwide/cargo-home:ro,Z" "-v" "/var/lib/crater-agent-workspace/rustup-home:/opt/rustwide/rustup-home:ro,Z" "-m" "1610612736" "--network" "none" "ghcr.io/rust-lang/crates-build-env/linux@sha256:77db811e55d90add9212f6832c23229e3de5f1c1f9905e8cb07319ea15df73ac" "sleep" "infinity", kill_on_drop: false }`
[INFO] [stdout] 4ac60d6a1ec896b2abeb9ef5a6d6bd5c18e5c4c49d6a216936e9e0406cf5e5af
[INFO] running `Command { std: "docker" "start" "4ac60d6a1ec896b2abeb9ef5a6d6bd5c18e5c4c49d6a216936e9e0406cf5e5af", kill_on_drop: false }`
[INFO] running `Command { std: "docker" "inspect" "4ac60d6a1ec896b2abeb9ef5a6d6bd5c18e5c4c49d6a216936e9e0406cf5e5af", kill_on_drop: false }`
[INFO] running `Command { std: "docker" "exec" "-e" "SOURCE_DIR=/opt/rustwide/workdir" "-e" "CARGO_HOME=/opt/rustwide/cargo-home" "-e" "RUSTUP_HOME=/opt/rustwide/rustup-home" "-e" "CARGO_TARGET_DIR=/opt/rustwide/target" "-w" "/opt/rustwide/workdir" "--user" "0:0" "4ac60d6a1ec896b2abeb9ef5a6d6bd5c18e5c4c49d6a216936e9e0406cf5e5af" "/opt/rustwide/cargo-home/bin/cargo" "+1.99.0-beta.8" "metadata" "--no-deps" "--format-version=1", kill_on_drop: false }`
[INFO] running `Command { std: "docker" "inspect" "4ac60d6a1ec896b2abeb9ef5a6d6bd5c18e5c4c49d6a216936e9e0406cf5e5af", kill_on_drop: false }`
[INFO] running `Command { std: "docker" "exec" "-e" "SOURCE_DIR=/opt/rustwide/workdir" "-e" "CARGO_HOME=/opt/rustwide/cargo-home" "-e" "RUSTUP_HOME=/opt/rustwide/rustup-home" "-e" "CARGO_TARGET_DIR=/opt/rustwide/target" "-e" "CARGO_INCREMENTAL=0" "-e" "RUST_BACKTRACE=full" "-e" "RUSTFLAGS=--cap-lints=warn" "-e" "RUSTDOCFLAGS=--cap-lints=warn" "-w" "/opt/rustwide/workdir" "--user" "0:0" "4ac60d6a1ec896b2abeb9ef5a6d6bd5c18e5c4c49d6a216936e9e0406cf5e5af" "/opt/rustwide/cargo-home/bin/cargo" "+1.99.0-beta.8" "build" "--frozen" "--message-format=json" "--release", kill_on_drop: false }`
[INFO] [stderr]    Compiling libc v0.2.189
[INFO] [stderr]    Compiling once_cell v1.21.4
[INFO] [stderr]    Compiling virtue v0.0.18
[INFO] [stderr]    Compiling unty v0.0.4
[INFO] [stderr]    Compiling ahash v0.8.12
[INFO] [stderr]    Compiling syn v3.0.4
[INFO] [stderr]    Compiling bincode_derive v2.0.1
[INFO] [stderr]    Compiling bincode v2.0.1
[INFO] [stderr]    Compiling getrandom v0.3.4
[INFO] [stderr]    Compiling thiserror-impl v2.0.20
[INFO] [stderr]    Compiling thiserror v2.0.20
[INFO] [stderr]    Compiling ifc-model v0.3.1
[INFO] [stderr]    Compiling ifc-schema v0.3.1
[INFO] [stderr]    Compiling ifc-validate v0.6.0 (/opt/rustwide/workdir)
[INFO] [stderr]     Finished `release` profile [optimized] target(s) in 10.81s
[INFO] running `Command { std: "docker" "inspect" "4ac60d6a1ec896b2abeb9ef5a6d6bd5c18e5c4c49d6a216936e9e0406cf5e5af", kill_on_drop: false }`
[INFO] running `Command { std: "docker" "exec" "-e" "SOURCE_DIR=/opt/rustwide/workdir" "-e" "CARGO_HOME=/opt/rustwide/cargo-home" "-e" "RUSTUP_HOME=/opt/rustwide/rustup-home" "-e" "CARGO_TARGET_DIR=/opt/rustwide/target" "-e" "CARGO_INCREMENTAL=0" "-e" "RUST_BACKTRACE=full" "-e" "RUSTFLAGS=--cap-lints=warn" "-e" "RUSTDOCFLAGS=--cap-lints=warn" "-w" "/opt/rustwide/workdir" "--user" "0:0" "4ac60d6a1ec896b2abeb9ef5a6d6bd5c18e5c4c49d6a216936e9e0406cf5e5af" "/opt/rustwide/cargo-home/bin/cargo" "+1.99.0-beta.8" "test" "--frozen" "--no-run" "--message-format=json" "--release", kill_on_drop: false }`
[INFO] [stderr]    Compiling getrandom v0.3.4
[INFO] [stderr]    Compiling encoding_rs v0.8.35
[INFO] [stderr]    Compiling memmap2 v0.9.11
[INFO] [stderr]    Compiling ahash v0.8.12
[INFO] [stderr]    Compiling ifc-model v0.3.1
[INFO] [stderr]    Compiling openbim-step v0.11.0
[INFO] [stderr]    Compiling ifc-schema v0.3.1
[INFO] [stderr]    Compiling ifc-step v0.5.0
[INFO] [stderr]    Compiling ifc-validate v0.6.0 (/opt/rustwide/workdir)
[INFO] [stderr]     Finished `release` profile [optimized] target(s) in 23.76s
[INFO] running `Command { std: "docker" "inspect" "4ac60d6a1ec896b2abeb9ef5a6d6bd5c18e5c4c49d6a216936e9e0406cf5e5af", kill_on_drop: false }`
[INFO] running `Command { std: "docker" "exec" "-e" "SOURCE_DIR=/opt/rustwide/workdir" "-e" "CARGO_HOME=/opt/rustwide/cargo-home" "-e" "RUSTUP_HOME=/opt/rustwide/rustup-home" "-e" "CARGO_TARGET_DIR=/opt/rustwide/target" "-e" "CARGO_INCREMENTAL=0" "-e" "RUST_BACKTRACE=full" "-e" "RUSTFLAGS=--cap-lints=warn" "-e" "RUSTDOCFLAGS=--cap-lints=warn" "-w" "/opt/rustwide/workdir" "--user" "0:0" "4ac60d6a1ec896b2abeb9ef5a6d6bd5c18e5c4c49d6a216936e9e0406cf5e5af" "/opt/rustwide/cargo-home/bin/cargo" "+1.99.0-beta.8" "test" "--frozen" "--release", kill_on_drop: false }`
[INFO] [stderr]     Finished `release` profile [optimized] target(s) in 0.07s
[INFO] [stderr]      Running unittests src/lib.rs (/opt/rustwide/target/release/deps/ifc_validate-592c683b1b1e0638)
[INFO] [stdout] 
[INFO] [stdout] running 48 tests
[INFO] [stdout] test report::finding::tests::errors_sort_before_warnings_before_unsupported ... ok
[INFO] [stdout] test report::finding::tests::every_severity_renders_distinctly ... ok
[INFO] [stdout] test error::tests::the_two_schema_refusals_are_distinguishable ... ok
[INFO] [stdout] test report::path::tests::an_attribute_path_names_the_slot_when_the_schema_does ... ok
[INFO] [stdout] test report::path::tests::the_file_path_sorts_first ... ok
[INFO] [stdout] test report::summary::tests::extend_honors_the_storage_cap ... ok
[INFO] [stdout] test report::summary::tests::sorting_is_total_and_stable ... ok
[INFO] [stdout] test report::summary::tests::an_evaluation_error_makes_a_file_non_conformant ... ok
[INFO] [stdout] test type_check::aggregate::tests::element_parsing_skips_qualifiers ... ok
[INFO] [stdout] test report::summary::tests::truncation_survives_a_merge ... ok
[INFO] [stdout] test report::summary::tests::unsupported_rules_do_not_make_a_file_non_conformant ... ok
[INFO] [stdout] test report::finding::tests::a_finding_names_where_it_applies ... ok
[INFO] [stdout] test type_check::scalar::tests::a_non_primitive_is_not_guessed ... ok
[INFO] [stdout] test type_check::scalar::tests::a_bounded_or_fixed_string_is_still_a_string ... ok
[INFO] [stdout] test structure::reference::tests::references_are_paired_with_the_type_their_position_expects ... ok
[INFO] [stdout] test type_check::defined::tests::aggregate_members_are_checked_against_the_element_type ... ok
[INFO] [stdout] test type_check::aggregate::tests::a_non_aggregate_type_is_its_own_element_type ... ok
[INFO] [stdout] test type_check::defined::tests::a_wrong_form_and_a_bad_payload_are_both_reported ... ok
[INFO] [stdout] test type_check::defined::tests::a_reference_in_a_value_slot_is_a_mismatch ... ok
[INFO] [stdout] test structure::bounds::tests::a_list_outside_its_bounds_is_reported ... ok
[INFO] [stdout] test structure::unique::tests::a_repeated_clause_is_reported_once_per_repeat ... ok
[INFO] [stdout] test structure::bounds::tests::a_unique_list_may_not_repeat_an_element ... ok
[INFO] [stdout] test structure::bounds::tests::a_nested_level_is_checked_for_shape_and_bounds ... ok
[INFO] [stdout] test type_check::entity::tests::a_slot_reports_each_independent_violation ... ok
[INFO] [stdout] test type_check::select::tests::a_derived_measure_is_a_member_of_ifc_value ... ok
[INFO] [stdout] test type_check::defined::tests::every_bad_member_of_an_aggregate_is_reported ... ok
[INFO] [stdout] test type_check::aggregate::tests::an_aliased_aggregate_yields_its_element_type ... ok
[INFO] [stdout] test type_check::defined::tests::a_non_reference_in_an_entity_slot_is_a_mismatch ... ok
[INFO] [stdout] test type_check::scalar::tests::ifc4_labels_are_checked_as_strings ... ok
[INFO] [stdout] test structure::reference::tests::an_undeclared_target_type_is_not_judged ... ok
[INFO] [stdout] test type_check::select::tests::a_member_behind_a_wide_select_is_found ... ok
[INFO] [stdout] test type_check::select::tests::a_non_member_is_still_rejected ... ok
[INFO] [stdout] test type_check::select::tests::a_non_select_returns_none ... ok
[INFO] [stdout] test type_check::select::tests::entity_membership_walks_nested_selects_and_subtypes ... ok
[INFO] [stdout] test type_check::select::tests::entity_only_selects_are_recognised ... ok
[INFO] [stdout] test type_check::typed::tests::a_primitive_slot_is_judged_by_primitive ... ok
[INFO] [stdout] test type_check::typed::tests::the_declared_type_and_its_specialisations_fit ... ok
[INFO] [stdout] test where_rule::builtin::tests::every_implemented_entry_is_dispatched ... ok
[INFO] [stdout] test type_check::typed::tests::another_type_does_not_fit ... ok
[INFO] [stdout] test where_rule::registry::tests::rule_ids_are_unique ... ok
[INFO] [stdout] test where_rule::registry::tests::unsupported_boundaries_remain_explicit ... ok
[INFO] [stdout] test where_rule::builtin::tests::instances_include_subtypes ... ok
[INFO] [stdout] test where_rule::registry::tests::the_registry_admits_what_it_cannot_check ... ok
[INFO] [stdout] test where_rule::registry::tests::an_unknown_release_declares_no_registered_rule ... ok
[INFO] [stdout] test type_check::typed::tests::nested_and_aliased_selects_are_judged_as_part_21_writes_them ... ok
[INFO] [stdout] test where_rule::registry::tests::entity_ids_name_their_declaring_entity_in_every_claimed_release ... ok
[INFO] [stdout] test where_rule::engine::intermediate_release_tests::an_unscoped_release_reports_that_where_rules_did_not_run ... ok
[INFO] [stdout] test type_check::select::tests::every_bundled_select_closure_completes_within_the_visit_bound ... ok
[INFO] [stdout] 
[INFO] [stdout] test result: ok. 48 passed; 0 failed; 0 ignored; 0 measured; 0 filtered out; finished in 0.03s
[INFO] [stdout] 
[INFO] [stderr]      Running tests/corpus.rs (/opt/rustwide/target/release/deps/corpus-52e7c5aecf80fd3f)
[INFO] [stdout] 
[INFO] [stdout] running 25 tests
[INFO] [stdout] test a_conformant_report_still_admits_unchecked_rules ... FAILED
[INFO] [stdout] test a_measure_holding_a_string_is_reported ... FAILED
[INFO] [stdout] test an_invalid_ifc4x3_document_reports_its_missing_mapping_target ... ok
[INFO] [stdout] test an_ifc4x3_file_is_validated_against_ifc4x3_tables ... FAILED
[INFO] [stdout] test a_conformant_file_is_reported_conformant ... FAILED
[INFO] [stdout] test duplicate_global_ids_are_reported ... FAILED
[INFO] [stdout] test an_ifc2x3_file_is_validated_against_ifc2x3_tables ... FAILED
[INFO] [stdout] test a_complex_number_is_accepted ... FAILED
[INFO] [stdout] test every_excluded_fixture_is_genuinely_invalid ... FAILED
[INFO] [stdout] test every_ifc4_fail_fixture_is_rejected ... FAILED
[INFO] [stdout] test every_implemented_rule_is_actually_dispatched ... ok
[INFO] [stdout] test every_well_formed_bundled_schema_fixture_validates_clean ... FAILED
[INFO] [stdout] test a_dangling_reference_names_its_slot ... ok
[INFO] [stdout] test a_guid_of_the_right_width_is_accepted ... ok
[INFO] [stdout] test an_unknown_entity_type_is_reported ... ok
[INFO] [stdout] test an_abstract_entity_instance_is_reported ... ok
[INFO] [stdout] test a_property_set_attached_to_a_type_is_reported ... ok
[INFO] [stdout] test a_second_project_is_reported ... ok
[INFO] [stdout] test a_root_style_guid_on_a_non_root_entity_is_reported ... ok
[INFO] [stdout] test a_property_set_attached_to_an_occurrence_is_accepted ... ok
[INFO] [stdout] test one_project_is_accepted ... ok
[INFO] [stdout] test a_truncated_report_admits_truncation ... ok
[INFO] [stdout] test a_guid_of_the_wrong_width_is_reported ... ok
[INFO] [stdout] test the_registry_declares_unevaluated_rules ... ok
[INFO] [stdout] test owner_history_is_mandatory_only_in_ifc2x3 ... ok
[INFO] [stdout] 
[INFO] [stdout] failures:
[INFO] [stdout] 
[INFO] [stdout] ---- a_conformant_report_still_admits_unchecked_rules stdout ----
[INFO] [stdout] 
[INFO] [stdout] thread 'a_conformant_report_still_admits_unchecked_rules' (985) panicked at tests/corpus.rs:20:33:
[INFO] [stdout] pass-duplicated-guids-ifc4.ifc should parse: io error: No such file or directory (os error 2)
[INFO] [stdout] stack backtrace:
[INFO] [stderr] error: test failed, to rerun pass `--test corpus`
[INFO] [stdout]    0:     0x5dd0e4073691 - <<std[70759c8f55707aa4]::sys::backtrace::BacktraceLock>::print::DisplayBacktrace as core[df12db4294e9bfd3]::fmt::Display>::fmt
[INFO] [stdout]    1:     0x5dd0e408910a - core[df12db4294e9bfd3]::fmt::write
[INFO] [stdout]    2:     0x5dd0e4077e4c - <alloc[2182bb758b4b3781]::vec::Vec<u8> as core[df12db4294e9bfd3]::io::write::Write>::write_fmt
[INFO] [stdout]    3:     0x5dd0e404ecb6 - std[70759c8f55707aa4]::panicking::default_hook::{closure#0}
[INFO] [stdout]    4:     0x5dd0e406b699 - std[70759c8f55707aa4]::panicking::default_hook
[INFO] [stdout]    5:     0x5dd0e3f85c80 - test[9d35eded1c95d3be]::test_main_inner::<test[9d35eded1c95d3be]::test_main_static::{closure#0}>::{closure#0}
[INFO] [stdout]    6:     0x5dd0e406b9c2 - std[70759c8f55707aa4]::panicking::panic_with_hook
[INFO] [stdout]    7:     0x5dd0e404ed62 - std[70759c8f55707aa4]::panicking::panic_handler::{closure#0}
[INFO] [stdout]    8:     0x5dd0e40478b9 - std[70759c8f55707aa4]::sys::backtrace::__rust_end_short_backtrace::<std[70759c8f55707aa4]::panicking::panic_handler::{closure#0}, !>
[INFO] [stdout]    9:     0x5dd0e404f95d - __rustc[8fa7c3cbc660c2b3]::rust_begin_unwind
[INFO] [stdout]   10:     0x5dd0e408983c - core[df12db4294e9bfd3]::panicking::panic_fmt
[INFO] [stdout]   11:     0x5dd0e3f6b120 - corpus[877966edf666b3b8]::load::{closure#0}
[INFO] [stdout]   12:     0x5dd0e3f6c053 - corpus[877966edf666b3b8]::load
[INFO] [stdout]   13:     0x5dd0e3f718c9 - <corpus[877966edf666b3b8]::a_conformant_report_still_admits_unchecked_rules::{closure#0} as core[df12db4294e9bfd3]::ops::function::FnOnce<()>>::call_once
[INFO] [stdout]   14:     0x5dd0e3f78f6b - test[9d35eded1c95d3be]::__rust_begin_short_backtrace::<core[df12db4294e9bfd3]::result::Result<(), alloc[2182bb758b4b3781]::string::String>, fn() -> core[df12db4294e9bfd3]::result::Result<(), alloc[2182bb758b4b3781]::string::String>>
[INFO] [stdout]   15:     0x5dd0e3f865d5 - test[9d35eded1c95d3be]::run_test::{closure#0}
[INFO] [stdout]   16:     0x5dd0e3f7fe94 - std[70759c8f55707aa4]::sys::backtrace::__rust_begin_short_backtrace::<test[9d35eded1c95d3be]::run_test::{closure#1}, ()>
[INFO] [stdout]   17:     0x5dd0e3f89732 - <std[70759c8f55707aa4]::thread::lifecycle::spawn_unchecked<test[9d35eded1c95d3be]::run_test::{closure#1}, ()>::{closure#1} as core[df12db4294e9bfd3]::ops::function::FnOnce<()>>::call_once::{shim:vtable#0}
[INFO] [stdout]   18:     0x5dd0e4072c39 - <std[70759c8f55707aa4]::sys::thread::unix::Thread>::new::thread_start
[INFO] [stdout]   19:     0x72346553adfa - <unknown>
[INFO] [stdout]   20:     0x7234655ce3d4 - clone
[INFO] [stdout]   21:                0x0 - <unknown>
[INFO] [stdout] 
[INFO] [stdout] ---- a_measure_holding_a_string_is_reported stdout ----
[INFO] [stdout] 
[INFO] [stdout] thread 'a_measure_holding_a_string_is_reported' (989) panicked at tests/corpus.rs:20:33:
[INFO] [stdout] fail-invalid-selected-simple-type.ifc should parse: io error: No such file or directory (os error 2)
[INFO] [stdout] stack backtrace:
[INFO] [stdout]    0:     0x5dd0e4073691 - <<std[70759c8f55707aa4]::sys::backtrace::BacktraceLock>::print::DisplayBacktrace as core[df12db4294e9bfd3]::fmt::Display>::fmt
[INFO] [stdout]    1:     0x5dd0e408910a - core[df12db4294e9bfd3]::fmt::write
[INFO] [stdout]    2:     0x5dd0e4077e4c - <alloc[2182bb758b4b3781]::vec::Vec<u8> as core[df12db4294e9bfd3]::io::write::Write>::write_fmt
[INFO] [stdout]    3:     0x5dd0e404ecb6 - std[70759c8f55707aa4]::panicking::default_hook::{closure#0}
[INFO] [stdout]    4:     0x5dd0e406b699 - std[70759c8f55707aa4]::panicking::default_hook
[INFO] [stdout]    5:     0x5dd0e3f85c80 - test[9d35eded1c95d3be]::test_main_inner::<test[9d35eded1c95d3be]::test_main_static::{closure#0}>::{closure#0}
[INFO] [stdout]    6:     0x5dd0e406b9c2 - std[70759c8f55707aa4]::panicking::panic_with_hook
[INFO] [stdout]    7:     0x5dd0e404ed62 - std[70759c8f55707aa4]::panicking::panic_handler::{closure#0}
[INFO] [stdout]    8:     0x5dd0e40478b9 - std[70759c8f55707aa4]::sys::backtrace::__rust_end_short_backtrace::<std[70759c8f55707aa4]::panicking::panic_handler::{closure#0}, !>
[INFO] [stdout]    9:     0x5dd0e404f95d - __rustc[8fa7c3cbc660c2b3]::rust_begin_unwind
[INFO] [stdout]   10:     0x5dd0e408983c - core[df12db4294e9bfd3]::panicking::panic_fmt
[INFO] [stdout]   11:     0x5dd0e3f6b120 - corpus[877966edf666b3b8]::load::{closure#0}
[INFO] [stdout]   12:     0x5dd0e3f6c053 - corpus[877966edf666b3b8]::load
[INFO] [stdout]   13:     0x5dd0e3f6fcca - <corpus[877966edf666b3b8]::a_measure_holding_a_string_is_reported::{closure#0} as core[df12db4294e9bfd3]::ops::function::FnOnce<()>>::call_once
[INFO] [stdout]   14:     0x5dd0e3f78f6b - test[9d35eded1c95d3be]::__rust_begin_short_backtrace::<core[df12db4294e9bfd3]::result::Result<(), alloc[2182bb758b4b3781]::string::String>, fn() -> core[df12db4294e9bfd3]::result::Result<(), alloc[2182bb758b4b3781]::string::String>>
[INFO] [stdout]   15:     0x5dd0e3f865d5 - test[9d35eded1c95d3be]::run_test::{closure#0}
[INFO] [stdout]   16:     0x5dd0e3f7fe94 - std[70759c8f55707aa4]::sys::backtrace::__rust_begin_short_backtrace::<test[9d35eded1c95d3be]::run_test::{closure#1}, ()>
[INFO] [stdout]   17:     0x5dd0e3f89732 - <std[70759c8f55707aa4]::thread::lifecycle::spawn_unchecked<test[9d35eded1c95d3be]::run_test::{closure#1}, ()>::{closure#1} as core[df12db4294e9bfd3]::ops::function::FnOnce<()>>::call_once::{shim:vtable#0}
[INFO] [stdout]   18:     0x5dd0e4072c39 - <std[70759c8f55707aa4]::sys::thread::unix::Thread>::new::thread_start
[INFO] [stdout]   19:     0x72346553adfa - <unknown>
[INFO] [stdout]   20:     0x7234655ce3d4 - clone
[INFO] [stdout]   21:                0x0 - <unknown>
[INFO] [stdout] 
[INFO] [stdout] ---- an_ifc4x3_file_is_validated_against_ifc4x3_tables stdout ----
[INFO] [stdout] 
[INFO] [stdout] thread 'an_ifc4x3_file_is_validated_against_ifc4x3_tables' (997) panicked at tests/corpus.rs:20:33:
[INFO] [stdout] ../ifclite-geometry/bath_csg_solid.ifc should parse: io error: No such file or directory (os error 2)
[INFO] [stdout] stack backtrace:
[INFO] [stdout]    0:     0x5dd0e4073691 - <<std[70759c8f55707aa4]::sys::backtrace::BacktraceLock>::print::DisplayBacktrace as core[df12db4294e9bfd3]::fmt::Display>::fmt
[INFO] [stdout]    1:     0x5dd0e408910a - core[df12db4294e9bfd3]::fmt::write
[INFO] [stdout]    2:     0x5dd0e4077e4c - <alloc[2182bb758b4b3781]::vec::Vec<u8> as core[df12db4294e9bfd3]::io::write::Write>::write_fmt
[INFO] [stdout]    3:     0x5dd0e404ecb6 - std[70759c8f55707aa4]::panicking::default_hook::{closure#0}
[INFO] [stdout]    4:     0x5dd0e406b699 - std[70759c8f55707aa4]::panicking::default_hook
[INFO] [stdout]    5:     0x5dd0e3f85c80 - test[9d35eded1c95d3be]::test_main_inner::<test[9d35eded1c95d3be]::test_main_static::{closure#0}>::{closure#0}
[INFO] [stdout]    6:     0x5dd0e406b9c2 - std[70759c8f55707aa4]::panicking::panic_with_hook
[INFO] [stdout]    7:     0x5dd0e404ed62 - std[70759c8f55707aa4]::panicking::panic_handler::{closure#0}
[INFO] [stdout]    8:     0x5dd0e40478b9 - std[70759c8f55707aa4]::sys::backtrace::__rust_end_short_backtrace::<std[70759c8f55707aa4]::panicking::panic_handler::{closure#0}, !>
[INFO] [stdout]    9:     0x5dd0e404f95d - __rustc[8fa7c3cbc660c2b3]::rust_begin_unwind
[INFO] [stdout]   10:     0x5dd0e408983c - core[df12db4294e9bfd3]::panicking::panic_fmt
[INFO] [stdout]   11:     0x5dd0e3f6b120 - corpus[877966edf666b3b8]::load::{closure#0}
[INFO] [stdout]   12:     0x5dd0e3f6c053 - corpus[877966edf666b3b8]::load
[INFO] [stdout]   13:     0x5dd0e3f71dcd - <corpus[877966edf666b3b8]::an_ifc4x3_file_is_validated_against_ifc4x3_tables::{closure#0} as core[df12db4294e9bfd3]::ops::function::FnOnce<()>>::call_once
[INFO] [stdout]   14:     0x5dd0e3f78f6b - test[9d35eded1c95d3be]::__rust_begin_short_backtrace::<core[df12db4294e9bfd3]::result::Result<(), alloc[2182bb758b4b3781]::string::String>, fn() -> core[df12db4294e9bfd3]::result::Result<(), alloc[2182bb758b4b3781]::string::String>>
[INFO] [stdout]   15:     0x5dd0e3f865d5 - test[9d35eded1c95d3be]::run_test::{closure#0}
[INFO] [stdout]   16:     0x5dd0e3f7fe94 - std[70759c8f55707aa4]::sys::backtrace::__rust_begin_short_backtrace::<test[9d35eded1c95d3be]::run_test::{closure#1}, ()>
[INFO] [stdout]   17:     0x5dd0e3f89732 - <std[70759c8f55707aa4]::thread::lifecycle::spawn_unchecked<test[9d35eded1c95d3be]::run_test::{closure#1}, ()>::{closure#1} as core[df12db4294e9bfd3]::ops::function::FnOnce<()>>::call_once::{shim:vtable#0}
[INFO] [stdout]   18:     0x5dd0e4072c39 - <std[70759c8f55707aa4]::sys::thread::unix::Thread>::new::thread_start
[INFO] [stdout]   19:     0x72346553adfa - <unknown>
[INFO] [stdout]   20:     0x7234655ce3d4 - clone
[INFO] [stdout]   21:                0x0 - <unknown>
[INFO] [stdout] 
[INFO] [stdout] ---- a_conformant_file_is_reported_conformant stdout ----
[INFO] [stdout] 
[INFO] [stdout] thread 'a_conformant_file_is_reported_conformant' (984) panicked at tests/corpus.rs:20:33:
[INFO] [stdout] pass-duplicated-guids-ifc4.ifc should parse: io error: No such file or directory (os error 2)
[INFO] [stdout] stack backtrace:
[INFO] [stdout]    0:     0x5dd0e4073691 - <<std[70759c8f55707aa4]::sys::backtrace::BacktraceLock>::print::DisplayBacktrace as core[df12db4294e9bfd3]::fmt::Display>::fmt
[INFO] [stdout]    1:     0x5dd0e408910a - core[df12db4294e9bfd3]::fmt::write
[INFO] [stdout]    2:     0x5dd0e4077e4c - <alloc[2182bb758b4b3781]::vec::Vec<u8> as core[df12db4294e9bfd3]::io::write::Write>::write_fmt
[INFO] [stdout]    3:     0x5dd0e404ecb6 - std[70759c8f55707aa4]::panicking::default_hook::{closure#0}
[INFO] [stdout]    4:     0x5dd0e406b699 - std[70759c8f55707aa4]::panicking::default_hook
[INFO] [stdout]    5:     0x5dd0e3f85c80 - test[9d35eded1c95d3be]::test_main_inner::<test[9d35eded1c95d3be]::test_main_static::{closure#0}>::{closure#0}
[INFO] [stdout]    6:     0x5dd0e406b9c2 - std[70759c8f55707aa4]::panicking::panic_with_hook
[INFO] [stdout]    7:     0x5dd0e404ed62 - std[70759c8f55707aa4]::panicking::panic_handler::{closure#0}
[INFO] [stdout]    8:     0x5dd0e40478b9 - std[70759c8f55707aa4]::sys::backtrace::__rust_end_short_backtrace::<std[70759c8f55707aa4]::panicking::panic_handler::{closure#0}, !>
[INFO] [stdout]    9:     0x5dd0e404f95d - __rustc[8fa7c3cbc660c2b3]::rust_begin_unwind
[INFO] [stdout]   10:     0x5dd0e408983c - core[df12db4294e9bfd3]::panicking::panic_fmt
[INFO] [stdout]   11:     0x5dd0e3f6b120 - corpus[877966edf666b3b8]::load::{closure#0}
[INFO] [stdout]   12:     0x5dd0e3f6c053 - corpus[877966edf666b3b8]::load
[INFO] [stdout]   13:     0x5dd0e3f70339 - <corpus[877966edf666b3b8]::a_conformant_file_is_reported_conformant::{closure#0} as core[df12db4294e9bfd3]::ops::function::FnOnce<()>>::call_once
[INFO] [stdout]   14:     0x5dd0e3f78f6b - test[9d35eded1c95d3be]::__rust_begin_short_backtrace::<core[df12db4294e9bfd3]::result::Result<(), alloc[2182bb758b4b3781]::string::String>, fn() -> core[df12db4294e9bfd3]::result::Result<(), alloc[2182bb758b4b3781]::string::String>>
[INFO] [stdout]   15:     0x5dd0e3f865d5 - test[9d35eded1c95d3be]::run_test::{closure#0}
[INFO] [stdout]   16:     0x5dd0e3f7fe94 - std[70759c8f55707aa4]::sys::backtrace::__rust_begin_short_backtrace::<test[9d35eded1c95d3be]::run_test::{closure#1}, ()>
[INFO] [stdout]   17:     0x5dd0e3f89732 - <std[70759c8f55707aa4]::thread::lifecycle::spawn_unchecked<test[9d35eded1c95d3be]::run_test::{closure#1}, ()>::{closure#1} as core[df12db4294e9bfd3]::ops::function::FnOnce<()>>::call_once::{shim:vtable#0}
[INFO] [stdout]   18:     0x5dd0e4072c39 - <std[70759c8f55707aa4]::sys::thread::unix::Thread>::new::thread_start
[INFO] [stdout]   19:     0x72346553adfa - <unknown>
[INFO] [stdout]   20:     0x7234655ce3d4 - clone
[INFO] [stdout]   21:                0x0 - <unknown>
[INFO] [stdout] 
[INFO] [stdout] ---- duplicate_global_ids_are_reported stdout ----
[INFO] [stdout] 
[INFO] [stdout] thread 'duplicate_global_ids_are_reported' (1000) panicked at tests/corpus.rs:20:33:
[INFO] [stdout] fail-duplicated-guids-ifc4.ifc should parse: io error: No such file or directory (os error 2)
[INFO] [stdout] stack backtrace:
[INFO] [stdout]    0:     0x5dd0e4073691 - <<std[70759c8f55707aa4]::sys::backtrace::BacktraceLock>::print::DisplayBacktrace as core[df12db4294e9bfd3]::fmt::Display>::fmt
[INFO] [stdout]    1:     0x5dd0e408910a - core[df12db4294e9bfd3]::fmt::write
[INFO] [stdout]    2:     0x5dd0e4077e4c - <alloc[2182bb758b4b3781]::vec::Vec<u8> as core[df12db4294e9bfd3]::io::write::Write>::write_fmt
[INFO] [stdout]    3:     0x5dd0e404ecb6 - std[70759c8f55707aa4]::panicking::default_hook::{closure#0}
[INFO] [stdout]    4:     0x5dd0e406b699 - std[70759c8f55707aa4]::panicking::default_hook
[INFO] [stdout]    5:     0x5dd0e3f85c80 - test[9d35eded1c95d3be]::test_main_inner::<test[9d35eded1c95d3be]::test_main_static::{closure#0}>::{closure#0}
[INFO] [stdout]    6:     0x5dd0e406b9c2 - std[70759c8f55707aa4]::panicking::panic_with_hook
[INFO] [stdout]    7:     0x5dd0e404ed62 - std[70759c8f55707aa4]::panicking::panic_handler::{closure#0}
[INFO] [stdout]    8:     0x5dd0e40478b9 - std[70759c8f55707aa4]::sys::backtrace::__rust_end_short_backtrace::<std[70759c8f55707aa4]::panicking::panic_handler::{closure#0}, !>
[INFO] [stdout]    9:     0x5dd0e404f95d - __rustc[8fa7c3cbc660c2b3]::rust_begin_unwind
[INFO] [stdout]   10:     0x5dd0e408983c - core[df12db4294e9bfd3]::panicking::panic_fmt
[INFO] [stdout]   11:     0x5dd0e3f6b120 - corpus[877966edf666b3b8]::load::{closure#0}
[INFO] [stdout]   12:     0x5dd0e3f6c053 - corpus[877966edf666b3b8]::load
[INFO] [stdout]   13:     0x5dd0e3f6dafc - <corpus[877966edf666b3b8]::duplicate_global_ids_are_reported::{closure#0} as core[df12db4294e9bfd3]::ops::function::FnOnce<()>>::call_once
[INFO] [stdout]   14:     0x5dd0e3f78f6b - test[9d35eded1c95d3be]::__rust_begin_short_backtrace::<core[df12db4294e9bfd3]::result::Result<(), alloc[2182bb758b4b3781]::string::String>, fn() -> core[df12db4294e9bfd3]::result::Result<(), alloc[2182bb758b4b3781]::string::String>>
[INFO] [stdout]   15:     0x5dd0e3f865d5 - test[9d35eded1c95d3be]::run_test::{closure#0}
[INFO] [stdout]   16:     0x5dd0e3f7fe94 - std[70759c8f55707aa4]::sys::backtrace::__rust_begin_short_backtrace::<test[9d35eded1c95d3be]::run_test::{closure#1}, ()>
[INFO] [stdout]   17:     0x5dd0e3f89732 - <std[70759c8f55707aa4]::thread::lifecycle::spawn_unchecked<test[9d35eded1c95d3be]::run_test::{closure#1}, ()>::{closure#1} as core[df12db4294e9bfd3]::ops::function::FnOnce<()>>::call_once::{shim:vtable#0}
[INFO] [stdout]   18:     0x5dd0e4072c39 - <std[70759c8f55707aa4]::sys::thread::unix::Thread>::new::thread_start
[INFO] [stdout]   19:     0x72346553adfa - <unknown>
[INFO] [stdout]   20:     0x7234655ce3d4 - clone
[INFO] [stdout]   21:                0x0 - <unknown>
[INFO] [stdout] 
[INFO] [stdout] ---- an_ifc2x3_file_is_validated_against_ifc2x3_tables stdout ----
[INFO] [stdout] 
[INFO] [stdout] thread 'an_ifc2x3_file_is_validated_against_ifc2x3_tables' (996) panicked at tests/corpus.rs:20:33:
[INFO] [stdout] pass-selected-simple-type.ifc should parse: io error: No such file or directory (os error 2)
[INFO] [stdout] stack backtrace:
[INFO] [stdout]    0:     0x5dd0e4073691 - <<std[70759c8f55707aa4]::sys::backtrace::BacktraceLock>::print::DisplayBacktrace as core[df12db4294e9bfd3]::fmt::Display>::fmt
[INFO] [stdout]    1:     0x5dd0e408910a - core[df12db4294e9bfd3]::fmt::write
[INFO] [stdout]    2:     0x5dd0e4077e4c - <alloc[2182bb758b4b3781]::vec::Vec<u8> as core[df12db4294e9bfd3]::io::write::Write>::write_fmt
[INFO] [stdout]    3:     0x5dd0e404ecb6 - std[70759c8f55707aa4]::panicking::default_hook::{closure#0}
[INFO] [stdout]    4:     0x5dd0e406b699 - std[70759c8f55707aa4]::panicking::default_hook
[INFO] [stdout]    5:     0x5dd0e3f85c80 - test[9d35eded1c95d3be]::test_main_inner::<test[9d35eded1c95d3be]::test_main_static::{closure#0}>::{closure#0}
[INFO] [stdout]    6:     0x5dd0e406b9c2 - std[70759c8f55707aa4]::panicking::panic_with_hook
[INFO] [stdout]    7:     0x5dd0e404ed62 - std[70759c8f55707aa4]::panicking::panic_handler::{closure#0}
[INFO] [stdout]    8:     0x5dd0e40478b9 - std[70759c8f55707aa4]::sys::backtrace::__rust_end_short_backtrace::<std[70759c8f55707aa4]::panicking::panic_handler::{closure#0}, !>
[INFO] [stdout]    9:     0x5dd0e404f95d - __rustc[8fa7c3cbc660c2b3]::rust_begin_unwind
[INFO] [stdout]   10:     0x5dd0e408983c - core[df12db4294e9bfd3]::panicking::panic_fmt
[INFO] [stdout]   11:     0x5dd0e3f6b120 - corpus[877966edf666b3b8]::load::{closure#0}
[INFO] [stdout]   12:     0x5dd0e3f6c053 - corpus[877966edf666b3b8]::load
[INFO] [stdout]   13:     0x5dd0e3f71b8d - <corpus[877966edf666b3b8]::an_ifc2x3_file_is_validated_against_ifc2x3_tables::{closure#0} as core[df12db4294e9bfd3]::ops::function::FnOnce<()>>::call_once
[INFO] [stdout]   14:     0x5dd0e3f78f6b - test[9d35eded1c95d3be]::__rust_begin_short_backtrace::<core[df12db4294e9bfd3]::result::Result<(), alloc[2182bb758b4b3781]::string::String>, fn() -> core[df12db4294e9bfd3]::result::Result<(), alloc[2182bb758b4b3781]::string::String>>
[INFO] [stdout]   15:     0x5dd0e3f865d5 - test[9d35eded1c95d3be]::run_test::{closure#0}
[INFO] [stdout]   16:     0x5dd0e3f7fe94 - std[70759c8f55707aa4]::sys::backtrace::__rust_begin_short_backtrace::<test[9d35eded1c95d3be]::run_test::{closure#1}, ()>
[INFO] [stdout]   17:     0x5dd0e3f89732 - <std[70759c8f55707aa4]::thread::lifecycle::spawn_unchecked<test[9d35eded1c95d3be]::run_test::{closure#1}, ()>::{closure#1} as core[df12db4294e9bfd3]::ops::function::FnOnce<()>>::call_once::{shim:vtable#0}
[INFO] [stdout]   18:     0x5dd0e4072c39 - <std[70759c8f55707aa4]::sys::thread::unix::Thread>::new::thread_start
[INFO] [stdout]   19:     0x72346553adfa - <unknown>
[INFO] [stdout]   20:     0x7234655ce3d4 - clone
[INFO] [stdout]   21:                0x0 - <unknown>
[INFO] [stdout] 
[INFO] [stdout] ---- a_complex_number_is_accepted stdout ----
[INFO] [stdout] 
[INFO] [stdout] thread 'a_complex_number_is_accepted' (983) panicked at tests/corpus.rs:20:33:
[INFO] [stdout] pass-complex-number-ifc4.ifc should parse: io error: No such file or directory (os error 2)
[INFO] [stdout] stack backtrace:
[INFO] [stdout]    0:     0x5dd0e4073691 - <<std[70759c8f55707aa4]::sys::backtrace::BacktraceLock>::print::DisplayBacktrace as core[df12db4294e9bfd3]::fmt::Display>::fmt
[INFO] [stdout]    1:     0x5dd0e408910a - core[df12db4294e9bfd3]::fmt::write
[INFO] [stdout]    2:     0x5dd0e4077e4c - <alloc[2182bb758b4b3781]::vec::Vec<u8> as core[df12db4294e9bfd3]::io::write::Write>::write_fmt
[INFO] [stdout]    3:     0x5dd0e404ecb6 - std[70759c8f55707aa4]::panicking::default_hook::{closure#0}
[INFO] [stdout]    4:     0x5dd0e406b699 - std[70759c8f55707aa4]::panicking::default_hook
[INFO] [stdout]    5:     0x5dd0e3f85c80 - test[9d35eded1c95d3be]::test_main_inner::<test[9d35eded1c95d3be]::test_main_static::{closure#0}>::{closure#0}
[INFO] [stdout]    6:     0x5dd0e406b9c2 - std[70759c8f55707aa4]::panicking::panic_with_hook
[INFO] [stdout]    7:     0x5dd0e404ed62 - std[70759c8f55707aa4]::panicking::panic_handler::{closure#0}
[INFO] [stdout]    8:     0x5dd0e40478b9 - std[70759c8f55707aa4]::sys::backtrace::__rust_end_short_backtrace::<std[70759c8f55707aa4]::panicking::panic_handler::{closure#0}, !>
[INFO] [stdout]    9:     0x5dd0e404f95d - __rustc[8fa7c3cbc660c2b3]::rust_begin_unwind
[INFO] [stdout]   10:     0x5dd0e408983c - core[df12db4294e9bfd3]::panicking::panic_fmt
[INFO] [stdout]   11:     0x5dd0e3f6b120 - corpus[877966edf666b3b8]::load::{closure#0}
[INFO] [stdout]   12:     0x5dd0e3f6c053 - corpus[877966edf666b3b8]::load
[INFO] [stdout]   13:     0x5dd0e3f6d2aa - <corpus[877966edf666b3b8]::a_complex_number_is_accepted::{closure#0} as core[df12db4294e9bfd3]::ops::function::FnOnce<()>>::call_once
[INFO] [stdout]   14:     0x5dd0e3f78f6b - test[9d35eded1c95d3be]::__rust_begin_short_backtrace::<core[df12db4294e9bfd3]::result::Result<(), alloc[2182bb758b4b3781]::string::String>, fn() -> core[df12db4294e9bfd3]::result::Result<(), alloc[2182bb758b4b3781]::string::String>>
[INFO] [stdout]   15:     0x5dd0e3f865d5 - test[9d35eded1c95d3be]::run_test::{closure#0}
[INFO] [stdout]   16:     0x5dd0e3f7fe94 - std[70759c8f55707aa4]::sys::backtrace::__rust_begin_short_backtrace::<test[9d35eded1c95d3be]::run_test::{closure#1}, ()>
[INFO] [stdout]   17:     0x5dd0e3f89732 - <std[70759c8f55707aa4]::thread::lifecycle::spawn_unchecked<test[9d35eded1c95d3be]::run_test::{closure#1}, ()>::{closure#1} as core[df12db4294e9bfd3]::ops::function::FnOnce<()>>::call_once::{shim:vtable#0}
[INFO] [stdout]   18:     0x5dd0e4072c39 - <std[70759c8f55707aa4]::sys::thread::unix::Thread>::new::thread_start
[INFO] [stdout]   19:     0x72346553adfa - <unknown>
[INFO] [stdout]   20:     0x7234655ce3d4 - clone
[INFO] [stdout]   21:                0x0 - <unknown>
[INFO] [stdout] 
[INFO] [stdout] ---- every_excluded_fixture_is_genuinely_invalid stdout ----
[INFO] [stdout] 
[INFO] [stdout] thread 'every_excluded_fixture_is_genuinely_invalid' (1001) panicked at tests/corpus.rs:704:32:
[INFO] [stdout] nested_mapped_item_cycle.ifc is excluded but does not exist
[INFO] [stdout] stack backtrace:
[INFO] [stdout]    0:     0x5dd0e4073691 - <<std[70759c8f55707aa4]::sys::backtrace::BacktraceLock>::print::DisplayBacktrace as core[df12db4294e9bfd3]::fmt::Display>::fmt
[INFO] [stdout]    1:     0x5dd0e408910a - core[df12db4294e9bfd3]::fmt::write
[INFO] [stdout]    2:     0x5dd0e4077e4c - <alloc[2182bb758b4b3781]::vec::Vec<u8> as core[df12db4294e9bfd3]::io::write::Write>::write_fmt
[INFO] [stdout]    3:     0x5dd0e404ecb6 - std[70759c8f55707aa4]::panicking::default_hook::{closure#0}
[INFO] [stdout]    4:     0x5dd0e406b699 - std[70759c8f55707aa4]::panicking::default_hook
[INFO] [stdout]    5:     0x5dd0e3f85c80 - test[9d35eded1c95d3be]::test_main_inner::<test[9d35eded1c95d3be]::test_main_static::{closure#0}>::{closure#0}
[INFO] [stdout]    6:     0x5dd0e406b9c2 - std[70759c8f55707aa4]::panicking::panic_with_hook
[INFO] [stdout]    7:     0x5dd0e404ed62 - std[70759c8f55707aa4]::panicking::panic_handler::{closure#0}
[INFO] [stdout]    8:     0x5dd0e40478b9 - std[70759c8f55707aa4]::sys::backtrace::__rust_end_short_backtrace::<std[70759c8f55707aa4]::panicking::panic_handler::{closure#0}, !>
[INFO] [stdout]    9:     0x5dd0e404f95d - __rustc[8fa7c3cbc660c2b3]::rust_begin_unwind
[INFO] [stdout]   10:     0x5dd0e408983c - core[df12db4294e9bfd3]::panicking::panic_fmt
[INFO] [stdout]   11:     0x5dd0e3f70ad4 - <corpus[877966edf666b3b8]::every_excluded_fixture_is_genuinely_invalid::{closure#0} as core[df12db4294e9bfd3]::ops::function::FnOnce<()>>::call_once
[INFO] [stdout]   12:     0x5dd0e3f78f6b - test[9d35eded1c95d3be]::__rust_begin_short_backtrace::<core[df12db4294e9bfd3]::result::Result<(), alloc[2182bb758b4b3781]::string::String>, fn() -> core[df12db4294e9bfd3]::result::Result<(), alloc[2182bb758b4b3781]::string::String>>
[INFO] [stdout]   13:     0x5dd0e3f865d5 - test[9d35eded1c95d3be]::run_test::{closure#0}
[INFO] [stdout]   14:     0x5dd0e3f7fe94 - std[70759c8f55707aa4]::sys::backtrace::__rust_begin_short_backtrace::<test[9d35eded1c95d3be]::run_test::{closure#1}, ()>
[INFO] [stdout]   15:     0x5dd0e3f89732 - <std[70759c8f55707aa4]::thread::lifecycle::spawn_unchecked<test[9d35eded1c95d3be]::run_test::{closure#1}, ()>::{closure#1} as core[df12db4294e9bfd3]::ops::function::FnOnce<()>>::call_once::{shim:vtable#0}
[INFO] [stdout]   16:     0x5dd0e4072c39 - <std[70759c8f55707aa4]::sys::thread::unix::Thread>::new::thread_start
[INFO] [stdout]   17:     0x72346553adfa - <unknown>
[INFO] [stdout]   18:     0x7234655ce3d4 - clone
[INFO] [stdout]   19:                0x0 - <unknown>
[INFO] [stdout] 
[INFO] [stdout] ---- every_ifc4_fail_fixture_is_rejected stdout ----
[INFO] [stdout] 
[INFO] [stdout] thread 'every_ifc4_fail_fixture_is_rejected' (1002) panicked at tests/corpus.rs:666:5:
[INFO] [stdout] expected fail fixtures, judged 0
[INFO] [stdout] stack backtrace:
[INFO] [stdout]    0:     0x5dd0e4073691 - <<std[70759c8f55707aa4]::sys::backtrace::BacktraceLock>::print::DisplayBacktrace as core[df12db4294e9bfd3]::fmt::Display>::fmt
[INFO] [stdout]    1:     0x5dd0e408910a - core[df12db4294e9bfd3]::fmt::write
[INFO] [stdout]    2:     0x5dd0e4077e4c - <alloc[2182bb758b4b3781]::vec::Vec<u8> as core[df12db4294e9bfd3]::io::write::Write>::write_fmt
[INFO] [stdout]    3:     0x5dd0e404ecb6 - std[70759c8f55707aa4]::panicking::default_hook::{closure#0}
[INFO] [stdout]    4:     0x5dd0e406b699 - std[70759c8f55707aa4]::panicking::default_hook
[INFO] [stdout]    5:     0x5dd0e3f85c80 - test[9d35eded1c95d3be]::test_main_inner::<test[9d35eded1c95d3be]::test_main_static::{closure#0}>::{closure#0}
[INFO] [stdout]    6:     0x5dd0e406b9c2 - std[70759c8f55707aa4]::panicking::panic_with_hook
[INFO] [stdout]    7:     0x5dd0e404ed62 - std[70759c8f55707aa4]::panicking::panic_handler::{closure#0}
[INFO] [stdout]    8:     0x5dd0e40478b9 - std[70759c8f55707aa4]::sys::backtrace::__rust_end_short_backtrace::<std[70759c8f55707aa4]::panicking::panic_handler::{closure#0}, !>
[INFO] [stdout]    9:     0x5dd0e404f95d - __rustc[8fa7c3cbc660c2b3]::rust_begin_unwind
[INFO] [stdout]   10:     0x5dd0e408983c - core[df12db4294e9bfd3]::panicking::panic_fmt
[INFO] [stdout]   11:     0x5dd0e3f6ee9b - <corpus[877966edf666b3b8]::every_ifc4_fail_fixture_is_rejected::{closure#0} as core[df12db4294e9bfd3]::ops::function::FnOnce<()>>::call_once
[INFO] [stdout]   12:     0x5dd0e3f78f6b - test[9d35eded1c95d3be]::__rust_begin_short_backtrace::<core[df12db4294e9bfd3]::result::Result<(), alloc[2182bb758b4b3781]::string::String>, fn() -> core[df12db4294e9bfd3]::result::Result<(), alloc[2182bb758b4b3781]::string::String>>
[INFO] [stdout]   13:     0x5dd0e3f865d5 - test[9d35eded1c95d3be]::run_test::{closure#0}
[INFO] [stdout]   14:     0x5dd0e3f7fe94 - std[70759c8f55707aa4]::sys::backtrace::__rust_begin_short_backtrace::<test[9d35eded1c95d3be]::run_test::{closure#1}, ()>
[INFO] [stdout]   15:     0x5dd0e3f89732 - <std[70759c8f55707aa4]::thread::lifecycle::spawn_unchecked<test[9d35eded1c95d3be]::run_test::{closure#1}, ()>::{closure#1} as core[df12db4294e9bfd3]::ops::function::FnOnce<()>>::call_once::{shim:vtable#0}
[INFO] [stdout]   16:     0x5dd0e4072c39 - <std[70759c8f55707aa4]::sys::thread::unix::Thread>::new::thread_start
[INFO] [stdout]   17:     0x72346553adfa - <unknown>
[INFO] [stdout]   18:     0x7234655ce3d4 - clone
[INFO] [stdout]   19:                0x0 - <unknown>
[INFO] [stdout] 
[INFO] [stdout] ---- every_well_formed_bundled_schema_fixture_validates_clean stdout ----
[INFO] [stdout] 
[INFO] [stdout] thread 'every_well_formed_bundled_schema_fixture_validates_clean' (1004) panicked at tests/corpus.rs:621:5:
[INFO] [stdout] assertion `left == right` failed: all intended-clean fixtures must run; raw-header fail fixtures stay excluded
[INFO] [stdout]   left: 0
[INFO] [stdout]  right: 39
[INFO] [stdout] stack backtrace:
[INFO] [stdout]    0:     0x5dd0e4073691 - <<std[70759c8f55707aa4]::sys::backtrace::BacktraceLock>::print::DisplayBacktrace as core[df12db4294e9bfd3]::fmt::Display>::fmt
[INFO] [stdout]    1:     0x5dd0e408910a - core[df12db4294e9bfd3]::fmt::write
[INFO] [stdout]    2:     0x5dd0e4077e4c - <alloc[2182bb758b4b3781]::vec::Vec<u8> as core[df12db4294e9bfd3]::io::write::Write>::write_fmt
[INFO] [stdout]    3:     0x5dd0e404ecb6 - std[70759c8f55707aa4]::panicking::default_hook::{closure#0}
[INFO] [stdout]    4:     0x5dd0e406b699 - std[70759c8f55707aa4]::panicking::default_hook
[INFO] [stdout]    5:     0x5dd0e3f85c80 - test[9d35eded1c95d3be]::test_main_inner::<test[9d35eded1c95d3be]::test_main_static::{closure#0}>::{closure#0}
[INFO] [stdout]    6:     0x5dd0e406b9c2 - std[70759c8f55707aa4]::panicking::panic_with_hook
[INFO] [stdout]    7:     0x5dd0e404ed62 - std[70759c8f55707aa4]::panicking::panic_handler::{closure#0}
[INFO] [stdout]    8:     0x5dd0e40478b9 - std[70759c8f55707aa4]::sys::backtrace::__rust_end_short_backtrace::<std[70759c8f55707aa4]::panicking::panic_handler::{closure#0}, !>
[INFO] [stdout]    9:     0x5dd0e404f95d - __rustc[8fa7c3cbc660c2b3]::rust_begin_unwind
[INFO] [stdout]   10:     0x5dd0e408983c - core[df12db4294e9bfd3]::panicking::panic_fmt
[INFO] [stdout]   11:     0x5dd0e40897b3 - core[df12db4294e9bfd3]::panicking::assert_failed_inner
[INFO] [stdout]   12:     0x5dd0e40851f8 - core[df12db4294e9bfd3]::panicking::assert_failed::<usize, usize>
[INFO] [stdout]   13:     0x5dd0e3f73629 - <corpus[877966edf666b3b8]::every_well_formed_bundled_schema_fixture_validates_clean::{closure#0} as core[df12db4294e9bfd3]::ops::function::FnOnce<()>>::call_once
[INFO] [stdout]   14:     0x5dd0e3f78f6b - test[9d35eded1c95d3be]::__rust_begin_short_backtrace::<core[df12db4294e9bfd3]::result::Result<(), alloc[2182bb758b4b3781]::string::String>, fn() -> core[df12db4294e9bfd3]::result::Result<(), alloc[2182bb758b4b3781]::string::String>>
[INFO] [stdout]   15:     0x5dd0e3f865d5 - test[9d35eded1c95d3be]::run_test::{closure#0}
[INFO] [stdout]   16:     0x5dd0e3f7fe94 - std[70759c8f55707aa4]::sys::backtrace::__rust_begin_short_backtrace::<test[9d35eded1c95d3be]::run_test::{closure#1}, ()>
[INFO] [stdout]   17:     0x5dd0e3f89732 - <std[70759c8f55707aa4]::thread::lifecycle::spawn_unchecked<test[9d35eded1c95d3be]::run_test::{closure#1}, ()>::{closure#1} as core[df12db4294e9bfd3]::ops::function::FnOnce<()>>::call_once::{shim:vtable#0}
[INFO] [stdout]   18:     0x5dd0e4072c39 - <std[70759c8f55707aa4]::sys::thread::unix::Thread>::new::thread_start
[INFO] [stdout]   19:     0x72346553adfa - <unknown>
[INFO] [stdout]   20:     0x7234655ce3d4 - clone
[INFO] [stdout]   21:                0x0 - <unknown>
[INFO] [stdout] 
[INFO] [stdout] 
[INFO] [stdout] failures:
[INFO] [stdout]     a_complex_number_is_accepted
[INFO] [stdout]     a_conformant_file_is_reported_conformant
[INFO] [stdout]     a_conformant_report_still_admits_unchecked_rules
[INFO] [stdout]     a_measure_holding_a_string_is_reported
[INFO] [stdout]     an_ifc2x3_file_is_validated_against_ifc2x3_tables
[INFO] [stdout]     an_ifc4x3_file_is_validated_against_ifc4x3_tables
[INFO] [stdout]     duplicate_global_ids_are_reported
[INFO] [stdout]     every_excluded_fixture_is_genuinely_invalid
[INFO] [stdout]     every_ifc4_fail_fixture_is_rejected
[INFO] [stdout]     every_well_formed_bundled_schema_fixture_validates_clean
[INFO] [stdout] 
[INFO] [stdout] test result: FAILED. 15 passed; 10 failed; 0 ignored; 0 measured; 0 filtered out; finished in 0.02s
[INFO] [stdout] 
[INFO] running `Command { std: "docker" "inspect" "4ac60d6a1ec896b2abeb9ef5a6d6bd5c18e5c4c49d6a216936e9e0406cf5e5af", kill_on_drop: false }`
[INFO] running `Command { std: "docker" "rm" "-f" "4ac60d6a1ec896b2abeb9ef5a6d6bd5c18e5c4c49d6a216936e9e0406cf5e5af", kill_on_drop: false }`
[INFO] [stdout] 4ac60d6a1ec896b2abeb9ef5a6d6bd5c18e5c4c49d6a216936e9e0406cf5e5af
