[INFO] fetching crate ifc-systems 0.5.0...
[INFO] testing ifc-systems-0.5.0 against 1.99.0-beta.8+cargoflags=--release for beta-release-1.100-2
[INFO] extracting crate ifc-systems 0.5.0 into /workspace/builds/worker-3-tc1/source
[INFO] started tweaking crates.io crate ifc-systems 0.5.0
[INFO] removed 0 missing tests
[INFO] finished tweaking crates.io crate ifc-systems 0.5.0
[INFO] tweaked toml for crates.io crate ifc-systems 0.5.0 written to /workspace/builds/worker-3-tc1/source/Cargo.toml
[INFO] validating manifest of crates.io crate ifc-systems 0.5.0 on toolchain 1.99.0-beta.8
[INFO] running `Command { std: CARGO_HOME="/workspace/cargo-home" RUSTUP_HOME="/workspace/rustup-home" "/workspace/cargo-home/bin/cargo" "+1.99.0-beta.8" "metadata" "--manifest-path" "Cargo.toml" "--no-deps", kill_on_drop: false }`
[INFO] crate crates.io crate ifc-systems 0.5.0 already has a lockfile, it will not be regenerated
[INFO] running `Command { std: CARGO_HOME="/workspace/cargo-home" RUSTUP_HOME="/workspace/rustup-home" "/workspace/cargo-home/bin/cargo" "+1.99.0-beta.8" "fetch" "--manifest-path" "Cargo.toml", kill_on_drop: false }`
[INFO] [stderr]     Updating crates.io index
[INFO] [stderr]  Downloading crates ...
[INFO] [stderr]   Downloaded ifc-step v0.5.0
[INFO] [stderr]   Downloaded openbim-step v0.11.0
[INFO] running `Command { std: "docker" "create" "-v" "/var/lib/crater-agent-workspace/builds/worker-3-tc1/source:/opt/rustwide/workdir:ro,Z" "-v" "/var/lib/crater-agent-workspace/builds/worker-3-tc1/target:/opt/rustwide/target:rw,Z" "-v" "/var/lib/crater-agent-workspace/cargo-home:/opt/rustwide/cargo-home:ro,Z" "-v" "/var/lib/crater-agent-workspace/rustup-home:/opt/rustwide/rustup-home:ro,Z" "-m" "1610612736" "--network" "none" "ghcr.io/rust-lang/crates-build-env/linux@sha256:77db811e55d90add9212f6832c23229e3de5f1c1f9905e8cb07319ea15df73ac" "sleep" "infinity", kill_on_drop: false }`
[INFO] [stdout] c24f96fccf6e680e3aedf43e07965673c985684377db912eb47481cc18c331f8
[INFO] running `Command { std: "docker" "start" "c24f96fccf6e680e3aedf43e07965673c985684377db912eb47481cc18c331f8", kill_on_drop: false }`
[INFO] running `Command { std: "docker" "inspect" "c24f96fccf6e680e3aedf43e07965673c985684377db912eb47481cc18c331f8", kill_on_drop: false }`
[INFO] running `Command { std: "docker" "exec" "-e" "SOURCE_DIR=/opt/rustwide/workdir" "-e" "CARGO_HOME=/opt/rustwide/cargo-home" "-e" "RUSTUP_HOME=/opt/rustwide/rustup-home" "-e" "CARGO_TARGET_DIR=/opt/rustwide/target" "-w" "/opt/rustwide/workdir" "--user" "0:0" "c24f96fccf6e680e3aedf43e07965673c985684377db912eb47481cc18c331f8" "/opt/rustwide/cargo-home/bin/cargo" "+1.99.0-beta.8" "metadata" "--no-deps" "--format-version=1", kill_on_drop: false }`
[INFO] running `Command { std: "docker" "inspect" "c24f96fccf6e680e3aedf43e07965673c985684377db912eb47481cc18c331f8", kill_on_drop: false }`
[INFO] running `Command { std: "docker" "exec" "-e" "SOURCE_DIR=/opt/rustwide/workdir" "-e" "CARGO_HOME=/opt/rustwide/cargo-home" "-e" "RUSTUP_HOME=/opt/rustwide/rustup-home" "-e" "CARGO_TARGET_DIR=/opt/rustwide/target" "-e" "CARGO_INCREMENTAL=0" "-e" "RUST_BACKTRACE=full" "-e" "RUSTFLAGS=--cap-lints=warn" "-e" "RUSTDOCFLAGS=--cap-lints=warn" "-w" "/opt/rustwide/workdir" "--user" "0:0" "c24f96fccf6e680e3aedf43e07965673c985684377db912eb47481cc18c331f8" "/opt/rustwide/cargo-home/bin/cargo" "+1.99.0-beta.8" "build" "--frozen" "--message-format=json" "--release", kill_on_drop: false }`
[INFO] [stderr]    Compiling ahash v0.8.12
[INFO] [stderr]    Compiling syn v3.0.4
[INFO] [stderr]    Compiling once_cell v1.21.4
[INFO] [stderr]    Compiling virtue v0.0.18
[INFO] [stderr]    Compiling unty v0.0.4
[INFO] [stderr]    Compiling getrandom v0.3.4
[INFO] [stderr]    Compiling bincode_derive v2.0.1
[INFO] [stderr]    Compiling bincode v2.0.1
[INFO] [stderr]    Compiling thiserror-impl v2.0.20
[INFO] [stderr]    Compiling thiserror v2.0.20
[INFO] [stderr]    Compiling ifc-schema v0.3.2
[INFO] [stderr]    Compiling ifc-model v0.3.1
[INFO] [stderr]    Compiling ifc-systems v0.5.0 (/opt/rustwide/workdir)
[INFO] [stderr]     Finished `release` profile [optimized] target(s) in 9.21s
[INFO] running `Command { std: "docker" "inspect" "c24f96fccf6e680e3aedf43e07965673c985684377db912eb47481cc18c331f8", kill_on_drop: false }`
[INFO] running `Command { std: "docker" "exec" "-e" "SOURCE_DIR=/opt/rustwide/workdir" "-e" "CARGO_HOME=/opt/rustwide/cargo-home" "-e" "RUSTUP_HOME=/opt/rustwide/rustup-home" "-e" "CARGO_TARGET_DIR=/opt/rustwide/target" "-e" "CARGO_INCREMENTAL=0" "-e" "RUST_BACKTRACE=full" "-e" "RUSTFLAGS=--cap-lints=warn" "-e" "RUSTDOCFLAGS=--cap-lints=warn" "-w" "/opt/rustwide/workdir" "--user" "0:0" "c24f96fccf6e680e3aedf43e07965673c985684377db912eb47481cc18c331f8" "/opt/rustwide/cargo-home/bin/cargo" "+1.99.0-beta.8" "test" "--frozen" "--no-run" "--message-format=json" "--release", kill_on_drop: false }`
[INFO] [stderr]    Compiling getrandom v0.3.4
[INFO] [stderr]    Compiling openbim-step v0.11.0
[INFO] [stderr]    Compiling memmap2 v0.9.11
[INFO] [stderr]    Compiling ahash v0.8.12
[INFO] [stderr]    Compiling ifc-model v0.3.1
[INFO] [stderr]    Compiling ifc-schema v0.3.2
[INFO] [stderr]    Compiling ifc-step v0.5.0
[INFO] [stderr]    Compiling ifc-systems v0.5.0 (/opt/rustwide/workdir)
[INFO] [stderr]     Finished `release` profile [optimized] target(s) in 17.90s
[INFO] running `Command { std: "docker" "inspect" "c24f96fccf6e680e3aedf43e07965673c985684377db912eb47481cc18c331f8", kill_on_drop: false }`
[INFO] running `Command { std: "docker" "exec" "-e" "SOURCE_DIR=/opt/rustwide/workdir" "-e" "CARGO_HOME=/opt/rustwide/cargo-home" "-e" "RUSTUP_HOME=/opt/rustwide/rustup-home" "-e" "CARGO_TARGET_DIR=/opt/rustwide/target" "-e" "CARGO_INCREMENTAL=0" "-e" "RUST_BACKTRACE=full" "-e" "RUSTFLAGS=--cap-lints=warn" "-e" "RUSTDOCFLAGS=--cap-lints=warn" "-w" "/opt/rustwide/workdir" "--user" "0:0" "c24f96fccf6e680e3aedf43e07965673c985684377db912eb47481cc18c331f8" "/opt/rustwide/cargo-home/bin/cargo" "+1.99.0-beta.8" "test" "--frozen" "--release", kill_on_drop: false }`
[INFO] [stderr]     Finished `release` profile [optimized] target(s) in 0.04s
[INFO] [stderr]      Running unittests src/lib.rs (/opt/rustwide/target/release/deps/ifc_systems-c92561be09017ee1)
[INFO] [stdout] 
[INFO] [stdout] running 4 tests
[INFO] [stdout] test authoring::release::intermediate_release_tests::ifc4x1_and_ifc4x2_are_refused_not_aliased ... ok
[INFO] [stdout] test release::tests::unbound_and_unverified_headers_are_refused ... ok
[INFO] [stdout] test authoring::owned::tests::names_agree_with_the_slot_constants ... ok
[INFO] [stdout] test release::tests::slots_hold_in_every_verified_release ... ok
[INFO] [stdout] 
[INFO] [stdout] test result: ok. 4 passed; 0 failed; 0 ignored; 0 measured; 0 filtered out; finished in 0.02s
[INFO] [stdout] 
[INFO] [stderr]      Running tests/authoring_distribution.rs (/opt/rustwide/target/release/deps/authoring_distribution-065fe19f775ce549)
[INFO] [stdout] 
[INFO] [stdout] running 5 tests
[INFO] [stdout] test element_attributes_land_in_inherited_slots ... ok
[INFO] [stdout] test a_zone_and_a_spatial_zone_differ_in_shape ... ok
[INFO] [stdout] test a_malformed_guid_is_refused ... ok
[INFO] [stdout] test userdefined_without_an_object_type_is_refused ... ok
[INFO] [stdout] test each_kind_stages_its_own_class ... ok
[INFO] [stdout] 
[INFO] [stdout] test result: ok. 5 passed; 0 failed; 0 ignored; 0 measured; 0 filtered out; finished in 0.00s
[INFO] [stdout] 
[INFO] [stderr]      Running tests/authoring_system.rs (/opt/rustwide/target/release/deps/authoring_system-cafe78dba2547ea6)
[INFO] [stdout] 
[INFO] [stdout] running 4 tests
[INFO] [stdout] test meaningless_connections_are_refused ... ok
[INFO] [stdout] test every_relationship_writes_its_schema_slots ... ok
[INFO] [stdout] test an_authored_system_reads_back ... ok
[INFO] [stdout] test placement_distinguishes_containment_from_reference ... ok
[INFO] [stdout] 
[INFO] [stdout] test result: ok. 4 passed; 0 failed; 0 ignored; 0 measured; 0 filtered out; finished in 0.01s
[INFO] [stdout] 
[INFO] [stderr]      Running tests/classified_system_authoring.rs (/opt/rustwide/target/release/deps/classified_system_authoring-c9b34450684f5d39)
[INFO] [stdout] 
[INFO] [stdout] running 5 tests
[INFO] [stdout] test declared_layouts_match_the_schema ... ok
[INFO] [stdout] test userdefined_without_an_object_type_is_refused ... ok
[INFO] [stdout] test a_token_from_a_sibling_enum_is_refused ... ok
[INFO] [stdout] test each_class_lands_its_tail_in_the_declared_slots ... ok
[INFO] [stdout] test the_built_system_is_absent_from_ifc4 ... ok
[INFO] [stdout] 
[INFO] [stdout] test result: ok. 5 passed; 0 failed; 0 ignored; 0 measured; 0 filtered out; finished in 0.01s
[INFO] [stdout] 
[INFO] [stderr]      Running tests/distribution_system.rs (/opt/rustwide/target/release/deps/distribution_system-5e60db0be9e8765c)
[INFO] [stdout] 
[INFO] [stdout] running 3 tests
[INFO] [stdout] test ifc4x3_distribution_systems_expose_long_name_and_predefined_type ... ok
[INFO] [stdout] test wrong_kind_values_are_not_read ... ok
[INFO] [stdout] test ifc4_distribution_systems_expose_long_name_and_predefined_type ... ok
[INFO] [stdout] 
[INFO] [stdout] test result: ok. 3 passed; 0 failed; 0 ignored; 0 measured; 0 filtered out; finished in 0.02s
[INFO] [stdout] 
[INFO] [stderr]      Running tests/flow.rs (/opt/rustwide/target/release/deps/flow-6c45e693025726c4)
[INFO] [stdout] 
[INFO] [stdout] running 13 tests
[INFO] [stdout] test an_element_that_cannot_pass_flow_is_reported ... FAILED
[INFO] [stdout] test a_sink_cannot_emit_even_towards_an_accepting_port ... FAILED
[INFO] [stdout] test a_zone_member_that_wr1_forbids_is_excluded_and_reported ... FAILED
[INFO] [stdout] test an_unstated_direction_is_flagged_not_hidden ... FAILED
[INFO] [stdout] test downstream_and_upstream_differ ... FAILED
[INFO] [stdout] test a_one_way_spur_is_reachable_in_one_direction_only ... FAILED
[INFO] [stdout] test element_roles_come_from_schema_ancestry ... FAILED
[INFO] [stdout] test a_directed_query_terminates_on_a_loop ... FAILED
[INFO] [stdout] test an_element_contained_twice_is_reported ... ok
[INFO] [stdout] test an_element_with_no_inlet_is_reported ... ok
[INFO] [stdout] test a_sink_does_not_emit_downstream ... ok
[INFO] [stdout] test flow_does_not_run_backwards_through_a_sink ... FAILED
[INFO] [stdout] test containment_and_referencing_are_not_merged ... FAILED
[INFO] [stdout] 
[INFO] [stdout] failures:
[INFO] [stdout] 
[INFO] [stdout] ---- an_element_that_cannot_pass_flow_is_reported stdout ----
[INFO] [stdout] 
[INFO] [stdout] thread 'an_element_that_cannot_pass_flow_is_reported' (1066) panicked at tests/common/mod.rs:24:10:
[INFO] [stdout] fixture parses: Io("No such file or directory (os error 2)")
[INFO] [stdout] stack backtrace:
[INFO] [stdout]    0:     0x5ffe8a3660f1 - <<std[70759c8f55707aa4]::sys::backtrace::BacktraceLock>::print::DisplayBacktrace as core[df12db4294e9bfd3]::fmt::Display>::fmt
[INFO] [stdout]    1:     0x5ffe8a37b6da - core[df12db4294e9bfd3]::fmt::write
[INFO] [stdout]    2:     0x5ffe8a36a5dc - <alloc[2182bb758b4b3781]::vec::Vec<u8> as core[df12db4294e9bfd3]::io::write::Write>::write_fmt
[INFO] [stdout]    3:     0x5ffe8a341ff6 - std[70759c8f55707aa4]::panicking::default_hook::{closure#0}
[INFO] [stdout]    4:     0x5ffe8a35e309 - std[70759c8f55707aa4]::panicking::default_hook
[INFO] [stdout]    5:     0x5ffe8a2a10c0 - test[9d35eded1c95d3be]::test_main_inner::<test[9d35eded1c95d3be]::test_main_static::{closure#0}>::{closure#0}
[INFO] [stdout]    6:     0x5ffe8a35e632 - std[70759c8f55707aa4]::panicking::panic_with_hook
[INFO] [stdout]    7:     0x5ffe8a3420a2 - std[70759c8f55707aa4]::panicking::panic_handler::{closure#0}
[INFO] [stdout]    8:     0x5ffe8a33ac99 - std[70759c8f55707aa4]::sys::backtrace::__rust_end_short_backtrace::<std[70759c8f55707aa4]::panicking::panic_handler::{closure#0}, !>
[INFO] [stdout]    9:     0x5ffe8a342c9d - __rustc[8fa7c3cbc660c2b3]::rust_begin_unwind
[INFO] [stdout]   10:     0x5ffe8a37be0c - core[df12db4294e9bfd3]::panicking::panic_fmt
[INFO] [stdout]   11:     0x5ffe8a37bbe2 - core[df12db4294e9bfd3]::result::unwrap_failed
[INFO] [stdout]   12:     0x5ffe8a27e8bb - flow[33fefe20c5a0540a]::common::fixture
[INFO] [stdout]   13:     0x5ffe8a27ba91 - <flow[33fefe20c5a0540a]::an_element_that_cannot_pass_flow_is_reported::{closure#0} as core[df12db4294e9bfd3]::ops::function::FnOnce<()>>::call_once
[INFO] [stdout]   14:     0x5ffe8a2943ab - test[9d35eded1c95d3be]::__rust_begin_short_backtrace::<core[df12db4294e9bfd3]::result::Result<(), alloc[2182bb758b4b3781]::string::String>, fn() -> core[df12db4294e9bfd3]::result::Result<(), alloc[2182bb758b4b3781]::string::String>>
[INFO] [stdout]   15:     0x5ffe8a2a1a15 - test[9d35eded1c95d3be]::run_test::{closure#0}
[INFO] [stdout]   16:     0x5ffe8a29b2d4 - std[70759c8f55707aa4]::sys::backtrace::__rust_begin_short_backtrace::<test[9d35eded1c95d3be]::run_test::{closure#1}, ()>
[INFO] [stdout]   17:     0x5ffe8a2a4b72 - <std[70759c8f55707aa4]::thread::lifecycle::spawn_unchecked<test[9d35eded1c95d3be]::run_test::{closure#1}, ()>::{closure#1} as core[df12db4294e9bfd3]::ops::function::FnOnce<()>>::call_once::{shim:vtable#0}
[INFO] [stdout]   18:     0x5ffe8a365699 - <std[70759c8f55707aa4]::sys::thread::unix::Thread>::new::thread_start
[INFO] [stdout]   19:     0x7d16ecde6dfa - <unknown>
[INFO] [stdout]   20:     0x7d16ece7a3d4 - clone
[INFO] [stdout]   21:                0x0 - <unknown>
[INFO] [stdout] 
[INFO] [stdout] ---- a_sink_cannot_emit_even_towards_an_accepting_port stdout ----
[INFO] [stdout] 
[INFO] [stdout] thread 'a_sink_cannot_emit_even_towards_an_accepting_port' (1062) panicked at tests/common/mod.rs:24:10:
[INFO] [stdout] fixture parses: Io("No such file or directory (os error 2)")
[INFO] [stdout] stack backtrace:
[INFO] [stdout]    0:     0x5ffe8a3660f1 - <<std[70759c8f55707aa4]::sys::backtrace::BacktraceLock>::print::DisplayBacktrace as core[df12db4294e9bfd3]::fmt::Display>::fmt
[INFO] [stdout]    1:     0x5ffe8a37b6da - core[df12db4294e9bfd3]::fmt::write
[INFO] [stdout]    2:     0x5ffe8a36a5dc - <alloc[2182bb758b4b3781]::vec::Vec<u8> as core[df12db4294e9bfd3]::io::write::Write>::write_fmt
[INFO] [stdout]    3:     0x5ffe8a341ff6 - std[70759c8f55707aa4]::panicking::default_hook::{closure#0}
[INFO] [stdout]    4:     0x5ffe8a35e309 - std[70759c8f55707aa4]::panicking::default_hook
[INFO] [stdout]    5:     0x5ffe8a2a10c0 - test[9d35eded1c95d3be]::test_main_inner::<test[9d35eded1c95d3be]::test_main_static::{closure#0}>::{closure#0}
[INFO] [stdout]    6:     0x5ffe8a35e632 - std[70759c8f55707aa4]::panicking::panic_with_hook
[INFO] [stdout]    7:     0x5ffe8a3420a2 - std[70759c8f55707aa4]::panicking::panic_handler::{closure#0}
[INFO] [stdout]    8:     0x5ffe8a33ac99 - std[70759c8f55707aa4]::sys::backtrace::__rust_end_short_backtrace::<std[70759c8f55707aa4]::panicking::panic_handler::{closure#0}, !>
[INFO] [stdout]    9:     0x5ffe8a342c9d - __rustc[8fa7c3cbc660c2b3]::rust_begin_unwind
[INFO] [stdout]   10:     0x5ffe8a37be0c - core[df12db4294e9bfd3]::panicking::panic_fmt
[INFO] [stdout]   11:     0x5ffe8a37bbe2 - core[df12db4294e9bfd3]::result::unwrap_failed
[INFO] [stdout]   12:     0x5ffe8a27e8bb - flow[33fefe20c5a0540a]::common::fixture
[INFO] [stdout]   13:     0x5ffe8a27c504 - <flow[33fefe20c5a0540a]::a_sink_cannot_emit_even_towards_an_accepting_port::{closure#0} as core[df12db4294e9bfd3]::ops::function::FnOnce<()>>::call_once
[INFO] [stdout]   14:     0x5ffe8a2943ab - test[9d35eded1c95d3be]::__rust_begin_short_backtrace::<core[df12db4294e9bfd3]::result::Result<(), alloc[2182bb758b4b3781]::string::String>, fn() -> core[df12db4294e9bfd3]::result::Result<(), alloc[2182bb758b4b3781]::string::String>>
[INFO] [stdout]   15:     0x5ffe8a2a1a15 - test[9d35eded1c95d3be]::run_test::{closure#0}
[INFO] [stdout]   16:     0x5ffe8a29b2d4 - std[70759c8f55707aa4]::sys::backtrace::__rust_begin_short_backtrace::<test[9d35eded1c95d3be]::run_test::{closure#1}, ()>
[INFO] [stdout]   17:     0x5ffe8a2a4b72 - <std[70759c8f55707aa4]::thread::lifecycle::spawn_unchecked<test[9d35eded1c95d3be]::run_test::{closure#1}, ()>::{closure#1} as core[df12db4294e9bfd3]::ops::function::FnOnce<()>>::call_once::{shim:vtable#0}
[INFO] [stdout]   18:     0x5ffe8a365699 - <std[70759c8f55707aa4]::sys::thread::unix::Thread>::new::thread_start
[INFO] [stdout]   19:     0x7d16ecde6dfa - <unknown>
[INFO] [stdout]   20:     0x7d16ece7a3d4 - clone
[INFO] [stdout]   21:                0x0 - <unknown>
[INFO] [stdout] 
[INFO] [stdout] ---- a_zone_member_that_wr1_forbids_is_excluded_and_reported stdout ----
[INFO] [stdout] 
[INFO] [stdout] thread 'a_zone_member_that_wr1_forbids_is_excluded_and_reported' (1064) panicked at tests/common/mod.rs:24:10:
[INFO] [stdout] fixture parses: Io("No such file or directory (os error 2)")
[INFO] [stdout] stack backtrace:
[INFO] [stdout]    0:     0x5ffe8a3660f1 - <<std[70759c8f55707aa4]::sys::backtrace::BacktraceLock>::print::DisplayBacktrace as core[df12db4294e9bfd3]::fmt::Display>::fmt
[INFO] [stdout]    1:     0x5ffe8a37b6da - core[df12db4294e9bfd3]::fmt::write
[INFO] [stdout]    2:     0x5ffe8a36a5dc - <alloc[2182bb758b4b3781]::vec::Vec<u8> as core[df12db4294e9bfd3]::io::write::Write>::write_fmt
[INFO] [stdout]    3:     0x5ffe8a341ff6 - std[70759c8f55707aa4]::panicking::default_hook::{closure#0}
[INFO] [stdout]    4:     0x5ffe8a35e309 - std[70759c8f55707aa4]::panicking::default_hook
[INFO] [stdout]    5:     0x5ffe8a2a10c0 - test[9d35eded1c95d3be]::test_main_inner::<test[9d35eded1c95d3be]::test_main_static::{closure#0}>::{closure#0}
[INFO] [stdout]    6:     0x5ffe8a35e632 - std[70759c8f55707aa4]::panicking::panic_with_hook
[INFO] [stdout]    7:     0x5ffe8a3420a2 - std[70759c8f55707aa4]::panicking::panic_handler::{closure#0}
[INFO] [stdout]    8:     0x5ffe8a33ac99 - std[70759c8f55707aa4]::sys::backtrace::__rust_end_short_backtrace::<std[70759c8f55707aa4]::panicking::panic_handler::{closure#0}, !>
[INFO] [stdout]    9:     0x5ffe8a342c9d - __rustc[8fa7c3cbc660c2b3]::rust_begin_unwind
[INFO] [stdout]   10:     0x5ffe8a37be0c - core[df12db4294e9bfd3]::panicking::panic_fmt
[INFO] [stdout]   11:     0x5ffe8a37bbe2 - core[df12db4294e9bfd3]::result::unwrap_failed
[INFO] [stdout]   12:     0x5ffe8a27e8bb - flow[33fefe20c5a0540a]::common::fixture
[INFO] [stdout]   13:     0x5ffe8a27cb54 - <flow[33fefe20c5a0540a]::a_zone_member_that_wr1_forbids_is_excluded_and_reported::{closure#0} as core[df12db4294e9bfd3]::ops::function::FnOnce<()>>::call_once
[INFO] [stdout]   14:     0x5ffe8a2943ab - test[9d35eded1c95d3be]::__rust_begin_short_backtrace::<core[df12db4294e9bfd3]::result::Result<(), alloc[2182bb758b4b3781]::string::String>, fn() -> core[df12db4294e9bfd3]::result::Result<(), alloc[2182bb758b4b3781]::string::String>>
[INFO] [stdout]   15:     0x5ffe8a2a1a15 - test[9d35eded1c95d3be]::run_test::{closure#0}
[INFO] [stdout]   16:     0x5ffe8a29b2d4 - std[70759c8f55707aa4]::sys::backtrace::__rust_begin_short_backtrace::<test[9d35eded1c95d3be]::run_test::{closure#1}, ()>
[INFO] [stdout]   17:     0x5ffe8a2a4b72 - <std[70759c8f55707aa4]::thread::lifecycle::spawn_unchecked<test[9d35eded1c95d3be]::run_test::{closure#1}, ()>::{closure#1} as core[df12db4294e9bfd3]::ops::function::FnOnce<()>>::call_once::{shim:vtable#0}
[INFO] [stdout]   18:     0x5ffe8a365699 - <std[70759c8f55707aa4]::sys::thread::unix::Thread>::new::thread_start
[INFO] [stdout]   19:     0x7d16ecde6dfa - <unknown>
[INFO] [stdout]   20:     0x7d16ece7a3d4 - clone
[INFO] [stdout]   21:                0x0 - <unknown>
[INFO] [stdout] 
[INFO] [stdout] ---- an_unstated_direction_is_flagged_not_hidden stdout ----
[INFO] [stdout] 
[INFO] [stdout] thread 'an_unstated_direction_is_flagged_not_hidden' (1068) panicked at tests/common/mod.rs:24:10:
[INFO] [stdout] fixture parses: Io("No such file or directory (os error 2)")
[INFO] [stdout] stack backtrace:
[INFO] [stdout]    0:     0x5ffe8a3660f1 - <<std[70759c8f55707aa4]::sys::backtrace::BacktraceLock>::print::DisplayBacktrace as core[df12db4294e9bfd3]::fmt::Display>::fmt
[INFO] [stdout]    1:     0x5ffe8a37b6da - core[df12db4294e9bfd3]::fmt::write
[INFO] [stdout]    2:     0x5ffe8a36a5dc - <alloc[2182bb758b4b3781]::vec::Vec<u8> as core[df12db4294e9bfd3]::io::write::Write>::write_fmt
[INFO] [stdout]    3:     0x5ffe8a341ff6 - std[70759c8f55707aa4]::panicking::default_hook::{closure#0}
[INFO] [stdout]    4:     0x5ffe8a35e309 - std[70759c8f55707aa4]::panicking::default_hook
[INFO] [stdout]    5:     0x5ffe8a2a10c0 - test[9d35eded1c95d3be]::test_main_inner::<test[9d35eded1c95d3be]::test_main_static::{closure#0}>::{closure#0}
[INFO] [stdout]    6:     0x5ffe8a35e632 - std[70759c8f55707aa4]::panicking::panic_with_hook
[INFO] [stdout]    7:     0x5ffe8a3420a2 - std[70759c8f55707aa4]::panicking::panic_handler::{closure#0}
[INFO] [stdout]    8:     0x5ffe8a33ac99 - std[70759c8f55707aa4]::sys::backtrace::__rust_end_short_backtrace::<std[70759c8f55707aa4]::panicking::panic_handler::{closure#0}, !>
[INFO] [stdout]    9:     0x5ffe8a342c9d - __rustc[8fa7c3cbc660c2b3]::rust_begin_unwind
[INFO] [stdout]   10:     0x5ffe8a37be0c - core[df12db4294e9bfd3]::panicking::panic_fmt
[INFO] [stdout]   11:     0x5ffe8a37bbe2 - core[df12db4294e9bfd3]::result::unwrap_failed
[INFO] [stdout]   12:     0x5ffe8a27e8bb - flow[33fefe20c5a0540a]::common::fixture
[INFO] [stdout]   13:     0x5ffe8a27b484 - <flow[33fefe20c5a0540a]::an_unstated_direction_is_flagged_not_hidden::{closure#0} as core[df12db4294e9bfd3]::ops::function::FnOnce<()>>::call_once
[INFO] [stdout]   14:     0x5ffe8a2943ab - test[9d35eded1c95d3be]::__rust_begin_short_backtrace::<core[df12db4294e9bfd3]::result::Result<(), alloc[2182bb758b4b3781]::string::String>, fn() -> core[df12db4294e9bfd3]::result::Result<(), alloc[2182bb758b4b3781]::string::String>>
[INFO] [stdout]   15:     0x5ffe8a2a1a15 - test[9d35eded1c95d3be]::run_test::{closure#0}
[INFO] [stdout]   16:     0x5ffe8a29b2d4 - std[70759c8f55707aa4]::sys::backtrace::__rust_begin_short_backtrace::<test[9d35eded1c95d3be]::run_test::{closure#1}, ()>
[INFO] [stdout]   17:     0x5ffe8a2a4b72 - <std[70759c8f55707aa4]::thread::lifecycle::spawn_unchecked<test[9d35eded1c95d3be]::run_test::{closure#1}, ()>::{closure#1} as core[df12db4294e9bfd3]::ops::function::FnOnce<()>>::call_once::{shim:vtable#0}
[INFO] [stdout]   18:     0x5ffe8a365699 - <std[70759c8f55707aa4]::sys::thread::unix::Thread>::new::thread_start
[INFO] [stdout]   19:     0x7d16ecde6dfa - <unknown>
[INFO] [stdout]   20:     0x7d16ece7a3d4 - clone
[INFO] [stdout]   21:                0x0 - <unknown>
[INFO] [stdout] 
[INFO] [stdout] ---- downstream_and_upstream_differ stdout ----
[INFO] [stdout] 
[INFO] [stdout] thread 'downstream_and_upstream_differ' (1070) panicked at tests/common/mod.rs:24:10:
[INFO] [stdout] fixture parses: Io("No such file or directory (os error 2)")
[INFO] [stdout] stack backtrace:
[INFO] [stdout]    0:     0x5ffe8a3660f1 - <<std[70759c8f55707aa4]::sys::backtrace::BacktraceLock>::print::DisplayBacktrace as core[df12db4294e9bfd3]::fmt::Display>::fmt
[INFO] [stdout]    1:     0x5ffe8a37b6da - core[df12db4294e9bfd3]::fmt::write
[INFO] [stdout]    2:     0x5ffe8a36a5dc - <alloc[2182bb758b4b3781]::vec::Vec<u8> as core[df12db4294e9bfd3]::io::write::Write>::write_fmt
[INFO] [stdout]    3:     0x5ffe8a341ff6 - std[70759c8f55707aa4]::panicking::default_hook::{closure#0}
[INFO] [stdout]    4:     0x5ffe8a35e309 - std[70759c8f55707aa4]::panicking::default_hook
[INFO] [stdout]    5:     0x5ffe8a2a10c0 - test[9d35eded1c95d3be]::test_main_inner::<test[9d35eded1c95d3be]::test_main_static::{closure#0}>::{closure#0}
[INFO] [stdout]    6:     0x5ffe8a35e632 - std[70759c8f55707aa4]::panicking::panic_with_hook
[INFO] [stdout]    7:     0x5ffe8a3420a2 - std[70759c8f55707aa4]::panicking::panic_handler::{closure#0}
[INFO] [stdout]    8:     0x5ffe8a33ac99 - std[70759c8f55707aa4]::sys::backtrace::__rust_end_short_backtrace::<std[70759c8f55707aa4]::panicking::panic_handler::{closure#0}, !>
[INFO] [stdout]    9:     0x5ffe8a342c9d - __rustc[8fa7c3cbc660c2b3]::rust_begin_unwind
[INFO] [stdout]   10:     0x5ffe8a37be0c - core[df12db4294e9bfd3]::panicking::panic_fmt
[INFO] [stdout]   11:     0x5ffe8a37bbe2 - core[df12db4294e9bfd3]::result::unwrap_failed
[INFO] [stdout]   12:     0x5ffe8a27e8bb - flow[33fefe20c5a0540a]::common::fixture
[INFO] [stdout]   13:     0x5ffe8a276054 - <flow[33fefe20c5a0540a]::downstream_and_upstream_differ::{closure#0} as core[df12db4294e9bfd3]::ops::function::FnOnce<()>>::call_once
[INFO] [stdout]   14:     0x5ffe8a2943ab - test[9d35eded1c95d3be]::__rust_begin_short_backtrace::<core[df12db4294e9bfd3]::result::Result<(), alloc[2182bb758b4b3781]::string::String>, fn() -> core[df12db4294e9bfd3]::result::Result<(), alloc[2182bb758b4b3781]::string::String>>
[INFO] [stdout]   15:     0x5ffe8a2a1a15 - test[9d35eded1c95d3be]::run_test::{closure#0}
[INFO] [stdout]   16:     0x5ffe8a29b2d4 - std[70759c8f55707aa4]::sys::backtrace::__rust_begin_short_backtrace::<test[9d35eded1c95d3be]::run_test::{closure#1}, ()>
[INFO] [stdout]   17:     0x5ffe8a2a4b72 - <std[70759c8f55707aa4]::thread::lifecycle::spawn_unchecked<test[9d35eded1c95d3be]::run_test::{closure#1}, ()>::{closure#1} as core[df12db4294e9bfd3]::ops::function::FnOnce<()>>::call_once::{shim:vtable#0}
[INFO] [stdout]   18:     0x5ffe8a365699 - <std[70759c8f55707aa4]::sys::thread::unix::Thread>::new::thread_start
[INFO] [stdout]   19:     0x7d16ecde6dfa - <unknown>
[INFO] [stdout]   20:     0x7d16ece7a3d4 - clone
[INFO] [stdout]   21:                0x0 - <unknown>
[INFO] [stdout] 
[INFO] [stdout] ---- a_one_way_spur_is_reachable_in_one_direction_only stdout ----
[INFO] [stdout] 
[INFO] [stdout] thread 'a_one_way_spur_is_reachable_in_one_direction_only' (1061) panicked at tests/common/mod.rs:24:10:
[INFO] [stdout] fixture parses: Io("No such file or directory (os error 2)")
[INFO] [stdout] stack backtrace:
[INFO] [stdout]    0:     0x5ffe8a3660f1 - <<std[70759c8f55707aa4]::sys::backtrace::BacktraceLock>::print::DisplayBacktrace as core[df12db4294e9bfd3]::fmt::Display>::fmt
[INFO] [stdout]    1:     0x5ffe8a37b6da - core[df12db4294e9bfd3]::fmt::write
[INFO] [stdout]    2:     0x5ffe8a36a5dc - <alloc[2182bb758b4b3781]::vec::Vec<u8> as core[df12db4294e9bfd3]::io::write::Write>::write_fmt
[INFO] [stdout]    3:     0x5ffe8a341ff6 - std[70759c8f55707aa4]::panicking::default_hook::{closure#0}
[INFO] [stdout]    4:     0x5ffe8a35e309 - std[70759c8f55707aa4]::panicking::default_hook
[INFO] [stdout]    5:     0x5ffe8a2a10c0 - test[9d35eded1c95d3be]::test_main_inner::<test[9d35eded1c95d3be]::test_main_static::{closure#0}>::{closure#0}
[INFO] [stdout]    6:     0x5ffe8a35e632 - std[70759c8f55707aa4]::panicking::panic_with_hook
[INFO] [stdout]    7:     0x5ffe8a3420a2 - std[70759c8f55707aa4]::panicking::panic_handler::{closure#0}
[INFO] [stdout]    8:     0x5ffe8a33ac99 - std[70759c8f55707aa4]::sys::backtrace::__rust_end_short_backtrace::<std[70759c8f55707aa4]::panicking::panic_handler::{closure#0}, !>
[INFO] [stdout]    9:     0x5ffe8a342c9d - __rustc[8fa7c3cbc660c2b3]::rust_begin_unwind
[INFO] [stdout]   10:     0x5ffe8a37be0c - core[df12db4294e9bfd3]::panicking::panic_fmt
[INFO] [stdout]   11:     0x5ffe8a37bbe2 - core[df12db4294e9bfd3]::result::unwrap_failed
[INFO] [stdout]   12:     0x5ffe8a27e8bb - flow[33fefe20c5a0540a]::common::fixture
[INFO] [stdout]   13:     0x5ffe8a27be84 - <flow[33fefe20c5a0540a]::a_one_way_spur_is_reachable_in_one_direction_only::{closure#0} as core[df12db4294e9bfd3]::ops::function::FnOnce<()>>::call_once
[INFO] [stdout]   14:     0x5ffe8a2943ab - test[9d35eded1c95d3be]::__rust_begin_short_backtrace::<core[df12db4294e9bfd3]::result::Result<(), alloc[2182bb758b4b3781]::string::String>, fn() -> core[df12db4294e9bfd3]::result::Result<(), alloc[2182bb758b4b3781]::string::String>>
[INFO] [stdout]   15:     0x5ffe8a2a1a15 - test[9d35eded1c95d3be]::run_test::{closure#0}
[INFO] [stdout]   16:     0x5ffe8a29b2d4 - std[70759c8f55707aa4]::sys::backtrace::__rust_begin_short_backtrace::<test[9d35eded1c95d3be]::run_test::{closure#1}, ()>
[INFO] [stdout]   17:     0x5ffe8a2a4b72 - <std[70759c8f55707aa4]::thread::lifecycle::spawn_unchecked<test[9d35eded1c95d3be]::run_test::{closure#1}, ()>::{closure#1} as core[df12db4294e9bfd3]::ops::function::FnOnce<()>>::call_once::{shim:vtable#0}
[INFO] [stdout]   18:     0x5ffe8a365699 - <std[70759c8f55707aa4]::sys::thread::unix::Thread>::new::thread_start
[INFO] [stdout]   19:     0x7d16ecde6dfa - <unknown>
[INFO] [stdout]   20:     0x7d16ece7a3d4 - clone
[INFO] [stdout]   21:                0x0 - <unknown>
[INFO] [stdout] 
[INFO] [stdout] ---- element_roles_come_from_schema_ancestry stdout ----
[INFO] [stdout] 
[INFO] [stdout] thread 'element_roles_come_from_schema_ancestry' (1071) panicked at tests/common/mod.rs:24:10:
[INFO] [stdout] fixture parses: Io("No such file or directory (os error 2)")
[INFO] [stdout] stack backtrace:
[INFO] [stdout]    0:     0x5ffe8a3660f1 - <<std[70759c8f55707aa4]::sys::backtrace::BacktraceLock>::print::DisplayBacktrace as core[df12db4294e9bfd3]::fmt::Display>::fmt
[INFO] [stdout]    1:     0x5ffe8a37b6da - core[df12db4294e9bfd3]::fmt::write
[INFO] [stdout]    2:     0x5ffe8a36a5dc - <alloc[2182bb758b4b3781]::vec::Vec<u8> as core[df12db4294e9bfd3]::io::write::Write>::write_fmt
[INFO] [stdout]    3:     0x5ffe8a341ff6 - std[70759c8f55707aa4]::panicking::default_hook::{closure#0}
[INFO] [stdout]    4:     0x5ffe8a35e309 - std[70759c8f55707aa4]::panicking::default_hook
[INFO] [stdout]    5:     0x5ffe8a2a10c0 - test[9d35eded1c95d3be]::test_main_inner::<test[9d35eded1c95d3be]::test_main_static::{closure#0}>::{closure#0}
[INFO] [stdout]    6:     0x5ffe8a35e632 - std[70759c8f55707aa4]::panicking::panic_with_hook
[INFO] [stdout]    7:     0x5ffe8a3420a2 - std[70759c8f55707aa4]::panicking::panic_handler::{closure#0}
[INFO] [stdout]    8:     0x5ffe8a33ac99 - std[70759c8f55707aa4]::sys::backtrace::__rust_end_short_backtrace::<std[70759c8f55707aa4]::panicking::panic_handler::{closure#0}, !>
[INFO] [stdout]    9:     0x5ffe8a342c9d - __rustc[8fa7c3cbc660c2b3]::rust_begin_unwind
[INFO] [stdout]   10:     0x5ffe8a37be0c - core[df12db4294e9bfd3]::panicking::panic_fmt
[INFO] [stdout]   11:     0x5ffe8a37bbe2 - core[df12db4294e9bfd3]::result::unwrap_failed
[INFO] [stdout]   12:     0x5ffe8a27e8bb - flow[33fefe20c5a0540a]::common::fixture
[INFO] [stdout]   13:     0x5ffe8a279c84 - <flow[33fefe20c5a0540a]::element_roles_come_from_schema_ancestry::{closure#0} as core[df12db4294e9bfd3]::ops::function::FnOnce<()>>::call_once
[INFO] [stdout]   14:     0x5ffe8a2943ab - test[9d35eded1c95d3be]::__rust_begin_short_backtrace::<core[df12db4294e9bfd3]::result::Result<(), alloc[2182bb758b4b3781]::string::String>, fn() -> core[df12db4294e9bfd3]::result::Result<(), alloc[2182bb758b4b3781]::string::String>>
[INFO] [stdout]   15:     0x5ffe8a2a1a15 - test[9d35eded1c95d3be]::run_test::{closure#0}
[INFO] [stdout]   16:     0x5ffe8a29b2d4 - std[70759c8f55707aa4]::sys::backtrace::__rust_begin_short_backtrace::<test[9d35eded1c95d3be]::run_test::{closure#1}, ()>
[INFO] [stdout]   17:     0x5ffe8a2a4b72 - <std[70759c8f55707aa4]::thread::lifecycle::spawn_unchecked<test[9d35eded1c95d3be]::run_test::{closure#1}, ()>::{closure#1} as core[df12db4294e9bfd3]::ops::function::FnOnce<()>>::call_once::{shim:vtable#0}
[INFO] [stdout]   18:     0x5ffe8a365699 - <std[70759c8f55707aa4]::sys::thread::unix::Thread>::new::thread_start
[INFO] [stdout]   19:     0x7d16ecde6dfa - <unknown>
[INFO] [stdout]   20:     0x7d16ece7a3d4 - clone
[INFO] [stdout]   21:                0x0 - <unknown>
[INFO] [stdout] 
[INFO] [stdout] ---- a_directed_query_terminates_on_a_loop stdout ----
[INFO] [stdout] 
[INFO] [stdout] thread 'a_directed_query_terminates_on_a_loop' (1060) panicked at tests/common/mod.rs:24:10:
[INFO] [stdout] fixture parses: Io("No such file or directory (os error 2)")
[INFO] [stdout] stack backtrace:
[INFO] [stdout]    0:     0x5ffe8a3660f1 - <<std[70759c8f55707aa4]::sys::backtrace::BacktraceLock>::print::DisplayBacktrace as core[df12db4294e9bfd3]::fmt::Display>::fmt
[INFO] [stdout]    1:     0x5ffe8a37b6da - core[df12db4294e9bfd3]::fmt::write
[INFO] [stdout]    2:     0x5ffe8a36a5dc - <alloc[2182bb758b4b3781]::vec::Vec<u8> as core[df12db4294e9bfd3]::io::write::Write>::write_fmt
[INFO] [stdout]    3:     0x5ffe8a341ff6 - std[70759c8f55707aa4]::panicking::default_hook::{closure#0}
[INFO] [stdout]    4:     0x5ffe8a35e309 - std[70759c8f55707aa4]::panicking::default_hook
[INFO] [stdout]    5:     0x5ffe8a2a10c0 - test[9d35eded1c95d3be]::test_main_inner::<test[9d35eded1c95d3be]::test_main_static::{closure#0}>::{closure#0}
[INFO] [stdout]    6:     0x5ffe8a35e632 - std[70759c8f55707aa4]::panicking::panic_with_hook
[INFO] [stdout]    7:     0x5ffe8a3420a2 - std[70759c8f55707aa4]::panicking::panic_handler::{closure#0}
[INFO] [stdout]    8:     0x5ffe8a33ac99 - std[70759c8f55707aa4]::sys::backtrace::__rust_end_short_backtrace::<std[70759c8f55707aa4]::panicking::panic_handler::{closure#0}, !>
[INFO] [stdout]    9:     0x5ffe8a342c9d - __rustc[8fa7c3cbc660c2b3]::rust_begin_unwind
[INFO] [stdout]   10:     0x5ffe8a37be0c - core[df12db4294e9bfd3]::panicking::panic_fmt
[INFO] [stdout]   11:     0x5ffe8a37bbe2 - core[df12db4294e9bfd3]::result::unwrap_failed
[INFO] [stdout]   12:     0x5ffe8a27e8bb - flow[33fefe20c5a0540a]::common::fixture
[INFO] [stdout]   13:     0x5ffe8a278804 - <flow[33fefe20c5a0540a]::a_directed_query_terminates_on_a_loop::{closure#0} as core[df12db4294e9bfd3]::ops::function::FnOnce<()>>::call_once
[INFO] [stdout]   14:     0x5ffe8a2943ab - test[9d35eded1c95d3be]::__rust_begin_short_backtrace::<core[df12db4294e9bfd3]::result::Result<(), alloc[2182bb758b4b3781]::string::String>, fn() -> core[df12db4294e9bfd3]::result::Result<(), alloc[2182bb758b4b3781]::string::String>>
[INFO] [stdout]   15:     0x5ffe8a2a1a15 - test[9d35eded1c95d3be]::run_test::{closure#0}
[INFO] [stdout]   16:     0x5ffe8a29b2d4 - std[70759c8f55707aa4]::sys::backtrace::__rust_begin_short_backtrace::<test[9d35eded1c95d3be]::run_test::{closure#1}, ()>
[INFO] [stdout]   17:     0x5ffe8a2a4b72 - <std[70759c8f55707aa4]::thread::lifecycle::spawn_unchecked<test[9d35eded1c95d3be]::run_test::{closure#1}, ()>::{closure#1} as core[df12db4294e9bfd3]::ops::function::FnOnce<()>>::call_once::{shim:vtable#0}
[INFO] [stdout]   18:     0x5ffe8a365699 - <std[70759c8f55707aa4]::sys::thread::unix::Thread>::new::thread_start
[INFO] [stdout]   19:     0x7d16ecde6dfa - <unknown>
[INFO] [stdout]   20:     0x7d16ece7a3d4 - clone
[INFO] [stdout]   21:                0x0 - <unknown>
[INFO] [stdout] 
[INFO] [stdout] ---- flow_does_not_run_backwards_through_a_sink stdout ----
[INFO] [stdout] 
[INFO] [stdout] thread 'flow_does_not_run_backwards_through_a_sink' (1072) panicked at tests/common/mod.rs:24:10:
[INFO] [stdout] fixture parses: Io("No such file or directory (os error 2)")
[INFO] [stdout] stack backtrace:
[INFO] [stdout]    0:     0x5ffe8a3660f1 - <<std[70759c8f55707aa4]::sys::backtrace::BacktraceLock>::print::DisplayBacktrace as core[df12db4294e9bfd3]::fmt::Display>::fmt
[INFO] [stdout]    1:     0x5ffe8a37b6da - core[df12db4294e9bfd3]::fmt::write
[INFO] [stdout]    2:     0x5ffe8a36a5dc - <alloc[2182bb758b4b3781]::vec::Vec<u8> as core[df12db4294e9bfd3]::io::write::Write>::write_fmt
[INFO] [stdout]    3:     0x5ffe8a341ff6 - std[70759c8f55707aa4]::panicking::default_hook::{closure#0}
[INFO] [stdout]    4:     0x5ffe8a35e309 - std[70759c8f55707aa4]::panicking::default_hook
[INFO] [stdout]    5:     0x5ffe8a2a10c0 - test[9d35eded1c95d3be]::test_main_inner::<test[9d35eded1c95d3be]::test_main_static::{closure#0}>::{closure#0}
[INFO] [stdout]    6:     0x5ffe8a35e632 - std[70759c8f55707aa4]::panicking::panic_with_hook
[INFO] [stdout]    7:     0x5ffe8a3420a2 - std[70759c8f55707aa4]::panicking::panic_handler::{closure#0}
[INFO] [stdout]    8:     0x5ffe8a33ac99 - std[70759c8f55707aa4]::sys::backtrace::__rust_end_short_backtrace::<std[70759c8f55707aa4]::panicking::panic_handler::{closure#0}, !>
[INFO] [stdout]    9:     0x5ffe8a342c9d - __rustc[8fa7c3cbc660c2b3]::rust_begin_unwind
[INFO] [stdout]   10:     0x5ffe8a37be0c - core[df12db4294e9bfd3]::panicking::panic_fmt
[INFO] [stdout]   11:     0x5ffe8a37bbe2 - core[df12db4294e9bfd3]::result::unwrap_failed
[INFO] [stdout]   12:     0x5ffe8a27e8bb - flow[33fefe20c5a0540a]::common::fixture
[INFO] [stdout]   13:     0x5ffe8a27ae84 - <flow[33fefe20c5a0540a]::flow_does_not_run_backwards_through_a_sink::{closure#0} as core[df12db4294e9bfd3]::ops::function::FnOnce<()>>::call_once
[INFO] [stdout]   14:     0x5ffe8a2943ab - test[9d35eded1c95d3be]::__rust_begin_short_backtrace::<core[df12db4294e9bfd3]::result::Result<(), alloc[2182bb758b4b3781]::string::String>, fn() -> core[df12db4294e9bfd3]::result::Result<(), alloc[2182bb758b4b3781]::string::String>>
[INFO] [stdout]   15:     0x5ffe8a2a1a15 - test[9d35eded1c95d3be]::run_test::{closure#0}
[INFO] [stdout]   16:     0x5ffe8a29b2d4 - std[70759c8f55707aa4]::sys::backtrace::__rust_begin_short_backtrace::<test[9d35eded1c95d3be]::run_test::{closure#1}, ()>
[INFO] [stdout]   17:     0x5ffe8a2a4b72 - <std[70759c8f55707aa4]::thread::lifecycle::spawn_unchecked<test[9d35eded1c95d3be]::run_test::{closure#1}, ()>::{closure#1} as core[df12db4294e9bfd3]::ops::function::FnOnce<()>>::call_once::{shim:vtable#0}
[INFO] [stdout]   18:     0x5ffe8a365699 - <std[70759c8f55707aa4]::sys::thread::unix::Thread>::new::thread_start
[INFO] [stdout]   19:     0x7d16ecde6dfa - <unknown>
[INFO] [stdout]   20:     0x7d16ece7a3d4 - clone
[INFO] [stdout]   21:                0x0 - <unknown>
[INFO] [stdout] 
[INFO] [stdout] ---- containment_and_referencing_are_not_merged stdout ----
[INFO] [stdout] 
[INFO] [stdout] thread 'containment_and_referencing_are_not_merged' (1069) panicked at tests/common/mod.rs:24:10:
[INFO] [stdout] fixture parses: Io("No such file or directory (os error 2)")
[INFO] [stdout] stack backtrace:
[INFO] [stdout]    0:     0x5ffe8a3660f1 - <<std[70759c8f55707aa4]::sys::backtrace::BacktraceLock>::print::DisplayBacktrace as core[df12db4294e9bfd3]::fmt::Display>::fmt
[INFO] [stdout]    1:     0x5ffe8a37b6da - core[df12db4294e9bfd3]::fmt::write
[INFO] [stdout]    2:     0x5ffe8a36a5dc - <alloc[2182bb758b4b3781]::vec::Vec<u8> as core[df12db4294e9bfd3]::io::write::Write>::write_fmt
[INFO] [stdout]    3:     0x5ffe8a341ff6 - std[70759c8f55707aa4]::panicking::default_hook::{closure#0}
[INFO] [stdout]    4:     0x5ffe8a35e309 - std[70759c8f55707aa4]::panicking::default_hook
[INFO] [stdout]    5:     0x5ffe8a2a10c0 - test[9d35eded1c95d3be]::test_main_inner::<test[9d35eded1c95d3be]::test_main_static::{closure#0}>::{closure#0}
[INFO] [stdout]    6:     0x5ffe8a35e632 - std[70759c8f55707aa4]::panicking::panic_with_hook
[INFO] [stdout]    7:     0x5ffe8a3420a2 - std[70759c8f55707aa4]::panicking::panic_handler::{closure#0}
[INFO] [stdout]    8:     0x5ffe8a33ac99 - std[70759c8f55707aa4]::sys::backtrace::__rust_end_short_backtrace::<std[70759c8f55707aa4]::panicking::panic_handler::{closure#0}, !>
[INFO] [stdout]    9:     0x5ffe8a342c9d - __rustc[8fa7c3cbc660c2b3]::rust_begin_unwind
[INFO] [stdout]   10:     0x5ffe8a37be0c - core[df12db4294e9bfd3]::panicking::panic_fmt
[INFO] [stdout]   11:     0x5ffe8a37bbe2 - core[df12db4294e9bfd3]::result::unwrap_failed
[INFO] [stdout]   12:     0x5ffe8a27e8bb - flow[33fefe20c5a0540a]::common::fixture
[INFO] [stdout]   13:     0x5ffe8a27a761 - <flow[33fefe20c5a0540a]::containment_and_referencing_are_not_merged::{closure#0} as core[df12db4294e9bfd3]::ops::function::FnOnce<()>>::call_once
[INFO] [stdout]   14:     0x5ffe8a2943ab - test[9d35eded1c95d3be]::__rust_begin_short_backtrace::<core[df12db4294e9bfd3]::result::Result<(), alloc[2182bb758b4b3781]::string::String>, fn() -> core[df12db4294e9bfd3]::result::Result<(), alloc[2182bb758b4b3781]::string::String>>
[INFO] [stdout]   15:     0x5ffe8a2a1a15 - test[9d35eded1c95d3be]::run_test::{closure#0}
[INFO] [stdout]   16:     0x5ffe8a29b2d4 - std[70759c8f55707aa4]::sys::backtrace::__rust_begin_short_backtrace::<test[9d35eded1c95d3be]::run_test::{closure#1}, ()>
[INFO] [stdout]   17:     0x5ffe8a2a4b72 - <std[70759c8f55707aa4]::thread::lifecycle::spawn_unchecked<test[9d35eded1c95d3be]::run_test::{closure#1}, ()>::{closure#1} as core[df12db4294e9bfd3]::ops::function::FnOnce<()>>::call_once::{shim:vtable#0}
[INFO] [stdout]   18:     0x5ffe8a365699 - <std[70759c8f55707aa4]::sys::thread::unix::Thread>::new::thread_start
[INFO] [stdout]   19:     0x7d16ecde6dfa - <unknown>
[INFO] [stdout]   20:     0x7d16ece7a3d4 - clone
[INFO] [stdout]   21:                0x0 - <unknown>
[INFO] [stdout] 
[INFO] [stdout] 
[INFO] [stdout] failures:
[INFO] [stdout]     a_directed_query_terminates_on_a_loop
[INFO] [stdout]     a_one_way_spur_is_reachable_in_one_direction_only
[INFO] [stdout]     a_sink_cannot_emit_even_towards_an_accepting_port
[INFO] [stdout]     a_zone_member_that_wr1_forbids_is_excluded_and_reported
[INFO] [stdout]     an_element_that_cannot_pass_flow_is_reported
[INFO] [stdout]     an_unstated_direction_is_flagged_not_hidden
[INFO] [stdout]     containment_and_referencing_are_not_merged
[INFO] [stdout]     downstream_and_upstream_differ
[INFO] [stdout]     element_roles_come_from_schema_ancestry
[INFO] [stdout]     flow_does_not_run_backwards_through_a_sink
[INFO] [stdout] 
[INFO] [stdout] test result: FAILED. 3 passed; 10 failed; 0 ignored; 0 measured; 0 filtered out; finished in 0.01s
[INFO] [stdout] 
[INFO] [stderr] error: test failed, to rerun pass `--test flow`
[INFO] running `Command { std: "docker" "inspect" "c24f96fccf6e680e3aedf43e07965673c985684377db912eb47481cc18c331f8", kill_on_drop: false }`
[INFO] running `Command { std: "docker" "rm" "-f" "c24f96fccf6e680e3aedf43e07965673c985684377db912eb47481cc18c331f8", kill_on_drop: false }`
[INFO] [stdout] c24f96fccf6e680e3aedf43e07965673c985684377db912eb47481cc18c331f8
