[INFO] fetching crate ifc-schedule 0.4.0...
[INFO] testing ifc-schedule-0.4.0 against 1.100.0-beta.1+cargoflags=--release for beta-release-1.100-2
[INFO] extracting crate ifc-schedule 0.4.0 into /workspace/builds/worker-4-tc2/source
[INFO] started tweaking crates.io crate ifc-schedule 0.4.0
[INFO] removed 0 missing tests
[INFO] finished tweaking crates.io crate ifc-schedule 0.4.0
[INFO] tweaked toml for crates.io crate ifc-schedule 0.4.0 written to /workspace/builds/worker-4-tc2/source/Cargo.toml
[INFO] validating manifest of crates.io crate ifc-schedule 0.4.0 on toolchain 1.100.0-beta.1
[INFO] running `Command { std: CARGO_HOME="/workspace/cargo-home" RUSTUP_HOME="/workspace/rustup-home" "/workspace/cargo-home/bin/cargo" "+1.100.0-beta.1" "metadata" "--manifest-path" "Cargo.toml" "--no-deps", kill_on_drop: false }`
[INFO] crate crates.io crate ifc-schedule 0.4.0 already has a lockfile, it will not be regenerated
[INFO] running `Command { std: CARGO_HOME="/workspace/cargo-home" RUSTUP_HOME="/workspace/rustup-home" "/workspace/cargo-home/bin/cargo" "+1.100.0-beta.1" "fetch" "--manifest-path" "Cargo.toml", kill_on_drop: false }`
[INFO] running `Command { std: "docker" "create" "-v" "/var/lib/crater-agent-workspace/builds/worker-4-tc2/source:/opt/rustwide/workdir:ro,Z" "-v" "/var/lib/crater-agent-workspace/builds/worker-4-tc2/target:/opt/rustwide/target:rw,Z" "-v" "/var/lib/crater-agent-workspace/cargo-home:/opt/rustwide/cargo-home:ro,Z" "-v" "/var/lib/crater-agent-workspace/rustup-home:/opt/rustwide/rustup-home:ro,Z" "-m" "1610612736" "--network" "none" "ghcr.io/rust-lang/crates-build-env/linux@sha256:77db811e55d90add9212f6832c23229e3de5f1c1f9905e8cb07319ea15df73ac" "sleep" "infinity", kill_on_drop: false }`
[INFO] [stdout] 0a2da8030f1bd92e3d2c3cd828da582dcfc76a391f8f19e7529ef4d22c20f5f3
[INFO] running `Command { std: "docker" "start" "0a2da8030f1bd92e3d2c3cd828da582dcfc76a391f8f19e7529ef4d22c20f5f3", kill_on_drop: false }`
[INFO] running `Command { std: "docker" "inspect" "0a2da8030f1bd92e3d2c3cd828da582dcfc76a391f8f19e7529ef4d22c20f5f3", kill_on_drop: false }`
[INFO] running `Command { std: "docker" "exec" "-e" "SOURCE_DIR=/opt/rustwide/workdir" "-e" "CARGO_HOME=/opt/rustwide/cargo-home" "-e" "RUSTUP_HOME=/opt/rustwide/rustup-home" "-e" "CARGO_TARGET_DIR=/opt/rustwide/target" "-w" "/opt/rustwide/workdir" "--user" "0:0" "0a2da8030f1bd92e3d2c3cd828da582dcfc76a391f8f19e7529ef4d22c20f5f3" "/opt/rustwide/cargo-home/bin/cargo" "+1.100.0-beta.1" "metadata" "--no-deps" "--format-version=1", kill_on_drop: false }`
[INFO] running `Command { std: "docker" "inspect" "0a2da8030f1bd92e3d2c3cd828da582dcfc76a391f8f19e7529ef4d22c20f5f3", kill_on_drop: false }`
[INFO] running `Command { std: "docker" "exec" "-e" "SOURCE_DIR=/opt/rustwide/workdir" "-e" "CARGO_HOME=/opt/rustwide/cargo-home" "-e" "RUSTUP_HOME=/opt/rustwide/rustup-home" "-e" "CARGO_TARGET_DIR=/opt/rustwide/target" "-e" "CARGO_INCREMENTAL=0" "-e" "RUST_BACKTRACE=full" "-e" "RUSTFLAGS=--cap-lints=warn" "-e" "RUSTDOCFLAGS=--cap-lints=warn" "-w" "/opt/rustwide/workdir" "--user" "0:0" "0a2da8030f1bd92e3d2c3cd828da582dcfc76a391f8f19e7529ef4d22c20f5f3" "/opt/rustwide/cargo-home/bin/cargo" "+1.100.0-beta.1" "build" "--frozen" "--message-format=json" "--release", kill_on_drop: false }`
[INFO] [stderr]    Compiling ahash v0.8.12
[INFO] [stderr]    Compiling virtue v0.0.18
[INFO] [stderr]    Compiling unty v0.0.4
[INFO] [stderr]    Compiling syn v3.0.4
[INFO] [stderr]    Compiling getrandom v0.3.4
[INFO] [stderr]    Compiling bincode_derive v2.0.1
[INFO] [stderr]    Compiling bincode v2.0.1
[INFO] [stderr]    Compiling thiserror-impl v2.0.20
[INFO] [stderr]    Compiling thiserror v2.0.20
[INFO] [stderr]    Compiling ifc-model v0.3.1
[INFO] [stderr]    Compiling ifc-schema v0.3.0
[INFO] [stderr]    Compiling ifc-schedule v0.4.0 (/opt/rustwide/workdir)
[INFO] [stderr]     Finished `release` profile [optimized] target(s) in 19.44s
[INFO] running `Command { std: "docker" "inspect" "0a2da8030f1bd92e3d2c3cd828da582dcfc76a391f8f19e7529ef4d22c20f5f3", kill_on_drop: false }`
[INFO] running `Command { std: "docker" "exec" "-e" "SOURCE_DIR=/opt/rustwide/workdir" "-e" "CARGO_HOME=/opt/rustwide/cargo-home" "-e" "RUSTUP_HOME=/opt/rustwide/rustup-home" "-e" "CARGO_TARGET_DIR=/opt/rustwide/target" "-e" "CARGO_INCREMENTAL=0" "-e" "RUST_BACKTRACE=full" "-e" "RUSTFLAGS=--cap-lints=warn" "-e" "RUSTDOCFLAGS=--cap-lints=warn" "-w" "/opt/rustwide/workdir" "--user" "0:0" "0a2da8030f1bd92e3d2c3cd828da582dcfc76a391f8f19e7529ef4d22c20f5f3" "/opt/rustwide/cargo-home/bin/cargo" "+1.100.0-beta.1" "test" "--frozen" "--no-run" "--message-format=json" "--release", kill_on_drop: false }`
[INFO] [stderr]    Compiling getrandom v0.3.4
[INFO] [stderr]    Compiling openbim-step v0.8.0
[INFO] [stderr]    Compiling ahash v0.8.12
[INFO] [stderr]    Compiling ifc-model v0.3.1
[INFO] [stderr]    Compiling ifc-schema v0.3.0
[INFO] [stderr]    Compiling ifc-schedule v0.4.0 (/opt/rustwide/workdir)
[INFO] [stderr]    Compiling ifc-step v0.4.0
[INFO] [stderr]     Finished `release` profile [optimized] target(s) in 38.19s
[INFO] running `Command { std: "docker" "inspect" "0a2da8030f1bd92e3d2c3cd828da582dcfc76a391f8f19e7529ef4d22c20f5f3", kill_on_drop: false }`
[INFO] running `Command { std: "docker" "exec" "-e" "SOURCE_DIR=/opt/rustwide/workdir" "-e" "CARGO_HOME=/opt/rustwide/cargo-home" "-e" "RUSTUP_HOME=/opt/rustwide/rustup-home" "-e" "CARGO_TARGET_DIR=/opt/rustwide/target" "-e" "CARGO_INCREMENTAL=0" "-e" "RUST_BACKTRACE=full" "-e" "RUSTFLAGS=--cap-lints=warn" "-e" "RUSTDOCFLAGS=--cap-lints=warn" "-w" "/opt/rustwide/workdir" "--user" "0:0" "0a2da8030f1bd92e3d2c3cd828da582dcfc76a391f8f19e7529ef4d22c20f5f3" "/opt/rustwide/cargo-home/bin/cargo" "+1.100.0-beta.1" "test" "--frozen" "--release", kill_on_drop: false }`
[INFO] [stderr]     Finished `release` profile [optimized] target(s) in 0.09s
[INFO] [stdout] 
[INFO] [stderr]      Running unittests src/lib.rs (/opt/rustwide/target/release/build/ifc-schedule/90f1061751a771d3/out/ifc_schedule-90f1061751a771d3)
[INFO] [stdout] running 1 test
[INFO] [stderr]      Running tests/authoring_event_recurrence.rs (/opt/rustwide/target/release/build/ifc-schedule/1cd33e55f2494612/out/authoring_event_recurrence-1cd33e55f2494612)
[INFO] [stdout] test release::intermediate_release_tests::ifc4x1_and_ifc4x2_are_refused_not_aliased ... ok
[INFO] [stdout] 
[INFO] [stdout] test result: ok. 1 passed; 0 failed; 0 ignored; 0 measured; 0 filtered out; finished in 0.00s
[INFO] [stdout] 
[INFO] [stdout] 
[INFO] [stdout] running 8 tests
[INFO] [stdout] test out_of_range_recurrence_components_are_refused ... ok
[INFO] [stdout] test a_lag_without_its_required_fields_is_refused ... ok
[INFO] [stdout] test a_lag_reads_back_in_the_form_it_was_authored ... ok
[INFO] [stdout] test a_recurrence_pattern_reads_back ... ok
[INFO] [stdout] test an_omitted_component_set_is_written_as_absent ... ok
[INFO] [stdout] test an_authored_event_reads_back ... ok
[INFO] [stdout] test a_userdefined_discriminator_without_its_label_is_refused ... ok
[INFO] [stdout] test the_records_survive_step_text ... ok
[INFO] [stdout] 
[INFO] [stdout] test result: ok. 8 passed; 0 failed; 0 ignored; 0 measured; 0 filtered out; finished in 0.01s
[INFO] [stdout] 
[INFO] [stdout] 
[INFO] [stdout] running 4 tests
[INFO] [stderr]      Running tests/authoring_programme.rs (/opt/rustwide/target/release/build/ifc-schedule/fc5ce7e921d3fa81/out/authoring_programme-fc5ce7e921d3fa81)
[INFO] [stdout] test an_authored_calendar_separates_working_from_exception_time ... ok
[INFO] [stdout] test an_authored_programme_reads_back_through_the_queries ... ok
[INFO] [stdout] test values_that_would_parse_but_mean_nothing_are_refused ... ok
[INFO] [stderr]      Running tests/lag_time_release.rs (/opt/rustwide/target/release/build/ifc-schedule/d7b10114701f681b/out/lag_time_release-d7b10114701f681b)
[INFO] [stdout] test an_authored_programme_survives_step_text ... ok
[INFO] [stdout] 
[INFO] [stdout] test result: ok. 4 passed; 0 failed; 0 ignored; 0 measured; 0 filtered out; finished in 0.03s
[INFO] [stdout] 
[INFO] [stdout] 
[INFO] [stdout] running 3 tests
[INFO] [stdout] test value_refusals_still_apply_in_a_bound_release ... ok
[INFO] [stdout] test ifc2x3_has_no_lag_time_and_nothing_is_staged ... ok
[INFO] [stdout] test ifc4_and_ifc4x3_stage_what_the_unbound_writer_stages ... ok
[INFO] [stdout] 
[INFO] [stdout] test result: ok. 3 passed; 0 failed; 0 ignored; 0 measured; 0 filtered out; finished in 0.02s
[INFO] [stdout] 
[INFO] [stderr]      Running tests/lag_value_form.rs (/opt/rustwide/target/release/build/ifc-schedule/03f6fe42f8ce68db/out/lag_value_form-03f6fe42f8ce68db)
[INFO] [stdout] 
[INFO] [stdout] running 3 tests
[INFO] [stdout] test a_value_that_is_no_member_is_refused ... ok
[INFO] [stdout] test the_reader_accepts_both_forms ... ok
[INFO] [stdout] test a_lag_value_is_its_select_member_in_every_release ... ok
[INFO] [stdout] 
[INFO] [stdout] test result: ok. 3 passed; 0 failed; 0 ignored; 0 measured; 0 filtered out; finished in 0.02s
[INFO] [stdout] 
[INFO] [stderr]      Running tests/procedure_authoring.rs (/opt/rustwide/target/release/build/ifc-schedule/37d20060b258fa87/out/procedure_authoring-37d20060b258fa87)
[INFO] [stdout] 
[INFO] [stdout] running 4 tests
[INFO] [stderr]      Running tests/recurrence_time_periods.rs (/opt/rustwide/target/release/build/ifc-schedule/227a7fb1d9f248d0/out/recurrence_time_periods-227a7fb1d9f248d0)
[INFO] [stdout] test a_nameless_procedure_is_refused ... ok
[INFO] [stdout] test a_token_outside_the_enum_is_refused ... ok
[INFO] [stdout] test the_tail_lands_in_the_declared_slots ... ok
[INFO] [stdout] test userdefined_without_an_object_type_is_refused ... ok
[INFO] [stdout] 
[INFO] [stdout] test result: ok. 4 passed; 0 failed; 0 ignored; 0 measured; 0 filtered out; finished in 0.01s
[INFO] [stdout] 
[INFO] [stdout] 
[INFO] [stdout] running 6 tests
[INFO] [stdout] test ifc2x3_refuses_both_writers ... ok
[INFO] [stdout] test a_calendar_pattern_reads_days_months_and_periods ... ok
[INFO] [stdout] test a_pattern_with_periods_round_trips_in_ifc4_and_ifc4x3 ... ok
[INFO] [stdout] test the_pattern_is_eight_attributes_in_ifc4_and_ifc4x3 ... ok
[INFO] [stdout] test bound_and_unbound_writers_agree ... ok
[INFO] [stdout] test a_bad_period_reference_is_refused ... ok
[INFO] [stdout] 
[INFO] [stdout] test result: ok. 6 passed; 0 failed; 0 ignored; 0 measured; 0 filtered out; finished in 0.02s
[INFO] [stdout] 
[INFO] [stderr]      Running tests/recurring_time.rs (/opt/rustwide/target/release/build/ifc-schedule/24dbc11ee9ed5764/out/recurring_time-24dbc11ee9ed5764)
[INFO] [stdout] 
[INFO] [stdout] running 4 tests
[INFO] [stdout] test a_time_period_stages ... ok
[INFO] [stdout] test a_blank_time_period_bound_is_refused ... ok
[INFO] [stdout] test a_recurring_task_time_stages ... ok
[INFO] [stdout] test a_non_pattern_recurrence_is_refused ... ok
[INFO] [stdout] 
[INFO] [stdout] test result: ok. 4 passed; 0 failed; 0 ignored; 0 measured; 0 filtered out; finished in 0.00s
[INFO] [stdout] 
[INFO] [stderr]      Running tests/release_authoring.rs (/opt/rustwide/target/release/build/ifc-schedule/8651f2687956a20b/out/release_authoring-8651f2687956a20b)
[INFO] [stdout] 
[INFO] [stdout] running 2 tests
[INFO] [stdout] test ifc4_and_ifc4x3_records_are_unchanged ... ok
[INFO] [stdout] test schedule_records_round_trip_in_their_release ... ok
[INFO] [stdout] 
[INFO] [stdout] test result: ok. 2 passed; 0 failed; 0 ignored; 0 measured; 0 filtered out; finished in 0.02s
[INFO] [stdout] 
[INFO] [stderr]      Running tests/release_refusals.rs (/opt/rustwide/target/release/build/ifc-schedule/a3de703abde40ae0/out/release_refusals-a3de703abde40ae0)
[INFO] [stdout] 
[INFO] [stdout] running 8 tests
[INFO] [stdout] test ifc2x3_procedures_need_their_type_and_a_userdefined_label ... ok
[INFO] [stdout] test ifc2x3_refuses_other_forms_and_absent_entities ... ok
[INFO] [stdout] test ifc2x3_date_records_follow_the_schema_rules ... ok
[INFO] [stdout] test owner_history_and_binding_are_checked ... ok
[INFO] [stdout] test ifc2x3_refuses_task_values_it_lacks ... ok
[INFO] [stdout] test plain_writers_refuse_the_ifc2x3_forms ... ok
[INFO] [stdout] test enumerations_come_from_the_bound_release ... ok
[INFO] [stdout] test ifc4_and_ifc4x3_refuse_the_ifc2x3_forms ... ok
[INFO] [stdout] 
[INFO] [stdout] test result: ok. 8 passed; 0 failed; 0 ignored; 0 measured; 0 filtered out; finished in 0.03s
[INFO] [stdout] 
[INFO] [stderr]      Running tests/release_views.rs (/opt/rustwide/target/release/build/ifc-schedule/8256c50a51dbfe01/out/release_views-8256c50a51dbfe01)
[INFO] [stdout] 
[INFO] [stdout] running 7 tests
[INFO] [stdout] test unverified_and_multiple_releases_are_refused ... ok
[INFO] [stdout] test ifc2x3_schedule_time_control_is_a_typed_view ... ok
[INFO] [stdout] test an_ifc2x3_file_is_read_by_name ... ok
[INFO] [stderr]      Running tests/schedule.rs (/opt/rustwide/target/release/build/ifc-schedule/a1f104953c5dfa8a/out/schedule-a1f104953c5dfa8a)
[INFO] [stdout] test every_release_round_trips_through_the_readers ... ok
[INFO] [stdout] test deprecated_calendar_and_event_readers_keep_their_behaviour ... ok
[INFO] [stdout] test recurring_task_times_round_trip_and_ifc2x3_is_refused ... ok
[INFO] [stdout] test calendars_events_and_recurring_task_times_are_read_by_name ... ok
[INFO] [stdout] 
[INFO] [stdout] test result: ok. 7 passed; 0 failed; 0 ignored; 0 measured; 0 filtered out; finished in 0.02s
[INFO] [stdout] 
[INFO] [stdout] 
[INFO] [stdout] running 17 tests
[INFO] [stdout] test a_milestone_with_a_duration_is_an_anomaly ... FAILED
[INFO] [stdout] test a_schedule_holds_its_tasks ... FAILED
[INFO] [stdout] test execution_order_is_a_valid_topological_sort ... FAILED
[INFO] [stdout] test sequence_type_distinguishes_start_start_from_finish_start ... FAILED
[INFO] [stdout] test sequences_state_direction_type_and_lag ... FAILED
[INFO] [stdout] test an_event_states_scheduled_and_actual_dates ... FAILED
[INFO] [stdout] test execution_order_is_deterministic ... ok
[INFO] [stdout] test a_sequence_cycle_is_reported ... ok
[INFO] [stdout] test start_and_end_tasks_are_the_graph_boundary ... FAILED
[INFO] [stdout] test work_controls_read_their_inherited_slots ... FAILED
[INFO] [stdout] test working_and_exception_times_are_not_interchangeable ... FAILED
[INFO] [stdout] test a_task_time_pointing_elsewhere_is_reported ... ok
[INFO] [stdout] test task_time_reads_schedule_and_float ... FAILED
[INFO] [stdout] test an_unbounded_recurrence_is_reported_not_expanded ... FAILED
[INFO] [stdout] test task_slots_match_the_schema ... FAILED
[INFO] [stdout] test tasks_nest_independently_of_sequence ... FAILED
[INFO] [stdout] test predecessors_and_successors_agree ... FAILED
[INFO] [stdout] 
[INFO] [stdout] failures:
[INFO] [stdout] 
[INFO] [stdout] ---- a_milestone_with_a_duration_is_an_anomaly stdout ----
[INFO] [stdout] 
[INFO] [stdout] thread 'a_milestone_with_a_duration_is_an_anomaly' (932) panicked at tests/schedule.rs:16:10:
[INFO] [stdout] fixture parses: Io("No such file or directory (os error 2)")
[INFO] [stdout] stack backtrace:
[INFO] [stdout]    0:     0x5f3c14b0c1e1 - <<std[617be2ca0a6fd877]::sys::backtrace::BacktraceLock>::print::DisplayBacktrace as core[a373ad73a504971]::fmt::Display>::fmt
[INFO] [stdout]    1:     0x5f3c14b216aa - core[a373ad73a504971]::fmt::write
[INFO] [stdout]    2:     0x5f3c14b1044c - <alloc[2e1b2a31b91974c5]::vec::Vec<u8> as core[a373ad73a504971]::io::write::Write>::write_fmt
[INFO] [stdout]    3:     0x5f3c14ae7f86 - std[617be2ca0a6fd877]::panicking::default_hook::{closure#0}
[INFO] [stdout]    4:     0x5f3c14b04359 - std[617be2ca0a6fd877]::panicking::default_hook
[INFO] [stdout]    5:     0x5f3c14a676d0 - test[aada8e7e76ba119b]::test_main_inner::{closure#0}
[INFO] [stdout]    6:     0x5f3c14b04682 - std[617be2ca0a6fd877]::panicking::panic_with_hook
[INFO] [stdout]    7:     0x5f3c14ae8032 - std[617be2ca0a6fd877]::panicking::panic_handler::{closure#0}
[INFO] [stdout]    8:     0x5f3c14ae0bb9 - std[617be2ca0a6fd877]::sys::backtrace::__rust_end_short_backtrace::<std[617be2ca0a6fd877]::panicking::panic_handler::{closure#0}, !>
[INFO] [stdout]    9:     0x5f3c14ae8c3d - __rustc[ea4f61d10b84890b]::rust_begin_unwind
[INFO] [stdout]   10:     0x5f3c14b21ddc - core[a373ad73a504971]::panicking::panic_fmt
[INFO] [stdout]   11:     0x5f3c14b21bb2 - core[a373ad73a504971]::result::unwrap_failed
[INFO] [stdout]   12:     0x5f3c14a1e048 - schedule[1260902c0cdf5155]::fixture
[INFO] [stdout]   13:     0x5f3c14a21d1f - <schedule[1260902c0cdf5155]::a_milestone_with_a_duration_is_an_anomaly::{closure#0} as core[a373ad73a504971]::ops::function::FnOnce<()>>::call_once
[INFO] [stdout]   14:     0x5f3c14a5ab1b - test[aada8e7e76ba119b]::__rust_begin_short_backtrace::<core[a373ad73a504971]::result::Result<(), alloc[2e1b2a31b91974c5]::string::String>, fn() -> core[a373ad73a504971]::result::Result<(), alloc[2e1b2a31b91974c5]::string::String>>
[INFO] [stdout]   15:     0x5f3c14a67cf5 - test[aada8e7e76ba119b]::run_test::{closure#0}
[INFO] [stdout]   16:     0x5f3c14a615e4 - std[617be2ca0a6fd877]::sys::backtrace::__rust_begin_short_backtrace::<test[aada8e7e76ba119b]::run_test::{closure#1}, ()>
[INFO] [stdout]   17:     0x5f3c14a6ad82 - <std[617be2ca0a6fd877]::thread::lifecycle::spawn_unchecked<test[aada8e7e76ba119b]::run_test::{closure#1}, ()>::{closure#1} as core[a373ad73a504971]::ops::function::FnOnce<()>>::call_once::{shim:vtable#0}
[INFO] [stdout]   18:     0x5f3c14b0b71f - <std[617be2ca0a6fd877]::sys::thread::unix::Thread>::new::thread_start
[INFO] [stdout]   19:     0x741c4b099dfa - <unknown>
[INFO] [stdout]   20:     0x741c4b12d3d4 - clone
[INFO] [stdout]   21:                0x0 - <unknown>
[INFO] [stdout] 
[INFO] [stdout] ---- a_schedule_holds_its_tasks stdout ----
[INFO] [stdout] 
[INFO] [stdout] thread 'a_schedule_holds_its_tasks' (933) panicked at tests/schedule.rs:16:10:
[INFO] [stdout] fixture parses: Io("No such file or directory (os error 2)")
[INFO] [stdout] stack backtrace:
[INFO] [stdout]    0:     0x5f3c14b0c1e1 - <<std[617be2ca0a6fd877]::sys::backtrace::BacktraceLock>::print::DisplayBacktrace as core[a373ad73a504971]::fmt::Display>::fmt
[INFO] [stdout]    1:     0x5f3c14b216aa - core[a373ad73a504971]::fmt::write
[INFO] [stdout]    2:     0x5f3c14b1044c - <alloc[2e1b2a31b91974c5]::vec::Vec<u8> as core[a373ad73a504971]::io::write::Write>::write_fmt
[INFO] [stdout]    3:     0x5f3c14ae7f86 - std[617be2ca0a6fd877]::panicking::default_hook::{closure#0}
[INFO] [stdout]    4:     0x5f3c14b04359 - std[617be2ca0a6fd877]::panicking::default_hook
[INFO] [stdout]    5:     0x5f3c14a676d0 - test[aada8e7e76ba119b]::test_main_inner::{closure#0}
[INFO] [stdout]    6:     0x5f3c14b04682 - std[617be2ca0a6fd877]::panicking::panic_with_hook
[INFO] [stdout]    7:     0x5f3c14ae8032 - std[617be2ca0a6fd877]::panicking::panic_handler::{closure#0}
[INFO] [stdout]    8:     0x5f3c14ae0bb9 - std[617be2ca0a6fd877]::sys::backtrace::__rust_end_short_backtrace::<std[617be2ca0a6fd877]::panicking::panic_handler::{closure#0}, !>
[INFO] [stdout]    9:     0x5f3c14ae8c3d - __rustc[ea4f61d10b84890b]::rust_begin_unwind
[INFO] [stdout]   10:     0x5f3c14b21ddc - core[a373ad73a504971]::panicking::panic_fmt
[INFO] [stdout]   11:     0x5f3c14b21bb2 - core[a373ad73a504971]::result::unwrap_failed
[INFO] [stdout]   12:     0x5f3c14a1e048 - schedule[1260902c0cdf5155]::fixture
[INFO] [stdout]   13:     0x5f3c14a1eece - <schedule[1260902c0cdf5155]::a_schedule_holds_its_tasks::{closure#0} as core[a373ad73a504971]::ops::function::FnOnce<()>>::call_once
[INFO] [stdout]   14:     0x5f3c14a5ab1b - test[aada8e7e76ba119b]::__rust_begin_short_backtrace::<core[a373ad73a504971]::result::Result<(), alloc[2e1b2a31b91974c5]::string::String>, fn() -> core[a373ad73a504971]::result::Result<(), alloc[2e1b2a31b91974c5]::string::String>>
[INFO] [stdout]   15:     0x5f3c14a67cf5 - test[aada8e7e76ba119b]::run_test::{closure#0}
[INFO] [stdout]   16:     0x5f3c14a615e4 - std[617be2ca0a6fd877]::sys::backtrace::__rust_begin_short_backtrace::<test[aada8e7e76ba119b]::run_test::{closure#1}, ()>
[INFO] [stdout]   17:     0x5f3c14a6ad82 - <std[617be2ca0a6fd877]::thread::lifecycle::spawn_unchecked<test[aada8e7e76ba119b]::run_test::{closure#1}, ()>::{closure#1} as core[a373ad73a504971]::ops::function::FnOnce<()>>::call_once::{shim:vtable#0}
[INFO] [stdout]   18:     0x5f3c14b0b71f - <std[617be2ca0a6fd877]::sys::thread::unix::Thread>::new::thread_start
[INFO] [stdout]   19:     0x741c4b099dfa - <unknown>
[INFO] [stdout]   20:     0x741c4b12d3d4 - clone
[INFO] [stdout]   21:                0x0 - <unknown>
[INFO] [stdout] 
[INFO] [stdout] ---- execution_order_is_a_valid_topological_sort stdout ----
[INFO] [stdout] 
[INFO] [stdout] thread 'execution_order_is_a_valid_topological_sort' (938) panicked at tests/schedule.rs:16:10:
[INFO] [stdout] fixture parses: Io("No such file or directory (os error 2)")
[INFO] [stdout] stack backtrace:
[INFO] [stdout]    0:     0x5f3c14b0c1e1 - <<std[617be2ca0a6fd877]::sys::backtrace::BacktraceLock>::print::DisplayBacktrace as core[a373ad73a504971]::fmt::Display>::fmt
[INFO] [stdout]    1:     0x5f3c14b216aa - core[a373ad73a504971]::fmt::write
[INFO] [stdout]    2:     0x5f3c14b1044c - <alloc[2e1b2a31b91974c5]::vec::Vec<u8> as core[a373ad73a504971]::io::write::Write>::write_fmt
[INFO] [stdout]    3:     0x5f3c14ae7f86 - std[617be2ca0a6fd877]::panicking::default_hook::{closure#0}
[INFO] [stdout]    4:     0x5f3c14b04359 - std[617be2ca0a6fd877]::panicking::default_hook
[INFO] [stdout]    5:     0x5f3c14a676d0 - test[aada8e7e76ba119b]::test_main_inner::{closure#0}
[INFO] [stdout]    6:     0x5f3c14b04682 - std[617be2ca0a6fd877]::panicking::panic_with_hook
[INFO] [stdout]    7:     0x5f3c14ae8032 - std[617be2ca0a6fd877]::panicking::panic_handler::{closure#0}
[INFO] [stdout]    8:     0x5f3c14ae0bb9 - std[617be2ca0a6fd877]::sys::backtrace::__rust_end_short_backtrace::<std[617be2ca0a6fd877]::panicking::panic_handler::{closure#0}, !>
[INFO] [stdout]    9:     0x5f3c14ae8c3d - __rustc[ea4f61d10b84890b]::rust_begin_unwind
[INFO] [stdout]   10:     0x5f3c14b21ddc - core[a373ad73a504971]::panicking::panic_fmt
[INFO] [stdout]   11:     0x5f3c14b21bb2 - core[a373ad73a504971]::result::unwrap_failed
[INFO] [stdout]   12:     0x5f3c14a1e048 - schedule[1260902c0cdf5155]::fixture
[INFO] [stdout]   13:     0x5f3c14a22d04 - <schedule[1260902c0cdf5155]::execution_order_is_a_valid_topological_sort::{closure#0} as core[a373ad73a504971]::ops::function::FnOnce<()>>::call_once
[INFO] [stdout]   14:     0x5f3c14a5ab1b - test[aada8e7e76ba119b]::__rust_begin_short_backtrace::<core[a373ad73a504971]::result::Result<(), alloc[2e1b2a31b91974c5]::string::String>, fn() -> core[a373ad73a504971]::result::Result<(), alloc[2e1b2a31b91974c5]::string::String>>
[INFO] [stdout]   15:     0x5f3c14a67cf5 - test[aada8e7e76ba119b]::run_test::{closure#0}
[INFO] [stdout]   16:     0x5f3c14a615e4 - std[617be2ca0a6fd877]::sys::backtrace::__rust_begin_short_backtrace::<test[aada8e7e76ba119b]::run_test::{closure#1}, ()>
[INFO] [stdout]   17:     0x5f3c14a6ad82 - <std[617be2ca0a6fd877]::thread::lifecycle::spawn_unchecked<test[aada8e7e76ba119b]::run_test::{closure#1}, ()>::{closure#1} as core[a373ad73a504971]::ops::function::FnOnce<()>>::call_once::{shim:vtable#0}
[INFO] [stdout]   18:     0x5f3c14b0b71f - <std[617be2ca0a6fd877]::sys::thread::unix::Thread>::new::thread_start
[INFO] [stdout]   19:     0x741c4b099dfa - <unknown>
[INFO] [stdout]   20:     0x741c4b12d3d4 - clone
[INFO] [stdout]   21:                0x0 - <unknown>
[INFO] [stdout] 
[INFO] [stdout] ---- sequence_type_distinguishes_start_start_from_finish_start stdout ----
[INFO] [stdout] 
[INFO] [stdout] thread 'sequence_type_distinguishes_start_start_from_finish_start' (941) panicked at tests/schedule.rs:16:10:
[INFO] [stdout] fixture parses: Io("No such file or directory (os error 2)")
[INFO] [stdout] stack backtrace:
[INFO] [stdout]    0:     0x5f3c14b0c1e1 - <<std[617be2ca0a6fd877]::sys::backtrace::BacktraceLock>::print::DisplayBacktrace as core[a373ad73a504971]::fmt::Display>::fmt
[INFO] [stdout]    1:     0x5f3c14b216aa - core[a373ad73a504971]::fmt::write
[INFO] [stdout]    2:     0x5f3c14b1044c - <alloc[2e1b2a31b91974c5]::vec::Vec<u8> as core[a373ad73a504971]::io::write::Write>::write_fmt
[INFO] [stdout]    3:     0x5f3c14ae7f86 - std[617be2ca0a6fd877]::panicking::default_hook::{closure#0}
[INFO] [stdout]    4:     0x5f3c14b04359 - std[617be2ca0a6fd877]::panicking::default_hook
[INFO] [stdout]    5:     0x5f3c14a676d0 - test[aada8e7e76ba119b]::test_main_inner::{closure#0}
[INFO] [stdout]    6:     0x5f3c14b04682 - std[617be2ca0a6fd877]::panicking::panic_with_hook
[INFO] [stdout]    7:     0x5f3c14ae8032 - std[617be2ca0a6fd877]::panicking::panic_handler::{closure#0}
[INFO] [stdout]    8:     0x5f3c14ae0bb9 - std[617be2ca0a6fd877]::sys::backtrace::__rust_end_short_backtrace::<std[617be2ca0a6fd877]::panicking::panic_handler::{closure#0}, !>
[INFO] [stdout]    9:     0x5f3c14ae8c3d - __rustc[ea4f61d10b84890b]::rust_begin_unwind
[INFO] [stdout]   10:     0x5f3c14b21ddc - core[a373ad73a504971]::panicking::panic_fmt
[INFO] [stdout]   11:     0x5f3c14b21bb2 - core[a373ad73a504971]::result::unwrap_failed
[INFO] [stdout]   12:     0x5f3c14a1e048 - schedule[1260902c0cdf5155]::fixture
[INFO] [stdout]   13:     0x5f3c14a23974 - <schedule[1260902c0cdf5155]::sequence_type_distinguishes_start_start_from_finish_start::{closure#0} as core[a373ad73a504971]::ops::function::FnOnce<()>>::call_once
[INFO] [stdout]   14:     0x5f3c14a5ab1b - test[aada8e7e76ba119b]::__rust_begin_short_backtrace::<core[a373ad73a504971]::result::Result<(), alloc[2e1b2a31b91974c5]::string::String>, fn() -> core[a373ad73a504971]::result::Result<(), alloc[2e1b2a31b91974c5]::string::String>>
[INFO] [stdout]   15:     0x5f3c14a67cf5 - test[aada8e7e76ba119b]::run_test::{closure#0}
[INFO] [stdout]   16:     0x5f3c14a615e4 - std[617be2ca0a6fd877]::sys::backtrace::__rust_begin_short_backtrace::<test[aada8e7e76ba119b]::run_test::{closure#1}, ()>
[INFO] [stdout]   17:     0x5f3c14a6ad82 - <std[617be2ca0a6fd877]::thread::lifecycle::spawn_unchecked<test[aada8e7e76ba119b]::run_test::{closure#1}, ()>::{closure#1} as core[a373ad73a504971]::ops::function::FnOnce<()>>::call_once::{shim:vtable#0}
[INFO] [stdout]   18:     0x5f3c14b0b71f - <std[617be2ca0a6fd877]::sys::thread::unix::Thread>::new::thread_start
[INFO] [stdout]   19:     0x741c4b099dfa - <unknown>
[INFO] [stdout]   20:     0x741c4b12d3d4 - clone
[INFO] [stdout]   21:                0x0 - <unknown>
[INFO] [stdout] 
[INFO] [stdout] ---- sequences_state_direction_type_and_lag stdout ----
[INFO] [stdout] 
[INFO] [stdout] thread 'sequences_state_direction_type_and_lag' (942) panicked at tests/schedule.rs:16:10:
[INFO] [stdout] fixture parses: Io("No such file or directory (os error 2)")
[INFO] [stdout] stack backtrace:
[INFO] [stdout]    0:     0x5f3c14b0c1e1 - <<std[617be2ca0a6fd877]::sys::backtrace::BacktraceLock>::print::DisplayBacktrace as core[a373ad73a504971]::fmt::Display>::fmt
[INFO] [stdout]    1:     0x5f3c14b216aa - core[a373ad73a504971]::fmt::write
[INFO] [stdout]    2:     0x5f3c14b1044c - <alloc[2e1b2a31b91974c5]::vec::Vec<u8> as core[a373ad73a504971]::io::write::Write>::write_fmt
[INFO] [stdout]    3:     0x5f3c14ae7f86 - std[617be2ca0a6fd877]::panicking::default_hook::{closure#0}
[INFO] [stdout]    4:     0x5f3c14b04359 - std[617be2ca0a6fd877]::panicking::default_hook
[INFO] [stdout]    5:     0x5f3c14a676d0 - test[aada8e7e76ba119b]::test_main_inner::{closure#0}
[INFO] [stdout]    6:     0x5f3c14b04682 - std[617be2ca0a6fd877]::panicking::panic_with_hook
[INFO] [stdout]    7:     0x5f3c14ae8032 - std[617be2ca0a6fd877]::panicking::panic_handler::{closure#0}
[INFO] [stdout]    8:     0x5f3c14ae0bb9 - std[617be2ca0a6fd877]::sys::backtrace::__rust_end_short_backtrace::<std[617be2ca0a6fd877]::panicking::panic_handler::{closure#0}, !>
[INFO] [stdout]    9:     0x5f3c14ae8c3d - __rustc[ea4f61d10b84890b]::rust_begin_unwind
[INFO] [stdout]   10:     0x5f3c14b21ddc - core[a373ad73a504971]::panicking::panic_fmt
[INFO] [stdout]   11:     0x5f3c14b21bb2 - core[a373ad73a504971]::result::unwrap_failed
[INFO] [stdout]   12:     0x5f3c14a1e048 - schedule[1260902c0cdf5155]::fixture
[INFO] [stdout]   13:     0x5f3c14a212d1 - <schedule[1260902c0cdf5155]::sequences_state_direction_type_and_lag::{closure#0} as core[a373ad73a504971]::ops::function::FnOnce<()>>::call_once
[INFO] [stdout]   14:     0x5f3c14a5ab1b - test[aada8e7e76ba119b]::__rust_begin_short_backtrace::<core[a373ad73a504971]::result::Result<(), alloc[2e1b2a31b91974c5]::string::String>, fn() -> core[a373ad73a504971]::result::Result<(), alloc[2e1b2a31b91974c5]::string::String>>
[INFO] [stdout]   15:     0x5f3c14a67cf5 - test[aada8e7e76ba119b]::run_test::{closure#0}
[INFO] [stdout]   16:     0x5f3c14a615e4 - std[617be2ca0a6fd877]::sys::backtrace::__rust_begin_short_backtrace::<test[aada8e7e76ba119b]::run_test::{closure#1}, ()>
[INFO] [stdout]   17:     0x5f3c14a6ad82 - <std[617be2ca0a6fd877]::thread::lifecycle::spawn_unchecked<test[aada8e7e76ba119b]::run_test::{closure#1}, ()>::{closure#1} as core[a373ad73a504971]::ops::function::FnOnce<()>>::call_once::{shim:vtable#0}
[INFO] [stdout]   18:     0x5f3c14b0b71f - <std[617be2ca0a6fd877]::sys::thread::unix::Thread>::new::thread_start
[INFO] [stdout]   19:     0x741c4b099dfa - <unknown>
[INFO] [stdout]   20:     0x741c4b12d3d4 - clone
[INFO] [stdout]   21:                0x0 - <unknown>
[INFO] [stdout] 
[INFO] [stdout] ---- an_event_states_scheduled_and_actual_dates stdout ----
[INFO] [stdout] 
[INFO] [stdout] thread 'an_event_states_scheduled_and_actual_dates' (936) panicked at tests/schedule.rs:16:10:
[INFO] [stdout] fixture parses: Io("No such file or directory (os error 2)")
[INFO] [stdout] stack backtrace:
[INFO] [stdout]    0:     0x5f3c14b0c1e1 - <<std[617be2ca0a6fd877]::sys::backtrace::BacktraceLock>::print::DisplayBacktrace as core[a373ad73a504971]::fmt::Display>::fmt
[INFO] [stdout]    1:     0x5f3c14b216aa - core[a373ad73a504971]::fmt::write
[INFO] [stdout]    2:     0x5f3c14b1044c - <alloc[2e1b2a31b91974c5]::vec::Vec<u8> as core[a373ad73a504971]::io::write::Write>::write_fmt
[INFO] [stdout]    3:     0x5f3c14ae7f86 - std[617be2ca0a6fd877]::panicking::default_hook::{closure#0}
[INFO] [stdout]    4:     0x5f3c14b04359 - std[617be2ca0a6fd877]::panicking::default_hook
[INFO] [stdout]    5:     0x5f3c14a676d0 - test[aada8e7e76ba119b]::test_main_inner::{closure#0}
[INFO] [stdout]    6:     0x5f3c14b04682 - std[617be2ca0a6fd877]::panicking::panic_with_hook
[INFO] [stdout]    7:     0x5f3c14ae8032 - std[617be2ca0a6fd877]::panicking::panic_handler::{closure#0}
[INFO] [stdout]    8:     0x5f3c14ae0bb9 - std[617be2ca0a6fd877]::sys::backtrace::__rust_end_short_backtrace::<std[617be2ca0a6fd877]::panicking::panic_handler::{closure#0}, !>
[INFO] [stdout]    9:     0x5f3c14ae8c3d - __rustc[ea4f61d10b84890b]::rust_begin_unwind
[INFO] [stdout]   10:     0x5f3c14b21ddc - core[a373ad73a504971]::panicking::panic_fmt
[INFO] [stdout]   11:     0x5f3c14b21bb2 - core[a373ad73a504971]::result::unwrap_failed
[INFO] [stdout]   12:     0x5f3c14a1e048 - schedule[1260902c0cdf5155]::fixture
[INFO] [stdout]   13:     0x5f3c14a22581 - <schedule[1260902c0cdf5155]::an_event_states_scheduled_and_actual_dates::{closure#0} as core[a373ad73a504971]::ops::function::FnOnce<()>>::call_once
[INFO] [stdout]   14:     0x5f3c14a5ab1b - test[aada8e7e76ba119b]::__rust_begin_short_backtrace::<core[a373ad73a504971]::result::Result<(), alloc[2e1b2a31b91974c5]::string::String>, fn() -> core[a373ad73a504971]::result::Result<(), alloc[2e1b2a31b91974c5]::string::String>>
[INFO] [stdout]   15:     0x5f3c14a67cf5 - test[aada8e7e76ba119b]::run_test::{closure#0}
[INFO] [stdout]   16:     0x5f3c14a615e4 - std[617be2ca0a6fd877]::sys::backtrace::__rust_begin_short_backtrace::<test[aada8e7e76ba119b]::run_test::{closure#1}, ()>
[INFO] [stdout]   17:     0x5f3c14a6ad82 - <std[617be2ca0a6fd877]::thread::lifecycle::spawn_unchecked<test[aada8e7e76ba119b]::run_test::{closure#1}, ()>::{closure#1} as core[a373ad73a504971]::ops::function::FnOnce<()>>::call_once::{shim:vtable#0}
[INFO] [stdout]   18:     0x5f3c14b0b71f - <std[617be2ca0a6fd877]::sys::thread::unix::Thread>::new::thread_start
[INFO] [stdout]   19:     0x741c4b099dfa - <unknown>
[INFO] [stdout]   20:     0x741c4b12d3d4 - clone
[INFO] [stdout]   21:                0x0 - <unknown>
[INFO] [stdout] 
[INFO] [stdout] ---- start_and_end_tasks_are_the_graph_boundary stdout ----
[INFO] [stdout] 
[INFO] [stdout] thread 'start_and_end_tasks_are_the_graph_boundary' (943) panicked at tests/schedule.rs:16:10:
[INFO] [stdout] fixture parses: Io("No such file or directory (os error 2)")
[INFO] [stdout] stack backtrace:
[INFO] [stdout]    0:     0x5f3c14b0c1e1 - <<std[617be2ca0a6fd877]::sys::backtrace::BacktraceLock>::print::DisplayBacktrace as core[a373ad73a504971]::fmt::Display>::fmt
[INFO] [stdout]    1:     0x5f3c14b216aa - core[a373ad73a504971]::fmt::write
[INFO] [stdout]    2:     0x5f3c14b1044c - <alloc[2e1b2a31b91974c5]::vec::Vec<u8> as core[a373ad73a504971]::io::write::Write>::write_fmt
[INFO] [stdout]    3:     0x5f3c14ae7f86 - std[617be2ca0a6fd877]::panicking::default_hook::{closure#0}
[INFO] [stdout]    4:     0x5f3c14b04359 - std[617be2ca0a6fd877]::panicking::default_hook
[INFO] [stdout]    5:     0x5f3c14a676d0 - test[aada8e7e76ba119b]::test_main_inner::{closure#0}
[INFO] [stdout]    6:     0x5f3c14b04682 - std[617be2ca0a6fd877]::panicking::panic_with_hook
[INFO] [stdout]    7:     0x5f3c14ae8032 - std[617be2ca0a6fd877]::panicking::panic_handler::{closure#0}
[INFO] [stdout]    8:     0x5f3c14ae0bb9 - std[617be2ca0a6fd877]::sys::backtrace::__rust_end_short_backtrace::<std[617be2ca0a6fd877]::panicking::panic_handler::{closure#0}, !>
[INFO] [stdout]    9:     0x5f3c14ae8c3d - __rustc[ea4f61d10b84890b]::rust_begin_unwind
[INFO] [stdout]   10:     0x5f3c14b21ddc - core[a373ad73a504971]::panicking::panic_fmt
[INFO] [stdout]   11:     0x5f3c14b21bb2 - core[a373ad73a504971]::result::unwrap_failed
[INFO] [stdout]   12:     0x5f3c14a1e048 - schedule[1260902c0cdf5155]::fixture
[INFO] [stdout]   13:     0x5f3c14a229cf - <schedule[1260902c0cdf5155]::start_and_end_tasks_are_the_graph_boundary::{closure#0} as core[a373ad73a504971]::ops::function::FnOnce<()>>::call_once
[INFO] [stdout]   14:     0x5f3c14a5ab1b - test[aada8e7e76ba119b]::__rust_begin_short_backtrace::<core[a373ad73a504971]::result::Result<(), alloc[2e1b2a31b91974c5]::string::String>, fn() -> core[a373ad73a504971]::result::Result<(), alloc[2e1b2a31b91974c5]::string::String>>
[INFO] [stdout]   15:     0x5f3c14a67cf5 - test[aada8e7e76ba119b]::run_test::{closure#0}
[INFO] [stdout]   16:     0x5f3c14a615e4 - std[617be2ca0a6fd877]::sys::backtrace::__rust_begin_short_backtrace::<test[aada8e7e76ba119b]::run_test::{closure#1}, ()>
[INFO] [stdout]   17:     0x5f3c14a6ad82 - <std[617be2ca0a6fd877]::thread::lifecycle::spawn_unchecked<test[aada8e7e76ba119b]::run_test::{closure#1}, ()>::{closure#1} as core[a373ad73a504971]::ops::function::FnOnce<()>>::call_once::{shim:vtable#0}
[INFO] [stdout]   18:     0x5f3c14b0b71f - <std[617be2ca0a6fd877]::sys::thread::unix::Thread>::new::thread_start
[INFO] [stdout]   19:     0x741c4b099dfa - <unknown>
[INFO] [stdout]   20:     0x741c4b12d3d4 - clone
[INFO] [stdout]   21:                0x0 - <unknown>
[INFO] [stdout] 
[INFO] [stdout] ---- work_controls_read_their_inherited_slots stdout ----
[INFO] [stdout] 
[INFO] [stdout] thread 'work_controls_read_their_inherited_slots' (947) panicked at tests/schedule.rs:16:10:
[INFO] [stdout] fixture parses: Io("No such file or directory (os error 2)")
[INFO] [stdout] stack backtrace:
[INFO] [stdout]    0:     0x5f3c14b0c1e1 - <<std[617be2ca0a6fd877]::sys::backtrace::BacktraceLock>::print::DisplayBacktrace as core[a373ad73a504971]::fmt::Display>::fmt
[INFO] [stdout]    1:     0x5f3c14b216aa - core[a373ad73a504971]::fmt::write
[INFO] [stdout]    2:     0x5f3c14b1044c - <alloc[2e1b2a31b91974c5]::vec::Vec<u8> as core[a373ad73a504971]::io::write::Write>::write_fmt
[INFO] [stdout]    3:     0x5f3c14ae7f86 - std[617be2ca0a6fd877]::panicking::default_hook::{closure#0}
[INFO] [stdout]    4:     0x5f3c14b04359 - std[617be2ca0a6fd877]::panicking::default_hook
[INFO] [stdout]    5:     0x5f3c14a676d0 - test[aada8e7e76ba119b]::test_main_inner::{closure#0}
[INFO] [stdout]    6:     0x5f3c14b04682 - std[617be2ca0a6fd877]::panicking::panic_with_hook
[INFO] [stdout]    7:     0x5f3c14ae8032 - std[617be2ca0a6fd877]::panicking::panic_handler::{closure#0}
[INFO] [stdout]    8:     0x5f3c14ae0bb9 - std[617be2ca0a6fd877]::sys::backtrace::__rust_end_short_backtrace::<std[617be2ca0a6fd877]::panicking::panic_handler::{closure#0}, !>
[INFO] [stdout]    9:     0x5f3c14ae8c3d - __rustc[ea4f61d10b84890b]::rust_begin_unwind
[INFO] [stdout]   10:     0x5f3c14b21ddc - core[a373ad73a504971]::panicking::panic_fmt
[INFO] [stdout]   11:     0x5f3c14b21bb2 - core[a373ad73a504971]::result::unwrap_failed
[INFO] [stdout]   12:     0x5f3c14a1e048 - schedule[1260902c0cdf5155]::fixture
[INFO] [stdout]   13:     0x5f3c14a21711 - <schedule[1260902c0cdf5155]::work_controls_read_their_inherited_slots::{closure#0} as core[a373ad73a504971]::ops::function::FnOnce<()>>::call_once
[INFO] [stdout]   14:     0x5f3c14a5ab1b - test[aada8e7e76ba119b]::__rust_begin_short_backtrace::<core[a373ad73a504971]::result::Result<(), alloc[2e1b2a31b91974c5]::string::String>, fn() -> core[a373ad73a504971]::result::Result<(), alloc[2e1b2a31b91974c5]::string::String>>
[INFO] [stdout]   15:     0x5f3c14a67cf5 - test[aada8e7e76ba119b]::run_test::{closure#0}
[INFO] [stdout]   16:     0x5f3c14a615e4 - std[617be2ca0a6fd877]::sys::backtrace::__rust_begin_short_backtrace::<test[aada8e7e76ba119b]::run_test::{closure#1}, ()>
[INFO] [stdout]   17:     0x5f3c14a6ad82 - <std[617be2ca0a6fd877]::thread::lifecycle::spawn_unchecked<test[aada8e7e76ba119b]::run_test::{closure#1}, ()>::{closure#1} as core[a373ad73a504971]::ops::function::FnOnce<()>>::call_once::{shim:vtable#0}
[INFO] [stdout]   18:     0x5f3c14b0b71f - <std[617be2ca0a6fd877]::sys::thread::unix::Thread>::new::thread_start
[INFO] [stdout]   19:     0x741c4b099dfa - <unknown>
[INFO] [stdout]   20:     0x741c4b12d3d4 - clone
[INFO] [stdout]   21:                0x0 - <unknown>
[INFO] [stdout] 
[INFO] [stdout] ---- working_and_exception_times_are_not_interchangeable stdout ----
[INFO] [stdout] 
[INFO] [stdout] thread 'working_and_exception_times_are_not_interchangeable' (948) panicked at tests/schedule.rs:16:10:
[INFO] [stdout] fixture parses: Io("No such file or directory (os error 2)")
[INFO] [stdout] stack backtrace:
[INFO] [stdout]    0:     0x5f3c14b0c1e1 - <<std[617be2ca0a6fd877]::sys::backtrace::BacktraceLock>::print::DisplayBacktrace as core[a373ad73a504971]::fmt::Display>::fmt
[INFO] [stdout]    1:     0x5f3c14b216aa - core[a373ad73a504971]::fmt::write
[INFO] [stdout]    2:     0x5f3c14b1044c - <alloc[2e1b2a31b91974c5]::vec::Vec<u8> as core[a373ad73a504971]::io::write::Write>::write_fmt
[INFO] [stdout]    3:     0x5f3c14ae7f86 - std[617be2ca0a6fd877]::panicking::default_hook::{closure#0}
[INFO] [stdout]    4:     0x5f3c14b04359 - std[617be2ca0a6fd877]::panicking::default_hook
[INFO] [stdout]    5:     0x5f3c14a676d0 - test[aada8e7e76ba119b]::test_main_inner::{closure#0}
[INFO] [stdout]    6:     0x5f3c14b04682 - std[617be2ca0a6fd877]::panicking::panic_with_hook
[INFO] [stdout]    7:     0x5f3c14ae8032 - std[617be2ca0a6fd877]::panicking::panic_handler::{closure#0}
[INFO] [stdout]    8:     0x5f3c14ae0bb9 - std[617be2ca0a6fd877]::sys::backtrace::__rust_end_short_backtrace::<std[617be2ca0a6fd877]::panicking::panic_handler::{closure#0}, !>
[INFO] [stdout]    9:     0x5f3c14ae8c3d - __rustc[ea4f61d10b84890b]::rust_begin_unwind
[INFO] [stdout]   10:     0x5f3c14b21ddc - core[a373ad73a504971]::panicking::panic_fmt
[INFO] [stdout]   11:     0x5f3c14b21bb2 - core[a373ad73a504971]::result::unwrap_failed
[INFO] [stdout]   12:     0x5f3c14a1e048 - schedule[1260902c0cdf5155]::fixture
[INFO] [stdout]   13:     0x5f3c14a234fe - <schedule[1260902c0cdf5155]::working_and_exception_times_are_not_interchangeable::{closure#0} as core[a373ad73a504971]::ops::function::FnOnce<()>>::call_once
[INFO] [stdout]   14:     0x5f3c14a5ab1b - test[aada8e7e76ba119b]::__rust_begin_short_backtrace::<core[a373ad73a504971]::result::Result<(), alloc[2e1b2a31b91974c5]::string::String>, fn() -> core[a373ad73a504971]::result::Result<(), alloc[2e1b2a31b91974c5]::string::String>>
[INFO] [stdout]   15:     0x5f3c14a67cf5 - test[aada8e7e76ba119b]::run_test::{closure#0}
[INFO] [stdout]   16:     0x5f3c14a615e4 - std[617be2ca0a6fd877]::sys::backtrace::__rust_begin_short_backtrace::<test[aada8e7e76ba119b]::run_test::{closure#1}, ()>
[INFO] [stdout]   17:     0x5f3c14a6ad82 - <std[617be2ca0a6fd877]::thread::lifecycle::spawn_unchecked<test[aada8e7e76ba119b]::run_test::{closure#1}, ()>::{closure#1} as core[a373ad73a504971]::ops::function::FnOnce<()>>::call_once::{shim:vtable#0}
[INFO] [stdout]   18:     0x5f3c14b0b71f - <std[617be2ca0a6fd877]::sys::thread::unix::Thread>::new::thread_start
[INFO] [stdout]   19:     0x741c4b099dfa - <unknown>
[INFO] [stdout]   20:     0x741c4b12d3d4 - clone
[INFO] [stdout]   21:                0x0 - <unknown>
[INFO] [stdout] 
[INFO] [stdout] ---- task_time_reads_schedule_and_float stdout ----
[INFO] [stdout] 
[INFO] [stdout] thread 'task_time_reads_schedule_and_float' (945) panicked at tests/schedule.rs:16:10:
[INFO] [stdout] fixture parses: Io("No such file or directory (os error 2)")
[INFO] [stdout] stack backtrace:
[INFO] [stdout]    0:     0x5f3c14b0c1e1 - <<std[617be2ca0a6fd877]::sys::backtrace::BacktraceLock>::print::DisplayBacktrace as core[a373ad73a504971]::fmt::Display>::fmt
[INFO] [stdout]    1:     0x5f3c14b216aa - core[a373ad73a504971]::fmt::write
[INFO] [stdout]    2:     0x5f3c14b1044c - <alloc[2e1b2a31b91974c5]::vec::Vec<u8> as core[a373ad73a504971]::io::write::Write>::write_fmt
[INFO] [stdout]    3:     0x5f3c14ae7f86 - std[617be2ca0a6fd877]::panicking::default_hook::{closure#0}
[INFO] [stdout]    4:     0x5f3c14b04359 - std[617be2ca0a6fd877]::panicking::default_hook
[INFO] [stdout]    5:     0x5f3c14a676d0 - test[aada8e7e76ba119b]::test_main_inner::{closure#0}
[INFO] [stdout]    6:     0x5f3c14b04682 - std[617be2ca0a6fd877]::panicking::panic_with_hook
[INFO] [stdout]    7:     0x5f3c14ae8032 - std[617be2ca0a6fd877]::panicking::panic_handler::{closure#0}
[INFO] [stdout]    8:     0x5f3c14ae0bb9 - std[617be2ca0a6fd877]::sys::backtrace::__rust_end_short_backtrace::<std[617be2ca0a6fd877]::panicking::panic_handler::{closure#0}, !>
[INFO] [stdout]    9:     0x5f3c14ae8c3d - __rustc[ea4f61d10b84890b]::rust_begin_unwind
[INFO] [stdout]   10:     0x5f3c14b21ddc - core[a373ad73a504971]::panicking::panic_fmt
[INFO] [stdout]   11:     0x5f3c14b21bb2 - core[a373ad73a504971]::result::unwrap_failed
[INFO] [stdout]   12:     0x5f3c14a1e048 - schedule[1260902c0cdf5155]::fixture
[INFO] [stdout]   13:     0x5f3c14a20bf4 - <schedule[1260902c0cdf5155]::task_time_reads_schedule_and_float::{closure#0} as core[a373ad73a504971]::ops::function::FnOnce<()>>::call_once
[INFO] [stdout]   14:     0x5f3c14a5ab1b - test[aada8e7e76ba119b]::__rust_begin_short_backtrace::<core[a373ad73a504971]::result::Result<(), alloc[2e1b2a31b91974c5]::string::String>, fn() -> core[a373ad73a504971]::result::Result<(), alloc[2e1b2a31b91974c5]::string::String>>
[INFO] [stdout]   15:     0x5f3c14a67cf5 - test[aada8e7e76ba119b]::run_test::{closure#0}
[INFO] [stdout]   16:     0x5f3c14a615e4 - std[617be2ca0a6fd877]::sys::backtrace::__rust_begin_short_backtrace::<test[aada8e7e76ba119b]::run_test::{closure#1}, ()>
[INFO] [stdout]   17:     0x5f3c14a6ad82 - <std[617be2ca0a6fd877]::thread::lifecycle::spawn_unchecked<test[aada8e7e76ba119b]::run_test::{closure#1}, ()>::{closure#1} as core[a373ad73a504971]::ops::function::FnOnce<()>>::call_once::{shim:vtable#0}
[INFO] [stdout]   18:     0x5f3c14b0b71f - <std[617be2ca0a6fd877]::sys::thread::unix::Thread>::new::thread_start
[INFO] [stdout]   19:     0x741c4b099dfa - <unknown>
[INFO] [stdout]   20:     0x741c4b12d3d4 - clone
[INFO] [stdout]   21:                0x0 - <unknown>
[INFO] [stdout] 
[INFO] [stdout] ---- an_unbounded_recurrence_is_reported_not_expanded stdout ----
[INFO] [stdout] 
[INFO] [stdout] thread 'an_unbounded_recurrence_is_reported_not_expanded' (937) panicked at tests/schedule.rs:16:10:
[INFO] [stdout] fixture parses: Io("No such file or directory (os error 2)")
[INFO] [stdout] stack backtrace:
[INFO] [stdout]    0:     0x5f3c14b0c1e1 - <<std[617be2ca0a6fd877]::sys::backtrace::BacktraceLock>::print::DisplayBacktrace as core[a373ad73a504971]::fmt::Display>::fmt
[INFO] [stdout]    1:     0x5f3c14b216aa - core[a373ad73a504971]::fmt::write
[INFO] [stdout]    2:     0x5f3c14b1044c - <alloc[2e1b2a31b91974c5]::vec::Vec<u8> as core[a373ad73a504971]::io::write::Write>::write_fmt
[INFO] [stdout]    3:     0x5f3c14ae7f86 - std[617be2ca0a6fd877]::panicking::default_hook::{closure#0}
[INFO] [stdout]    4:     0x5f3c14b04359 - std[617be2ca0a6fd877]::panicking::default_hook
[INFO] [stdout]    5:     0x5f3c14a676d0 - test[aada8e7e76ba119b]::test_main_inner::{closure#0}
[INFO] [stdout]    6:     0x5f3c14b04682 - std[617be2ca0a6fd877]::panicking::panic_with_hook
[INFO] [stdout]    7:     0x5f3c14ae8032 - std[617be2ca0a6fd877]::panicking::panic_handler::{closure#0}
[INFO] [stdout]    8:     0x5f3c14ae0bb9 - std[617be2ca0a6fd877]::sys::backtrace::__rust_end_short_backtrace::<std[617be2ca0a6fd877]::panicking::panic_handler::{closure#0}, !>
[INFO] [stdout]    9:     0x5f3c14ae8c3d - __rustc[ea4f61d10b84890b]::rust_begin_unwind
[INFO] [stdout]   10:     0x5f3c14b21ddc - core[a373ad73a504971]::panicking::panic_fmt
[INFO] [stdout]   11:     0x5f3c14b21bb2 - core[a373ad73a504971]::result::unwrap_failed
[INFO] [stdout]   12:     0x5f3c14a1e048 - schedule[1260902c0cdf5155]::fixture
[INFO] [stdout]   13:     0x5f3c14a2318c - <schedule[1260902c0cdf5155]::an_unbounded_recurrence_is_reported_not_expanded::{closure#0} as core[a373ad73a504971]::ops::function::FnOnce<()>>::call_once
[INFO] [stdout]   14:     0x5f3c14a5ab1b - test[aada8e7e76ba119b]::__rust_begin_short_backtrace::<core[a373ad73a504971]::result::Result<(), alloc[2e1b2a31b91974c5]::string::String>, fn() -> core[a373ad73a504971]::result::Result<(), alloc[2e1b2a31b91974c5]::string::String>>
[INFO] [stdout]   15:     0x5f3c14a67cf5 - test[aada8e7e76ba119b]::run_test::{closure#0}
[INFO] [stdout]   16:     0x5f3c14a615e4 - std[617be2ca0a6fd877]::sys::backtrace::__rust_begin_short_backtrace::<test[aada8e7e76ba119b]::run_test::{closure#1}, ()>
[INFO] [stdout]   17:     0x5f3c14a6ad82 - <std[617be2ca0a6fd877]::thread::lifecycle::spawn_unchecked<test[aada8e7e76ba119b]::run_test::{closure#1}, ()>::{closure#1} as core[a373ad73a504971]::ops::function::FnOnce<()>>::call_once::{shim:vtable#0}
[INFO] [stdout]   18:     0x5f3c14b0b71f - <std[617be2ca0a6fd877]::sys::thread::unix::Thread>::new::thread_start
[INFO] [stdout]   19:     0x741c4b099dfa - <unknown>
[INFO] [stdout]   20:     0x741c4b12d3d4 - clone
[INFO] [stdout]   21:                0x0 - <unknown>
[INFO] [stdout] 
[INFO] [stdout] ---- task_slots_match_the_schema stdout ----
[INFO] [stdout] 
[INFO] [stdout] thread 'task_slots_match_the_schema' (944) panicked at tests/schedule.rs:16:10:
[INFO] [stdout] fixture parses: Io("No such file or directory (os error 2)")
[INFO] [stdout] stack backtrace:
[INFO] [stdout]    0:     0x5f3c14b0c1e1 - <<std[617be2ca0a6fd877]::sys::backtrace::BacktraceLock>::print::DisplayBacktrace as core[a373ad73a504971]::fmt::Display>::fmt
[INFO] [stdout]    1:     0x5f3c14b216aa - core[a373ad73a504971]::fmt::write
[INFO] [stdout]    2:     0x5f3c14b1044c - <alloc[2e1b2a31b91974c5]::vec::Vec<u8> as core[a373ad73a504971]::io::write::Write>::write_fmt
[INFO] [stdout]    3:     0x5f3c14ae7f86 - std[617be2ca0a6fd877]::panicking::default_hook::{closure#0}
[INFO] [stdout]    4:     0x5f3c14b04359 - std[617be2ca0a6fd877]::panicking::default_hook
[INFO] [stdout]    5:     0x5f3c14a676d0 - test[aada8e7e76ba119b]::test_main_inner::{closure#0}
[INFO] [stdout]    6:     0x5f3c14b04682 - std[617be2ca0a6fd877]::panicking::panic_with_hook
[INFO] [stdout]    7:     0x5f3c14ae8032 - std[617be2ca0a6fd877]::panicking::panic_handler::{closure#0}
[INFO] [stdout]    8:     0x5f3c14ae0bb9 - std[617be2ca0a6fd877]::sys::backtrace::__rust_end_short_backtrace::<std[617be2ca0a6fd877]::panicking::panic_handler::{closure#0}, !>
[INFO] [stdout]    9:     0x5f3c14ae8c3d - __rustc[ea4f61d10b84890b]::rust_begin_unwind
[INFO] [stdout]   10:     0x5f3c14b21ddc - core[a373ad73a504971]::panicking::panic_fmt
[INFO] [stdout]   11:     0x5f3c14b21bb2 - core[a373ad73a504971]::result::unwrap_failed
[INFO] [stdout]   12:     0x5f3c14a1e048 - schedule[1260902c0cdf5155]::fixture
[INFO] [stdout]   13:     0x5f3c14a1f28a - <schedule[1260902c0cdf5155]::task_slots_match_the_schema::{closure#0} as core[a373ad73a504971]::ops::function::FnOnce<()>>::call_once
[INFO] [stdout]   14:     0x5f3c14a5ab1b - test[aada8e7e76ba119b]::__rust_begin_short_backtrace::<core[a373ad73a504971]::result::Result<(), alloc[2e1b2a31b91974c5]::string::String>, fn() -> core[a373ad73a504971]::result::Result<(), alloc[2e1b2a31b91974c5]::string::String>>
[INFO] [stdout]   15:     0x5f3c14a67cf5 - test[aada8e7e76ba119b]::run_test::{closure#0}
[INFO] [stdout]   16:     0x5f3c14a615e4 - std[617be2ca0a6fd877]::sys::backtrace::__rust_begin_short_backtrace::<test[aada8e7e76ba119b]::run_test::{closure#1}, ()>
[INFO] [stdout]   17:     0x5f3c14a6ad82 - <std[617be2ca0a6fd877]::thread::lifecycle::spawn_unchecked<test[aada8e7e76ba119b]::run_test::{closure#1}, ()>::{closure#1} as core[a373ad73a504971]::ops::function::FnOnce<()>>::call_once::{shim:vtable#0}
[INFO] [stdout]   18:     0x5f3c14b0b71f - <std[617be2ca0a6fd877]::sys::thread::unix::Thread>::new::thread_start
[INFO] [stdout]   19:     0x741c4b099dfa - <unknown>
[INFO] [stdout]   20:     0x741c4b12d3d4 - clone
[INFO] [stdout]   21:                0x0 - <unknown>
[INFO] [stdout] 
[INFO] [stdout] ---- tasks_nest_independently_of_sequence stdout ----
[INFO] [stdout] 
[INFO] [stdout] thread 'tasks_nest_independently_of_sequence' (946) panicked at tests/schedule.rs:16:10:
[INFO] [stdout] fixture parses: Io("No such file or directory (os error 2)")
[INFO] [stdout] stack backtrace:
[INFO] [stdout]    0:     0x5f3c14b0c1e1 - <<std[617be2ca0a6fd877]::sys::backtrace::BacktraceLock>::print::DisplayBacktrace as core[a373ad73a504971]::fmt::Display>::fmt
[INFO] [stdout]    1:     0x5f3c14b216aa - core[a373ad73a504971]::fmt::write
[INFO] [stdout]    2:     0x5f3c14b1044c - <alloc[2e1b2a31b91974c5]::vec::Vec<u8> as core[a373ad73a504971]::io::write::Write>::write_fmt
[INFO] [stdout]    3:     0x5f3c14ae7f86 - std[617be2ca0a6fd877]::panicking::default_hook::{closure#0}
[INFO] [stdout]    4:     0x5f3c14b04359 - std[617be2ca0a6fd877]::panicking::default_hook
[INFO] [stdout]    5:     0x5f3c14a676d0 - test[aada8e7e76ba119b]::test_main_inner::{closure#0}
[INFO] [stdout]    6:     0x5f3c14b04682 - std[617be2ca0a6fd877]::panicking::panic_with_hook
[INFO] [stdout]    7:     0x5f3c14ae8032 - std[617be2ca0a6fd877]::panicking::panic_handler::{closure#0}
[INFO] [stdout]    8:     0x5f3c14ae0bb9 - std[617be2ca0a6fd877]::sys::backtrace::__rust_end_short_backtrace::<std[617be2ca0a6fd877]::panicking::panic_handler::{closure#0}, !>
[INFO] [stdout]    9:     0x5f3c14ae8c3d - __rustc[ea4f61d10b84890b]::rust_begin_unwind
[INFO] [stdout]   10:     0x5f3c14b21ddc - core[a373ad73a504971]::panicking::panic_fmt
[INFO] [stdout]   11:     0x5f3c14b21bb2 - core[a373ad73a504971]::result::unwrap_failed
[INFO] [stdout]   12:     0x5f3c14a1e048 - schedule[1260902c0cdf5155]::fixture
[INFO] [stdout]   13:     0x5f3c14a210af - <schedule[1260902c0cdf5155]::tasks_nest_independently_of_sequence::{closure#0} as core[a373ad73a504971]::ops::function::FnOnce<()>>::call_once
[INFO] [stdout]   14:     0x5f3c14a5ab1b - test[aada8e7e76ba119b]::__rust_begin_short_backtrace::<core[a373ad73a504971]::result::Result<(), alloc[2e1b2a31b91974c5]::string::String>, fn() -> core[a373ad73a504971]::result::Result<(), alloc[2e1b2a31b91974c5]::string::String>>
[INFO] [stdout]   15:     0x5f3c14a67cf5 - test[aada8e7e76ba119b]::run_test::{closure#0}
[INFO] [stdout]   16:     0x5f3c14a615e4 - std[617be2ca0a6fd877]::sys::backtrace::__rust_begin_short_backtrace::<test[aada8e7e76ba119b]::run_test::{closure#1}, ()>
[INFO] [stdout]   17:     0x5f3c14a6ad82 - <std[617be2ca0a6fd877]::thread::lifecycle::spawn_unchecked<test[aada8e7e76ba119b]::run_test::{closure#1}, ()>::{closure#1} as core[a373ad73a504971]::ops::function::FnOnce<()>>::call_once::{shim:vtable#0}
[INFO] [stdout]   18:     0x5f3c14b0b71f - <std[617be2ca0a6fd877]::sys::thread::unix::Thread>::new::thread_start
[INFO] [stdout]   19:     0x741c4b099dfa - <unknown>
[INFO] [stdout]   20:     0x741c4b12d3d4 - clone
[INFO] [stdout]   21:                0x0 - <unknown>
[INFO] [stdout] 
[INFO] [stdout] ---- predecessors_and_successors_agree stdout ----
[INFO] [stdout] 
[INFO] [stdout] thread 'predecessors_and_successors_agree' (940) panicked at tests/schedule.rs:16:10:
[INFO] [stdout] fixture parses: Io("No such file or directory (os error 2)")
[INFO] [stdout] stack backtrace:
[INFO] [stdout]    0:     0x5f3c14b0c1e1 - <<std[617be2ca0a6fd877]::sys::backtrace::BacktraceLock>::print::DisplayBacktrace as core[a373ad73a504971]::fmt::Display>::fmt
[INFO] [stdout]    1:     0x5f3c14b216aa - core[a373ad73a504971]::fmt::write
[INFO] [stdout]    2:     0x5f3c14b1044c - <alloc[2e1b2a31b91974c5]::vec::Vec<u8> as core[a373ad73a504971]::io::write::Write>::write_fmt
[INFO] [stdout]    3:     0x5f3c14ae7f86 - std[617be2ca0a6fd877]::panicking::default_hook::{closure#0}
[INFO] [stdout]    4:     0x5f3c14b04359 - std[617be2ca0a6fd877]::panicking::default_hook
[INFO] [stdout]    5:     0x5f3c14a676d0 - test[aada8e7e76ba119b]::test_main_inner::{closure#0}
[INFO] [stdout]    6:     0x5f3c14b04682 - std[617be2ca0a6fd877]::panicking::panic_with_hook
[INFO] [stdout]    7:     0x5f3c14ae8032 - std[617be2ca0a6fd877]::panicking::panic_handler::{closure#0}
[INFO] [stdout]    8:     0x5f3c14ae0bb9 - std[617be2ca0a6fd877]::sys::backtrace::__rust_end_short_backtrace::<std[617be2ca0a6fd877]::panicking::panic_handler::{closure#0}, !>
[INFO] [stdout]    9:     0x5f3c14ae8c3d - __rustc[ea4f61d10b84890b]::rust_begin_unwind
[INFO] [stdout]   10:     0x5f3c14b21ddc - core[a373ad73a504971]::panicking::panic_fmt
[INFO] [stdout]   11:     0x5f3c14b21bb2 - core[a373ad73a504971]::result::unwrap_failed
[INFO] [stdout]   12:     0x5f3c14a1e048 - schedule[1260902c0cdf5155]::fixture
[INFO] [stdout]   13:     0x5f3c14a207e3 - <schedule[1260902c0cdf5155]::predecessors_and_successors_agree::{closure#0} as core[a373ad73a504971]::ops::function::FnOnce<()>>::call_once
[INFO] [stdout]   14:     0x5f3c14a5ab1b - test[aada8e7e76ba119b]::__rust_begin_short_backtrace::<core[a373ad73a504971]::result::Result<(), alloc[2e1b2a31b91974c5]::string::String>, fn() -> core[a373ad73a504971]::result::Result<(), alloc[2e1b2a31b91974c5]::string::String>>
[INFO] [stdout]   15:     0x5f3c14a67cf5 - test[aada8e7e76ba119b]::run_test::{closure#0}
[INFO] [stdout]   16:     0x5f3c14a615e4 - std[617be2ca0a6fd877]::sys::backtrace::__rust_begin_short_backtrace::<test[aada8e7e76ba119b]::run_test::{closure#1}, ()>
[INFO] [stdout]   17:     0x5f3c14a6ad82 - <std[617be2ca0a6fd877]::thread::lifecycle::spawn_unchecked<test[aada8e7e76ba119b]::run_test::{closure#1}, ()>::{closure#1} as core[a373ad73a504971]::ops::function::FnOnce<()>>::call_once::{shim:vtable#0}
[INFO] [stdout]   18:     0x5f3c14b0b71f - <std[617be2ca0a6fd877]::sys::thread::unix::Thread>::new::thread_start
[INFO] [stdout]   19:     0x741c4b099dfa - <unknown>
[INFO] [stdout]   20:     0x741c4b12d3d4 - clone
[INFO] [stdout]   21:                0x0 - <unknown>
[INFO] [stdout] 
[INFO] [stdout] 
[INFO] [stdout] failures:
[INFO] [stdout]     a_milestone_with_a_duration_is_an_anomaly
[INFO] [stdout]     a_schedule_holds_its_tasks
[INFO] [stdout]     an_event_states_scheduled_and_actual_dates
[INFO] [stdout]     an_unbounded_recurrence_is_reported_not_expanded
[INFO] [stdout]     execution_order_is_a_valid_topological_sort
[INFO] [stdout]     predecessors_and_successors_agree
[INFO] [stdout]     sequence_type_distinguishes_start_start_from_finish_start
[INFO] [stdout]     sequences_state_direction_type_and_lag
[INFO] [stdout]     start_and_end_tasks_are_the_graph_boundary
[INFO] [stdout]     task_slots_match_the_schema
[INFO] [stdout]     task_time_reads_schedule_and_float
[INFO] [stdout]     tasks_nest_independently_of_sequence
[INFO] [stdout]     work_controls_read_their_inherited_slots
[INFO] [stdout]     working_and_exception_times_are_not_interchangeable
[INFO] [stdout] 
[INFO] [stdout] test result: FAILED. 3 passed; 14 failed; 0 ignored; 0 measured; 0 filtered out; finished in 0.01s
[INFO] [stdout] 
[INFO] [stderr] error: test failed, to rerun pass `--test schedule`
[INFO] running `Command { std: "docker" "inspect" "0a2da8030f1bd92e3d2c3cd828da582dcfc76a391f8f19e7529ef4d22c20f5f3", kill_on_drop: false }`
[INFO] running `Command { std: "docker" "rm" "-f" "0a2da8030f1bd92e3d2c3cd828da582dcfc76a391f8f19e7529ef4d22c20f5f3", kill_on_drop: false }`
[INFO] [stdout] 0a2da8030f1bd92e3d2c3cd828da582dcfc76a391f8f19e7529ef4d22c20f5f3
