[INFO] fetching crate ifc-lite-ffi 20.4.0...
[INFO] testing ifc-lite-ffi-20.4.0 against 1.100.0-beta.1+cargoflags=--release for beta-release-1.100-2
[INFO] extracting crate ifc-lite-ffi 20.4.0 into /workspace/builds/worker-2-tc2/source
[INFO] started tweaking crates.io crate ifc-lite-ffi 20.4.0
[INFO] finished tweaking crates.io crate ifc-lite-ffi 20.4.0
[INFO] tweaked toml for crates.io crate ifc-lite-ffi 20.4.0 written to /workspace/builds/worker-2-tc2/source/Cargo.toml
[INFO] validating manifest of crates.io crate ifc-lite-ffi 20.4.0 on toolchain 1.100.0-beta.1
[INFO] running `Command { std: CARGO_HOME="/workspace/cargo-home" RUSTUP_HOME="/workspace/rustup-home" "/workspace/cargo-home/bin/cargo" "+1.100.0-beta.1" "metadata" "--manifest-path" "Cargo.toml" "--no-deps", kill_on_drop: false }`
[INFO] crate crates.io crate ifc-lite-ffi 20.4.0 already has a lockfile, it will not be regenerated
[INFO] running `Command { std: CARGO_HOME="/workspace/cargo-home" RUSTUP_HOME="/workspace/rustup-home" "/workspace/cargo-home/bin/cargo" "+1.100.0-beta.1" "fetch" "--manifest-path" "Cargo.toml", kill_on_drop: false }`
[INFO] running `Command { std: "docker" "create" "-v" "/var/lib/crater-agent-workspace/builds/worker-2-tc2/source:/opt/rustwide/workdir:ro,Z" "-v" "/var/lib/crater-agent-workspace/builds/worker-2-tc2/target:/opt/rustwide/target:rw,Z" "-v" "/var/lib/crater-agent-workspace/cargo-home:/opt/rustwide/cargo-home:ro,Z" "-v" "/var/lib/crater-agent-workspace/rustup-home:/opt/rustwide/rustup-home:ro,Z" "-m" "1610612736" "--network" "none" "ghcr.io/rust-lang/crates-build-env/linux@sha256:77db811e55d90add9212f6832c23229e3de5f1c1f9905e8cb07319ea15df73ac" "sleep" "infinity", kill_on_drop: false }`
[INFO] [stdout] 4cb8774401ab6223dfd09581c6a8779144fd762dec8cce2258bd6018186cf9e2
[INFO] running `Command { std: "docker" "start" "4cb8774401ab6223dfd09581c6a8779144fd762dec8cce2258bd6018186cf9e2", kill_on_drop: false }`
[INFO] running `Command { std: "docker" "inspect" "4cb8774401ab6223dfd09581c6a8779144fd762dec8cce2258bd6018186cf9e2", kill_on_drop: false }`
[INFO] running `Command { std: "docker" "exec" "-e" "SOURCE_DIR=/opt/rustwide/workdir" "-e" "CARGO_HOME=/opt/rustwide/cargo-home" "-e" "RUSTUP_HOME=/opt/rustwide/rustup-home" "-e" "CARGO_TARGET_DIR=/opt/rustwide/target" "-w" "/opt/rustwide/workdir" "--user" "0:0" "4cb8774401ab6223dfd09581c6a8779144fd762dec8cce2258bd6018186cf9e2" "/opt/rustwide/cargo-home/bin/cargo" "+1.100.0-beta.1" "metadata" "--no-deps" "--format-version=1", kill_on_drop: false }`
[INFO] running `Command { std: "docker" "inspect" "4cb8774401ab6223dfd09581c6a8779144fd762dec8cce2258bd6018186cf9e2", kill_on_drop: false }`
[INFO] running `Command { std: "docker" "exec" "-e" "SOURCE_DIR=/opt/rustwide/workdir" "-e" "CARGO_HOME=/opt/rustwide/cargo-home" "-e" "RUSTUP_HOME=/opt/rustwide/rustup-home" "-e" "CARGO_TARGET_DIR=/opt/rustwide/target" "-e" "CARGO_INCREMENTAL=0" "-e" "RUST_BACKTRACE=full" "-e" "RUSTFLAGS=--cap-lints=warn" "-e" "RUSTDOCFLAGS=--cap-lints=warn" "-w" "/opt/rustwide/workdir" "--user" "0:0" "4cb8774401ab6223dfd09581c6a8779144fd762dec8cce2258bd6018186cf9e2" "/opt/rustwide/cargo-home/bin/cargo" "+1.100.0-beta.1" "build" "--frozen" "--message-format=json" "--release", kill_on_drop: false }`
[INFO] [stderr]    Compiling typenum v1.20.0
[INFO] [stderr]    Compiling lexical-util v1.0.7
[INFO] [stderr]    Compiling matrixmultiply v0.3.10
[INFO] [stderr]    Compiling safe_arch v1.0.0
[INFO] [stderr]    Compiling miniz_oxide v0.9.1
[INFO] [stderr]    Compiling num-complex v0.4.6
[INFO] [stderr]    Compiling approx v0.5.1
[INFO] [stderr]    Compiling i_float v4.1.0
[INFO] [stderr]    Compiling serde v1.0.229
[INFO] [stderr]    Compiling bnum v0.14.4
[INFO] [stderr]    Compiling syn v3.0.2
[INFO] [stderr]    Compiling num-rational v0.4.2
[INFO] [stderr]    Compiling libmimalloc-sys v0.1.49
[INFO] [stderr]    Compiling syn v2.0.117
[INFO] [stderr]    Compiling nom v7.1.3
[INFO] [stderr]    Compiling i_tree v0.19.0
[INFO] [stderr]    Compiling smallvec v1.16.2
[INFO] [stderr]    Compiling i_key_sort v0.11.0
[INFO] [stderr]    Compiling fast-float2 v0.2.4
[INFO] [stderr]    Compiling earcutr v0.5.0
[INFO] [stderr]    Compiling rayon v1.12.0
[INFO] [stderr]    Compiling jpeg-decoder v0.3.2
[INFO] [stderr]    Compiling geometry-predicates v0.3.0
[INFO] [stderr]    Compiling lexical-parse-integer v1.0.6
[INFO] [stderr]    Compiling lexical-write-integer v1.0.6
[INFO] [stderr]    Compiling lexical-parse-float v1.0.6
[INFO] [stderr]    Compiling lexical-write-float v1.0.6
[INFO] [stderr]    Compiling wide v1.4.0
[INFO] [stderr]    Compiling generic-array v0.14.7
[INFO] [stderr]    Compiling flate2 v1.1.10
[INFO] [stderr]    Compiling i_shape v4.0.0
[INFO] [stderr]    Compiling serde_json v1.0.151
[INFO] [stderr]    Compiling lexical-core v1.0.6
[INFO] [stderr]    Compiling png v0.18.1
[INFO] [stderr]    Compiling i_overlay v8.1.2
[INFO] [stderr]    Compiling block-buffer v0.10.4
[INFO] [stderr]    Compiling crypto-common v0.1.7
[INFO] [stderr]    Compiling digest v0.10.7
[INFO] [stderr]    Compiling sha2 v0.10.9
[INFO] [stderr]    Compiling thiserror-impl v2.0.21
[INFO] [stderr]    Compiling futures-macro v0.3.34
[INFO] [stderr]    Compiling serde_derive v1.0.229
[INFO] [stderr]    Compiling simba v0.10.0
[INFO] [stderr]    Compiling futures-util v0.3.34
[INFO] [stderr]    Compiling thiserror v2.0.21
[INFO] [stderr]    Compiling tracing-attributes v0.1.31
[INFO] [stderr]    Compiling tracing v0.1.44
[INFO] [stderr]    Compiling mimalloc v0.1.52
[INFO] [stderr]    Compiling ifc-lite-core v20.4.0
[INFO] [stderr]    Compiling nalgebra v0.35.0
[INFO] [stderr]    Compiling ifc-lite-geometry v20.4.0
[INFO] [stderr]    Compiling ifc-lite-processing v20.4.0
[INFO] [stderr]    Compiling ifc-lite-ffi v20.4.0 (/opt/rustwide/workdir)
[INFO] [stderr]     Finished `release` profile [optimized] target(s) in 2m 24s
[INFO] running `Command { std: "docker" "inspect" "4cb8774401ab6223dfd09581c6a8779144fd762dec8cce2258bd6018186cf9e2", kill_on_drop: false }`
[INFO] running `Command { std: "docker" "exec" "-e" "SOURCE_DIR=/opt/rustwide/workdir" "-e" "CARGO_HOME=/opt/rustwide/cargo-home" "-e" "RUSTUP_HOME=/opt/rustwide/rustup-home" "-e" "CARGO_TARGET_DIR=/opt/rustwide/target" "-e" "CARGO_INCREMENTAL=0" "-e" "RUST_BACKTRACE=full" "-e" "RUSTFLAGS=--cap-lints=warn" "-e" "RUSTDOCFLAGS=--cap-lints=warn" "-w" "/opt/rustwide/workdir" "--user" "0:0" "4cb8774401ab6223dfd09581c6a8779144fd762dec8cce2258bd6018186cf9e2" "/opt/rustwide/cargo-home/bin/cargo" "+1.100.0-beta.1" "test" "--frozen" "--no-run" "--message-format=json" "--release", kill_on_drop: false }`
[INFO] [stderr]    Compiling ifc-lite-ffi v20.4.0 (/opt/rustwide/workdir)
[INFO] [stderr]     Finished `release` profile [optimized] target(s) in 6.05s
[INFO] running `Command { std: "docker" "inspect" "4cb8774401ab6223dfd09581c6a8779144fd762dec8cce2258bd6018186cf9e2", kill_on_drop: false }`
[INFO] running `Command { std: "docker" "exec" "-e" "SOURCE_DIR=/opt/rustwide/workdir" "-e" "CARGO_HOME=/opt/rustwide/cargo-home" "-e" "RUSTUP_HOME=/opt/rustwide/rustup-home" "-e" "CARGO_TARGET_DIR=/opt/rustwide/target" "-e" "CARGO_INCREMENTAL=0" "-e" "RUST_BACKTRACE=full" "-e" "RUSTFLAGS=--cap-lints=warn" "-e" "RUSTDOCFLAGS=--cap-lints=warn" "-w" "/opt/rustwide/workdir" "--user" "0:0" "4cb8774401ab6223dfd09581c6a8779144fd762dec8cce2258bd6018186cf9e2" "/opt/rustwide/cargo-home/bin/cargo" "+1.100.0-beta.1" "test" "--frozen" "--release", kill_on_drop: false }`
[INFO] [stderr]     Finished `release` profile [optimized] target(s) in 0.12s
[INFO] [stderr]      Running unittests src/lib.rs (/opt/rustwide/target/release/build/ifc-lite-ffi/b4549bb20d99931d/out/ifc_lite_ffi-b4549bb20d99931d)
[INFO] [stdout] 
[INFO] [stdout] running 12 tests
[INFO] [stdout] test tests::invalid_utf8_path_returns_code_1 ... ok
[INFO] [stdout] test tests::null_pointers_return_code_1 ... ok
[INFO] [stdout] test tests::free_tolerates_null_and_zero_len ... ok
[INFO] [stdout] test tests::a_pool_that_cannot_spawn_its_threads_is_an_error_not_a_panic ... ok
[INFO] [stdout] test tests::error_returns_write_null_and_zero_through_the_out_parameters ... ok
[INFO] [stdout] test tests::nonexistent_file_returns_code_2 ... ok
[INFO] [stdout] test tests::run_in_pool_passes_the_closure_outcome_through ... ok
[INFO] [stdout] test tests::parses_minimal_ifc_then_frees ... ok
[INFO] [stdout] test tests::parse_ex_maps_every_filter_mode ... ok
[INFO] [stdout] test tests::panic_log_names_the_file_when_the_panic_happens_on_a_pool_worker ... ok
[INFO] [stdout] test tests::geometry_is_sound_and_deterministic_under_the_global_allocator ... FAILED
[INFO] [stdout] test tests::concurrent_panic_records_do_not_interleave ... ok
[INFO] [stdout] 
[INFO] [stdout] failures:
[INFO] [stdout] 
[INFO] [stdout] ---- tests::geometry_is_sound_and_deterministic_under_the_global_allocator stdout ----
[INFO] [stdout] 
[INFO] [stdout] thread 'tests::geometry_is_sound_and_deterministic_under_the_global_allocator' (1145) panicked at src/tests.rs:292:29:
[INFO] [stdout] read committed fixture /opt/rustwide/workdir/../geometry/tests/fixtures/bath_csg_solid.ifc: No such file or directory (os error 2)
[INFO] [stdout] stack backtrace:
[INFO] [stdout]    0:     0x5b97244274b1 - <<std[617be2ca0a6fd877]::sys::backtrace::BacktraceLock>::print::DisplayBacktrace as core[a373ad73a504971]::fmt::Display>::fmt
[INFO] [stdout]    1:     0x5b972443f64a - core[a373ad73a504971]::fmt::write
[INFO] [stdout]    2:     0x5b972442be0c - <alloc[2e1b2a31b91974c5]::vec::Vec<u8> as core[a373ad73a504971]::io::write::Write>::write_fmt
[INFO] [stdout]    3:     0x5b9724402a56 - std[617be2ca0a6fd877]::panicking::default_hook::{closure#0}
[INFO] [stdout]    4:     0x5b972441f169 - std[617be2ca0a6fd877]::panicking::default_hook
[INFO] [stdout]    5:     0x5b9723fb1010 - test[aada8e7e76ba119b]::test_main_inner::{closure#0}
[INFO] [stdout]    6:     0x5b9723f7919d - ifc_lite_ffi[3dbe2f52e16ad6c7]::panic_log::ensure_panic_logging::{closure#0}::{closure#0}
[INFO] [stdout]    7:     0x5b972441f492 - std[617be2ca0a6fd877]::panicking::panic_with_hook
[INFO] [stdout]    8:     0x5b9724402b02 - std[617be2ca0a6fd877]::panicking::panic_handler::{closure#0}
[INFO] [stdout]    9:     0x5b97243fb019 - std[617be2ca0a6fd877]::sys::backtrace::__rust_end_short_backtrace::<std[617be2ca0a6fd877]::panicking::panic_handler::{closure#0}, !>
[INFO] [stdout]   10:     0x5b97244036fd - __rustc[ea4f61d10b84890b]::rust_begin_unwind
[INFO] [stdout]   11:     0x5b972443fdac - core[a373ad73a504971]::panicking::panic_fmt
[INFO] [stdout]   12:     0x5b9723f8111a - ifc_lite_ffi[3dbe2f52e16ad6c7]::tests::geometry_is_sound_and_deterministic_under_the_global_allocator::{closure#0}
[INFO] [stdout]   13:     0x5b9723f83496 - <ifc_lite_ffi[3dbe2f52e16ad6c7]::tests::geometry_is_sound_and_deterministic_under_the_global_allocator::{closure#0} as core[a373ad73a504971]::ops::function::FnOnce<()>>::call_once
[INFO] [stdout]   14:     0x5b9723fa445b - test[aada8e7e76ba119b]::__rust_begin_short_backtrace::<core[a373ad73a504971]::result::Result<(), alloc[2e1b2a31b91974c5]::string::String>, fn() -> core[a373ad73a504971]::result::Result<(), alloc[2e1b2a31b91974c5]::string::String>>
[INFO] [stdout]   15:     0x5b9723fb1635 - test[aada8e7e76ba119b]::run_test::{closure#0}
[INFO] [stdout]   16:     0x5b9723faaf24 - std[617be2ca0a6fd877]::sys::backtrace::__rust_begin_short_backtrace::<test[aada8e7e76ba119b]::run_test::{closure#1}, ()>
[INFO] [stdout]   17:     0x5b9723fb46c2 - <std[617be2ca0a6fd877]::thread::lifecycle::spawn_unchecked<test[aada8e7e76ba119b]::run_test::{closure#1}, ()>::{closure#1} as core[a373ad73a504971]::ops::function::FnOnce<()>>::call_once::{shim:vtable#0}
[INFO] [stdout]   18:     0x5b972442678f - <std[617be2ca0a6fd877]::sys::thread::unix::Thread>::new::thread_start
[INFO] [stdout]   19:     0x7d7706b96dfa - <unknown>
[INFO] [stdout]   20:     0x7d7706c2a3d4 - clone
[INFO] [stdout]   21:                0x0 - <unknown>
[INFO] [stdout] 
[INFO] [stdout] 
[INFO] [stdout] failures:
[INFO] [stdout]     tests::geometry_is_sound_and_deterministic_under_the_global_allocator
[INFO] [stdout] 
[INFO] [stdout] test result: FAILED. 11 passed; 1 failed; 0 ignored; 0 measured; 0 filtered out; finished in 0.07s
[INFO] [stdout] 
[INFO] [stderr] error: test failed, to rerun pass `--lib`
[INFO] running `Command { std: "docker" "inspect" "4cb8774401ab6223dfd09581c6a8779144fd762dec8cce2258bd6018186cf9e2", kill_on_drop: false }`
[INFO] running `Command { std: "docker" "rm" "-f" "4cb8774401ab6223dfd09581c6a8779144fd762dec8cce2258bd6018186cf9e2", kill_on_drop: false }`
[INFO] [stdout] 4cb8774401ab6223dfd09581c6a8779144fd762dec8cce2258bd6018186cf9e2
