[INFO] fetching crate idyll-styles 0.1.2...
[INFO] testing idyll-styles-0.1.2 against 1.99.0-beta.8+cargoflags=--release for beta-release-1.100-2
[INFO] extracting crate idyll-styles 0.1.2 into /workspace/builds/worker-4-tc1/source
[INFO] started tweaking crates.io crate idyll-styles 0.1.2
[INFO] removed 0 missing tests
[INFO] finished tweaking crates.io crate idyll-styles 0.1.2
[INFO] tweaked toml for crates.io crate idyll-styles 0.1.2 written to /workspace/builds/worker-4-tc1/source/Cargo.toml
[INFO] validating manifest of crates.io crate idyll-styles 0.1.2 on toolchain 1.99.0-beta.8
[INFO] running `Command { std: CARGO_HOME="/workspace/cargo-home" RUSTUP_HOME="/workspace/rustup-home" "/workspace/cargo-home/bin/cargo" "+1.99.0-beta.8" "metadata" "--manifest-path" "Cargo.toml" "--no-deps", kill_on_drop: false }`
[INFO] crate crates.io crate idyll-styles 0.1.2 already has a lockfile, it will not be regenerated
[INFO] running `Command { std: CARGO_HOME="/workspace/cargo-home" RUSTUP_HOME="/workspace/rustup-home" "/workspace/cargo-home/bin/cargo" "+1.99.0-beta.8" "fetch" "--manifest-path" "Cargo.toml", kill_on_drop: false }`
[INFO] [stderr]     Updating crates.io index
[INFO] [stderr]  Downloading crates ...
[INFO] [stderr]   Downloaded idyll-wit v0.1.0
[INFO] [stderr]   Downloaded idyll-schema v0.1.0
[INFO] [stderr]   Downloaded idyll-macros v0.2.0
[INFO] [stderr]   Downloaded html-escape v0.2.14
[INFO] [stderr]   Downloaded idyll-styles-parse v0.1.1
[INFO] [stderr]   Downloaded idyll v0.1.1
[INFO] running `Command { std: "docker" "create" "-v" "/var/lib/crater-agent-workspace/builds/worker-4-tc1/source:/opt/rustwide/workdir:ro,Z" "-v" "/var/lib/crater-agent-workspace/builds/worker-4-tc1/target:/opt/rustwide/target:rw,Z" "-v" "/var/lib/crater-agent-workspace/cargo-home:/opt/rustwide/cargo-home:ro,Z" "-v" "/var/lib/crater-agent-workspace/rustup-home:/opt/rustwide/rustup-home:ro,Z" "-m" "1610612736" "--network" "none" "ghcr.io/rust-lang/crates-build-env/linux@sha256:77db811e55d90add9212f6832c23229e3de5f1c1f9905e8cb07319ea15df73ac" "sleep" "infinity", kill_on_drop: false }`
[INFO] [stdout] e781416a6c7d4aa61ce3f1905317434c2f5d71b1aaf8d4f04c83d44ca8ff197b
[INFO] running `Command { std: "docker" "start" "e781416a6c7d4aa61ce3f1905317434c2f5d71b1aaf8d4f04c83d44ca8ff197b", kill_on_drop: false }`
[INFO] running `Command { std: "docker" "inspect" "e781416a6c7d4aa61ce3f1905317434c2f5d71b1aaf8d4f04c83d44ca8ff197b", kill_on_drop: false }`
[INFO] running `Command { std: "docker" "exec" "-e" "SOURCE_DIR=/opt/rustwide/workdir" "-e" "CARGO_HOME=/opt/rustwide/cargo-home" "-e" "RUSTUP_HOME=/opt/rustwide/rustup-home" "-e" "CARGO_TARGET_DIR=/opt/rustwide/target" "-w" "/opt/rustwide/workdir" "--user" "0:0" "e781416a6c7d4aa61ce3f1905317434c2f5d71b1aaf8d4f04c83d44ca8ff197b" "/opt/rustwide/cargo-home/bin/cargo" "+1.99.0-beta.8" "metadata" "--no-deps" "--format-version=1", kill_on_drop: false }`
[INFO] running `Command { std: "docker" "inspect" "e781416a6c7d4aa61ce3f1905317434c2f5d71b1aaf8d4f04c83d44ca8ff197b", kill_on_drop: false }`
[INFO] running `Command { std: "docker" "exec" "-e" "SOURCE_DIR=/opt/rustwide/workdir" "-e" "CARGO_HOME=/opt/rustwide/cargo-home" "-e" "RUSTUP_HOME=/opt/rustwide/rustup-home" "-e" "CARGO_TARGET_DIR=/opt/rustwide/target" "-e" "CARGO_INCREMENTAL=0" "-e" "RUST_BACKTRACE=full" "-e" "RUSTFLAGS=--cap-lints=warn" "-e" "RUSTDOCFLAGS=--cap-lints=warn" "-w" "/opt/rustwide/workdir" "--user" "0:0" "e781416a6c7d4aa61ce3f1905317434c2f5d71b1aaf8d4f04c83d44ca8ff197b" "/opt/rustwide/cargo-home/bin/cargo" "+1.99.0-beta.8" "build" "--frozen" "--message-format=json" "--release", kill_on_drop: false }`
[INFO] [stderr]    Compiling quote v1.0.45
[INFO] [stderr]    Compiling serde_json v1.0.150
[INFO] [stderr]    Compiling proc-macro2 v1.0.106
[INFO] [stderr]    Compiling digest v0.10.7
[INFO] [stderr]    Compiling slotmap v1.1.1
[INFO] [stderr]    Compiling rustc-hash v2.1.2
[INFO] [stderr]    Compiling syn v2.0.117
[INFO] [stderr]    Compiling idyll-wit v0.1.0
[INFO] [stderr]    Compiling smallvec v1.15.2
[INFO] [stderr]    Compiling html-escape v0.2.14
[INFO] [stderr]    Compiling type-map v0.5.1
[INFO] [stderr]    Compiling sha2 v0.10.9
[INFO] [stderr]    Compiling idyll-styles-parse v0.1.1
[INFO] [stderr]    Compiling serde_derive v1.0.228
[INFO] [stderr]    Compiling serde v1.0.228
[INFO] [stderr]    Compiling idyll-schema v0.1.0
[INFO] [stderr]    Compiling idyll-macros v0.2.0
[INFO] [stderr]    Compiling idyll v0.1.1
[INFO] [stderr]    Compiling idyll-styles v0.1.2 (/opt/rustwide/workdir)
[INFO] [stderr]     Finished `release` profile [optimized] target(s) in 41.55s
[INFO] running `Command { std: "docker" "inspect" "e781416a6c7d4aa61ce3f1905317434c2f5d71b1aaf8d4f04c83d44ca8ff197b", kill_on_drop: false }`
[INFO] running `Command { std: "docker" "exec" "-e" "SOURCE_DIR=/opt/rustwide/workdir" "-e" "CARGO_HOME=/opt/rustwide/cargo-home" "-e" "RUSTUP_HOME=/opt/rustwide/rustup-home" "-e" "CARGO_TARGET_DIR=/opt/rustwide/target" "-e" "CARGO_INCREMENTAL=0" "-e" "RUST_BACKTRACE=full" "-e" "RUSTFLAGS=--cap-lints=warn" "-e" "RUSTDOCFLAGS=--cap-lints=warn" "-w" "/opt/rustwide/workdir" "--user" "0:0" "e781416a6c7d4aa61ce3f1905317434c2f5d71b1aaf8d4f04c83d44ca8ff197b" "/opt/rustwide/cargo-home/bin/cargo" "+1.99.0-beta.8" "test" "--frozen" "--no-run" "--message-format=json" "--release", kill_on_drop: false }`
[INFO] [stderr]    Compiling idyll-styles v0.1.2 (/opt/rustwide/workdir)
[INFO] [stderr]     Finished `release` profile [optimized] target(s) in 4.38s
[INFO] running `Command { std: "docker" "inspect" "e781416a6c7d4aa61ce3f1905317434c2f5d71b1aaf8d4f04c83d44ca8ff197b", kill_on_drop: false }`
[INFO] running `Command { std: "docker" "exec" "-e" "SOURCE_DIR=/opt/rustwide/workdir" "-e" "CARGO_HOME=/opt/rustwide/cargo-home" "-e" "RUSTUP_HOME=/opt/rustwide/rustup-home" "-e" "CARGO_TARGET_DIR=/opt/rustwide/target" "-e" "CARGO_INCREMENTAL=0" "-e" "RUST_BACKTRACE=full" "-e" "RUSTFLAGS=--cap-lints=warn" "-e" "RUSTDOCFLAGS=--cap-lints=warn" "-w" "/opt/rustwide/workdir" "--user" "0:0" "e781416a6c7d4aa61ce3f1905317434c2f5d71b1aaf8d4f04c83d44ca8ff197b" "/opt/rustwide/cargo-home/bin/cargo" "+1.99.0-beta.8" "test" "--frozen" "--release", kill_on_drop: false }`
[INFO] [stderr]     Finished `release` profile [optimized] target(s) in 0.06s
[INFO] [stderr]      Running unittests src/lib.rs (/opt/rustwide/target/release/deps/idyll_styles-96cc3fe7e6ef5fdf)
[INFO] [stdout] 
[INFO] [stdout] running 5 tests
[INFO] [stdout] test tests::var_declares_as_name_reads_as_reference ... ok
[INFO] [stdout] test tests::table_resolves_by_class_name_and_round_trips_json ... ok
[INFO] [stdout] test extract::tests::a_prefix_collision_between_distinct_files_is_refused ... ok
[INFO] [stdout] test tests::merge_is_last_wins_per_property_and_condition ... ok
[INFO] [stderr]      Running tests/css_macro.rs (/opt/rustwide/target/release/deps/css_macro-bf049c6b6c35a74f)
[INFO] [stdout] test tests::constrained_styles_check_at_the_declared_type ... ok
[INFO] [stdout] 
[INFO] [stdout] test result: ok. 5 passed; 0 failed; 0 ignored; 0 measured; 0 filtered out; finished in 0.15s
[INFO] [stdout] 
[INFO] [stdout] 
[INFO] [stdout] running 9 tests
[INFO] [stdout] test composition_is_last_wins_per_property_and_condition ... ok
[INFO] [stdout] test class_identity_is_site_const_property_condition ... ok
[INFO] [stdout] test grid_and_multivalue_shorthands_lower_to_css ... ok
[INFO] [stdout] test values_render_into_rule_text_only ... ok
[INFO] [stdout] test filter_lowers_to_css ... ok
[INFO] [stdout] test constrained_styles_carry_their_marker_type ... ok
[INFO] [stdout] test view_css_attaches_classes_and_rules ... ok
[INFO] [stdout] test reactive::toggling_remerges_the_class_attribute ... ok
[INFO] [stdout] test relational_conditions_select_the_subtree_not_the_element ... ok
[INFO] [stdout] 
[INFO] [stdout] test result: ok. 9 passed; 0 failed; 0 ignored; 0 measured; 0 filtered out; finished in 0.04s
[INFO] [stdout] 
[INFO] [stderr]      Running tests/extract.rs (/opt/rustwide/target/release/deps/extract-97231d26454efa1d)
[INFO] [stdout] 
[INFO] [stdout] running 4 tests
[INFO] [stdout] test a_nested_styles_module_is_rejected ... ok
[INFO] [stdout] test extractor_and_macro_agree_on_classes_and_rule_text ... ok
[INFO] [stdout] test files_without_styles_extract_nothing ... ok
[INFO] [stdout] test the_universe_is_the_app_crates_workspace_closure ... FAILED
[INFO] [stdout] 
[INFO] [stdout] failures:
[INFO] [stdout] 
[INFO] [stdout] ---- the_universe_is_the_app_crates_workspace_closure stdout ----
[INFO] [stdout] 
[INFO] [stdout] thread 'the_universe_is_the_app_crates_workspace_closure' (770) panicked at tests/extract.rs:166:58:
[INFO] [stdout] todo-app is a member: app crate `todo-app` is not a workspace member
[INFO] [stdout] 
[INFO] [stdout] Stack backtrace:
[INFO] [stdout]    0: <anyhow::Error>::msg::<alloc::string::String>
[INFO] [stdout]    1: anyhow::__private::format_err
[INFO] [stdout]    2: idyll_styles::extract::universe
[INFO] [stdout]    3: <extract::the_universe_is_the_app_crates_workspace_closure::{closure#0} as core::ops::function::FnOnce<()>>::call_once
[INFO] [stdout]    4: test::__rust_begin_short_backtrace::<core::result::Result<(), alloc::string::String>, fn() -> core::result::Result<(), alloc::string::String>>
[INFO] [stdout]    5: test::run_test::{closure#0}
[INFO] [stdout]    6: std::sys::backtrace::__rust_begin_short_backtrace::<test::run_test::{closure#1}, ()>
[INFO] [stdout]    7: <std::thread::lifecycle::spawn_unchecked<test::run_test::{closure#1}, ()>::{closure#1} as core::ops::function::FnOnce<()>>::call_once::{shim:vtable#0}
[INFO] [stdout]    8: <std::sys::thread::unix::Thread>::new::thread_start
[INFO] [stdout]    9: <unknown>
[INFO] [stdout]   10: clone
[INFO] [stdout] stack backtrace:
[INFO] [stdout]    0:     0x642ebec4ba71 - <<std[70759c8f55707aa4]::sys::backtrace::BacktraceLock>::print::DisplayBacktrace as core[df12db4294e9bfd3]::fmt::Display>::fmt
[INFO] [stdout]    1:     0x642ebec615aa - core[df12db4294e9bfd3]::fmt::write
[INFO] [stdout]    2:     0x642ebec5047c - <alloc[2182bb758b4b3781]::vec::Vec<u8> as core[df12db4294e9bfd3]::io::write::Write>::write_fmt
[INFO] [stdout]    3:     0x642ebec27126 - std[70759c8f55707aa4]::panicking::default_hook::{closure#0}
[INFO] [stdout]    4:     0x642ebec43c89 - std[70759c8f55707aa4]::panicking::default_hook
[INFO] [stdout]    5:     0x642ebea651f0 - test[9d35eded1c95d3be]::test_main_inner::<test[9d35eded1c95d3be]::test_main_static::{closure#0}>::{closure#0}
[INFO] [stdout]    6:     0x642ebec43fb2 - std[70759c8f55707aa4]::panicking::panic_with_hook
[INFO] [stdout]    7:     0x642ebec271d2 - std[70759c8f55707aa4]::panicking::panic_handler::{closure#0}
[INFO] [stdout]    8:     0x642ebec1f839 - std[70759c8f55707aa4]::sys::backtrace::__rust_end_short_backtrace::<std[70759c8f55707aa4]::panicking::panic_handler::{closure#0}, !>
[INFO] [stdout]    9:     0x642ebec27edd - __rustc[8fa7c3cbc660c2b3]::rust_begin_unwind
[INFO] [stdout]   10:     0x642ebec61d0c - core[df12db4294e9bfd3]::panicking::panic_fmt
[INFO] [stdout]   11:     0x642ebec61ae2 - core[df12db4294e9bfd3]::result::unwrap_failed
[INFO] [stdout]   12:     0x642ebea54f1c - <extract[ad42edd02d84a0eb]::the_universe_is_the_app_crates_workspace_closure::{closure#0} as core[df12db4294e9bfd3]::ops::function::FnOnce<()>>::call_once
[INFO] [stdout]   13:     0x642ebea584db - test[9d35eded1c95d3be]::__rust_begin_short_backtrace::<core[df12db4294e9bfd3]::result::Result<(), alloc[2182bb758b4b3781]::string::String>, fn() -> core[df12db4294e9bfd3]::result::Result<(), alloc[2182bb758b4b3781]::string::String>>
[INFO] [stdout]   14:     0x642ebea65b45 - test[9d35eded1c95d3be]::run_test::{closure#0}
[INFO] [stdout]   15:     0x642ebea5f404 - std[70759c8f55707aa4]::sys::backtrace::__rust_begin_short_backtrace::<test[9d35eded1c95d3be]::run_test::{closure#1}, ()>
[INFO] [stdout]   16:     0x642ebea68ca2 - <std[70759c8f55707aa4]::thread::lifecycle::spawn_unchecked<test[9d35eded1c95d3be]::run_test::{closure#1}, ()>::{closure#1} as core[df12db4294e9bfd3]::ops::function::FnOnce<()>>::call_once::{shim:vtable#0}
[INFO] [stdout]   17:     0x642ebec4afc9 - <std[70759c8f55707aa4]::sys::thread::unix::Thread>::new::thread_start
[INFO] [stdout]   18:     0x7dcff6a96dfa - <unknown>
[INFO] [stdout]   19:     0x7dcff6b2a3d4 - clone
[INFO] [stdout]   20:                0x0 - <unknown>
[INFO] [stdout] 
[INFO] [stdout] 
[INFO] [stdout] failures:
[INFO] [stdout]     the_universe_is_the_app_crates_workspace_closure
[INFO] [stdout] 
[INFO] [stdout] test result: FAILED. 3 passed; 1 failed; 0 ignored; 0 measured; 0 filtered out; finished in 0.08s
[INFO] [stdout] 
[INFO] [stderr] error: test failed, to rerun pass `--test extract`
[INFO] running `Command { std: "docker" "inspect" "e781416a6c7d4aa61ce3f1905317434c2f5d71b1aaf8d4f04c83d44ca8ff197b", kill_on_drop: false }`
[INFO] running `Command { std: "docker" "rm" "-f" "e781416a6c7d4aa61ce3f1905317434c2f5d71b1aaf8d4f04c83d44ca8ff197b", kill_on_drop: false }`
[INFO] [stdout] e781416a6c7d4aa61ce3f1905317434c2f5d71b1aaf8d4f04c83d44ca8ff197b
