[INFO] fetching crate ids_rs 0.1.0...
[INFO] testing ids_rs-0.1.0 against 1.100.0-beta.1+cargoflags=--release for beta-release-1.100-2
[INFO] extracting crate ids_rs 0.1.0 into /workspace/builds/worker-4-tc2/source
[INFO] started tweaking crates.io crate ids_rs 0.1.0
[INFO] removed 0 missing tests
[INFO] finished tweaking crates.io crate ids_rs 0.1.0
[INFO] tweaked toml for crates.io crate ids_rs 0.1.0 written to /workspace/builds/worker-4-tc2/source/Cargo.toml
[INFO] validating manifest of crates.io crate ids_rs 0.1.0 on toolchain 1.100.0-beta.1
[INFO] running `Command { std: CARGO_HOME="/workspace/cargo-home" RUSTUP_HOME="/workspace/rustup-home" "/workspace/cargo-home/bin/cargo" "+1.100.0-beta.1" "metadata" "--manifest-path" "Cargo.toml" "--no-deps", kill_on_drop: false }`
[INFO] crate crates.io crate ids_rs 0.1.0 already has a lockfile, it will not be regenerated
[INFO] running `Command { std: CARGO_HOME="/workspace/cargo-home" RUSTUP_HOME="/workspace/rustup-home" "/workspace/cargo-home/bin/cargo" "+1.100.0-beta.1" "fetch" "--manifest-path" "Cargo.toml", kill_on_drop: false }`
[INFO] running `Command { std: "docker" "create" "-v" "/var/lib/crater-agent-workspace/builds/worker-4-tc2/source:/opt/rustwide/workdir:ro,Z" "-v" "/var/lib/crater-agent-workspace/builds/worker-4-tc2/target:/opt/rustwide/target:rw,Z" "-v" "/var/lib/crater-agent-workspace/cargo-home:/opt/rustwide/cargo-home:ro,Z" "-v" "/var/lib/crater-agent-workspace/rustup-home:/opt/rustwide/rustup-home:ro,Z" "-m" "1610612736" "--network" "none" "ghcr.io/rust-lang/crates-build-env/linux@sha256:77db811e55d90add9212f6832c23229e3de5f1c1f9905e8cb07319ea15df73ac" "sleep" "infinity", kill_on_drop: false }`
[INFO] [stdout] dd87c97fbf85c2dc27cb30fca6120c46bb875bacf8fdde32dc709fb48d0747b3
[INFO] running `Command { std: "docker" "start" "dd87c97fbf85c2dc27cb30fca6120c46bb875bacf8fdde32dc709fb48d0747b3", kill_on_drop: false }`
[INFO] running `Command { std: "docker" "inspect" "dd87c97fbf85c2dc27cb30fca6120c46bb875bacf8fdde32dc709fb48d0747b3", kill_on_drop: false }`
[INFO] running `Command { std: "docker" "exec" "-e" "SOURCE_DIR=/opt/rustwide/workdir" "-e" "CARGO_HOME=/opt/rustwide/cargo-home" "-e" "RUSTUP_HOME=/opt/rustwide/rustup-home" "-e" "CARGO_TARGET_DIR=/opt/rustwide/target" "-w" "/opt/rustwide/workdir" "--user" "0:0" "dd87c97fbf85c2dc27cb30fca6120c46bb875bacf8fdde32dc709fb48d0747b3" "/opt/rustwide/cargo-home/bin/cargo" "+1.100.0-beta.1" "metadata" "--no-deps" "--format-version=1", kill_on_drop: false }`
[INFO] running `Command { std: "docker" "inspect" "dd87c97fbf85c2dc27cb30fca6120c46bb875bacf8fdde32dc709fb48d0747b3", kill_on_drop: false }`
[INFO] running `Command { std: "docker" "exec" "-e" "SOURCE_DIR=/opt/rustwide/workdir" "-e" "CARGO_HOME=/opt/rustwide/cargo-home" "-e" "RUSTUP_HOME=/opt/rustwide/rustup-home" "-e" "CARGO_TARGET_DIR=/opt/rustwide/target" "-e" "CARGO_INCREMENTAL=0" "-e" "RUST_BACKTRACE=full" "-e" "RUSTFLAGS=--cap-lints=warn" "-e" "RUSTDOCFLAGS=--cap-lints=warn" "-w" "/opt/rustwide/workdir" "--user" "0:0" "dd87c97fbf85c2dc27cb30fca6120c46bb875bacf8fdde32dc709fb48d0747b3" "/opt/rustwide/cargo-home/bin/cargo" "+1.100.0-beta.1" "build" "--frozen" "--message-format=json" "--release", kill_on_drop: false }`
[INFO] [stderr]    Compiling heapless v0.8.0
[INFO] [stderr]    Compiling byteorder v1.5.0
[INFO] [stderr]    Compiling ids_rs v0.1.0 (/opt/rustwide/workdir)
[INFO] [stderr]    Compiling stable_deref_trait v1.2.0
[INFO] [stderr]    Compiling hash32 v0.3.1
[INFO] [stderr]     Finished `release` profile [optimized] target(s) in 9.23s
[INFO] running `Command { std: "docker" "inspect" "dd87c97fbf85c2dc27cb30fca6120c46bb875bacf8fdde32dc709fb48d0747b3", kill_on_drop: false }`
[INFO] running `Command { std: "docker" "exec" "-e" "SOURCE_DIR=/opt/rustwide/workdir" "-e" "CARGO_HOME=/opt/rustwide/cargo-home" "-e" "RUSTUP_HOME=/opt/rustwide/rustup-home" "-e" "CARGO_TARGET_DIR=/opt/rustwide/target" "-e" "CARGO_INCREMENTAL=0" "-e" "RUST_BACKTRACE=full" "-e" "RUSTFLAGS=--cap-lints=warn" "-e" "RUSTDOCFLAGS=--cap-lints=warn" "-w" "/opt/rustwide/workdir" "--user" "0:0" "dd87c97fbf85c2dc27cb30fca6120c46bb875bacf8fdde32dc709fb48d0747b3" "/opt/rustwide/cargo-home/bin/cargo" "+1.100.0-beta.1" "test" "--frozen" "--no-run" "--message-format=json" "--release", kill_on_drop: false }`
[INFO] [stderr]    Compiling ids_rs v0.1.0 (/opt/rustwide/workdir)
[INFO] [stdout] warning: comparison is useless due to type limits
[INFO] [stdout]    --> tests/comprehensive.rs:229:13
[INFO] [stdout]     |
[INFO] [stdout] 229 |     assert!(db.vendors().len() >= 0);  // Should not panic
[INFO] [stdout]     |             ^^^^^^^^^^^^^^^^^^^^^^^
[INFO] [stdout]     |
[INFO] [stdout]     = note: `#[warn(unused_comparisons)]` on by default
[INFO] [stdout] 
[INFO] [stdout] 
[INFO] [stdout] warning: comparison is useless due to type limits
[INFO] [stdout]    --> tests/comprehensive.rs:230:13
[INFO] [stdout]     |
[INFO] [stdout] 230 |     assert!(db.classes().len() >= 0);  // Should not panic
[INFO] [stdout]     |             ^^^^^^^^^^^^^^^^^^^^^^^
[INFO] [stdout] 
[INFO] [stdout] 
[INFO] [stdout] warning: comparison is useless due to type limits
[INFO] [stdout]    --> tests/comprehensive.rs:270:13
[INFO] [stdout]     |
[INFO] [stdout] 270 |     assert!(stats.vendor_count >= 0);
[INFO] [stdout]     |             ^^^^^^^^^^^^^^^^^^^^^^^
[INFO] [stdout] 
[INFO] [stdout] 
[INFO] [stdout] warning: comparison is useless due to type limits
[INFO] [stdout]    --> tests/comprehensive.rs:271:13
[INFO] [stdout]     |
[INFO] [stdout] 271 |     assert!(stats.device_count >= 0);
[INFO] [stdout]     |             ^^^^^^^^^^^^^^^^^^^^^^^
[INFO] [stdout] 
[INFO] [stdout] 
[INFO] [stdout] warning: comparison is useless due to type limits
[INFO] [stdout]    --> tests/comprehensive.rs:272:13
[INFO] [stdout]     |
[INFO] [stdout] 272 |     assert!(stats.subsystem_count >= 0);
[INFO] [stdout]     |             ^^^^^^^^^^^^^^^^^^^^^^^^^^
[INFO] [stdout] 
[INFO] [stdout] 
[INFO] [stdout] warning: comparison is useless due to type limits
[INFO] [stdout]    --> tests/comprehensive.rs:273:13
[INFO] [stdout]     |
[INFO] [stdout] 273 |     assert!(stats.class_count >= 0);
[INFO] [stdout]     |             ^^^^^^^^^^^^^^^^^^^^^^
[INFO] [stdout] 
[INFO] [stdout] 
[INFO] [stdout] warning: comparison is useless due to type limits
[INFO] [stdout]    --> tests/comprehensive.rs:274:13
[INFO] [stdout]     |
[INFO] [stdout] 274 |     assert!(stats.subclass_count >= 0);
[INFO] [stdout]     |             ^^^^^^^^^^^^^^^^^^^^^^^^^
[INFO] [stdout] 
[INFO] [stdout] 
[INFO] [stdout] warning: comparison is useless due to type limits
[INFO] [stdout]    --> tests/comprehensive.rs:275:13
[INFO] [stdout]     |
[INFO] [stdout] 275 |     assert!(stats.prog_interface_count >= 0);
[INFO] [stdout]     |             ^^^^^^^^^^^^^^^^^^^^^^^^^^^^^^^
[INFO] [stdout] 
[INFO] [stdout] 
[INFO] [stdout] warning: comparison is useless due to type limits
[INFO] [stdout]    --> tests/comprehensive.rs:276:13
[INFO] [stdout]     |
[INFO] [stdout] 276 |     assert!(stats.total_entries() >= 0);
[INFO] [stdout]     |             ^^^^^^^^^^^^^^^^^^^^^^^^^^
[INFO] [stdout] 
[INFO] [stdout] 
[INFO] [stdout] warning: comparison is useless due to type limits
[INFO] [stdout]    --> tests/comprehensive.rs:293:13
[INFO] [stdout]     |
[INFO] [stdout] 293 |     assert!(intel_vendors.len() >= 0);
[INFO] [stdout]     |             ^^^^^^^^^^^^^^^^^^^^^^^^
[INFO] [stdout] 
[INFO] [stdout] 
[INFO] [stdout] warning: comparison is useless due to type limits
[INFO] [stdout]    --> tests/comprehensive.rs:296:13
[INFO] [stdout]     |
[INFO] [stdout] 296 |     assert!(test_devices.len() >= 0);
[INFO] [stdout]     |             ^^^^^^^^^^^^^^^^^^^^^^^
[INFO] [stdout] 
[INFO] [stdout] 
[INFO] [stdout] warning: comparison is useless due to type limits
[INFO] [stdout]    --> tests/comprehensive.rs:299:13
[INFO] [stdout]     |
[INFO] [stdout] 299 |     assert!(network_classes.len() >= 0);
[INFO] [stdout]     |             ^^^^^^^^^^^^^^^^^^^^^^^^^^
[INFO] [stdout] 
[INFO] [stdout] 
[INFO] [stdout] warning: comparison is useless due to type limits
[INFO] [stdout]    --> tests/comprehensive.rs:303:13
[INFO] [stdout]     |
[INFO] [stdout] 303 |     assert!(query_results.len() >= 0);
[INFO] [stdout]     |             ^^^^^^^^^^^^^^^^^^^^^^^^
[INFO] [stdout] 
[INFO] [stdout] 
[INFO] [stdout] warning: comparison is useless due to type limits
[INFO] [stdout]    --> tests/comprehensive.rs:750:13
[INFO] [stdout]     |
[INFO] [stdout] 750 |     assert!(network_devices.len() >= 0);
[INFO] [stdout]     |             ^^^^^^^^^^^^^^^^^^^^^^^^^^
[INFO] [stdout] 
[INFO] [stdout] 
[INFO] [stdout] warning: comparison is useless due to type limits
[INFO] [stdout]    --> tests/comprehensive.rs:774:13
[INFO] [stdout]     |
[INFO] [stdout] 774 |     assert!(complex_results.len() >= 0);
[INFO] [stdout]     |             ^^^^^^^^^^^^^^^^^^^^^^^^^^
[INFO] [stdout] 
[INFO] [stdout] 
[INFO] [stdout] warning: unused import: `crate::devices::Device`
[INFO] [stdout]    --> src/query.rs:460:9
[INFO] [stdout]     |
[INFO] [stdout] 460 |     use crate::devices::Device;
[INFO] [stdout]     |         ^^^^^^^^^^^^^^^^^^^^^^
[INFO] [stdout]     |
[INFO] [stdout]     = note: `#[warn(unused_imports)]` (part of `#[warn(unused)]`) on by default
[INFO] [stdout] 
[INFO] [stdout] 
[INFO] [stderr]     Finished `release` profile [optimized] target(s) in 7.63s
[INFO] running `Command { std: "docker" "inspect" "dd87c97fbf85c2dc27cb30fca6120c46bb875bacf8fdde32dc709fb48d0747b3", kill_on_drop: false }`
[INFO] running `Command { std: "docker" "exec" "-e" "SOURCE_DIR=/opt/rustwide/workdir" "-e" "CARGO_HOME=/opt/rustwide/cargo-home" "-e" "RUSTUP_HOME=/opt/rustwide/rustup-home" "-e" "CARGO_TARGET_DIR=/opt/rustwide/target" "-e" "CARGO_INCREMENTAL=0" "-e" "RUST_BACKTRACE=full" "-e" "RUSTFLAGS=--cap-lints=warn" "-e" "RUSTDOCFLAGS=--cap-lints=warn" "-w" "/opt/rustwide/workdir" "--user" "0:0" "dd87c97fbf85c2dc27cb30fca6120c46bb875bacf8fdde32dc709fb48d0747b3" "/opt/rustwide/cargo-home/bin/cargo" "+1.100.0-beta.1" "test" "--frozen" "--release", kill_on_drop: false }`
[INFO] [stderr] warning: comparison is useless due to type limits
[INFO] [stderr]    --> tests/comprehensive.rs:229:13
[INFO] [stderr]     |
[INFO] [stderr] 229 |     assert!(db.vendors().len() >= 0);  // Should not panic
[INFO] [stderr]     |             ^^^^^^^^^^^^^^^^^^^^^^^
[INFO] [stderr]     |
[INFO] [stderr]     = note: `#[warn(unused_comparisons)]` on by default
[INFO] [stderr] 
[INFO] [stderr] warning: comparison is useless due to type limits
[INFO] [stderr]    --> tests/comprehensive.rs:230:13
[INFO] [stderr]     |
[INFO] [stderr] 230 |     assert!(db.classes().len() >= 0);  // Should not panic
[INFO] [stderr]     |             ^^^^^^^^^^^^^^^^^^^^^^^
[INFO] [stderr] 
[INFO] [stderr] warning: comparison is useless due to type limits
[INFO] [stderr]    --> tests/comprehensive.rs:270:13
[INFO] [stderr]     |
[INFO] [stderr] 270 |     assert!(stats.vendor_count >= 0);
[INFO] [stderr]     |             ^^^^^^^^^^^^^^^^^^^^^^^
[INFO] [stderr] 
[INFO] [stderr] warning: comparison is useless due to type limits
[INFO] [stderr]    --> tests/comprehensive.rs:271:13
[INFO] [stderr]     |
[INFO] [stderr] 271 |     assert!(stats.device_count >= 0);
[INFO] [stderr]     |             ^^^^^^^^^^^^^^^^^^^^^^^
[INFO] [stderr] 
[INFO] [stderr] warning: comparison is useless due to type limits
[INFO] [stderr]    --> tests/comprehensive.rs:272:13
[INFO] [stderr]     |
[INFO] [stderr] 272 |     assert!(stats.subsystem_count >= 0);
[INFO] [stderr]     |             ^^^^^^^^^^^^^^^^^^^^^^^^^^
[INFO] [stderr] 
[INFO] [stderr] warning: comparison is useless due to type limits
[INFO] [stderr]    --> tests/comprehensive.rs:273:13
[INFO] [stderr]     |
[INFO] [stderr] 273 |     assert!(stats.class_count >= 0);
[INFO] [stderr]     |             ^^^^^^^^^^^^^^^^^^^^^^
[INFO] [stderr] 
[INFO] [stderr] warning: comparison is useless due to type limits
[INFO] [stderr]    --> tests/comprehensive.rs:274:13
[INFO] [stderr]     |
[INFO] [stderr] 274 |     assert!(stats.subclass_count >= 0);
[INFO] [stderr]     |             ^^^^^^^^^^^^^^^^^^^^^^^^^
[INFO] [stderr] 
[INFO] [stderr] warning: comparison is useless due to type limits
[INFO] [stderr]    --> tests/comprehensive.rs:275:13
[INFO] [stderr]     |
[INFO] [stderr] 275 |     assert!(stats.prog_interface_count >= 0);
[INFO] [stderr]     |             ^^^^^^^^^^^^^^^^^^^^^^^^^^^^^^^
[INFO] [stderr] 
[INFO] [stderr] warning: comparison is useless due to type limits
[INFO] [stderr]    --> tests/comprehensive.rs:276:13
[INFO] [stderr]     |
[INFO] [stderr] 276 |     assert!(stats.total_entries() >= 0);
[INFO] [stderr]     |             ^^^^^^^^^^^^^^^^^^^^^^^^^^
[INFO] [stderr] 
[INFO] [stderr] warning: comparison is useless due to type limits
[INFO] [stderr]    --> tests/comprehensive.rs:293:13
[INFO] [stderr]     |
[INFO] [stderr] 293 |     assert!(intel_vendors.len() >= 0);
[INFO] [stderr]     |             ^^^^^^^^^^^^^^^^^^^^^^^^
[INFO] [stderr] 
[INFO] [stderr] warning: comparison is useless due to type limits
[INFO] [stderr]    --> tests/comprehensive.rs:296:13
[INFO] [stderr]     |
[INFO] [stderr] 296 |     assert!(test_devices.len() >= 0);
[INFO] [stderr]     |             ^^^^^^^^^^^^^^^^^^^^^^^
[INFO] [stderr] 
[INFO] [stderr] warning: comparison is useless due to type limits
[INFO] [stderr]    --> tests/comprehensive.rs:299:13
[INFO] [stderr]     |
[INFO] [stderr] 299 |     assert!(network_classes.len() >= 0);
[INFO] [stderr]     |             ^^^^^^^^^^^^^^^^^^^^^^^^^^
[INFO] [stderr] 
[INFO] [stderr] warning: comparison is useless due to type limits
[INFO] [stderr]    --> tests/comprehensive.rs:303:13
[INFO] [stderr]     |
[INFO] [stderr] 303 |     assert!(query_results.len() >= 0);
[INFO] [stderr]     |             ^^^^^^^^^^^^^^^^^^^^^^^^
[INFO] [stderr] 
[INFO] [stderr] warning: comparison is useless due to type limits
[INFO] [stderr]    --> tests/comprehensive.rs:750:13
[INFO] [stderr]     |
[INFO] [stderr] 750 |     assert!(network_devices.len() >= 0);
[INFO] [stderr]     |             ^^^^^^^^^^^^^^^^^^^^^^^^^^
[INFO] [stderr] 
[INFO] [stderr] warning: comparison is useless due to type limits
[INFO] [stderr]    --> tests/comprehensive.rs:774:13
[INFO] [stderr]     |
[INFO] [stderr] 774 |     assert!(complex_results.len() >= 0);
[INFO] [stderr]     |             ^^^^^^^^^^^^^^^^^^^^^^^^^^
[INFO] [stderr] 
[INFO] [stderr] warning: `ids_rs` (test "comprehensive") generated 15 warnings
[INFO] [stderr] warning: unused import: `crate::devices::Device`
[INFO] [stderr]    --> src/query.rs:460:9
[INFO] [stderr]     |
[INFO] [stderr] 460 |     use crate::devices::Device;
[INFO] [stderr]     |         ^^^^^^^^^^^^^^^^^^^^^^
[INFO] [stderr]     |
[INFO] [stderr]     = note: `#[warn(unused_imports)]` (part of `#[warn(unused)]`) on by default
[INFO] [stderr] 
[INFO] [stderr] warning: `ids_rs` (lib test) generated 1 warning (run `cargo fix --lib -p ids_rs --tests` to apply 1 suggestion)
[INFO] [stderr]     Finished `release` profile [optimized] target(s) in 0.03s
[INFO] [stderr]      Running unittests src/lib.rs (/opt/rustwide/target/release/build/ids_rs/da50b4bb57009927/out/ids_rs-da50b4bb57009927)
[INFO] [stdout] 
[INFO] [stdout] running 7 tests
[INFO] [stdout] test database::tests::test_database_creation ... ok
[INFO] [stdout] test query::tests::test_empty_database_queries ... ok
[INFO] [stdout] test parser::tests::test_basic_class_parsing ... ok
[INFO] [stdout] test parser::tests::test_basic_vendor_parsing ... ok
[INFO] [stdout] test query::tests::test_query_builder_creation ... ok
[INFO] [stderr]      Running tests/comprehensive.rs (/opt/rustwide/target/release/build/ids_rs/92b0a17426bf37d1/out/comprehensive-92b0a17426bf37d1)
[INFO] [stdout] test parser::tests::test_mixed_parsing ... ok
[INFO] [stdout] test database::tests::test_database_stats ... ok
[INFO] [stdout] 
[INFO] [stdout] test result: ok. 7 passed; 0 failed; 0 ignored; 0 measured; 0 filtered out; finished in 0.01s
[INFO] [stdout] 
[INFO] [stdout] 
[INFO] [stdout] running 32 tests
[INFO] [stdout] test test_error_display ... ok
[INFO] [stdout] test test_lookup_performance_characteristics ... ok
[INFO] [stdout] test test_device_id_comprehensive ... ok
[INFO] [stdout] test test_global_database_access ... ok
[INFO] [stdout] test test_parser_device_parsing ... ok
[INFO] [stdout] test test_parser_empty_content ... ok
[INFO] [stdout] test test_parser_mixed_content ... ok
[INFO] [stdout] test test_memory_usage_characteristics ... ok
[INFO] [stdout] test test_parser_prog_interface_parsing ... ok
[INFO] [stdout] test test_parser_subclass_parsing ... ok
[INFO] [stdout] test test_parser_subsystem_parsing ... ok
[INFO] [stdout] test test_parser_vendor_parsing ... ok
[INFO] [stdout] test test_database_with_empty_lookups ... ok
[INFO] [stdout] test test_end_to_end_workflow ... FAILED
[INFO] [stdout] test test_stress_operations ... ok
[INFO] [stdout] test test_comprehensive_device_description ... ok
[INFO] [stdout] test test_class_ids_comprehensive ... ok
[INFO] [stdout] test test_const_creation ... ok
[INFO] [stdout] test test_parser_creation ... ok
[INFO] [stdout] test test_well_known_vendor_ids ... ok
[INFO] [stdout] test test_subsystem_ids_comprehensive ... ok
[INFO] [stdout] test test_all_types_hash_consistency ... ok
[INFO] [stdout] test test_well_known_device_class_ids ... ok
[INFO] [stdout] test test_database_convenience_methods ... ok
[INFO] [stdout] test test_parser_comments_and_empty_lines ... ok
[INFO] [stdout] test test_parser_error_cases ... ok
[INFO] [stdout] test test_database_statistics ... ok
[INFO] [stdout] test test_vendor_id_comprehensive ... ok
[INFO] [stdout] test test_error_equality ... ok
[INFO] [stdout] test test_no_std_compatibility ... ok
[INFO] [stdout] test test_parser_class_parsing ... ok
[INFO] [stderr] error: test failed, to rerun pass `--test comprehensive`
[INFO] [stdout] test test_query_performance_characteristics ... ok
[INFO] [stdout] 
[INFO] [stdout] failures:
[INFO] [stdout] 
[INFO] [stdout] ---- test_end_to_end_workflow stdout ----
[INFO] [stdout] Database contains 2445 vendors, 19836 devices, 22 classes
[INFO] [stdout] 
[INFO] [stdout] thread 'test_end_to_end_workflow' (303) panicked at tests/comprehensive.rs:751:5:
[INFO] [stdout] assertion failed: ethernet_devices.len() <= network_devices.len() || network_devices.is_empty()
[INFO] [stdout] stack backtrace:
[INFO] [stdout]    0:     0x6048cc602591 - <<std[617be2ca0a6fd877]::sys::backtrace::BacktraceLock>::print::DisplayBacktrace as core[a373ad73a504971]::fmt::Display>::fmt
[INFO] [stdout]    1:     0x6048cc6170aa - core[a373ad73a504971]::fmt::write
[INFO] [stdout]    2:     0x6048cc6067ac - <alloc[2e1b2a31b91974c5]::vec::Vec<u8> as core[a373ad73a504971]::io::write::Write>::write_fmt
[INFO] [stdout]    3:     0x6048cc5de9f6 - std[617be2ca0a6fd877]::panicking::default_hook::{closure#0}
[INFO] [stdout]    4:     0x6048cc5fac29 - std[617be2ca0a6fd877]::panicking::default_hook
[INFO] [stdout]    5:     0x6048cc590d80 - test[aada8e7e76ba119b]::test_main_inner::{closure#0}
[INFO] [stdout]    6:     0x6048cc5fade2 - std[617be2ca0a6fd877]::panicking::panic_with_hook
[INFO] [stdout]    7:     0x6048cc5dead4 - std[617be2ca0a6fd877]::panicking::panic_handler::{closure#0}
[INFO] [stdout]    8:     0x6048cc5d77b9 - std[617be2ca0a6fd877]::sys::backtrace::__rust_end_short_backtrace::<std[617be2ca0a6fd877]::panicking::panic_handler::{closure#0}, !>
[INFO] [stdout]    9:     0x6048cc5df6ad - __rustc[ea4f61d10b84890b]::rust_begin_unwind
[INFO] [stdout]   10:     0x6048cc6177dc - core[a373ad73a504971]::panicking::panic_fmt
[INFO] [stdout]   11:     0x6048cc6177a2 - core[a373ad73a504971]::panicking::panic
[INFO] [stdout]   12:     0x6048cc57fae4 - <comprehensive[f17d69bb14768521]::test_end_to_end_workflow::{closure#0} as core[a373ad73a504971]::ops::function::FnOnce<()>>::call_once
[INFO] [stdout]   13:     0x6048cc5841cb - test[aada8e7e76ba119b]::__rust_begin_short_backtrace::<core[a373ad73a504971]::result::Result<(), alloc[2e1b2a31b91974c5]::string::String>, fn() -> core[a373ad73a504971]::result::Result<(), alloc[2e1b2a31b91974c5]::string::String>>
[INFO] [stdout]   14:     0x6048cc5913a5 - test[aada8e7e76ba119b]::run_test::{closure#0}
[INFO] [stdout]   15:     0x6048cc58ac94 - std[617be2ca0a6fd877]::sys::backtrace::__rust_begin_short_backtrace::<test[aada8e7e76ba119b]::run_test::{closure#1}, ()>
[INFO] [stdout]   16:     0x6048cc594432 - <std[617be2ca0a6fd877]::thread::lifecycle::spawn_unchecked<test[aada8e7e76ba119b]::run_test::{closure#1}, ()>::{closure#1} as core[a373ad73a504971]::ops::function::FnOnce<()>>::call_once::{shim:vtable#0}
[INFO] [stdout]   17:     0x6048cc601def - <std[617be2ca0a6fd877]::sys::thread::unix::Thread>::new::thread_start
[INFO] [stdout]   18:     0x7636e656edfa - <unknown>
[INFO] [stdout]   19:     0x7636e66023d4 - clone
[INFO] [stdout]   20:                0x0 - <unknown>
[INFO] [stdout] 
[INFO] [stdout] 
[INFO] [stdout] failures:
[INFO] [stdout]     test_end_to_end_workflow
[INFO] [stdout] 
[INFO] [stdout] test result: FAILED. 31 passed; 1 failed; 0 ignored; 0 measured; 0 filtered out; finished in 0.06s
[INFO] [stdout] 
[INFO] running `Command { std: "docker" "inspect" "dd87c97fbf85c2dc27cb30fca6120c46bb875bacf8fdde32dc709fb48d0747b3", kill_on_drop: false }`
[INFO] running `Command { std: "docker" "rm" "-f" "dd87c97fbf85c2dc27cb30fca6120c46bb875bacf8fdde32dc709fb48d0747b3", kill_on_drop: false }`
[INFO] [stdout] dd87c97fbf85c2dc27cb30fca6120c46bb875bacf8fdde32dc709fb48d0747b3
