[INFO] fetching crate identus-crypto 0.1.0-rc.1...
[INFO] testing identus-crypto-0.1.0-rc.1 against 1.99.0-beta.8+cargoflags=--release for beta-release-1.100-2
[INFO] extracting crate identus-crypto 0.1.0-rc.1 into /workspace/builds/worker-6-tc1/source
[INFO] started tweaking crates.io crate identus-crypto 0.1.0-rc.1
[INFO] removed 0 missing examples
[INFO] removed 0 missing tests
[INFO] finished tweaking crates.io crate identus-crypto 0.1.0-rc.1
[INFO] tweaked toml for crates.io crate identus-crypto 0.1.0-rc.1 written to /workspace/builds/worker-6-tc1/source/Cargo.toml
[INFO] validating manifest of crates.io crate identus-crypto 0.1.0-rc.1 on toolchain 1.99.0-beta.8
[INFO] running `Command { std: CARGO_HOME="/workspace/cargo-home" RUSTUP_HOME="/workspace/rustup-home" "/workspace/cargo-home/bin/cargo" "+1.99.0-beta.8" "metadata" "--manifest-path" "Cargo.toml" "--no-deps", kill_on_drop: false }`
[INFO] crate crates.io crate identus-crypto 0.1.0-rc.1 already has a lockfile, it will not be regenerated
[INFO] running `Command { std: CARGO_HOME="/workspace/cargo-home" RUSTUP_HOME="/workspace/rustup-home" "/workspace/cargo-home/bin/cargo" "+1.99.0-beta.8" "fetch" "--manifest-path" "Cargo.toml", kill_on_drop: false }`
[INFO] [stderr]     Updating crates.io index
[INFO] [stderr]  Downloading crates ...
[INFO] [stderr]   Downloaded identus-derive v0.1.0-rc.1
[INFO] [stderr]   Downloaded coset v0.4.2
[INFO] [stderr]   Downloaded identus-core v0.1.0-rc.1
[INFO] [stderr]   Downloaded ed25519-bip32 v0.4.3
[INFO] [stderr]   Downloaded zerocopy-derive v0.8.58
[INFO] [stderr]   Downloaded zerocopy v0.8.58
[INFO] [stderr]   Downloaded cryptoxide v0.6.5
[INFO] running `Command { std: "docker" "create" "-v" "/var/lib/crater-agent-workspace/builds/worker-6-tc1/source:/opt/rustwide/workdir:ro,Z" "-v" "/var/lib/crater-agent-workspace/builds/worker-6-tc1/target:/opt/rustwide/target:rw,Z" "-v" "/var/lib/crater-agent-workspace/cargo-home:/opt/rustwide/cargo-home:ro,Z" "-v" "/var/lib/crater-agent-workspace/rustup-home:/opt/rustwide/rustup-home:ro,Z" "-m" "1610612736" "--network" "none" "ghcr.io/rust-lang/crates-build-env/linux@sha256:77db811e55d90add9212f6832c23229e3de5f1c1f9905e8cb07319ea15df73ac" "sleep" "infinity", kill_on_drop: false }`
[INFO] [stdout] 3fa6dbc1dcd008446298f70cad2d7d869cb5758770b65a76ec3c9c5f34d909d8
[INFO] running `Command { std: "docker" "start" "3fa6dbc1dcd008446298f70cad2d7d869cb5758770b65a76ec3c9c5f34d909d8", kill_on_drop: false }`
[INFO] running `Command { std: "docker" "inspect" "3fa6dbc1dcd008446298f70cad2d7d869cb5758770b65a76ec3c9c5f34d909d8", kill_on_drop: false }`
[INFO] running `Command { std: "docker" "exec" "-e" "SOURCE_DIR=/opt/rustwide/workdir" "-e" "CARGO_HOME=/opt/rustwide/cargo-home" "-e" "RUSTUP_HOME=/opt/rustwide/rustup-home" "-e" "CARGO_TARGET_DIR=/opt/rustwide/target" "-w" "/opt/rustwide/workdir" "--user" "0:0" "3fa6dbc1dcd008446298f70cad2d7d869cb5758770b65a76ec3c9c5f34d909d8" "/opt/rustwide/cargo-home/bin/cargo" "+1.99.0-beta.8" "metadata" "--no-deps" "--format-version=1", kill_on_drop: false }`
[INFO] running `Command { std: "docker" "inspect" "3fa6dbc1dcd008446298f70cad2d7d869cb5758770b65a76ec3c9c5f34d909d8", kill_on_drop: false }`
[INFO] running `Command { std: "docker" "exec" "-e" "SOURCE_DIR=/opt/rustwide/workdir" "-e" "CARGO_HOME=/opt/rustwide/cargo-home" "-e" "RUSTUP_HOME=/opt/rustwide/rustup-home" "-e" "CARGO_TARGET_DIR=/opt/rustwide/target" "-e" "CARGO_INCREMENTAL=0" "-e" "RUST_BACKTRACE=full" "-e" "RUSTFLAGS=--cap-lints=warn" "-e" "RUSTDOCFLAGS=--cap-lints=warn" "-w" "/opt/rustwide/workdir" "--user" "0:0" "3fa6dbc1dcd008446298f70cad2d7d869cb5758770b65a76ec3c9c5f34d909d8" "/opt/rustwide/cargo-home/bin/cargo" "+1.99.0-beta.8" "build" "--frozen" "--message-format=json" "--release", kill_on_drop: false }`
[INFO] [stderr]    Compiling syn v2.0.119
[INFO] [stderr]    Compiling generic-array v0.14.9
[INFO] [stderr]    Compiling zerocopy v0.8.58
[INFO] [stderr]    Compiling base16ct v0.2.0
[INFO] [stderr]    Compiling syn v3.0.6
[INFO] [stderr]    Compiling serde v1.0.229
[INFO] [stderr]    Compiling ciborium-io v0.2.2
[INFO] [stderr]    Compiling ff v0.13.1
[INFO] [stderr]    Compiling cryptoxide v0.6.5
[INFO] [stderr]    Compiling curve25519-dalek v4.1.3
[INFO] [stderr]    Compiling hex-conservative v0.2.3
[INFO] [stderr]    Compiling unicode-normalization v0.1.25
[INFO] [stderr]    Compiling group v0.13.0
[INFO] [stderr]    Compiling bitcoin_hashes v0.14.101
[INFO] [stderr]    Compiling serde_derive v1.0.229
[INFO] [stderr]    Compiling ed25519-bip32 v0.4.3
[INFO] [stderr]    Compiling zeroize_derive v1.5.0
[INFO] [stderr]    Compiling zerocopy-derive v0.8.58
[INFO] [stderr]    Compiling curve25519-dalek-derive v0.1.1
[INFO] [stderr]    Compiling identus-derive v0.1.0-rc.1
[INFO] [stderr]    Compiling zeroize v1.9.0
[INFO] [stderr]    Compiling der v0.7.10
[INFO] [stderr]    Compiling bip39 v2.2.2
[INFO] [stderr]    Compiling identus-core v0.1.0-rc.1
[INFO] [stderr]    Compiling block-buffer v0.10.4
[INFO] [stderr]    Compiling crypto-common v0.1.6
[INFO] [stderr]    Compiling crypto-bigint v0.5.5
[INFO] [stderr]    Compiling digest v0.10.7
[INFO] [stderr]    Compiling sec1 v0.7.3
[INFO] [stderr]    Compiling signature v2.2.0
[INFO] [stderr]    Compiling hmac v0.12.1
[INFO] [stderr]    Compiling sha2 v0.10.9
[INFO] [stderr]    Compiling ed25519 v2.2.3
[INFO] [stderr]    Compiling rfc6979 v0.4.0
[INFO] [stderr]    Compiling elliptic-curve v0.13.8
[INFO] [stderr]    Compiling ecdsa v0.16.9
[INFO] [stderr]    Compiling primeorder v0.13.6
[INFO] [stderr]    Compiling ed25519-dalek v2.2.0
[INFO] [stderr]    Compiling x25519-dalek v2.0.1
[INFO] [stderr]    Compiling k256 v0.13.4
[INFO] [stderr]    Compiling p256 v0.13.2
[INFO] [stderr]    Compiling half v2.7.1
[INFO] [stderr]    Compiling ciborium-ll v0.2.2
[INFO] [stderr]    Compiling ciborium v0.2.2
[INFO] [stderr]    Compiling coset v0.4.2
[INFO] [stderr]    Compiling identus-crypto v0.1.0-rc.1 (/opt/rustwide/workdir)
[INFO] [stderr]     Finished `release` profile [optimized] target(s) in 38.03s
[INFO] running `Command { std: "docker" "inspect" "3fa6dbc1dcd008446298f70cad2d7d869cb5758770b65a76ec3c9c5f34d909d8", kill_on_drop: false }`
[INFO] running `Command { std: "docker" "exec" "-e" "SOURCE_DIR=/opt/rustwide/workdir" "-e" "CARGO_HOME=/opt/rustwide/cargo-home" "-e" "RUSTUP_HOME=/opt/rustwide/rustup-home" "-e" "CARGO_TARGET_DIR=/opt/rustwide/target" "-e" "CARGO_INCREMENTAL=0" "-e" "RUST_BACKTRACE=full" "-e" "RUSTFLAGS=--cap-lints=warn" "-e" "RUSTDOCFLAGS=--cap-lints=warn" "-w" "/opt/rustwide/workdir" "--user" "0:0" "3fa6dbc1dcd008446298f70cad2d7d869cb5758770b65a76ec3c9c5f34d909d8" "/opt/rustwide/cargo-home/bin/cargo" "+1.99.0-beta.8" "test" "--frozen" "--no-run" "--message-format=json" "--release", kill_on_drop: false }`
[INFO] [stderr]    Compiling winnow v1.0.4
[INFO] [stderr]    Compiling target-tuple v1.0.2
[INFO] [stderr]    Compiling glob v0.3.4
[INFO] [stderr]    Compiling toml_datetime v1.1.1+spec-1.1.0
[INFO] [stderr]    Compiling toml_parser v1.1.3+spec-1.1.0
[INFO] [stderr]    Compiling toml v1.1.6+spec-1.1.0
[INFO] [stderr]    Compiling trybuild v1.0.121
[INFO] [stderr]    Compiling identus-crypto v0.1.0-rc.1 (/opt/rustwide/workdir)
[INFO] [stderr]     Finished `release` profile [optimized] target(s) in 18.58s
[INFO] running `Command { std: "docker" "inspect" "3fa6dbc1dcd008446298f70cad2d7d869cb5758770b65a76ec3c9c5f34d909d8", kill_on_drop: false }`
[INFO] running `Command { std: "docker" "exec" "-e" "SOURCE_DIR=/opt/rustwide/workdir" "-e" "CARGO_HOME=/opt/rustwide/cargo-home" "-e" "RUSTUP_HOME=/opt/rustwide/rustup-home" "-e" "CARGO_TARGET_DIR=/opt/rustwide/target" "-e" "CARGO_INCREMENTAL=0" "-e" "RUST_BACKTRACE=full" "-e" "RUSTFLAGS=--cap-lints=warn" "-e" "RUSTDOCFLAGS=--cap-lints=warn" "-w" "/opt/rustwide/workdir" "--user" "0:0" "3fa6dbc1dcd008446298f70cad2d7d869cb5758770b65a76ec3c9c5f34d909d8" "/opt/rustwide/cargo-home/bin/cargo" "+1.99.0-beta.8" "test" "--frozen" "--release", kill_on_drop: false }`
[INFO] [stderr]     Finished `release` profile [optimized] target(s) in 0.12s
[INFO] [stderr]      Running unittests src/lib.rs (/opt/rustwide/target/release/deps/identus_crypto-4c27940de3a194ec)
[INFO] [stdout] 
[INFO] [stdout] running 20 tests
[INFO] [stdout] test derivation::path::tests::programmatic_oversized_path_is_rejected_by_work_preflight ... ok
[INFO] [stdout] test base64::tests::byte_encoding_is_bounded_and_conversion_forms_compile ... ok
[INFO] [stdout] test hex::tests::one_over_limit_wins_before_malformed_hex_and_is_redacted ... ok
[INFO] [stdout] test derivation::hdkey::tests::zero_resulting_child_is_rejected ... ok
[INFO] [stdout] test derivation::path::tests::depth_capacity_uses_the_same_interoperable_ceiling ... ok
[INFO] [stdout] test derivation::path::tests::parser_accepts_255_axes_and_rejects_the_256th ... ok
[INFO] [stdout] test hex::tests::exact_limit_is_accepted_and_canonicalized ... ok
[INFO] [stdout] test hex::tests::byte_encoding_is_bounded_and_conversion_forms_compile ... ok
[INFO] [stdout] test derivation::hdkey::tests::seed_lengths_outside_the_normative_range_are_rejected ... ok
[INFO] [stdout] test derivation::hdkey::tests::zero_child_tweak_is_valid_and_updates_metadata ... ok
[INFO] [stdout] test jwk::tests::thumbprint_input_is_exact_for_each_supported_key_shape ... ok
[INFO] [stdout] test derivation::hdkey::tests::child_tweak_at_the_curve_order_is_rejected_without_reduction ... ok
[INFO] [stdout] test derivation::path::tests::text_byte_limit_is_checked_before_path_syntax ... ok
[INFO] [stdout] test hex::tests::valid_oversized_text_is_rejected_but_trusted_encoding_remains_infallible ... ok
[INFO] [stdout] test derivation::hdkey::tests::every_normative_seed_length_is_accepted ... ok
[INFO] [stdout] test derivation::hdkey::tests::invalid_master_scalars_are_rejected ... ok
[INFO] [stdout] test base64::tests::valid_oversized_text_is_rejected_but_trusted_encoding_remains_infallible ... ok
[INFO] [stdout] test base64::tests::exact_limit_is_accepted_and_remains_canonical ... ok
[INFO] [stdout] test derivation::hdkey::tests::child_beyond_interoperable_depth_is_rejected ... ok
[INFO] [stdout] test base64::tests::one_over_limit_wins_before_malformed_base64url_and_is_redacted ... ok
[INFO] [stderr]      Running tests/cardano_bip32.rs (/opt/rustwide/target/release/deps/cardano_bip32-d9fd263c6b394fc7)
[INFO] [stdout] 
[INFO] [stdout] test result: ok. 20 passed; 0 failed; 0 ignored; 0 measured; 0 filtered out; finished in 0.01s
[INFO] [stdout] 
[INFO] [stdout] 
[INFO] [stdout] running 11 tests
[INFO] [stdout] test invalid_extended_private_keys_and_seed_lengths_are_rejected ... ok
[INFO] [stdout] test apollo_hardened_private_vector_matches_byte_for_byte ... ok
[INFO] [stdout] test soft_public_derivation_equals_private_derivation ... ok
[INFO] [stdout] test typed_paths_above_the_work_limit_are_rejected ... ok
[INFO] [stdout] test hardened_public_derivation_is_rejected_with_stable_redacted_error ... ok
[INFO] [stdout] test upstream_hardened_private_vector_matches_byte_for_byte ... ok
[INFO] [stdout] test private_material_is_redacted_and_zeroizable ... ok
[INFO] [stdout] test apollo_seed_representation_constructs_a_valid_extended_key ... ok
[INFO] [stdout] test independent_soft_private_vector_matches_byte_for_byte ... ok
[INFO] [stdout] test apollo_soft_public_path_matches_byte_for_byte ... ok
[INFO] [stdout] test typed_path_at_the_work_limit_is_accepted ... ok
[INFO] [stdout] 
[INFO] [stdout] test result: ok. 11 passed; 0 failed; 0 ignored; 0 measured; 0 filtered out; finished in 0.01s
[INFO] [stdout] 
[INFO] [stderr]      Running tests/codec_boundaries.rs (/opt/rustwide/target/release/deps/codec_boundaries-c6e680babbc659ad)
[INFO] [stdout] 
[INFO] [stdout] running 4 tests
[INFO] [stdout] test base64url_byte_construction_is_exact_bounded_and_canonical ... ok
[INFO] [stdout] test hex_byte_construction_is_exact_bounded_and_canonical ... ok
[INFO] [stdout] test every_public_byte_ownership_form_uses_the_same_checked_boundary ... ok
[INFO] [stderr]    Compiling proc-macro2 v1.0.107
[INFO] [stderr]    Compiling unicode-ident v1.0.26
[INFO] [stderr]    Compiling quote v1.0.47
[INFO] [stderr]    Compiling version_check v0.9.5
[INFO] [stderr]     Checking typenum v1.20.1
[INFO] [stderr]     Checking subtle v2.6.1
[INFO] [stderr]     Checking const-oid v0.9.6
[INFO] [stderr]     Checking rand_core v0.6.4
[INFO] [stderr]     Checking cfg-if v1.0.5
[INFO] [stderr]    Compiling serde_core v1.0.229
[INFO] [stderr]    Compiling zerocopy v0.8.58
[INFO] [stderr]    Compiling semver v1.0.28
[INFO] [stderr]     Checking cpufeatures v0.2.17
[INFO] [stderr]     Checking base16ct v0.2.0
[INFO] [stderr]    Compiling serde v1.0.229
[INFO] [stderr]    Compiling zmij v1.0.23
[INFO] [stderr]     Checking ciborium-io v0.2.2
[INFO] [stderr]     Checking arrayvec v0.7.8
[INFO] [stderr]    Compiling serde_json v1.0.151
[INFO] [stderr]     Checking tinyvec v1.13.3
[INFO] [stderr]     Checking cryptoxide v0.6.5
[INFO] [stderr]     Checking ff v0.13.1
[INFO] [stderr]     Checking itoa v1.0.18
[INFO] [stderr]     Checking memchr v2.8.3
[INFO] [stderr]     Checking hex v0.4.3
[INFO] [stderr]     Checking group v0.13.0
[INFO] [stderr]     Checking base64 v0.22.1
[INFO] [stderr]     Checking hex-conservative v0.2.3
[INFO] [stderr]     Checking bitcoin_hashes v0.14.101
[INFO] [stderr]    Compiling rustc_version v0.4.1
[INFO] [stderr]    Compiling generic-array v0.14.9
[INFO] [stderr]     Checking unicode-normalization v0.1.25
[INFO] [stderr]    Compiling curve25519-dalek v4.1.3
[INFO] [stderr]    Compiling syn v2.0.119
[INFO] [stderr]    Compiling syn v3.0.6
[INFO] [stderr]     Checking ed25519-bip32 v0.4.3
[INFO] [stderr]    Compiling serde_derive v1.0.229
[INFO] [stderr]    Compiling zeroize_derive v1.5.0
[INFO] [stderr]    Compiling zerocopy-derive v0.8.58
[INFO] [stderr]    Compiling curve25519-dalek-derive v0.1.1
[INFO] [stderr]    Compiling identus-derive v0.1.0-rc.1
[INFO] [stderr]     Checking zeroize v1.9.0
[INFO] [stderr]     Checking der v0.7.10
[INFO] [stderr]     Checking bip39 v2.2.2
[INFO] [stderr]     Checking block-buffer v0.10.4
[INFO] [stderr]     Checking crypto-common v0.1.6
[INFO] [stderr]     Checking crypto-bigint v0.5.5
[INFO] [stderr]     Checking sec1 v0.7.3
[INFO] [stderr]     Checking identus-core v0.1.0-rc.1
[INFO] [stderr]     Checking digest v0.10.7
[INFO] [stderr]     Checking signature v2.2.0
[INFO] [stderr]     Checking hmac v0.12.1
[INFO] [stderr]     Checking sha2 v0.10.9
[INFO] [stderr]     Checking ed25519 v2.2.3
[INFO] [stderr]     Checking rfc6979 v0.4.0
[INFO] [stderr]     Checking elliptic-curve v0.13.8
[INFO] [stderr]     Checking ed25519-dalek v2.2.0
[INFO] [stderr]     Checking x25519-dalek v2.0.1
[INFO] [stderr]     Checking ecdsa v0.16.9
[INFO] [stderr]     Checking primeorder v0.13.6
[INFO] [stderr]     Checking k256 v0.13.4
[INFO] [stderr]     Checking p256 v0.13.2
[INFO] [stderr]     Checking half v2.7.1
[INFO] [stderr]     Checking ciborium-ll v0.2.2
[INFO] [stderr]     Checking ciborium v0.2.2
[INFO] [stderr]     Checking coset v0.4.2
[INFO] [stderr]     Checking identus-crypto v0.1.0-rc.1 (/opt/rustwide/workdir)
[INFO] [stderr]     Checking identus-crypto-tests v0.0.0 (/opt/rustwide/target/tests/trybuild/identus-crypto)
[INFO] [stderr]     Finished `dev` profile [unoptimized + debuginfo] target(s) in 25.60s
[INFO] [stderr] 
[INFO] [stderr] 
[INFO] [stderr] test tests/ui/hex_infallible_from_absent.rs ... mismatch
[INFO] [stderr] 
[INFO] [stderr] EXPECTED:
[INFO] [stderr] ┈┈┈┈┈┈┈┈┈┈┈┈┈┈┈┈┈┈┈┈┈┈┈┈┈┈┈┈┈┈┈┈┈┈┈┈┈┈┈┈┈┈┈┈┈┈┈┈┈┈┈┈┈┈┈┈┈┈┈┈
[INFO] [stderr] error[E0308]: mismatched types
[INFO] [stderr]  --> tests/ui/hex_infallible_from_absent.rs:4:26
[INFO] [stderr]   |
[INFO] [stderr] 4 |     let _ = HexStr::from(&[0xab_u8][..]);
[INFO] [stderr]   |             ------------ ^^^^^^^^^^^^^^ expected `HexStr`, found `&[u8]`
[INFO] [stderr]   |             |
[INFO] [stderr]   |             arguments to this function are incorrect
[INFO] [stderr]   |
[INFO] [stderr] note: associated function defined here
[INFO] [stderr]  --> $RUST/core/src/convert/mod.rs
[INFO] [stderr]   |
[INFO] [stderr]   |     fn from(value: T) -> Self;
[INFO] [stderr]   |        ^^^^
[INFO] [stderr] ┈┈┈┈┈┈┈┈┈┈┈┈┈┈┈┈┈┈┈┈┈┈┈┈┈┈┈┈┈┈┈┈┈┈┈┈┈┈┈┈┈┈┈┈┈┈┈┈┈┈┈┈┈┈┈┈┈┈┈┈
[INFO] [stderr] 
[INFO] [stderr] ACTUAL OUTPUT:
[INFO] [stderr] ┈┈┈┈┈┈┈┈┈┈┈┈┈┈┈┈┈┈┈┈┈┈┈┈┈┈┈┈┈┈┈┈┈┈┈┈┈┈┈┈┈┈┈┈┈┈┈┈┈┈┈┈┈┈┈┈┈┈┈┈
[INFO] [stderr] error[E0308]: mismatched types
[INFO] [stderr]  --> tests/ui/hex_infallible_from_absent.rs:4:26
[INFO] [stderr]   |
[INFO] [stderr] 4 |     let _ = HexStr::from(&[0xab_u8][..]);
[INFO] [stderr]   |             ------------ ^^^^^^^^^^^^^^ expected `HexStr`, found `&[u8]`
[INFO] [stderr]   |             |
[INFO] [stderr]   |             arguments to this function are incorrect
[INFO] [stderr]   |
[INFO] [stderr] note: associated function defined here
[INFO] [stderr]  --> $RUST/core/src/convert/mod.rs
[INFO] [stderr] ┈┈┈┈┈┈┈┈┈┈┈┈┈┈┈┈┈┈┈┈┈┈┈┈┈┈┈┈┈┈┈┈┈┈┈┈┈┈┈┈┈┈┈┈┈┈┈┈┈┈┈┈┈┈┈┈┈┈┈┈
[INFO] [stderr] note: If the actual output is the correct output you can bless it by rerunning
[INFO] [stderr]       your test with the environment variable TRYBUILD=overwrite
[INFO] [stderr] 
[INFO] [stderr] test tests/ui/base64url_infallible_from_absent.rs ... mismatch
[INFO] [stderr] 
[INFO] [stderr] EXPECTED:
[INFO] [stderr] ┈┈┈┈┈┈┈┈┈┈┈┈┈┈┈┈┈┈┈┈┈┈┈┈┈┈┈┈┈┈┈┈┈┈┈┈┈┈┈┈┈┈┈┈┈┈┈┈┈┈┈┈┈┈┈┈┈┈┈┈
[INFO] [stderr] error[E0308]: mismatched types
[INFO] [stderr]  --> tests/ui/base64url_infallible_from_absent.rs:4:37
[INFO] [stderr]   |
[INFO] [stderr] 4 |     let _ = Base64UrlStrNoPad::from(&[0_u8][..]);
[INFO] [stderr]   |             ----------------------- ^^^^^^^^^^^ expected `Base64UrlStrNoPad`, found `&[u8]`
[INFO] [stderr]   |             |
[INFO] [stderr]   |             arguments to this function are incorrect
[INFO] [stderr]   |
[INFO] [stderr] note: associated function defined here
[INFO] [stderr]  --> $RUST/core/src/convert/mod.rs
[INFO] [stderr]   |
[INFO] [stderr]   |     fn from(value: T) -> Self;
[INFO] [stderr]   |        ^^^^
[INFO] [stderr] ┈┈┈┈┈┈┈┈┈┈┈┈┈┈┈┈┈┈┈┈┈┈┈┈┈┈┈┈┈┈┈┈┈┈┈┈┈┈┈┈┈┈┈┈┈┈┈┈┈┈┈┈┈┈┈┈┈┈┈┈
[INFO] [stderr] 
[INFO] [stderr] ACTUAL OUTPUT:
[INFO] [stderr] ┈┈┈┈┈┈┈┈┈┈┈┈┈┈┈┈┈┈┈┈┈┈┈┈┈┈┈┈┈┈┈┈┈┈┈┈┈┈┈┈┈┈┈┈┈┈┈┈┈┈┈┈┈┈┈┈┈┈┈┈
[INFO] [stderr] error[E0308]: mismatched types
[INFO] [stderr]  --> tests/ui/base64url_infallible_from_absent.rs:4:37
[INFO] [stderr]   |
[INFO] [stderr] 4 |     let _ = Base64UrlStrNoPad::from(&[0_u8][..]);
[INFO] [stderr]   |             ----------------------- ^^^^^^^^^^^ expected `Base64UrlStrNoPad`, found `&[u8]`
[INFO] [stderr]   |             |
[INFO] [stderr]   |             arguments to this function are incorrect
[INFO] [stderr]   |
[INFO] [stderr] note: associated function defined here
[INFO] [stderr]  --> $RUST/core/src/convert/mod.rs
[INFO] [stderr] ┈┈┈┈┈┈┈┈┈┈┈┈┈┈┈┈┈┈┈┈┈┈┈┈┈┈┈┈┈┈┈┈┈┈┈┈┈┈┈┈┈┈┈┈┈┈┈┈┈┈┈┈┈┈┈┈┈┈┈┈
[INFO] [stderr] note: If the actual output is the correct output you can bless it by rerunning
[INFO] [stderr]       your test with the environment variable TRYBUILD=overwrite
[INFO] [stderr] 
[INFO] [stderr] 
[INFO] [stderr] 
[INFO] [stdout] test removed_infallible_codec_conversions_stay_absent ... FAILED
[INFO] [stdout] 
[INFO] [stdout] failures:
[INFO] [stdout] 
[INFO] [stdout] ---- removed_infallible_codec_conversions_stay_absent stdout ----
[INFO] [stdout] 
[INFO] [stdout] thread 'removed_infallible_codec_conversions_stay_absent' (1435) panicked at /opt/rustwide/cargo-home/registry/src/index.crates.io-1949cf8c6b5b557f/trybuild-1.0.121/src/run.rs:103:13:
[INFO] [stdout] 2 of 2 tests failed
[INFO] [stdout] stack backtrace:
[INFO] [stdout]    0:     0x57a4fea402c1 - <<std[70759c8f55707aa4]::sys::backtrace::BacktraceLock>::print::DisplayBacktrace as core[df12db4294e9bfd3]::fmt::Display>::fmt
[INFO] [stdout]    1:     0x57a4fea56b2a - core[df12db4294e9bfd3]::fmt::write
[INFO] [stdout]    2:     0x57a4fea44d8c - <alloc[2182bb758b4b3781]::vec::Vec<u8> as core[df12db4294e9bfd3]::io::write::Write>::write_fmt
[INFO] [stdout]    3:     0x57a4fea197a6 - std[70759c8f55707aa4]::panicking::default_hook::{closure#0}
[INFO] [stdout]    4:     0x57a4fea37939 - std[70759c8f55707aa4]::panicking::default_hook
[INFO] [stdout]    5:     0x57a4fe9c8570 - test[9d35eded1c95d3be]::test_main_inner::<test[9d35eded1c95d3be]::test_main_static::{closure#0}>::{closure#0}
[INFO] [stdout]    6:     0x57a4fea37af2 - std[70759c8f55707aa4]::panicking::panic_with_hook
[INFO] [stdout]    7:     0x57a4fea19852 - std[70759c8f55707aa4]::panicking::panic_handler::{closure#0}
[INFO] [stdout]    8:     0x57a4fea12119 - std[70759c8f55707aa4]::sys::backtrace::__rust_end_short_backtrace::<std[70759c8f55707aa4]::panicking::panic_handler::{closure#0}, !>
[INFO] [stdout]    9:     0x57a4fea1a44d - __rustc[8fa7c3cbc660c2b3]::rust_begin_unwind
[INFO] [stdout]   10:     0x57a4fea5729c - core[df12db4294e9bfd3]::panicking::panic_fmt
[INFO] [stdout]   11:     0x57a4fe9222e8 - <trybuild[d93ee08b64a136a9]::Runner>::run
[INFO] [stdout]   12:     0x57a4fe9256d0 - <trybuild[d93ee08b64a136a9]::TestCases as core[df12db4294e9bfd3]::ops::drop::Drop>::drop
[INFO] [stdout]   13:     0x57a4fe91a81a - <codec_boundaries[7e7dda765f9c4ecc]::removed_infallible_codec_conversions_stay_absent::{closure#0} as core[df12db4294e9bfd3]::ops::function::FnOnce<()>>::call_once
[INFO] [stdout]   14:     0x57a4fe9bb85b - test[9d35eded1c95d3be]::__rust_begin_short_backtrace::<core[df12db4294e9bfd3]::result::Result<(), alloc[2182bb758b4b3781]::string::String>, fn() -> core[df12db4294e9bfd3]::result::Result<(), alloc[2182bb758b4b3781]::string::String>>
[INFO] [stdout]   15:     0x57a4fe9c8ec5 - test[9d35eded1c95d3be]::run_test::{closure#0}
[INFO] [stdout]   16:     0x57a4fe9c2784 - std[70759c8f55707aa4]::sys::backtrace::__rust_begin_short_backtrace::<test[9d35eded1c95d3be]::run_test::{closure#1}, ()>
[INFO] [stdout]   17:     0x57a4fe9cc022 - <std[70759c8f55707aa4]::thread::lifecycle::spawn_unchecked<test[9d35eded1c95d3be]::run_test::{closure#1}, ()>::{closure#1} as core[df12db4294e9bfd3]::ops::function::FnOnce<()>>::call_once::{shim:vtable#0}
[INFO] [stdout]   18:     0x57a4fea3f579 - <std[70759c8f55707aa4]::sys::thread::unix::Thread>::new::thread_start
[INFO] [stdout]   19:     0x7107e7715dfa - <unknown>
[INFO] [stdout]   20:     0x7107e77a93d4 - clone
[INFO] [stdout]   21:                0x0 - <unknown>
[INFO] [stdout] 
[INFO] [stdout] 
[INFO] [stdout] failures:
[INFO] [stdout]     removed_infallible_codec_conversions_stay_absent
[INFO] [stdout] 
[INFO] [stdout] test result: FAILED. 3 passed; 1 failed; 0 ignored; 0 measured; 0 filtered out; finished in 36.83s
[INFO] [stdout] 
[INFO] [stderr] error: test failed, to rerun pass `--test codec_boundaries`
[INFO] running `Command { std: "docker" "inspect" "3fa6dbc1dcd008446298f70cad2d7d869cb5758770b65a76ec3c9c5f34d909d8", kill_on_drop: false }`
[INFO] running `Command { std: "docker" "rm" "-f" "3fa6dbc1dcd008446298f70cad2d7d869cb5758770b65a76ec3c9c5f34d909d8", kill_on_drop: false }`
[INFO] [stdout] 3fa6dbc1dcd008446298f70cad2d7d869cb5758770b65a76ec3c9c5f34d909d8
