[INFO] fetching crate icydb-schema 0.274.1...
[INFO] testing icydb-schema-0.274.1 against 1.99.0-beta.8+cargoflags=--release for beta-release-1.100-2
[INFO] extracting crate icydb-schema 0.274.1 into /workspace/builds/worker-4-tc1/source
[INFO] started tweaking crates.io crate icydb-schema 0.274.1
[INFO] finished tweaking crates.io crate icydb-schema 0.274.1
[INFO] tweaked toml for crates.io crate icydb-schema 0.274.1 written to /workspace/builds/worker-4-tc1/source/Cargo.toml
[INFO] validating manifest of crates.io crate icydb-schema 0.274.1 on toolchain 1.99.0-beta.8
[INFO] running `Command { std: CARGO_HOME="/workspace/cargo-home" RUSTUP_HOME="/workspace/rustup-home" "/workspace/cargo-home/bin/cargo" "+1.99.0-beta.8" "metadata" "--manifest-path" "Cargo.toml" "--no-deps", kill_on_drop: false }`
[INFO] crate crates.io crate icydb-schema 0.274.1 already has a lockfile, it will not be regenerated
[INFO] running `Command { std: CARGO_HOME="/workspace/cargo-home" RUSTUP_HOME="/workspace/rustup-home" "/workspace/cargo-home/bin/cargo" "+1.99.0-beta.8" "fetch" "--manifest-path" "Cargo.toml", kill_on_drop: false }`
[INFO] [stderr]     Updating crates.io index
[INFO] [stderr]  Downloading crates ...
[INFO] [stderr]   Downloaded icrc-cbor v0.1.0
[INFO] [stderr]   Downloaded icrc-ledger-types v0.2.0
[INFO] [stderr]   Downloaded minicbor v0.19.1
[INFO] [stderr]   Downloaded minicbor-derive v0.13.0
[INFO] running `Command { std: "docker" "create" "-v" "/var/lib/crater-agent-workspace/builds/worker-4-tc1/source:/opt/rustwide/workdir:ro,Z" "-v" "/var/lib/crater-agent-workspace/builds/worker-4-tc1/target:/opt/rustwide/target:rw,Z" "-v" "/var/lib/crater-agent-workspace/cargo-home:/opt/rustwide/cargo-home:ro,Z" "-v" "/var/lib/crater-agent-workspace/rustup-home:/opt/rustwide/rustup-home:ro,Z" "-m" "1610612736" "--network" "none" "ghcr.io/rust-lang/crates-build-env/linux@sha256:77db811e55d90add9212f6832c23229e3de5f1c1f9905e8cb07319ea15df73ac" "sleep" "infinity", kill_on_drop: false }`
[INFO] [stdout] 06b89d5d8542e6990a15f1577dfd324c0b2f9521dc70db7c92e70653baebf511
[INFO] running `Command { std: "docker" "start" "06b89d5d8542e6990a15f1577dfd324c0b2f9521dc70db7c92e70653baebf511", kill_on_drop: false }`
[INFO] running `Command { std: "docker" "inspect" "06b89d5d8542e6990a15f1577dfd324c0b2f9521dc70db7c92e70653baebf511", kill_on_drop: false }`
[INFO] running `Command { std: "docker" "exec" "-e" "SOURCE_DIR=/opt/rustwide/workdir" "-e" "CARGO_HOME=/opt/rustwide/cargo-home" "-e" "RUSTUP_HOME=/opt/rustwide/rustup-home" "-e" "CARGO_TARGET_DIR=/opt/rustwide/target" "-w" "/opt/rustwide/workdir" "--user" "0:0" "06b89d5d8542e6990a15f1577dfd324c0b2f9521dc70db7c92e70653baebf511" "/opt/rustwide/cargo-home/bin/cargo" "+1.99.0-beta.8" "metadata" "--no-deps" "--format-version=1", kill_on_drop: false }`
[INFO] running `Command { std: "docker" "inspect" "06b89d5d8542e6990a15f1577dfd324c0b2f9521dc70db7c92e70653baebf511", kill_on_drop: false }`
[INFO] running `Command { std: "docker" "exec" "-e" "SOURCE_DIR=/opt/rustwide/workdir" "-e" "CARGO_HOME=/opt/rustwide/cargo-home" "-e" "RUSTUP_HOME=/opt/rustwide/rustup-home" "-e" "CARGO_TARGET_DIR=/opt/rustwide/target" "-e" "CARGO_INCREMENTAL=0" "-e" "RUST_BACKTRACE=full" "-e" "RUSTFLAGS=--cap-lints=warn" "-e" "RUSTDOCFLAGS=--cap-lints=warn" "-w" "/opt/rustwide/workdir" "--user" "0:0" "06b89d5d8542e6990a15f1577dfd324c0b2f9521dc70db7c92e70653baebf511" "/opt/rustwide/cargo-home/bin/cargo" "+1.99.0-beta.8" "build" "--frozen" "--message-format=json" "--release", kill_on_drop: false }`
[INFO] [stderr]    Compiling syn v3.0.9
[INFO] [stderr]    Compiling num-traits v0.2.19
[INFO] [stderr]    Compiling either v1.19.0
[INFO] [stderr]    Compiling syn v1.0.109
[INFO] [stderr]    Compiling minicbor v0.19.1
[INFO] [stderr]    Compiling stacker v0.1.25
[INFO] [stderr]    Compiling serde_bytes v0.11.19
[INFO] [stderr]    Compiling deranged v0.5.9
[INFO] [stderr]    Compiling strum_macros v0.26.4
[INFO] [stderr]    Compiling derive_more-impl v2.1.1
[INFO] [stderr]    Compiling thiserror-impl v2.0.18
[INFO] [stderr]    Compiling base32 v0.4.0
[INFO] [stderr]    Compiling ulid v3.0.0
[INFO] [stderr]    Compiling ethnum v1.5.3
[INFO] [stderr]    Compiling binrw_derive v0.15.2
[INFO] [stderr]    Compiling derive_more v2.1.1
[INFO] [stderr]    Compiling thiserror v2.0.18
[INFO] [stderr]    Compiling num-integer v0.1.47
[INFO] [stderr]    Compiling time v0.3.55
[INFO] [stderr]    Compiling strum v0.26.3
[INFO] [stderr]    Compiling serde_derive v1.0.229
[INFO] [stderr]    Compiling binrw v0.15.2
[INFO] [stderr]    Compiling minicbor-derive v0.13.0
[INFO] [stderr]    Compiling serde v1.0.229
[INFO] [stderr]    Compiling ic_principal v0.1.5
[INFO] [stderr]    Compiling hex v0.4.3
[INFO] [stderr]    Compiling num-bigint v0.4.8
[INFO] [stderr]    Compiling candid v0.10.38
[INFO] [stderr]    Compiling icrc-cbor v0.1.0
[INFO] [stderr]    Compiling icrc-ledger-types v0.2.0
[INFO] [stderr]    Compiling icydb-schema v0.274.1 (/opt/rustwide/workdir)
[INFO] [stderr]     Finished `release` profile [optimized] target(s) in 42.74s
[INFO] running `Command { std: "docker" "inspect" "06b89d5d8542e6990a15f1577dfd324c0b2f9521dc70db7c92e70653baebf511", kill_on_drop: false }`
[INFO] running `Command { std: "docker" "exec" "-e" "SOURCE_DIR=/opt/rustwide/workdir" "-e" "CARGO_HOME=/opt/rustwide/cargo-home" "-e" "RUSTUP_HOME=/opt/rustwide/rustup-home" "-e" "CARGO_TARGET_DIR=/opt/rustwide/target" "-e" "CARGO_INCREMENTAL=0" "-e" "RUST_BACKTRACE=full" "-e" "RUSTFLAGS=--cap-lints=warn" "-e" "RUSTDOCFLAGS=--cap-lints=warn" "-w" "/opt/rustwide/workdir" "--user" "0:0" "06b89d5d8542e6990a15f1577dfd324c0b2f9521dc70db7c92e70653baebf511" "/opt/rustwide/cargo-home/bin/cargo" "+1.99.0-beta.8" "test" "--frozen" "--no-run" "--message-format=json" "--release", kill_on_drop: false }`
[INFO] [stderr]    Compiling serde v1.0.229
[INFO] [stderr]    Compiling getrandom v0.4.3
[INFO] [stderr]    Compiling rustix v1.1.5
[INFO] [stderr]    Compiling wait-timeout v0.2.1
[INFO] [stderr]    Compiling cpufeatures v0.3.1
[INFO] [stderr]    Compiling bit-vec v0.10.1
[INFO] [stderr]    Compiling rand_xorshift v0.5.0
[INFO] [stderr]    Compiling core_detect v1.0.0
[INFO] [stderr]    Compiling serde_json v1.0.154
[INFO] [stderr]    Compiling chacha20 v0.10.2
[INFO] [stderr]    Compiling bit-set v0.11.1
[INFO] [stderr]    Compiling rand v0.10.3
[INFO] [stderr]    Compiling ic_principal v0.1.5
[INFO] [stderr]    Compiling hex v0.4.3
[INFO] [stderr]    Compiling num-bigint v0.4.8
[INFO] [stderr]    Compiling ciborium v0.2.2
[INFO] [stderr]    Compiling candid v0.10.38
[INFO] [stderr]    Compiling tempfile v3.27.0
[INFO] [stderr]    Compiling rusty-fork v0.3.1
[INFO] [stderr]    Compiling proptest v1.12.0
[INFO] [stderr]    Compiling icrc-cbor v0.1.0
[INFO] [stderr]    Compiling icrc-ledger-types v0.2.0
[INFO] [stderr]    Compiling icydb-schema v0.274.1 (/opt/rustwide/workdir)
[INFO] [stderr]     Finished `release` profile [optimized] target(s) in 54.73s
[INFO] running `Command { std: "docker" "inspect" "06b89d5d8542e6990a15f1577dfd324c0b2f9521dc70db7c92e70653baebf511", kill_on_drop: false }`
[INFO] running `Command { std: "docker" "exec" "-e" "SOURCE_DIR=/opt/rustwide/workdir" "-e" "CARGO_HOME=/opt/rustwide/cargo-home" "-e" "RUSTUP_HOME=/opt/rustwide/rustup-home" "-e" "CARGO_TARGET_DIR=/opt/rustwide/target" "-e" "CARGO_INCREMENTAL=0" "-e" "RUST_BACKTRACE=full" "-e" "RUSTFLAGS=--cap-lints=warn" "-e" "RUSTDOCFLAGS=--cap-lints=warn" "-w" "/opt/rustwide/workdir" "--user" "0:0" "06b89d5d8542e6990a15f1577dfd324c0b2f9521dc70db7c92e70653baebf511" "/opt/rustwide/cargo-home/bin/cargo" "+1.99.0-beta.8" "test" "--frozen" "--release", kill_on_drop: false }`
[INFO] [stderr]     Finished `release` profile [optimized] target(s) in 0.14s
[INFO] [stderr]      Running unittests src/lib.rs (/opt/rustwide/target/release/deps/icydb_schema-04fe43b7fcad334f)
[INFO] [stdout] 
[INFO] [stdout] running 163 tests
[INFO] [stdout] test atom::tests::ulid_binary_serde_enforces_width_for_bytes_and_sequences ... ok
[INFO] [stdout] test atom::tests::ulid_human_readable_serde_round_trip_uses_canonical_text ... ok
[INFO] [stdout] test atom::tests::blob_proposal_literals_retain_their_dedicated_bound ... ok
[INFO] [stdout] test big_integer_tests::public_128_bit_integers_use_compact_native_candid_values ... ok
[INFO] [stdout] test big_integer_tests::binary_integer_ingress_rejects_malformed_current_bodies ... ok
[INFO] [stdout] test big_integer_tests::native_candid_naturals_still_widen_to_signed_bigints ... ok
[INFO] [stdout] test atom::tests::ulid_candid_rejects_non_exact_blob_lengths ... ok
[INFO] [stdout] test big_integer_tests::bigint_literal_admission_matches_exact_encoded_boundaries ... ok
[INFO] [stdout] test atom::tests::ulid_binary_serde_round_trip_uses_a_byte_string ... ok
[INFO] [stdout] test big_integer_tests::integer_serde_roundtrips_native_and_wide_boundaries ... ok
[INFO] [stdout] test big_integer_tests::bigint_leb128_streams_mixed_limbs_and_large_values ... ok
[INFO] [stdout] test big_integer_tests::bigint_proposal_literal_cap_preserves_signed_and_unsigned_boundaries ... ok
[INFO] [stdout] test compact_sort::tests::compact_sort_preserves_owned_values_across_permutation_cycles ... ok
[INFO] [stdout] test compact_sort::tests::compact_sort_accepts_projected_comparators ... ok
[INFO] [stdout] test date::tests::checked_day_arithmetic_obeys_calendar_bounds ... ok
[INFO] [stdout] test atom::tests::ulid_candid_vectors_preserve_binary_values ... ok
[INFO] [stdout] test date::tests::display_formats_as_iso_date ... ok
[INFO] [stdout] test atom::tests::ulid_candid_round_trip_uses_exact_binary_bytes ... ok
[INFO] [stdout] test atom::tests::ulid_candid_requires_byte_elements ... ok
[INFO] [stdout] test atom::tests::blob_candid_round_trip_accepts_runtime_values_above_the_proposal_literal_bound ... ok
[INFO] [stdout] test big_integer_tests::tagged_integer_bodies_match_independent_bigint_byte_encoders ... ok
[INFO] [stdout] test date::tests::binary_serde_rejects_days_outside_calendar_domain ... ok
[INFO] [stdout] test date::tests::calendar_boundaries_format_and_parse_exactly ... ok
[INFO] [stdout] test date::tests::candid_decode_rejects_out_of_range_epoch_days ... ok
[INFO] [stdout] test date::tests::internal_day_count_helpers_round_trip ... ok
[INFO] [stdout] test date::tests::ordering_and_equality_follow_internal_day_count ... ok
[INFO] [stdout] test date::tests::invalid_date_parse_returns_none ... ok
[INFO] [stdout] test date::tests::from_ymd_and_to_naive_date_round_trip ... ok
[INFO] [stdout] test date::tests::parse_supports_pre_epoch_and_leap_year_cases ... ok
[INFO] [stdout] test date::tests::overflow_protection_in_try_from_u64 ... ok
[INFO] [stdout] test date::tests::try_new_rejects_out_of_range_month_and_day ... ok
[INFO] [stdout] test date::tests::serde_calendar_boundaries_and_batches_use_compact_days ... ok
[INFO] [stdout] test date::tests::raw_day_construction_rejects_values_outside_calendar_bounds ... ok
[INFO] [stdout] test date::tests::parse_rejects_invalid_non_leap_day ... ok
[INFO] [stdout] test date::tests::parse_stays_iso_strict ... ok
[INFO] [stdout] test date::tests::try_new_rejects_out_of_range_year ... ok
[INFO] [stdout] test decimal::tests::decimal_add_overflow_saturates ... ok
[INFO] [stdout] test big_integer_tests::unsigned_leb128_lengths_match_zero_and_wide_boundaries ... ok
[INFO] [stdout] test decimal::tests::decimal_candid_roundtrip ... ok
[INFO] [stdout] test decimal::tests::decimal_div_by_zero_returns_zero ... ok
[INFO] [stdout] test decimal::tests::decimal_division_fits_large_scaled_quotients_before_overflow ... ok
[INFO] [stdout] test decimal::tests::decimal_division_is_fixed_scale_and_rounded ... ok
[INFO] [stdout] test decimal::tests::decimal_division_sign_scale_matrix ... ok
[INFO] [stdout] test decimal::tests::decimal_float_conversion_matches_text_for_arbitrary_bits ... ok
[INFO] [stdout] test decimal::tests::decimal_division_signed_overflow_is_checked_and_saturating ... ok
[INFO] [stdout] test decimal::tests::decimal_add_sub_fit_alignment_cancellation_and_signed_limits ... ok
[INFO] [stdout] test decimal::tests::decimal_division_non_zero_sign_property ... ok
[INFO] [stdout] test decimal::tests::decimal_multiplication_rounds_ties_once_at_the_final_scale ... ok
[INFO] [stdout] test decimal::tests::decimal_multiplication_normalizes_mixed_scale_operands ... ok
[INFO] [stdout] test decimal::tests::decimal_multiplication_ignores_fixed_scale_padding ... ok
[INFO] [stdout] test decimal::tests::decimal_new_panics_on_scale_over_max ... ok
[INFO] [stdout] test decimal::tests::decimal_from_i128_with_scale_panics_on_unrepresentable_scale ... ok
[INFO] [stdout] test decimal::tests::decimal_multiplication_qualifies_all_scale_pairs_and_signs ... ok
[INFO] [stdout] test decimal::tests::decimal_multiplication_rounds_precision_across_operator_surfaces ... ok
[INFO] [stdout] test decimal::tests::decimal_mul_overflow_saturates ... ok
[INFO] [stdout] test decimal::tests::decimal_multiplication_preserves_signed_magnitude_limits ... ok
[INFO] [stdout] test decimal::tests::decimal_operator_completion_preserves_saturating_semantics ... ok
[INFO] [stdout] test decimal::tests::decimal_add_rounding_and_saturation_matches_exact_oracle ... ok
[INFO] [stdout] test decimal::tests::decimal_new_unchecked_is_internal_invariant_bypass ... ok
[INFO] [stdout] test decimal::tests::decimal_parse_preserves_mantissa_and_scale ... ok
[INFO] [stdout] test decimal::tests::decimal_parse_preserves_error_precedence ... ok
[INFO] [stdout] test big_integer_tests::signed_leb128_lengths_match_dense_small_values ... ok
[INFO] [stdout] test big_integer_tests::integer_binary_serde_sizes_cover_dense_and_sparse_batches ... ok
[INFO] [stdout] test decimal::tests::decimal_try_from_i128_with_scale_rejects_unrepresentable_scale ... ok
[INFO] [stdout] test decimal::tests::decimal_parse_rejects_exponent_notation ... ok
[INFO] [stdout] test decimal::tests::decimal_parse_rejects_mantissa_overflow_without_float_fallback ... ok
[INFO] [stdout] test decimal::tests::decimal_parse_rejects_invalid_significand_and_digits_with_reason_codes ... ok
[INFO] [stdout] test key::tests::text_backed_keys_delegate_their_candid_type ... ok
[INFO] [stdout] test migration::tests::declared_entity_version_is_strictly_positive ... ok
[INFO] [stdout] test decimal::tests::decimal_parse_preserves_signed_limits_scale_and_zero_forms ... ok
[INFO] [stdout] test decimal::tests::decimal_true_magnitude_overflow_uses_global_primitive_bounds ... ok
[INFO] [stdout] test decimal::tests::decimal_remainder_preserves_exact_values_after_scale_alignment ... ok
[INFO] [stdout] test compact_sort::tests::compact_sort_matches_unstable_ordering_across_bounded_shapes ... ok
[INFO] [stdout] test decimal::tests::decimal_text_transports_preserve_values_and_measured_sizes ... ok
[INFO] [stdout] test migration::tests::duplicate_targets_predecessors_and_transform_targets_reject ... ok
[INFO] [stdout] test migration::tests::plan_digest_has_one_fixed_current_vector ... ok
[INFO] [stdout] test migration::tests::unsupported_program_versions_and_oversized_transport_fail_closed ... ok
[INFO] [stdout] test proposal::tests::targeted_numeric_operations_require_exact_target_literal_admission ... ok
[INFO] [stdout] test fragment::tests::independently_decoded_field_key_and_name_must_match ... ok
[INFO] [stdout] test migration::tests::dependency_only_companion_roundtrips_exactly ... ok
[INFO] [stdout] test migration::tests::plan_canonicalization_is_declaration_order_independent ... ok
[INFO] [stdout] test proposal::u256_tests::u256_targeted_ranges_admit_while_multiple_of_remains_deferred ... ok
[INFO] [stdout] test naming::tests::canonical_index_slug_preserves_the_shared_identity_contract ... ok
[INFO] [stdout] test proposal::tests::decoded_future_contract_version_fails_typed ... ok
[INFO] [stdout] test proposal::tests::decoded_unknown_capability_fails_typed ... ok
[INFO] [stdout] test migration::tests::every_current_migration_operation_roundtrips_exactly ... ok
[INFO] [stdout] test decimal::tests::decimal_try_new_rejects_scale_over_max ... ok
[INFO] [stdout] test rule::tests::source_rule_operation_accepts_exact_nonzero_multiple_and_maximum ... ok
[INFO] [stdout] test scalar::tests::all_scalar_kinds_is_unique ... ok
[INFO] [stdout] test scalar::tests::enum_capabilities_are_equality_only ... ok
[INFO] [stdout] test rule::tests::source_rule_operation_accepts_ordered_exact_ranges ... ok
[INFO] [stdout] test source_digest::tests::entity_rename_dependency_proof_preserves_canonical_order_and_complete_meaning ... ok
[INFO] [stdout] test decimal::tests::decimal_remainder_matches_exact_integer_oracle_at_every_scale_pair ... ok
[INFO] [stdout] test scalar::tests::all_scalar_kinds_has_expected_length_and_order ... ok
[INFO] [stdout] test scalar::tests::all_scalar_kinds_metadata_is_available ... ok
[INFO] [stdout] test scalar::tests::unit_capabilities_include_trivial_total_order ... ok
[INFO] [stdout] test scalar::tests::all_scalar_kind_variants_are_audited ... ok
[INFO] [stdout] test source_digest::tests::source_digest_ignores_declared_version_but_not_entity_meaning ... ok
[INFO] [stdout] test subaccount::tests::binary_subaccount_ingress_enforces_width_and_byte_elements ... ok
[INFO] [stdout] test subaccount::tests::accounts_roundtrip_optional_subaccounts_in_all_transports ... ok
[INFO] [stdout] test rule::tests::source_rule_operation_rejects_zero_and_float_multiple ... ok
[INFO] [stdout] test subaccount::tests::hex_text_preserves_every_byte_with_optional_prefix ... ok
[INFO] [stdout] test tests::current_name_change_changes_proposal_key_and_meaning_digest ... ok
[INFO] [stdout] test rule::tests::source_rule_operation_rejects_reversed_and_mixed_ranges ... ok
[INFO] [stdout] test scalar::tests::documentation_primary_keys_match_compiled_capabilities ... FAILED
[INFO] [stdout] test tests::exact_scalar_field_types_roundtrip_without_width_or_bound_loss ... ok
[INFO] [stdout] test tests::external_relation_targets_require_an_expected_head_and_cannot_be_removed ... ok
[INFO] [stdout] test tests::exact_scalar_defaults_reject_values_outside_the_declared_contract ... ok
[INFO] [stdout] test tests::entity_local_references_and_current_names_are_closed ... ok
[INFO] [stdout] test subaccount::tests::hex_text_rejects_width_unicode_and_nonhex_boundaries ... ok
[INFO] [stdout] test tests::big_integer_operator_completion_uses_exact_values ... ok
[INFO] [stdout] test tests::bounded_malformed_and_oversized_proposals_fail_typed ... ok
[INFO] [stdout] test tests::contract_version_is_current_and_nonzero ... ok
[INFO] [stdout] test tests::migration_plan_version_gap_reference_and_capability_mismatches_reject ... ok
[INFO] [stdout] test tests::cross_fragment_relations_validate_exact_field_contracts ... ok
[INFO] [stdout] test tests::expression_stack_shape_is_validated ... ok
[INFO] [stdout] test tests::current_named_enum_defaults_validate_against_local_type_and_variant ... ok
[INFO] [stdout] test tests::every_defined_entity_requires_exact_store_routing ... ok
[INFO] [stdout] test tests::generated_policy_rejects_nullable_or_collection_identity_shapes ... ok
[INFO] [stdout] test tests::invalid_exact_scalar_field_shapes_reject_before_composition ... ok
[INFO] [stdout] test tests::mixed_entity_versions_and_one_predecessor_plan_compose_for_fresh_and_current_heads ... ok
[INFO] [stdout] test tests::one_entity_cannot_duplicate_a_managed_timestamp_policy ... ok
[INFO] [stdout] test tests::removals_conflict_only_with_the_exact_defined_source_key ... ok
[INFO] [stdout] test tests::targeted_field_rule_constraint_source_is_deterministic_bounded_and_frozen ... ok
[INFO] [stdout] test tests::shared_named_type_rename_requires_every_current_consumer_transition ... ok
[INFO] [stdout] test tests::named_collection_fragments_roundtrip_canonically ... ok
[INFO] [stdout] test tests::source_keys_are_nonempty_bounded_and_canonical ... ok
[INFO] [stdout] test tests::targeted_rule_source_contract_roundtrips_in_the_current_pre_1_proposal ... ok
[INFO] [stdout] test tests::proposal_construction_is_order_independent_and_roundtrips_exactly ... ok
[INFO] [stdout] test tests::targeted_rule_rejects_an_unreachable_nominal_target ... ok
[INFO] [stdout] test tests::unsigned_identity_generation_requires_the_sole_exact_primary_key ... ok
[INFO] [stdout] test time_atoms::tests::human_readable_time_atoms_retain_flexible_text_input ... ok
[INFO] [stdout] test tests::proposal_digest_has_a_fixed_current_form_vector ... ok
[INFO] [stdout] test tests::unresolved_expected_head_references_are_deferred_but_never_removed ... ok
[INFO] [stdout] test time_atoms::tests::time_atoms_keep_primitive_candid_wires ... ok
[INFO] [stdout] test tests::named_type_graphs_accept_resolved_cycles_and_long_chains ... ok
[INFO] [stdout] test tests::proposal_literals_preserve_every_canonical_scalar_atom ... ok
[INFO] [stdout] test time_atoms::tests::duration_flexible_parser_rejects_malformed_and_overflowing_text ... ok
[INFO] [stdout] test tests::unsupported_capability_fails_before_transport ... ok
[INFO] [stdout] test time_atoms::tests::binary_time_atoms_reject_human_readable_text_forms ... ok
[INFO] [stdout] test time_atoms::tests::timestamp_fallible_integer_construction_enforces_unsigned_range ... ok
[INFO] [stdout] test time_atoms::tests::timestamp_flexible_parser_accepts_integer_and_rfc3339_millis ... ok
[INFO] [stdout] test time_atoms::tests::timestamp_rfc3339_fractional_parsing_floors_before_the_epoch ... ok
[INFO] [stdout] test tests::repeated_field_shape_rejects_excessive_inline_depth ... ok
[INFO] [stdout] test time_atoms::tests::timestamp_rfc3339_parser_rejects_invalid_text ... ok
[INFO] [stdout] test time_atoms::tests::time_atoms_keep_primitive_cbor_payloads ... ok
[INFO] [stdout] test time_atoms::tests::timestamp_duration_arithmetic_is_exact_within_range ... ok
[INFO] [stdout] test time_atoms::tests::timestamp_rfc3339_parsing_preserves_positive_and_offset_instants ... ok
[INFO] [stdout] test time_atoms::tests::timestamp_duration_arithmetic_uses_the_full_unsigned_domain ... ok
[INFO] [stdout] test time_atoms::tests::timestamp_submillisecond_constructors_floor_before_the_epoch ... ok
[INFO] [stdout] test u256::tests::checked_arithmetic_enforces_the_u256_domain ... ok
[INFO] [stdout] test time_atoms::tests::duration_units_and_saturating_arithmetic_are_millisecond_native ... ok
[INFO] [stdout] test u256::tests::fixed_bytes_and_decimal_are_exact ... ok
[INFO] [stdout] test u256::tests::candid_uses_nat_and_rejects_values_above_maximum ... ok
[INFO] [stdout] test u256::tests::generic_numeric_conversion_is_fallible_without_widening_the_u256_domain ... ok
[INFO] [stdout] test subaccount::tests::binary_serde_and_candid_preserve_exact_subaccount_bytes ... ok
[INFO] [stdout] test time_atoms::tests::timestamp_seconds_floor_before_the_epoch ... ok
[INFO] [stdout] test time_atoms::tests::timestamp_duration_arithmetic_saturates_only_after_the_operation ... ok
[INFO] [stdout] test time_atoms::tests::timestamp_unit_constructors_are_millisecond_native ... ok
[INFO] [stdout] test big_integer_tests::public_bigints_and_u256_share_native_candid_integer_sizes ... ok
[INFO] [stdout] test decimal::tests::decimal_float_conversion_preserves_display_contract_across_exponents ... ok
[INFO] [stdout] test big_integer_tests::signed_leb128_lengths_match_wide_sign_and_limb_boundaries ... ok
[INFO] [stdout] test decimal::tests::decimal_add_sub_div_match_exact_ratio_oracle_at_all_scale_pairs ... ok
[INFO] [stdout] 
[INFO] [stdout] failures:
[INFO] [stdout] 
[INFO] [stdout] ---- scalar::tests::documentation_primary_keys_match_compiled_capabilities stdout ----
[INFO] [stdout] 
[INFO] [stdout] thread 'scalar::tests::documentation_primary_keys_match_compiled_capabilities' (1331) panicked at src/scalar.rs:241:10:
[INFO] [stdout] repository schema authoring guide: Os { code: 2, kind: NotFound, message: "No such file or directory" }
[INFO] [stdout] stack backtrace:
[INFO] [stdout]    0:     0x62efa60f8161 - <<std[70759c8f55707aa4]::sys::backtrace::BacktraceLock>::print::DisplayBacktrace as core[df12db4294e9bfd3]::fmt::Display>::fmt
[INFO] [stdout]    1:     0x62efa610fa7a - core[df12db4294e9bfd3]::fmt::write
[INFO] [stdout]    2:     0x62efa60fcf5c - <alloc[2182bb758b4b3781]::vec::Vec<u8> as core[df12db4294e9bfd3]::io::write::Write>::write_fmt
[INFO] [stdout]    3:     0x62efa60d2886 - std[70759c8f55707aa4]::panicking::default_hook::{closure#0}
[INFO] [stdout]    4:     0x62efa60f0369 - std[70759c8f55707aa4]::panicking::default_hook
[INFO] [stdout]    5:     0x62efa6003b80 - test[9d35eded1c95d3be]::test_main_inner::<test[9d35eded1c95d3be]::test_main_static::{closure#0}>::{closure#0}
[INFO] [stdout]    6:     0x62efa60f0522 - std[70759c8f55707aa4]::panicking::panic_with_hook
[INFO] [stdout]    7:     0x62efa60d2932 - std[70759c8f55707aa4]::panicking::panic_handler::{closure#0}
[INFO] [stdout]    8:     0x62efa60cae49 - std[70759c8f55707aa4]::sys::backtrace::__rust_end_short_backtrace::<std[70759c8f55707aa4]::panicking::panic_handler::{closure#0}, !>
[INFO] [stdout]    9:     0x62efa60d363d - __rustc[8fa7c3cbc660c2b3]::rust_begin_unwind
[INFO] [stdout]   10:     0x62efa61101dc - core[df12db4294e9bfd3]::panicking::panic_fmt
[INFO] [stdout]   11:     0x62efa610ffb2 - core[df12db4294e9bfd3]::result::unwrap_failed
[INFO] [stdout]   12:     0x62efa5f14c45 - icydb_schema[382143c3541cf9d0]::scalar::tests::documentation_primary_keys_match_compiled_capabilities
[INFO] [stdout]   13:     0x62efa5fc3a29 - <icydb_schema[382143c3541cf9d0]::scalar::tests::documentation_primary_keys_match_compiled_capabilities::{closure#0} as core[df12db4294e9bfd3]::ops::function::FnOnce<()>>::call_once
[INFO] [stdout]   14:     0x62efa5ff6e6b - test[9d35eded1c95d3be]::__rust_begin_short_backtrace::<core[df12db4294e9bfd3]::result::Result<(), alloc[2182bb758b4b3781]::string::String>, fn() -> core[df12db4294e9bfd3]::result::Result<(), alloc[2182bb758b4b3781]::string::String>>
[INFO] [stdout]   15:     0x62efa60044d5 - test[9d35eded1c95d3be]::run_test::{closure#0}
[INFO] [stdout]   16:     0x62efa5ffdd94 - std[70759c8f55707aa4]::sys::backtrace::__rust_begin_short_backtrace::<test[9d35eded1c95d3be]::run_test::{closure#1}, ()>
[INFO] [stdout]   17:     0x62efa6007632 - <std[70759c8f55707aa4]::thread::lifecycle::spawn_unchecked<test[9d35eded1c95d3be]::run_test::{closure#1}, ()>::{closure#1} as core[df12db4294e9bfd3]::ops::function::FnOnce<()>>::call_once::{shim:vtable#0}
[INFO] [stdout]   18:     0x62efa60f76c9 - <std[70759c8f55707aa4]::sys::thread::unix::Thread>::new::thread_start
[INFO] [stdout]   19:     0x7232088f5dfa - <unknown>
[INFO] [stdout]   20:     0x7232089893d4 - clone
[INFO] [stdout]   21:                0x0 - <unknown>
[INFO] [stdout] 
[INFO] [stdout] 
[INFO] [stdout] failures:
[INFO] [stdout]     scalar::tests::documentation_primary_keys_match_compiled_capabilities
[INFO] [stdout] 
[INFO] [stdout] test result: FAILED. 162 passed; 1 failed; 0 ignored; 0 measured; 0 filtered out; finished in 0.59s
[INFO] [stdout] 
[INFO] [stderr] error: test failed, to rerun pass `--lib`
[INFO] running `Command { std: "docker" "inspect" "06b89d5d8542e6990a15f1577dfd324c0b2f9521dc70db7c92e70653baebf511", kill_on_drop: false }`
[INFO] running `Command { std: "docker" "rm" "-f" "06b89d5d8542e6990a15f1577dfd324c0b2f9521dc70db7c92e70653baebf511", kill_on_drop: false }`
[INFO] [stdout] 06b89d5d8542e6990a15f1577dfd324c0b2f9521dc70db7c92e70653baebf511
