[INFO] fetching crate ics23-blake3 0.9.1...
[INFO] testing ics23-blake3-0.9.1 against 1.99.0-beta.8+cargoflags=--release for beta-release-1.100-2
[INFO] extracting crate ics23-blake3 0.9.1 into /workspace/builds/worker-1-tc1/source
[INFO] removed /workspace/builds/worker-1-tc1/source/.cargo/config
[INFO] started tweaking crates.io crate ics23-blake3 0.9.1
[INFO] finished tweaking crates.io crate ics23-blake3 0.9.1
[INFO] tweaked toml for crates.io crate ics23-blake3 0.9.1 written to /workspace/builds/worker-1-tc1/source/Cargo.toml
[INFO] validating manifest of crates.io crate ics23-blake3 0.9.1 on toolchain 1.99.0-beta.8
[INFO] running `Command { std: CARGO_HOME="/workspace/cargo-home" RUSTUP_HOME="/workspace/rustup-home" "/workspace/cargo-home/bin/cargo" "+1.99.0-beta.8" "metadata" "--manifest-path" "Cargo.toml" "--no-deps", kill_on_drop: false }`
[INFO] running `Command { std: CARGO_HOME="/workspace/cargo-home" RUSTUP_HOME="/workspace/rustup-home" "/workspace/cargo-home/bin/cargo" "+1.99.0-beta.8" "generate-lockfile" "--manifest-path" "Cargo.toml", kill_on_drop: false }`
[INFO] [stderr]     Updating crates.io index
[INFO] [stderr]      Locking 39 packages to highest compatible versions
[INFO] [stderr]       Adding generic-array v0.14.7 (available: v0.14.9)
[INFO] [stderr]       Adding prost v0.11.9 (available: v0.14.4)
[INFO] [stderr]       Adding ripemd v0.1.3 (available: v0.2.0)
[INFO] [stderr]       Adding sha2 v0.10.9 (available: v0.11.1)
[INFO] [stderr]       Adding sha3 v0.10.9 (available: v0.12.0)
[INFO] running `Command { std: CARGO_HOME="/workspace/cargo-home" RUSTUP_HOME="/workspace/rustup-home" "/workspace/cargo-home/bin/cargo" "+1.99.0-beta.8" "fetch" "--manifest-path" "Cargo.toml", kill_on_drop: false }`
[INFO] [stderr]  Downloading crates ...
[INFO] [stderr]   Downloaded keccak v0.1.6
[INFO] [stderr]   Downloaded prost v0.11.9
[INFO] [stderr]   Downloaded prost-derive v0.11.9
[INFO] [stderr]   Downloaded ripemd v0.1.3
[INFO] [stderr]   Downloaded anyhow v1.0.104
[INFO] [stderr]   Downloaded itertools v0.10.5
[INFO] [stderr]   Downloaded sha3 v0.10.9
[INFO] running `Command { std: "docker" "create" "-v" "/var/lib/crater-agent-workspace/builds/worker-1-tc1/source:/opt/rustwide/workdir:ro,Z" "-v" "/var/lib/crater-agent-workspace/builds/worker-1-tc1/target:/opt/rustwide/target:rw,Z" "-v" "/var/lib/crater-agent-workspace/cargo-home:/opt/rustwide/cargo-home:ro,Z" "-v" "/var/lib/crater-agent-workspace/rustup-home:/opt/rustwide/rustup-home:ro,Z" "-m" "1610612736" "--network" "none" "ghcr.io/rust-lang/crates-build-env/linux@sha256:77db811e55d90add9212f6832c23229e3de5f1c1f9905e8cb07319ea15df73ac" "sleep" "infinity", kill_on_drop: false }`
[INFO] [stdout] d5074da0b1d0653c35f1a752ba9ff74432d5dad198bd1c97b75bbea5955692e0
[INFO] running `Command { std: "docker" "start" "d5074da0b1d0653c35f1a752ba9ff74432d5dad198bd1c97b75bbea5955692e0", kill_on_drop: false }`
[INFO] running `Command { std: "docker" "inspect" "d5074da0b1d0653c35f1a752ba9ff74432d5dad198bd1c97b75bbea5955692e0", kill_on_drop: false }`
[INFO] running `Command { std: "docker" "exec" "-e" "SOURCE_DIR=/opt/rustwide/workdir" "-e" "CARGO_HOME=/opt/rustwide/cargo-home" "-e" "RUSTUP_HOME=/opt/rustwide/rustup-home" "-e" "CARGO_TARGET_DIR=/opt/rustwide/target" "-w" "/opt/rustwide/workdir" "--user" "0:0" "d5074da0b1d0653c35f1a752ba9ff74432d5dad198bd1c97b75bbea5955692e0" "/opt/rustwide/cargo-home/bin/cargo" "+1.99.0-beta.8" "metadata" "--no-deps" "--format-version=1", kill_on_drop: false }`
[INFO] running `Command { std: "docker" "inspect" "d5074da0b1d0653c35f1a752ba9ff74432d5dad198bd1c97b75bbea5955692e0", kill_on_drop: false }`
[INFO] running `Command { std: "docker" "exec" "-e" "SOURCE_DIR=/opt/rustwide/workdir" "-e" "CARGO_HOME=/opt/rustwide/cargo-home" "-e" "RUSTUP_HOME=/opt/rustwide/rustup-home" "-e" "CARGO_TARGET_DIR=/opt/rustwide/target" "-e" "CARGO_INCREMENTAL=0" "-e" "RUST_BACKTRACE=full" "-e" "RUSTFLAGS=--cap-lints=warn" "-e" "RUSTDOCFLAGS=--cap-lints=warn" "-w" "/opt/rustwide/workdir" "--user" "0:0" "d5074da0b1d0653c35f1a752ba9ff74432d5dad198bd1c97b75bbea5955692e0" "/opt/rustwide/cargo-home/bin/cargo" "+1.99.0-beta.8" "build" "--frozen" "--message-format=json" "--release", kill_on_drop: false }`
[INFO] [stderr]    Compiling version_check v0.9.5
[INFO] [stderr]    Compiling typenum v1.20.1
[INFO] [stderr]    Compiling proc-macro2 v1.0.107
[INFO] [stderr]    Compiling unicode-ident v1.0.27
[INFO] [stderr]    Compiling quote v1.0.47
[INFO] [stderr]    Compiling syn v1.0.109
[INFO] [stderr]    Compiling anyhow v1.0.104
[INFO] [stderr]    Compiling shlex v2.0.1
[INFO] [stderr]    Compiling find-msvc-tools v0.1.14
[INFO] [stderr]    Compiling either v1.19.0
[INFO] [stderr]    Compiling cfg-if v1.0.5
[INFO] [stderr]    Compiling bytes v1.12.1
[INFO] [stderr]    Compiling cc v1.8.0
[INFO] [stderr]    Compiling itertools v0.10.5
[INFO] [stderr]    Compiling cpufeatures v0.3.1
[INFO] [stderr]    Compiling constant_time_eq v0.4.2
[INFO] [stderr]    Compiling generic-array v0.14.7
[INFO] [stderr]    Compiling cpufeatures v0.2.17
[INFO] [stderr]    Compiling arrayvec v0.7.8
[INFO] [stderr]    Compiling keccak v0.1.6
[INFO] [stderr]    Compiling hex v0.4.3
[INFO] [stderr]    Compiling crypto-common v0.1.7
[INFO] [stderr]    Compiling block-buffer v0.10.4
[INFO] [stderr]    Compiling blake3 v1.8.7
[INFO] [stderr]    Compiling digest v0.10.7
[INFO] [stderr]    Compiling sha2 v0.10.9
[INFO] [stderr]    Compiling sha3 v0.10.9
[INFO] [stderr]    Compiling ripemd v0.1.3
[INFO] [stderr]    Compiling prost-derive v0.11.9
[INFO] [stderr]    Compiling prost v0.11.9
[INFO] [stderr]    Compiling ics23-blake3 v0.9.1 (/opt/rustwide/workdir)
[INFO] [stderr]     Finished `release` profile [optimized] target(s) in 23.35s
[INFO] running `Command { std: "docker" "inspect" "d5074da0b1d0653c35f1a752ba9ff74432d5dad198bd1c97b75bbea5955692e0", kill_on_drop: false }`
[INFO] running `Command { std: "docker" "exec" "-e" "SOURCE_DIR=/opt/rustwide/workdir" "-e" "CARGO_HOME=/opt/rustwide/cargo-home" "-e" "RUSTUP_HOME=/opt/rustwide/rustup-home" "-e" "CARGO_TARGET_DIR=/opt/rustwide/target" "-e" "CARGO_INCREMENTAL=0" "-e" "RUST_BACKTRACE=full" "-e" "RUSTFLAGS=--cap-lints=warn" "-e" "RUSTDOCFLAGS=--cap-lints=warn" "-w" "/opt/rustwide/workdir" "--user" "0:0" "d5074da0b1d0653c35f1a752ba9ff74432d5dad198bd1c97b75bbea5955692e0" "/opt/rustwide/cargo-home/bin/cargo" "+1.99.0-beta.8" "test" "--frozen" "--no-run" "--message-format=json" "--release", kill_on_drop: false }`
[INFO] [stderr]    Compiling serde_core v1.0.229
[INFO] [stderr]    Compiling zmij v1.0.23
[INFO] [stderr]    Compiling crypto-common v0.1.7
[INFO] [stderr]    Compiling syn v3.0.9
[INFO] [stderr]    Compiling serde_json v1.0.154
[INFO] [stderr]    Compiling serde v1.0.229
[INFO] [stderr]    Compiling memchr v2.8.3
[INFO] [stderr]    Compiling digest v0.10.7
[INFO] [stderr]    Compiling sha2 v0.10.9
[INFO] [stderr]    Compiling ripemd v0.1.3
[INFO] [stderr]    Compiling sha3 v0.10.9
[INFO] [stderr]    Compiling ics23-blake3 v0.9.1 (/opt/rustwide/workdir)
[INFO] [stderr]    Compiling serde_derive v1.0.229
[INFO] [stdout] warning: non-local `impl` definition, `impl` blocks should be written at the same level as their item
[INFO] [stdout]    --> src/verify.rs:418:9
[INFO] [stdout]     |
[INFO] [stdout] 417 |     fn enforce_existence_spec() {
[INFO] [stdout]     |     --------------------------- move the `impl` block outside of this function `enforce_existence_spec`
[INFO] [stdout] 418 |         impl InnerOp {
[INFO] [stdout]     |         ^^^^^-------
[INFO] [stdout]     |              |
[INFO] [stdout]     |              `InnerOp` is not local
[INFO] [stdout]     |
[INFO] [stdout]     = note: an `impl` is never scoped, even when it is nested inside an item, as it may impact type checking outside of that item, which can be the case if neither the trait or the self type are at the same nesting level as the `impl`
[INFO] [stdout]     = note: `#[warn(non_local_definitions)]` on by default
[INFO] [stdout] 
[INFO] [stdout] 
[INFO] [stderr]     Finished `release` profile [optimized] target(s) in 24.95s
[INFO] running `Command { std: "docker" "inspect" "d5074da0b1d0653c35f1a752ba9ff74432d5dad198bd1c97b75bbea5955692e0", kill_on_drop: false }`
[INFO] running `Command { std: "docker" "exec" "-e" "SOURCE_DIR=/opt/rustwide/workdir" "-e" "CARGO_HOME=/opt/rustwide/cargo-home" "-e" "RUSTUP_HOME=/opt/rustwide/rustup-home" "-e" "CARGO_TARGET_DIR=/opt/rustwide/target" "-e" "CARGO_INCREMENTAL=0" "-e" "RUST_BACKTRACE=full" "-e" "RUSTFLAGS=--cap-lints=warn" "-e" "RUSTDOCFLAGS=--cap-lints=warn" "-w" "/opt/rustwide/workdir" "--user" "0:0" "d5074da0b1d0653c35f1a752ba9ff74432d5dad198bd1c97b75bbea5955692e0" "/opt/rustwide/cargo-home/bin/cargo" "+1.99.0-beta.8" "test" "--frozen" "--release", kill_on_drop: false }`
[INFO] [stderr] warning: non-local `impl` definition, `impl` blocks should be written at the same level as their item
[INFO] [stderr]    --> src/verify.rs:418:9
[INFO] [stderr]     |
[INFO] [stderr] 417 |     fn enforce_existence_spec() {
[INFO] [stderr]     |     --------------------------- move the `impl` block outside of this function `enforce_existence_spec`
[INFO] [stderr] 418 |         impl InnerOp {
[INFO] [stderr]     |         ^^^^^-------
[INFO] [stderr]     |              |
[INFO] [stderr]     |              `InnerOp` is not local
[INFO] [stderr]     |
[INFO] [stderr]     = note: an `impl` is never scoped, even when it is nested inside an item, as it may impact type checking outside of that item, which can be the case if neither the trait or the self type are at the same nesting level as the `impl`
[INFO] [stderr]     = note: `#[warn(non_local_definitions)]` on by default
[INFO] [stderr] 
[INFO] [stderr] warning: `ics23-blake3` (lib test) generated 1 warning
[INFO] [stderr]     Finished `release` profile [optimized] target(s) in 0.05s
[INFO] [stderr]      Running unittests src/lib.rs (/opt/rustwide/target/release/deps/ics23_blake3-c0e3a5beae4a15b4)
[INFO] [stdout] 
[INFO] [stdout] running 42 tests
[INFO] [stdout] test api::tests::test_read_varint ... ok
[INFO] [stdout] test api::tests::test_vector_iavl_batch_exist ... FAILED
[INFO] [stdout] test api::tests::compressed_iavl_batch_nonexist ... FAILED
[INFO] [stdout] test api::tests::test_vector_iavl_left ... FAILED
[INFO] [stdout] test api::tests::test_vector_iavl_left_non ... FAILED
[INFO] [stdout] test api::tests::test_vector_iavl_right ... FAILED
[INFO] [stdout] test api::tests::compressed_iavl_batch_exist ... FAILED
[INFO] [stdout] test api::tests::test_vector_iavl_right_non ... FAILED
[INFO] [stdout] test api::tests::test_vector_iavl_batch_nonexist ... FAILED
[INFO] [stdout] test api::tests::compressed_smt_batch_exist ... FAILED
[INFO] [stdout] test api::tests::test_vector_iavl_middle ... FAILED
[INFO] [stdout] test api::tests::test_vector_iavl_middle_non ... FAILED
[INFO] [stdout] test api::tests::test_vector_smt_batch_exist ... FAILED
[INFO] [stdout] test api::tests::compressed_smt_batch_nonexist ... FAILED
[INFO] [stdout] test api::tests::test_vector_smt_left ... FAILED
[INFO] [stdout] test api::tests::test_vector_smt_middle ... FAILED
[INFO] [stdout] test api::tests::test_vector_tendermint_batch_exist ... FAILED
[INFO] [stdout] test api::tests::test_vector_smt_batch_nonexist ... FAILED
[INFO] [stdout] test api::tests::test_vector_smt_left_non ... FAILED
[INFO] [stdout] test api::tests::test_vector_tendermint_middle ... FAILED
[INFO] [stdout] test api::tests::test_vector_tendermint_batch_nonexist ... FAILED
[INFO] [stdout] test api::tests::test_vector_tendermint_left ... FAILED
[INFO] [stdout] test api::tests::test_vector_smt_right_non ... FAILED
[INFO] [stdout] test api::tests::test_vector_tendermint_right ... FAILED
[INFO] [stdout] test api::tests::test_vector_tendermint_left_non ... FAILED
[INFO] [stdout] test api::tests::test_vector_tendermint_right_non ... FAILED
[INFO] [stdout] test api::tests::test_vector_tendermint_middle_non ... FAILED
[INFO] [stdout] test ops::tests::apply_leaf_hash_length ... ok
[INFO] [stdout] test ops::tests::apply_inner_prefix_suffix ... ok
[INFO] [stdout] test ops::tests::apply_leaf_prehash_length ... ok
[INFO] [stdout] test ops::tests::apply_leaf_hash ... ok
[INFO] [stdout] test ops::tests::apply_inner_suffix_only ... ok
[INFO] [stdout] test ops::tests::length_prefix ... ok
[INFO] [stdout] test api::tests::test_vector_smt_right ... FAILED
[INFO] [stdout] test verify::tests::calculate_root_from_leaf ... ok
[INFO] [stdout] test api::tests::test_vector_smt_middle_non ... FAILED
[INFO] [stdout] test verify::tests::enforce_existence_spec ... ok
[INFO] [stdout] test ops::tests::apply_inner_prefix_only ... ok
[INFO] [stdout] test verify::tests::calculate_root_from_leaf_and_inner ... ok
[INFO] [stdout] test verify::tests::check_empty_branch ... ok
[INFO] [stdout] test ops::tests::apply_leaf_hash_512 ... ok
[INFO] [stdout] test ops::tests::hashing_food ... ok
[INFO] [stdout] 
[INFO] [stdout] failures:
[INFO] [stdout] 
[INFO] [stdout] ---- api::tests::test_vector_iavl_batch_exist stdout ----
[INFO] [stdout] Error: No such file or directory (os error 2)
[INFO] [stdout] 
[INFO] [stdout] Stack backtrace:
[INFO] [stdout]    0: <anyhow::Error as core::convert::From<core::io::error::Error>>::from
[INFO] [stdout]    1: ics23_blake3::api::tests::load_file
[INFO] [stdout]    2: ics23_blake3::api::tests::load_batch
[INFO] [stdout]    3: ics23_blake3::api::tests::test_vector_iavl_batch_exist
[INFO] [stdout]    4: <ics23_blake3::api::tests::test_vector_iavl_batch_exist::{closure#0} as core::ops::function::FnOnce<()>>::call_once
[INFO] [stdout]    5: test::__rust_begin_short_backtrace::<core::result::Result<(), alloc::string::String>, fn() -> core::result::Result<(), alloc::string::String>>
[INFO] [stdout]    6: test::run_test::{closure#0}
[INFO] [stdout]    7: std::sys::backtrace::__rust_begin_short_backtrace::<test::run_test::{closure#1}, ()>
[INFO] [stdout]    8: <std::thread::lifecycle::spawn_unchecked<test::run_test::{closure#1}, ()>::{closure#1} as core::ops::function::FnOnce<()>>::call_once::{shim:vtable#0}
[INFO] [stdout]    9: <std::sys::thread::unix::Thread>::new::thread_start
[INFO] [stdout]   10: <unknown>
[INFO] [stdout]   11: clone
[INFO] [stdout] 
[INFO] [stdout] ---- api::tests::compressed_iavl_batch_nonexist stdout ----
[INFO] [stdout] Error: No such file or directory (os error 2)
[INFO] [stdout] 
[INFO] [stdout] Stack backtrace:
[INFO] [stdout]    0: <anyhow::Error as core::convert::From<core::io::error::Error>>::from
[INFO] [stdout]    1: ics23_blake3::api::tests::load_file
[INFO] [stdout]    2: ics23_blake3::api::tests::load_batch
[INFO] [stdout]    3: ics23_blake3::api::tests::compressed_iavl_batch_nonexist
[INFO] [stdout]    4: <ics23_blake3::api::tests::compressed_iavl_batch_nonexist::{closure#0} as core::ops::function::FnOnce<()>>::call_once
[INFO] [stdout]    5: test::__rust_begin_short_backtrace::<core::result::Result<(), alloc::string::String>, fn() -> core::result::Result<(), alloc::string::String>>
[INFO] [stdout]    6: test::run_test::{closure#0}
[INFO] [stdout]    7: std::sys::backtrace::__rust_begin_short_backtrace::<test::run_test::{closure#1}, ()>
[INFO] [stdout]    8: <std::thread::lifecycle::spawn_unchecked<test::run_test::{closure#1}, ()>::{closure#1} as core::ops::function::FnOnce<()>>::call_once::{shim:vtable#0}
[INFO] [stdout]    9: <std::sys::thread::unix::Thread>::new::thread_start
[INFO] [stdout]   10: <unknown>
[INFO] [stdout]   11: clone
[INFO] [stdout] 
[INFO] [stdout] ---- api::tests::test_vector_iavl_left stdout ----
[INFO] [stdout] Error: No such file or directory (os error 2)
[INFO] [stdout] 
[INFO] [stdout] Stack backtrace:
[INFO] [stdout]    0: <anyhow::Error as core::convert::From<core::io::error::Error>>::from
[INFO] [stdout]    1: ics23_blake3::api::tests::load_file
[INFO] [stdout]    2: ics23_blake3::api::tests::verify_test_vector
[INFO] [stdout]    3: ics23_blake3::api::tests::test_vector_iavl_left
[INFO] [stdout]    4: <ics23_blake3::api::tests::test_vector_iavl_left::{closure#0} as core::ops::function::FnOnce<()>>::call_once
[INFO] [stdout]    5: test::__rust_begin_short_backtrace::<core::result::Result<(), alloc::string::String>, fn() -> core::result::Result<(), alloc::string::String>>
[INFO] [stdout]    6: test::run_test::{closure#0}
[INFO] [stdout]    7: std::sys::backtrace::__rust_begin_short_backtrace::<test::run_test::{closure#1}, ()>
[INFO] [stdout]    8: <std::thread::lifecycle::spawn_unchecked<test::run_test::{closure#1}, ()>::{closure#1} as core::ops::function::FnOnce<()>>::call_once::{shim:vtable#0}
[INFO] [stdout]    9: <std::sys::thread::unix::Thread>::new::thread_start
[INFO] [stdout]   10: <unknown>
[INFO] [stdout]   11: clone
[INFO] [stdout] 
[INFO] [stdout] ---- api::tests::test_vector_iavl_left_non stdout ----
[INFO] [stdout] Error: No such file or directory (os error 2)
[INFO] [stdout] 
[INFO] [stdout] Stack backtrace:
[INFO] [stdout]    0: <anyhow::Error as core::convert::From<core::io::error::Error>>::from
[INFO] [stdout]    1: ics23_blake3::api::tests::load_file
[INFO] [stdout]    2: ics23_blake3::api::tests::verify_test_vector
[INFO] [stdout]    3: ics23_blake3::api::tests::test_vector_iavl_left_non
[INFO] [stdout]    4: <ics23_blake3::api::tests::test_vector_iavl_left_non::{closure#0} as core::ops::function::FnOnce<()>>::call_once
[INFO] [stdout]    5: test::__rust_begin_short_backtrace::<core::result::Result<(), alloc::string::String>, fn() -> core::result::Result<(), alloc::string::String>>
[INFO] [stdout]    6: test::run_test::{closure#0}
[INFO] [stdout]    7: std::sys::backtrace::__rust_begin_short_backtrace::<test::run_test::{closure#1}, ()>
[INFO] [stdout]    8: <std::thread::lifecycle::spawn_unchecked<test::run_test::{closure#1}, ()>::{closure#1} as core::ops::function::FnOnce<()>>::call_once::{shim:vtable#0}
[INFO] [stdout]    9: <std::sys::thread::unix::Thread>::new::thread_start
[INFO] [stdout]   10: <unknown>
[INFO] [stdout]   11: clone
[INFO] [stdout] 
[INFO] [stdout] ---- api::tests::test_vector_iavl_right stdout ----
[INFO] [stdout] Error: No such file or directory (os error 2)
[INFO] [stdout] 
[INFO] [stdout] Stack backtrace:
[INFO] [stdout]    0: <anyhow::Error as core::convert::From<core::io::error::Error>>::from
[INFO] [stdout]    1: ics23_blake3::api::tests::load_file
[INFO] [stdout]    2: ics23_blake3::api::tests::verify_test_vector
[INFO] [stdout]    3: ics23_blake3::api::tests::test_vector_iavl_right
[INFO] [stdout]    4: <ics23_blake3::api::tests::test_vector_iavl_right::{closure#0} as core::ops::function::FnOnce<()>>::call_once
[INFO] [stdout]    5: test::__rust_begin_short_backtrace::<core::result::Result<(), alloc::string::String>, fn() -> core::result::Result<(), alloc::string::String>>
[INFO] [stdout]    6: test::run_test::{closure#0}
[INFO] [stdout]    7: std::sys::backtrace::__rust_begin_short_backtrace::<test::run_test::{closure#1}, ()>
[INFO] [stdout]    8: <std::thread::lifecycle::spawn_unchecked<test::run_test::{closure#1}, ()>::{closure#1} as core::ops::function::FnOnce<()>>::call_once::{shim:vtable#0}
[INFO] [stdout]    9: <std::sys::thread::unix::Thread>::new::thread_start
[INFO] [stdout]   10: <unknown>
[INFO] [stdout]   11: clone
[INFO] [stdout] 
[INFO] [stdout] ---- api::tests::compressed_iavl_batch_exist stdout ----
[INFO] [stdout] Error: No such file or directory (os error 2)
[INFO] [stdout] 
[INFO] [stdout] Stack backtrace:
[INFO] [stdout]    0: <anyhow::Error as core::convert::From<core::io::error::Error>>::from
[INFO] [stdout]    1: ics23_blake3::api::tests::load_file
[INFO] [stdout]    2: ics23_blake3::api::tests::load_batch
[INFO] [stdout]    3: ics23_blake3::api::tests::compressed_iavl_batch_exist
[INFO] [stdout]    4: <ics23_blake3::api::tests::compressed_iavl_batch_exist::{closure#0} as core::ops::function::FnOnce<()>>::call_once
[INFO] [stdout]    5: test::__rust_begin_short_backtrace::<core::result::Result<(), alloc::string::String>, fn() -> core::result::Result<(), alloc::string::String>>
[INFO] [stdout]    6: test::run_test::{closure#0}
[INFO] [stdout]    7: std::sys::backtrace::__rust_begin_short_backtrace::<test::run_test::{closure#1}, ()>
[INFO] [stdout]    8: <std::thread::lifecycle::spawn_unchecked<test::run_test::{closure#1}, ()>::{closure#1} as core::ops::function::FnOnce<()>>::call_once::{shim:vtable#0}
[INFO] [stdout]    9: <std::sys::thread::unix::Thread>::new::thread_start
[INFO] [stdout]   10: <unknown>
[INFO] [stdout]   11: clone
[INFO] [stdout] 
[INFO] [stdout] ---- api::tests::test_vector_iavl_right_non stdout ----
[INFO] [stdout] Error: No such file or directory (os error 2)
[INFO] [stdout] 
[INFO] [stdout] Stack backtrace:
[INFO] [stdout]    0: <anyhow::Error as core::convert::From<core::io::error::Error>>::from
[INFO] [stdout]    1: ics23_blake3::api::tests::load_file
[INFO] [stdout]    2: ics23_blake3::api::tests::verify_test_vector
[INFO] [stdout]    3: ics23_blake3::api::tests::test_vector_iavl_right_non
[INFO] [stdout]    4: <ics23_blake3::api::tests::test_vector_iavl_right_non::{closure#0} as core::ops::function::FnOnce<()>>::call_once
[INFO] [stdout]    5: test::__rust_begin_short_backtrace::<core::result::Result<(), alloc::string::String>, fn() -> core::result::Result<(), alloc::string::String>>
[INFO] [stdout]    6: test::run_test::{closure#0}
[INFO] [stdout]    7: std::sys::backtrace::__rust_begin_short_backtrace::<test::run_test::{closure#1}, ()>
[INFO] [stdout]    8: <std::thread::lifecycle::spawn_unchecked<test::run_test::{closure#1}, ()>::{closure#1} as core::ops::function::FnOnce<()>>::call_once::{shim:vtable#0}
[INFO] [stdout]    9: <std::sys::thread::unix::Thread>::new::thread_start
[INFO] [stdout]   10: <unknown>
[INFO] [stdout]   11: clone
[INFO] [stdout] 
[INFO] [stdout] ---- api::tests::test_vector_iavl_batch_nonexist stdout ----
[INFO] [stdout] Error: No such file or directory (os error 2)
[INFO] [stdout] 
[INFO] [stdout] Stack backtrace:
[INFO] [stdout]    0: <anyhow::Error as core::convert::From<core::io::error::Error>>::from
[INFO] [stdout]    1: ics23_blake3::api::tests::load_file
[INFO] [stdout]    2: ics23_blake3::api::tests::load_batch
[INFO] [stdout]    3: ics23_blake3::api::tests::test_vector_iavl_batch_nonexist
[INFO] [stdout]    4: <ics23_blake3::api::tests::test_vector_iavl_batch_nonexist::{closure#0} as core::ops::function::FnOnce<()>>::call_once
[INFO] [stdout]    5: test::__rust_begin_short_backtrace::<core::result::Result<(), alloc::string::String>, fn() -> core::result::Result<(), alloc::string::String>>
[INFO] [stdout]    6: test::run_test::{closure#0}
[INFO] [stdout]    7: std::sys::backtrace::__rust_begin_short_backtrace::<test::run_test::{closure#1}, ()>
[INFO] [stdout]    8: <std::thread::lifecycle::spawn_unchecked<test::run_test::{closure#1}, ()>::{closure#1} as core::ops::function::FnOnce<()>>::call_once::{shim:vtable#0}
[INFO] [stdout]    9: <std::sys::thread::unix::Thread>::new::thread_start
[INFO] [stdout]   10: <unknown>
[INFO] [stdout]   11: clone
[INFO] [stdout] 
[INFO] [stdout] ---- api::tests::compressed_smt_batch_exist stdout ----
[INFO] [stdout] Error: No such file or directory (os error 2)
[INFO] [stdout] 
[INFO] [stdout] Stack backtrace:
[INFO] [stdout]    0: <anyhow::Error as core::convert::From<core::io::error::Error>>::from
[INFO] [stdout]    1: ics23_blake3::api::tests::load_file
[INFO] [stdout]    2: ics23_blake3::api::tests::load_batch
[INFO] [stdout]    3: ics23_blake3::api::tests::compressed_smt_batch_exist
[INFO] [stdout]    4: <ics23_blake3::api::tests::compressed_smt_batch_exist::{closure#0} as core::ops::function::FnOnce<()>>::call_once
[INFO] [stdout]    5: test::__rust_begin_short_backtrace::<core::result::Result<(), alloc::string::String>, fn() -> core::result::Result<(), alloc::string::String>>
[INFO] [stdout]    6: test::run_test::{closure#0}
[INFO] [stdout]    7: std::sys::backtrace::__rust_begin_short_backtrace::<test::run_test::{closure#1}, ()>
[INFO] [stdout]    8: <std::thread::lifecycle::spawn_unchecked<test::run_test::{closure#1}, ()>::{closure#1} as core::ops::function::FnOnce<()>>::call_once::{shim:vtable#0}
[INFO] [stdout]    9: <std::sys::thread::unix::Thread>::new::thread_start
[INFO] [stdout]   10: <unknown>
[INFO] [stdout]   11: clone
[INFO] [stdout] 
[INFO] [stdout] ---- api::tests::test_vector_iavl_middle stdout ----
[INFO] [stdout] Error: No such file or directory (os error 2)
[INFO] [stdout] 
[INFO] [stdout] Stack backtrace:
[INFO] [stdout]    0: <anyhow::Error as core::convert::From<core::io::error::Error>>::from
[INFO] [stdout]    1: ics23_blake3::api::tests::load_file
[INFO] [stdout]    2: ics23_blake3::api::tests::verify_test_vector
[INFO] [stdout]    3: ics23_blake3::api::tests::test_vector_iavl_middle
[INFO] [stdout]    4: <ics23_blake3::api::tests::test_vector_iavl_middle::{closure#0} as core::ops::function::FnOnce<()>>::call_once
[INFO] [stdout]    5: test::__rust_begin_short_backtrace::<core::result::Result<(), alloc::string::String>, fn() -> core::result::Result<(), alloc::string::String>>
[INFO] [stdout]    6: test::run_test::{closure#0}
[INFO] [stdout]    7: std::sys::backtrace::__rust_begin_short_backtrace::<test::run_test::{closure#1}, ()>
[INFO] [stdout]    8: <std::thread::lifecycle::spawn_unchecked<test::run_test::{closure#1}, ()>::{closure#1} as core::ops::function::FnOnce<()>>::call_once::{shim:vtable#0}
[INFO] [stdout]    9: <std::sys::thread::unix::Thread>::new::thread_start
[INFO] [stdout]   10: <unknown>
[INFO] [stdout]   11: clone
[INFO] [stdout] 
[INFO] [stdout] ---- api::tests::test_vector_iavl_middle_non stdout ----
[INFO] [stdout] Error: No such file or directory (os error 2)
[INFO] [stdout] 
[INFO] [stdout] Stack backtrace:
[INFO] [stdout]    0: <anyhow::Error as core::convert::From<core::io::error::Error>>::from
[INFO] [stdout]    1: ics23_blake3::api::tests::load_file
[INFO] [stdout]    2: ics23_blake3::api::tests::verify_test_vector
[INFO] [stdout]    3: ics23_blake3::api::tests::test_vector_iavl_middle_non
[INFO] [stdout]    4: <ics23_blake3::api::tests::test_vector_iavl_middle_non::{closure#0} as core::ops::function::FnOnce<()>>::call_once
[INFO] [stdout]    5: test::__rust_begin_short_backtrace::<core::result::Result<(), alloc::string::String>, fn() -> core::result::Result<(), alloc::string::String>>
[INFO] [stdout]    6: test::run_test::{closure#0}
[INFO] [stdout]    7: std::sys::backtrace::__rust_begin_short_backtrace::<test::run_test::{closure#1}, ()>
[INFO] [stdout]    8: <std::thread::lifecycle::spawn_unchecked<test::run_test::{closure#1}, ()>::{closure#1} as core::ops::function::FnOnce<()>>::call_once::{shim:vtable#0}
[INFO] [stdout]    9: <std::sys::thread::unix::Thread>::new::thread_start
[INFO] [stdout]   10: <unknown>
[INFO] [stdout]   11: clone
[INFO] [stdout] 
[INFO] [stdout] ---- api::tests::test_vector_smt_batch_exist stdout ----
[INFO] [stdout] Error: No such file or directory (os error 2)
[INFO] [stdout] 
[INFO] [stdout] Stack backtrace:
[INFO] [stdout]    0: <anyhow::Error as core::convert::From<core::io::error::Error>>::from
[INFO] [stdout]    1: ics23_blake3::api::tests::load_file
[INFO] [stdout]    2: ics23_blake3::api::tests::load_batch
[INFO] [stdout]    3: ics23_blake3::api::tests::test_vector_smt_batch_exist
[INFO] [stdout]    4: <ics23_blake3::api::tests::test_vector_smt_batch_exist::{closure#0} as core::ops::function::FnOnce<()>>::call_once
[INFO] [stdout]    5: test::__rust_begin_short_backtrace::<core::result::Result<(), alloc::string::String>, fn() -> core::result::Result<(), alloc::string::String>>
[INFO] [stdout]    6: test::run_test::{closure#0}
[INFO] [stdout]    7: std::sys::backtrace::__rust_begin_short_backtrace::<test::run_test::{closure#1}, ()>
[INFO] [stdout]    8: <std::thread::lifecycle::spawn_unchecked<test::run_test::{closure#1}, ()>::{closure#1} as core::ops::function::FnOnce<()>>::call_once::{shim:vtable#0}
[INFO] [stdout]    9: <std::sys::thread::unix::Thread>::new::thread_start
[INFO] [stdout]   10: <unknown>
[INFO] [stdout]   11: clone
[INFO] [stdout] 
[INFO] [stdout] ---- api::tests::compressed_smt_batch_nonexist stdout ----
[INFO] [stdout] Error: No such file or directory (os error 2)
[INFO] [stdout] 
[INFO] [stdout] Stack backtrace:
[INFO] [stdout]    0: <anyhow::Error as core::convert::From<core::io::error::Error>>::from
[INFO] [stdout]    1: ics23_blake3::api::tests::load_file
[INFO] [stdout]    2: ics23_blake3::api::tests::load_batch
[INFO] [stdout]    3: ics23_blake3::api::tests::compressed_smt_batch_nonexist
[INFO] [stdout]    4: <ics23_blake3::api::tests::compressed_smt_batch_nonexist::{closure#0} as core::ops::function::FnOnce<()>>::call_once
[INFO] [stdout]    5: test::__rust_begin_short_backtrace::<core::result::Result<(), alloc::string::String>, fn() -> core::result::Result<(), alloc::string::String>>
[INFO] [stdout]    6: test::run_test::{closure#0}
[INFO] [stdout]    7: std::sys::backtrace::__rust_begin_short_backtrace::<test::run_test::{closure#1}, ()>
[INFO] [stdout]    8: <std::thread::lifecycle::spawn_unchecked<test::run_test::{closure#1}, ()>::{closure#1} as core::ops::function::FnOnce<()>>::call_once::{shim:vtable#0}
[INFO] [stdout]    9: <std::sys::thread::unix::Thread>::new::thread_start
[INFO] [stdout]   10: <unknown>
[INFO] [stdout]   11: clone
[INFO] [stdout] 
[INFO] [stdout] ---- api::tests::test_vector_smt_left stdout ----
[INFO] [stdout] Error: No such file or directory (os error 2)
[INFO] [stdout] 
[INFO] [stdout] Stack backtrace:
[INFO] [stdout]    0: <anyhow::Error as core::convert::From<core::io::error::Error>>::from
[INFO] [stdout]    1: ics23_blake3::api::tests::load_file
[INFO] [stdout]    2: ics23_blake3::api::tests::verify_test_vector
[INFO] [stdout]    3: ics23_blake3::api::tests::test_vector_smt_left
[INFO] [stdout]    4: <ics23_blake3::api::tests::test_vector_smt_left::{closure#0} as core::ops::function::FnOnce<()>>::call_once
[INFO] [stdout]    5: test::__rust_begin_short_backtrace::<core::result::Result<(), alloc::string::String>, fn() -> core::result::Result<(), alloc::string::String>>
[INFO] [stdout]    6: test::run_test::{closure#0}
[INFO] [stdout]    7: std::sys::backtrace::__rust_begin_short_backtrace::<test::run_test::{closure#1}, ()>
[INFO] [stdout]    8: <std::thread::lifecycle::spawn_unchecked<test::run_test::{closure#1}, ()>::{closure#1} as core::ops::function::FnOnce<()>>::call_once::{shim:vtable#0}
[INFO] [stdout]    9: <std::sys::thread::unix::Thread>::new::thread_start
[INFO] [stdout]   10: <unknown>
[INFO] [stdout]   11: clone
[INFO] [stdout] 
[INFO] [stdout] ---- api::tests::test_vector_smt_middle stdout ----
[INFO] [stdout] Error: No such file or directory (os error 2)
[INFO] [stdout] 
[INFO] [stdout] Stack backtrace:
[INFO] [stdout]    0: <anyhow::Error as core::convert::From<core::io::error::Error>>::from
[INFO] [stdout]    1: ics23_blake3::api::tests::load_file
[INFO] [stdout]    2: ics23_blake3::api::tests::verify_test_vector
[INFO] [stdout]    3: ics23_blake3::api::tests::test_vector_smt_middle
[INFO] [stdout]    4: <ics23_blake3::api::tests::test_vector_smt_middle::{closure#0} as core::ops::function::FnOnce<()>>::call_once
[INFO] [stdout]    5: test::__rust_begin_short_backtrace::<core::result::Result<(), alloc::string::String>, fn() -> core::result::Result<(), alloc::string::String>>
[INFO] [stdout]    6: test::run_test::{closure#0}
[INFO] [stdout]    7: std::sys::backtrace::__rust_begin_short_backtrace::<test::run_test::{closure#1}, ()>
[INFO] [stdout]    8: <std::thread::lifecycle::spawn_unchecked<test::run_test::{closure#1}, ()>::{closure#1} as core::ops::function::FnOnce<()>>::call_once::{shim:vtable#0}
[INFO] [stdout]    9: <std::sys::thread::unix::Thread>::new::thread_start
[INFO] [stdout]   10: <unknown>
[INFO] [stdout]   11: clone
[INFO] [stdout] 
[INFO] [stdout] ---- api::tests::test_vector_tendermint_batch_exist stdout ----
[INFO] [stdout] Error: No such file or directory (os error 2)
[INFO] [stdout] 
[INFO] [stdout] Stack backtrace:
[INFO] [stdout]    0: <anyhow::Error as core::convert::From<core::io::error::Error>>::from
[INFO] [stdout]    1: ics23_blake3::api::tests::load_file
[INFO] [stdout]    2: ics23_blake3::api::tests::load_batch
[INFO] [stdout]    3: ics23_blake3::api::tests::test_vector_tendermint_batch_exist
[INFO] [stdout]    4: <ics23_blake3::api::tests::test_vector_tendermint_batch_exist::{closure#0} as core::ops::function::FnOnce<()>>::call_once
[INFO] [stdout]    5: test::__rust_begin_short_backtrace::<core::result::Result<(), alloc::string::String>, fn() -> core::result::Result<(), alloc::string::String>>
[INFO] [stdout]    6: test::run_test::{closure#0}
[INFO] [stdout]    7: std::sys::backtrace::__rust_begin_short_backtrace::<test::run_test::{closure#1}, ()>
[INFO] [stdout]    8: <std::thread::lifecycle::spawn_unchecked<test::run_test::{closure#1}, ()>::{closure#1} as core::ops::function::FnOnce<()>>::call_once::{shim:vtable#0}
[INFO] [stdout]    9: <std::sys::thread::unix::Thread>::new::thread_start
[INFO] [stdout]   10: <unknown>
[INFO] [stdout]   11: clone
[INFO] [stdout] 
[INFO] [stdout] ---- api::tests::test_vector_smt_batch_nonexist stdout ----
[INFO] [stdout] Error: No such file or directory (os error 2)
[INFO] [stdout] 
[INFO] [stdout] Stack backtrace:
[INFO] [stdout]    0: <anyhow::Error as core::convert::From<core::io::error::Error>>::from
[INFO] [stdout]    1: ics23_blake3::api::tests::load_file
[INFO] [stdout]    2: ics23_blake3::api::tests::load_batch
[INFO] [stdout]    3: ics23_blake3::api::tests::test_vector_smt_batch_nonexist
[INFO] [stdout]    4: <ics23_blake3::api::tests::test_vector_smt_batch_nonexist::{closure#0} as core::ops::function::FnOnce<()>>::call_once
[INFO] [stdout]    5: test::__rust_begin_short_backtrace::<core::result::Result<(), alloc::string::String>, fn() -> core::result::Result<(), alloc::string::String>>
[INFO] [stdout]    6: test::run_test::{closure#0}
[INFO] [stdout]    7: std::sys::backtrace::__rust_begin_short_backtrace::<test::run_test::{closure#1}, ()>
[INFO] [stdout]    8: <std::thread::lifecycle::spawn_unchecked<test::run_test::{closure#1}, ()>::{closure#1} as core::ops::function::FnOnce<()>>::call_once::{shim:vtable#0}
[INFO] [stdout]    9: <std::sys::thread::unix::Thread>::new::thread_start
[INFO] [stdout]   10: <unknown>
[INFO] [stdout]   11: clone
[INFO] [stdout] 
[INFO] [stdout] ---- api::tests::test_vector_smt_left_non stdout ----
[INFO] [stdout] Error: No such file or directory (os error 2)
[INFO] [stdout] 
[INFO] [stdout] Stack backtrace:
[INFO] [stdout]    0: <anyhow::Error as core::convert::From<core::io::error::Error>>::from
[INFO] [stdout]    1: ics23_blake3::api::tests::load_file
[INFO] [stdout]    2: ics23_blake3::api::tests::verify_test_vector
[INFO] [stdout]    3: ics23_blake3::api::tests::test_vector_smt_left_non
[INFO] [stdout]    4: <ics23_blake3::api::tests::test_vector_smt_left_non::{closure#0} as core::ops::function::FnOnce<()>>::call_once
[INFO] [stdout]    5: test::__rust_begin_short_backtrace::<core::result::Result<(), alloc::string::String>, fn() -> core::result::Result<(), alloc::string::String>>
[INFO] [stdout]    6: test::run_test::{closure#0}
[INFO] [stdout]    7: std::sys::backtrace::__rust_begin_short_backtrace::<test::run_test::{closure#1}, ()>
[INFO] [stdout]    8: <std::thread::lifecycle::spawn_unchecked<test::run_test::{closure#1}, ()>::{closure#1} as core::ops::function::FnOnce<()>>::call_once::{shim:vtable#0}
[INFO] [stdout]    9: <std::sys::thread::unix::Thread>::new::thread_start
[INFO] [stdout]   10: <unknown>
[INFO] [stdout]   11: clone
[INFO] [stdout] 
[INFO] [stdout] ---- api::tests::test_vector_tendermint_middle stdout ----
[INFO] [stdout] Error: No such file or directory (os error 2)
[INFO] [stdout] 
[INFO] [stdout] Stack backtrace:
[INFO] [stdout]    0: <anyhow::Error as core::convert::From<core::io::error::Error>>::from
[INFO] [stdout]    1: ics23_blake3::api::tests::load_file
[INFO] [stdout]    2: ics23_blake3::api::tests::verify_test_vector
[INFO] [stdout]    3: ics23_blake3::api::tests::test_vector_tendermint_middle
[INFO] [stdout]    4: <ics23_blake3::api::tests::test_vector_tendermint_middle::{closure#0} as core::ops::function::FnOnce<()>>::call_once
[INFO] [stdout]    5: test::__rust_begin_short_backtrace::<core::result::Result<(), alloc::string::String>, fn() -> core::result::Result<(), alloc::string::String>>
[INFO] [stdout]    6: test::run_test::{closure#0}
[INFO] [stdout]    7: std::sys::backtrace::__rust_begin_short_backtrace::<test::run_test::{closure#1}, ()>
[INFO] [stdout]    8: <std::thread::lifecycle::spawn_unchecked<test::run_test::{closure#1}, ()>::{closure#1} as core::ops::function::FnOnce<()>>::call_once::{shim:vtable#0}
[INFO] [stdout]    9: <std::sys::thread::unix::Thread>::new::thread_start
[INFO] [stdout]   10: <unknown>
[INFO] [stdout]   11: clone
[INFO] [stdout] 
[INFO] [stdout] ---- api::tests::test_vector_tendermint_batch_nonexist stdout ----
[INFO] [stdout] Error: No such file or directory (os error 2)
[INFO] [stdout] 
[INFO] [stdout] Stack backtrace:
[INFO] [stdout]    0: <anyhow::Error as core::convert::From<core::io::error::Error>>::from
[INFO] [stdout]    1: ics23_blake3::api::tests::load_file
[INFO] [stdout]    2: ics23_blake3::api::tests::load_batch
[INFO] [stdout]    3: ics23_blake3::api::tests::test_vector_tendermint_batch_nonexist
[INFO] [stdout]    4: <ics23_blake3::api::tests::test_vector_tendermint_batch_nonexist::{closure#0} as core::ops::function::FnOnce<()>>::call_once
[INFO] [stdout]    5: test::__rust_begin_short_backtrace::<core::result::Result<(), alloc::string::String>, fn() -> core::result::Result<(), alloc::string::String>>
[INFO] [stdout]    6: test::run_test::{closure#0}
[INFO] [stdout]    7: std::sys::backtrace::__rust_begin_short_backtrace::<test::run_test::{closure#1}, ()>
[INFO] [stdout]    8: <std::thread::lifecycle::spawn_unchecked<test::run_test::{closure#1}, ()>::{closure#1} as core::ops::function::FnOnce<()>>::call_once::{shim:vtable#0}
[INFO] [stdout]    9: <std::sys::thread::unix::Thread>::new::thread_start
[INFO] [stdout]   10: <unknown>
[INFO] [stdout]   11: clone
[INFO] [stdout] 
[INFO] [stdout] ---- api::tests::test_vector_tendermint_left stdout ----
[INFO] [stdout] Error: No such file or directory (os error 2)
[INFO] [stdout] 
[INFO] [stdout] Stack backtrace:
[INFO] [stdout]    0: <anyhow::Error as core::convert::From<core::io::error::Error>>::from
[INFO] [stdout]    1: ics23_blake3::api::tests::load_file
[INFO] [stdout]    2: ics23_blake3::api::tests::verify_test_vector
[INFO] [stdout]    3: ics23_blake3::api::tests::test_vector_tendermint_left
[INFO] [stdout]    4: <ics23_blake3::api::tests::test_vector_tendermint_left::{closure#0} as core::ops::function::FnOnce<()>>::call_once
[INFO] [stdout]    5: test::__rust_begin_short_backtrace::<core::result::Result<(), alloc::string::String>, fn() -> core::result::Result<(), alloc::string::String>>
[INFO] [stdout]    6: test::run_test::{closure#0}
[INFO] [stdout]    7: std::sys::backtrace::__rust_begin_short_backtrace::<test::run_test::{closure#1}, ()>
[INFO] [stdout]    8: <std::thread::lifecycle::spawn_unchecked<test::run_test::{closure#1}, ()>::{closure#1} as core::ops::function::FnOnce<()>>::call_once::{shim:vtable#0}
[INFO] [stdout]    9: <std::sys::thread::unix::Thread>::new::thread_start
[INFO] [stdout]   10: <unknown>
[INFO] [stdout]   11: clone
[INFO] [stdout] 
[INFO] [stdout] ---- api::tests::test_vector_smt_right_non stdout ----
[INFO] [stdout] Error: No such file or directory (os error 2)
[INFO] [stdout] 
[INFO] [stdout] Stack backtrace:
[INFO] [stdout]    0: <anyhow::Error as core::convert::From<core::io::error::Error>>::from
[INFO] [stdout]    1: ics23_blake3::api::tests::load_file
[INFO] [stdout]    2: ics23_blake3::api::tests::verify_test_vector
[INFO] [stdout]    3: ics23_blake3::api::tests::test_vector_smt_right_non
[INFO] [stdout]    4: <ics23_blake3::api::tests::test_vector_smt_right_non::{closure#0} as core::ops::function::FnOnce<()>>::call_once
[INFO] [stdout]    5: test::__rust_begin_short_backtrace::<core::result::Result<(), alloc::string::String>, fn() -> core::result::Result<(), alloc::string::String>>
[INFO] [stdout]    6: test::run_test::{closure#0}
[INFO] [stdout]    7: std::sys::backtrace::__rust_begin_short_backtrace::<test::run_test::{closure#1}, ()>
[INFO] [stdout]    8: <std::thread::lifecycle::spawn_unchecked<test::run_test::{closure#1}, ()>::{closure#1} as core::ops::function::FnOnce<()>>::call_once::{shim:vtable#0}
[INFO] [stdout]    9: <std::sys::thread::unix::Thread>::new::thread_start
[INFO] [stdout]   10: <unknown>
[INFO] [stdout]   11: clone
[INFO] [stdout] 
[INFO] [stdout] ---- api::tests::test_vector_tendermint_right stdout ----
[INFO] [stdout] Error: No such file or directory (os error 2)
[INFO] [stdout] 
[INFO] [stdout] Stack backtrace:
[INFO] [stdout]    0: <anyhow::Error as core::convert::From<core::io::error::Error>>::from
[INFO] [stdout]    1: ics23_blake3::api::tests::load_file
[INFO] [stdout]    2: ics23_blake3::api::tests::verify_test_vector
[INFO] [stdout]    3: ics23_blake3::api::tests::test_vector_tendermint_right
[INFO] [stdout]    4: <ics23_blake3::api::tests::test_vector_tendermint_right::{closure#0} as core::ops::function::FnOnce<()>>::call_once
[INFO] [stdout]    5: test::__rust_begin_short_backtrace::<core::result::Result<(), alloc::string::String>, fn() -> core::result::Result<(), alloc::string::String>>
[INFO] [stdout]    6: test::run_test::{closure#0}
[INFO] [stdout]    7: std::sys::backtrace::__rust_begin_short_backtrace::<test::run_test::{closure#1}, ()>
[INFO] [stdout]    8: <std::thread::lifecycle::spawn_unchecked<test::run_test::{closure#1}, ()>::{closure#1} as core::ops::function::FnOnce<()>>::call_once::{shim:vtable#0}
[INFO] [stdout]    9: <std::sys::thread::unix::Thread>::new::thread_start
[INFO] [stdout]   10: <unknown>
[INFO] [stdout]   11: clone
[INFO] [stdout] 
[INFO] [stdout] ---- api::tests::test_vector_tendermint_left_non stdout ----
[INFO] [stdout] Error: No such file or directory (os error 2)
[INFO] [stdout] 
[INFO] [stdout] Stack backtrace:
[INFO] [stdout]    0: <anyhow::Error as core::convert::From<core::io::error::Error>>::from
[INFO] [stdout]    1: ics23_blake3::api::tests::load_file
[INFO] [stdout]    2: ics23_blake3::api::tests::verify_test_vector
[INFO] [stdout]    3: ics23_blake3::api::tests::test_vector_tendermint_left_non
[INFO] [stdout]    4: <ics23_blake3::api::tests::test_vector_tendermint_left_non::{closure#0} as core::ops::function::FnOnce<()>>::call_once
[INFO] [stdout]    5: test::__rust_begin_short_backtrace::<core::result::Result<(), alloc::string::String>, fn() -> core::result::Result<(), alloc::string::String>>
[INFO] [stdout]    6: test::run_test::{closure#0}
[INFO] [stdout]    7: std::sys::backtrace::__rust_begin_short_backtrace::<test::run_test::{closure#1}, ()>
[INFO] [stdout]    8: <std::thread::lifecycle::spawn_unchecked<test::run_test::{closure#1}, ()>::{closure#1} as core::ops::function::FnOnce<()>>::call_once::{shim:vtable#0}
[INFO] [stdout]    9: <std::sys::thread::unix::Thread>::new::thread_start
[INFO] [stdout]   10: <unknown>
[INFO] [stdout]   11: clone
[INFO] [stdout] 
[INFO] [stdout] ---- api::tests::test_vector_tendermint_right_non stdout ----
[INFO] [stdout] Error: No such file or directory (os error 2)
[INFO] [stdout] 
[INFO] [stdout] Stack backtrace:
[INFO] [stdout]    0: <anyhow::Error as core::convert::From<core::io::error::Error>>::from
[INFO] [stdout]    1: ics23_blake3::api::tests::load_file
[INFO] [stdout]    2: ics23_blake3::api::tests::verify_test_vector
[INFO] [stdout]    3: ics23_blake3::api::tests::test_vector_tendermint_right_non
[INFO] [stdout]    4: <ics23_blake3::api::tests::test_vector_tendermint_right_non::{closure#0} as core::ops::function::FnOnce<()>>::call_once
[INFO] [stdout]    5: test::__rust_begin_short_backtrace::<core::result::Result<(), alloc::string::String>, fn() -> core::result::Result<(), alloc::string::String>>
[INFO] [stdout]    6: test::run_test::{closure#0}
[INFO] [stdout]    7: std::sys::backtrace::__rust_begin_short_backtrace::<test::run_test::{closure#1}, ()>
[INFO] [stdout]    8: <std::thread::lifecycle::spawn_unchecked<test::run_test::{closure#1}, ()>::{closure#1} as core::ops::function::FnOnce<()>>::call_once::{shim:vtable#0}
[INFO] [stdout]    9: <std::sys::thread::unix::Thread>::new::thread_start
[INFO] [stdout]   10: <unknown>
[INFO] [stdout]   11: clone
[INFO] [stdout] 
[INFO] [stdout] ---- api::tests::test_vector_tendermint_middle_non stdout ----
[INFO] [stdout] Error: No such file or directory (os error 2)
[INFO] [stdout] 
[INFO] [stdout] Stack backtrace:
[INFO] [stdout]    0: <anyhow::Error as core::convert::From<core::io::error::Error>>::from
[INFO] [stdout]    1: ics23_blake3::api::tests::load_file
[INFO] [stdout]    2: ics23_blake3::api::tests::verify_test_vector
[INFO] [stdout]    3: ics23_blake3::api::tests::test_vector_tendermint_middle_non
[INFO] [stdout]    4: <ics23_blake3::api::tests::test_vector_tendermint_middle_non::{closure#0} as core::ops::function::FnOnce<()>>::call_once
[INFO] [stdout]    5: test::__rust_begin_short_backtrace::<core::result::Result<(), alloc::string::String>, fn() -> core::result::Result<(), alloc::string::String>>
[INFO] [stdout]    6: test::run_test::{closure#0}
[INFO] [stdout]    7: std::sys::backtrace::__rust_begin_short_backtrace::<test::run_test::{closure#1}, ()>
[INFO] [stdout]    8: <std::thread::lifecycle::spawn_unchecked<test::run_test::{closure#1}, ()>::{closure#1} as core::ops::function::FnOnce<()>>::call_once::{shim:vtable#0}
[INFO] [stdout]    9: <std::sys::thread::unix::Thread>::new::thread_start
[INFO] [stdout]   10: <unknown>
[INFO] [stdout]   11: clone
[INFO] [stdout] 
[INFO] [stdout] ---- api::tests::test_vector_smt_right stdout ----
[INFO] [stdout] Error: No such file or directory (os error 2)
[INFO] [stdout] 
[INFO] [stdout] Stack backtrace:
[INFO] [stdout]    0: <anyhow::Error as core::convert::From<core::io::error::Error>>::from
[INFO] [stdout]    1: ics23_blake3::api::tests::load_file
[INFO] [stdout]    2: ics23_blake3::api::tests::verify_test_vector
[INFO] [stdout]    3: ics23_blake3::api::tests::test_vector_smt_right
[INFO] [stdout]    4: <ics23_blake3::api::tests::test_vector_smt_right::{closure#0} as core::ops::function::FnOnce<()>>::call_once
[INFO] [stdout]    5: test::__rust_begin_short_backtrace::<core::result::Result<(), alloc::string::String>, fn() -> core::result::Result<(), alloc::string::String>>
[INFO] [stdout]    6: test::run_test::{closure#0}
[INFO] [stdout]    7: std::sys::backtrace::__rust_begin_short_backtrace::<test::run_test::{closure#1}, ()>
[INFO] [stdout]    8: <std::thread::lifecycle::spawn_unchecked<test::run_test::{closure#1}, ()>::{closure#1} as core::ops::function::FnOnce<()>>::call_once::{shim:vtable#0}
[INFO] [stdout]    9: <std::sys::thread::unix::Thread>::new::thread_start
[INFO] [stdout]   10: <unknown>
[INFO] [stdout]   11: clone
[INFO] [stdout] 
[INFO] [stdout] ---- api::tests::test_vector_smt_middle_non stdout ----
[INFO] [stdout] Error: No such file or directory (os error 2)
[INFO] [stdout] 
[INFO] [stdout] Stack backtrace:
[INFO] [stdout]    0: <anyhow::Error as core::convert::From<core::io::error::Error>>::from
[INFO] [stdout]    1: ics23_blake3::api::tests::load_file
[INFO] [stdout]    2: ics23_blake3::api::tests::verify_test_vector
[INFO] [stdout]    3: ics23_blake3::api::tests::test_vector_smt_middle_non
[INFO] [stdout]    4: <ics23_blake3::api::tests::test_vector_smt_middle_non::{closure#0} as core::ops::function::FnOnce<()>>::call_once
[INFO] [stdout]    5: test::__rust_begin_short_backtrace::<core::result::Result<(), alloc::string::String>, fn() -> core::result::Result<(), alloc::string::String>>
[INFO] [stdout]    6: test::run_test::{closure#0}
[INFO] [stdout]    7: std::sys::backtrace::__rust_begin_short_backtrace::<test::run_test::{closure#1}, ()>
[INFO] [stdout]    8: <std::thread::lifecycle::spawn_unchecked<test::run_test::{closure#1}, ()>::{closure#1} as core::ops::function::FnOnce<()>>::call_once::{shim:vtable#0}
[INFO] [stdout]    9: <std::sys::thread::unix::Thread>::new::thread_start
[INFO] [stdout]   10: <unknown>
[INFO] [stdout]   11: clone
[INFO] [stdout] 
[INFO] [stdout] 
[INFO] [stdout] failures:
[INFO] [stdout]     api::tests::compressed_iavl_batch_exist
[INFO] [stdout]     api::tests::compressed_iavl_batch_nonexist
[INFO] [stdout]     api::tests::compressed_smt_batch_exist
[INFO] [stdout]     api::tests::compressed_smt_batch_nonexist
[INFO] [stdout]     api::tests::test_vector_iavl_batch_exist
[INFO] [stdout]     api::tests::test_vector_iavl_batch_nonexist
[INFO] [stdout]     api::tests::test_vector_iavl_left
[INFO] [stdout]     api::tests::test_vector_iavl_left_non
[INFO] [stdout]     api::tests::test_vector_iavl_middle
[INFO] [stdout]     api::tests::test_vector_iavl_middle_non
[INFO] [stdout]     api::tests::test_vector_iavl_right
[INFO] [stdout]     api::tests::test_vector_iavl_right_non
[INFO] [stdout]     api::tests::test_vector_smt_batch_exist
[INFO] [stdout]     api::tests::test_vector_smt_batch_nonexist
[INFO] [stdout]     api::tests::test_vector_smt_left
[INFO] [stdout]     api::tests::test_vector_smt_left_non
[INFO] [stdout]     api::tests::test_vector_smt_middle
[INFO] [stdout]     api::tests::test_vector_smt_middle_non
[INFO] [stdout]     api::tests::test_vector_smt_right
[INFO] [stdout]     api::tests::test_vector_smt_right_non
[INFO] [stdout]     api::tests::test_vector_tendermint_batch_exist
[INFO] [stdout]     api::tests::test_vector_tendermint_batch_nonexist
[INFO] [stdout]     api::tests::test_vector_tendermint_left
[INFO] [stdout]     api::tests::test_vector_tendermint_left_non
[INFO] [stdout]     api::tests::test_vector_tendermint_middle
[INFO] [stdout]     api::tests::test_vector_tendermint_middle_non
[INFO] [stdout]     api::tests::test_vector_tendermint_right
[INFO] [stdout]     api::tests::test_vector_tendermint_right_non
[INFO] [stdout] 
[INFO] [stdout] test result: FAILED. 14 passed; 28 failed; 0 ignored; 0 measured; 0 filtered out; finished in 0.02s
[INFO] [stdout] 
[INFO] [stderr] error: test failed, to rerun pass `--lib`
[INFO] running `Command { std: "docker" "inspect" "d5074da0b1d0653c35f1a752ba9ff74432d5dad198bd1c97b75bbea5955692e0", kill_on_drop: false }`
[INFO] running `Command { std: "docker" "rm" "-f" "d5074da0b1d0653c35f1a752ba9ff74432d5dad198bd1c97b75bbea5955692e0", kill_on_drop: false }`
[INFO] [stdout] d5074da0b1d0653c35f1a752ba9ff74432d5dad198bd1c97b75bbea5955692e0
