[INFO] fetching crate icmd 0.2.0...
[INFO] testing icmd-0.2.0 against 1.100.0-beta.1+cargoflags=--release for beta-release-1.100-2
[INFO] extracting crate icmd 0.2.0 into /workspace/builds/worker-7-tc2/source
[INFO] started tweaking crates.io crate icmd 0.2.0
[INFO] removed 0 missing examples
[INFO] removed 0 missing tests
[INFO] finished tweaking crates.io crate icmd 0.2.0
[INFO] tweaked toml for crates.io crate icmd 0.2.0 written to /workspace/builds/worker-7-tc2/source/Cargo.toml
[INFO] validating manifest of crates.io crate icmd 0.2.0 on toolchain 1.100.0-beta.1
[INFO] running `Command { std: CARGO_HOME="/workspace/cargo-home" RUSTUP_HOME="/workspace/rustup-home" "/workspace/cargo-home/bin/cargo" "+1.100.0-beta.1" "metadata" "--manifest-path" "Cargo.toml" "--no-deps", kill_on_drop: false }`
[INFO] crate crates.io crate icmd 0.2.0 already has a lockfile, it will not be regenerated
[INFO] running `Command { std: CARGO_HOME="/workspace/cargo-home" RUSTUP_HOME="/workspace/rustup-home" "/workspace/cargo-home/bin/cargo" "+1.100.0-beta.1" "fetch" "--manifest-path" "Cargo.toml", kill_on_drop: false }`
[INFO] running `Command { std: "docker" "create" "-v" "/var/lib/crater-agent-workspace/builds/worker-7-tc2/source:/opt/rustwide/workdir:ro,Z" "-v" "/var/lib/crater-agent-workspace/builds/worker-7-tc2/target:/opt/rustwide/target:rw,Z" "-v" "/var/lib/crater-agent-workspace/cargo-home:/opt/rustwide/cargo-home:ro,Z" "-v" "/var/lib/crater-agent-workspace/rustup-home:/opt/rustwide/rustup-home:ro,Z" "-m" "1610612736" "--network" "none" "ghcr.io/rust-lang/crates-build-env/linux@sha256:77db811e55d90add9212f6832c23229e3de5f1c1f9905e8cb07319ea15df73ac" "sleep" "infinity", kill_on_drop: false }`
[INFO] [stdout] 3a590e645f2992dbdfcea4ffa6f71740d8fc3dec1a16d646979fb17f788f5c11
[INFO] running `Command { std: "docker" "start" "3a590e645f2992dbdfcea4ffa6f71740d8fc3dec1a16d646979fb17f788f5c11", kill_on_drop: false }`
[INFO] running `Command { std: "docker" "inspect" "3a590e645f2992dbdfcea4ffa6f71740d8fc3dec1a16d646979fb17f788f5c11", kill_on_drop: false }`
[INFO] running `Command { std: "docker" "exec" "-e" "SOURCE_DIR=/opt/rustwide/workdir" "-e" "CARGO_HOME=/opt/rustwide/cargo-home" "-e" "RUSTUP_HOME=/opt/rustwide/rustup-home" "-e" "CARGO_TARGET_DIR=/opt/rustwide/target" "-w" "/opt/rustwide/workdir" "--user" "0:0" "3a590e645f2992dbdfcea4ffa6f71740d8fc3dec1a16d646979fb17f788f5c11" "/opt/rustwide/cargo-home/bin/cargo" "+1.100.0-beta.1" "metadata" "--no-deps" "--format-version=1", kill_on_drop: false }`
[INFO] running `Command { std: "docker" "inspect" "3a590e645f2992dbdfcea4ffa6f71740d8fc3dec1a16d646979fb17f788f5c11", kill_on_drop: false }`
[INFO] running `Command { std: "docker" "exec" "-e" "SOURCE_DIR=/opt/rustwide/workdir" "-e" "CARGO_HOME=/opt/rustwide/cargo-home" "-e" "RUSTUP_HOME=/opt/rustwide/rustup-home" "-e" "CARGO_TARGET_DIR=/opt/rustwide/target" "-e" "CARGO_INCREMENTAL=0" "-e" "RUST_BACKTRACE=full" "-e" "RUSTFLAGS=--cap-lints=warn" "-e" "RUSTDOCFLAGS=--cap-lints=warn" "-w" "/opt/rustwide/workdir" "--user" "0:0" "3a590e645f2992dbdfcea4ffa6f71740d8fc3dec1a16d646979fb17f788f5c11" "/opt/rustwide/cargo-home/bin/cargo" "+1.100.0-beta.1" "build" "--frozen" "--message-format=json" "--release", kill_on_drop: false }`
[INFO] [stderr]    Compiling crc32fast v1.5.1
[INFO] [stderr]    Compiling unicode-segmentation v1.13.3
[INFO] [stderr]    Compiling signal-hook v0.3.18
[INFO] [stderr]    Compiling rustix v1.1.4
[INFO] [stderr]    Compiling smallvec v1.16.0
[INFO] [stderr]    Compiling crossbeam-utils v0.8.23
[INFO] [stderr]    Compiling fdeflate v0.3.7
[INFO] [stderr]    Compiling miniz_oxide v0.8.9
[INFO] [stderr]    Compiling mio v1.2.3
[INFO] [stderr]    Compiling pxfm v0.1.30
[INFO] [stderr]    Compiling weezl v0.1.12
[INFO] [stderr]    Compiling color_quant v1.1.0
[INFO] [stderr]    Compiling syn v2.0.119
[INFO] [stderr]    Compiling litrs v1.0.0
[INFO] [stderr]    Compiling byteorder-lite v0.1.0
[INFO] [stderr]    Compiling quick-error v2.0.1
[INFO] [stderr]    Compiling zune-core v0.5.3
[INFO] [stderr]    Compiling parking_lot_core v0.9.12
[INFO] [stderr]    Compiling zune-jpeg v0.5.15
[INFO] [stderr]    Compiling image-webp v0.2.4
[INFO] [stderr]    Compiling icmd v0.2.0 (/opt/rustwide/workdir)
[INFO] [stderr]    Compiling flate2 v1.1.10
[INFO] [stderr]    Compiling document-features v0.2.12
[INFO] [stderr]    Compiling parking_lot v0.12.5
[INFO] [stderr]    Compiling signal-hook-mio v0.2.5
[INFO] [stderr]    Compiling gif v0.14.2
[INFO] [stderr]    Compiling bytemuck v1.25.2
[INFO] [stderr]    Compiling convert_case v0.10.0
[INFO] [stderr]    Compiling crossbeam-channel v0.5.17
[INFO] [stderr]    Compiling png v0.18.1
[INFO] [stderr]    Compiling derive_more-impl v2.1.1
[INFO] [stderr]    Compiling derive_more v2.1.1
[INFO] [stderr]    Compiling crossterm v0.29.0
[INFO] [stderr]    Compiling moxcms v0.8.1
[INFO] [stderr]    Compiling image v0.25.10
[INFO] [stderr]     Finished `release` profile [optimized] target(s) in 1m 04s
[INFO] running `Command { std: "docker" "inspect" "3a590e645f2992dbdfcea4ffa6f71740d8fc3dec1a16d646979fb17f788f5c11", kill_on_drop: false }`
[INFO] running `Command { std: "docker" "exec" "-e" "SOURCE_DIR=/opt/rustwide/workdir" "-e" "CARGO_HOME=/opt/rustwide/cargo-home" "-e" "RUSTUP_HOME=/opt/rustwide/rustup-home" "-e" "CARGO_TARGET_DIR=/opt/rustwide/target" "-e" "CARGO_INCREMENTAL=0" "-e" "RUST_BACKTRACE=full" "-e" "RUSTFLAGS=--cap-lints=warn" "-e" "RUSTDOCFLAGS=--cap-lints=warn" "-w" "/opt/rustwide/workdir" "--user" "0:0" "3a590e645f2992dbdfcea4ffa6f71740d8fc3dec1a16d646979fb17f788f5c11" "/opt/rustwide/cargo-home/bin/cargo" "+1.100.0-beta.1" "test" "--frozen" "--no-run" "--message-format=json" "--release", kill_on_drop: false }`
[INFO] [stderr]    Compiling zerocopy v0.8.57
[INFO] [stderr]    Compiling syn v3.0.5
[INFO] [stderr]    Compiling either v1.18.0
[INFO] [stderr]    Compiling derive_more-impl v2.1.1
[INFO] [stderr]    Compiling regex-automata v0.4.18
[INFO] [stderr]    Compiling clap_builder v4.6.6
[INFO] [stderr]    Compiling toml v1.1.5+spec-1.1.0
[INFO] [stderr]    Compiling is-terminal v0.4.17
[INFO] [stderr]    Compiling itertools v0.10.5
[INFO] [stderr]    Compiling rayon v1.12.0
[INFO] [stderr]    Compiling derive_more v2.1.1
[INFO] [stderr]    Compiling crossterm v0.29.0
[INFO] [stderr]    Compiling criterion-plot v0.5.0
[INFO] [stderr]    Compiling icmd v0.2.0 (/opt/rustwide/workdir)
[INFO] [stderr]    Compiling serde_derive v1.0.229
[INFO] [stderr]    Compiling regex v1.13.1
[INFO] [stderr]    Compiling clap v4.6.6
[INFO] [stderr]    Compiling half v2.7.1
[INFO] [stderr]    Compiling ciborium-ll v0.2.2
[INFO] [stderr]    Compiling serde v1.0.229
[INFO] [stderr]    Compiling ciborium v0.2.2
[INFO] [stderr]    Compiling tinytemplate v1.2.1
[INFO] [stderr]    Compiling trybuild v1.0.121
[INFO] [stderr]    Compiling criterion v0.5.1
[INFO] [stderr]     Finished `release` profile [optimized] target(s) in 2m 07s
[INFO] running `Command { std: "docker" "inspect" "3a590e645f2992dbdfcea4ffa6f71740d8fc3dec1a16d646979fb17f788f5c11", kill_on_drop: false }`
[INFO] running `Command { std: "docker" "exec" "-e" "SOURCE_DIR=/opt/rustwide/workdir" "-e" "CARGO_HOME=/opt/rustwide/cargo-home" "-e" "RUSTUP_HOME=/opt/rustwide/rustup-home" "-e" "CARGO_TARGET_DIR=/opt/rustwide/target" "-e" "CARGO_INCREMENTAL=0" "-e" "RUST_BACKTRACE=full" "-e" "RUSTFLAGS=--cap-lints=warn" "-e" "RUSTDOCFLAGS=--cap-lints=warn" "-w" "/opt/rustwide/workdir" "--user" "0:0" "3a590e645f2992dbdfcea4ffa6f71740d8fc3dec1a16d646979fb17f788f5c11" "/opt/rustwide/cargo-home/bin/cargo" "+1.100.0-beta.1" "test" "--frozen" "--release", kill_on_drop: false }`
[INFO] [stderr]     Finished `release` profile [optimized] target(s) in 0.23s
[INFO] [stderr]      Running unittests src/lib.rs (/opt/rustwide/target/release/build/icmd/45465f924a20f469/out/icmd-45465f924a20f469)
[INFO] [stdout] 
[INFO] [stdout] running 0 tests
[INFO] [stdout] 
[INFO] [stdout] test result: ok. 0 passed; 0 failed; 0 ignored; 0 measured; 0 filtered out; finished in 0.00s
[INFO] [stdout] 
[INFO] [stderr]      Running tests/app_loop.rs (/opt/rustwide/target/release/build/icmd/6d03406817ea9dd3/out/app_loop-6d03406817ea9dd3)
[INFO] [stdout] 
[INFO] [stdout] running 7 tests
[INFO] [stdout] test only_replaceable_events_are_coalesced ... ok
[INFO] [stdout] test a_minimal_configuration_skips_the_optional_commands ... ok
[INFO] [stdout] test render_wait_is_capped_independently_of_the_configured_interval ... ok
[INFO] [stdout] test teardown_writes_every_command_to_the_stream ... ok
[INFO] [stdout] test teardown_pops_the_keyboard_enhancement_flags_it_pushed ... ok
[INFO] [stdout] test a_busy_application_still_unwinds_after_its_input_closes ... ok
[INFO] [stdout] test teardown_order_releases_capture_before_the_alternate_screen ... ok
[INFO] [stdout] 
[INFO] [stdout] test result: ok. 7 passed; 0 failed; 0 ignored; 0 measured; 0 filtered out; finished in 0.07s
[INFO] [stdout] 
[INFO] [stderr]      Running tests/capability.rs (/opt/rustwide/target/release/build/icmd/9cf2c124ec872c58/out/capability-9cf2c124ec872c58)
[INFO] [stdout] 
[INFO] [stdout] running 3 tests
[INFO] [stdout] test native_protocols_report_unsupported_without_the_feature ... ok
[INFO] [stdout] test renderer_is_send_without_any_unsafe_assertion ... ok
[INFO] [stdout] test symbols_rendering_stays_available_without_the_feature ... ok
[INFO] [stdout] 
[INFO] [stdout] test result: ok. 3 passed; 0 failed; 0 ignored; 0 measured; 0 filtered out; finished in 0.00s
[INFO] [stdout] 
[INFO] [stderr]      Running tests/clipboard_chords.rs (/opt/rustwide/target/release/build/icmd/c55a7f4637823529/out/clipboard_chords-c55a7f4637823529)
[INFO] [stdout] 
[INFO] [stdout] running 2 tests
[INFO] [stdout] test plain_ctrl_c_is_left_to_the_runtime_even_with_a_selection ... ok
[INFO] [stdout] test shift_ctrl_c_copies_and_shift_ctrl_v_pastes ... ok
[INFO] [stdout] 
[INFO] [stdout] test result: ok. 2 passed; 0 failed; 0 ignored; 0 measured; 0 filtered out; finished in 1.52s
[INFO] [stdout] 
[INFO] [stderr]      Running tests/commit_text.rs (/opt/rustwide/target/release/build/icmd/a4272f93ff67f6e2/out/commit_text-a4272f93ff67f6e2)
[INFO] [stdout] 
[INFO] [stdout] running 19 tests
[INFO] [stdout] test a_caret_on_a_clipped_grapheme_is_still_painted ... ok
[INFO] [stdout] test a_clipped_item_leaves_its_cells_blank_instead_of_shifting_later_items ... ok
[INFO] [stdout] test hard_splits_only_between_graphemes ... ok
[INFO] [stdout] test hard_wraps_at_the_cell_limit_instead_of_an_earlier_word_break ... ok
[INFO] [stdout] test measure_uses_the_widest_unwrapped_line ... ok
[INFO] [stdout] test measure_counts_graphemes_not_bytes ... ok
[INFO] [stdout] test every_painted_editor_cell_matches_the_canonical_layout ... ok
[INFO] [stdout] test soft_splits_an_overlong_unbreakable_fragment ... ok
[INFO] [stdout] test soft_uses_unicode_break_opportunities ... ok
[INFO] [stdout] test emoji_merging_mode_changes_a_sequence_measurement ... ok
[INFO] [stdout] test the_painted_caret_covers_exactly_the_layouts_caret_span ... ok
[INFO] [stdout] test zero_and_one_cell_widths_do_not_panic ... ok
[INFO] [stdout] test a_scrolled_editor_window_keeps_the_canonical_columns ... ok
[INFO] [stdout] test soft_wraps_cjk_at_unicode_breaks ... ok
[INFO] [stdout] test trailing_spaces_are_not_lost ... ok
[INFO] [stdout] test an_empty_control_keeps_its_caret_when_the_placeholder_is_clipped ... ok
[INFO] [stdout] test hard_wraps_trailing_spaces_instead_of_overflowing ... ok
[INFO] [stdout] test explicit_empty_and_trailing_lines_are_retained ... ok
[INFO] [stdout] test a_caret_windowed_by_the_viewport_stays_visible ... ok
[INFO] [stdout] 
[INFO] [stdout] test result: ok. 19 passed; 0 failed; 0 ignored; 0 measured; 0 filtered out; finished in 0.05s
[INFO] [stdout] 
[INFO] [stderr]      Running tests/components.rs (/opt/rustwide/target/release/build/icmd/e82bd3713aaacbf2/out/components-e82bd3713aaacbf2)
[INFO] [stdout] 
[INFO] [stdout] running 14 tests
[INFO] [stdout] test built_in_theme_presets_are_named_and_geek_is_matrix_green ... ok
[INFO] [stdout] test widget_props_are_unset_until_extra_modifies_them ... ok
[INFO] [stdout] test style_patches_and_host_overrides_are_composable ... ok
[INFO] [stdout] test theme_starts_with_ansi_defaults_and_accepts_mutable_customization ... ok
[INFO] [stdout] test scroll_area_is_the_integrated_scroll_component ... ok
[INFO] [stdout] test generic_node_helpers_compose_with_builtin_components ... ok
[INFO] [stdout] test extra_modifiers_compose_and_full_props_stay_available ... ok
[INFO] [stdout] test batched_canvas_primitives_match_cell_by_cell_drawing ... ok
[INFO] [stdout] test canvas_draws_unicode_text_and_shapes ... ok
[INFO] [stdout] test scrollbar_glyphs_validate_early_and_theme_styles_are_overridable ... ok
[INFO] [stdout] test progress_bar_uses_the_nearest_theme ... ok
[INFO] [stdout] test percentages_can_resolve_against_available_space_or_the_viewport ... ok
[INFO] [stdout] test style_fill_tiles_single_and_wide_unicode_graphemes ... ok
[INFO] [stdout] test link_paints_its_href_when_no_label_or_children_are_given ... ok
[INFO] [stdout] 
[INFO] [stdout] test result: ok. 14 passed; 0 failed; 0 ignored; 0 measured; 0 filtered out; finished in 0.04s
[INFO] [stdout] 
[INFO] [stderr]      Running tests/context.rs (/opt/rustwide/target/release/build/icmd/7036c4642d9b0f57/out/context-7036c4642d9b0f57)
[INFO] [stdout] 
[INFO] [stdout] running 7 tests
[INFO] [stdout] test fill_operator_assignment_ignores_invalid_input_instead_of_panicking ... ok
[INFO] [stdout] test state_ref_read_update_and_poison_report_typed_results ... ok
[INFO] [stdout] test invalid_dynamic_fill_is_a_typed_error_not_a_panic ... ok
[INFO] [stdout] test poisoned_state_reports_an_error_instead_of_panicking ... ok
[INFO] [stdout] test provider_value_changes_are_visible_to_consumers ... ok
[INFO] [stdout] test context_provider_requires_key_and_value_at_construction ... ok
[INFO] [stdout] test use_context_reads_default_and_nearest_provider ... ok
[INFO] [stdout] 
[INFO] [stdout] test result: ok. 7 passed; 0 failed; 0 ignored; 0 measured; 0 filtered out; finished in 0.01s
[INFO] [stdout] 
[INFO] [stderr]      Running tests/controls.rs (/opt/rustwide/target/release/build/icmd/4aa554376ba41a6b/out/controls-4aa554376ba41a6b)
[INFO] [stdout] 
[INFO] [stdout] running 9 tests
[INFO] [stdout] test autofocus_is_an_explicit_request_not_an_inference ... ok
[INFO] [stdout] test disabled_selection_controls_do_not_change ... ok
[INFO] [stdout] test radio_selection_reports_through_the_group_owner ... ok
[INFO] [stdout] test disabled_link_neither_follows_nor_takes_focus ... ok
[INFO] [stdout] test disabled_button_suppresses_activation_and_focus ... ok
[INFO] [stdout] test link_reports_its_target_once_per_activation ... ok
[INFO] [stdout] test button_activates_once_per_press_from_pointer_and_keyboard ... ok
[INFO] [stdout] test checkbox_and_switch_request_the_proposed_state ... ok
[INFO] [stdout] test every_interactive_control_passes_the_shared_suite ... ok
[INFO] [stdout] 
[INFO] [stdout] test result: ok. 9 passed; 0 failed; 0 ignored; 0 measured; 0 filtered out; finished in 2.54s
[INFO] [stdout] 
[INFO] [stderr]      Running tests/data.rs (/opt/rustwide/target/release/build/icmd/8f576c7042a96500/out/data-8f576c7042a96500)
[INFO] [stdout] 
[INFO] [stdout] running 3 tests
[INFO] [stdout] test tests::patch_rect_clears_wide_neighbors_per_row ... ok
[INFO] [stdout] test tests::diff_patch_expands_for_wide_glyph_boundaries ... ok
[INFO] [stdout] test tests::diff_patch_rebuilds_a_sparse_cell_change ... ok
[INFO] [stdout] 
[INFO] [stdout] test result: ok. 3 passed; 0 failed; 0 ignored; 0 measured; 0 filtered out; finished in 0.00s
[INFO] [stdout] 
[INFO] [stderr]      Running tests/editor_model.rs (/opt/rustwide/target/release/build/icmd/dcf9b2e34c1ab0a8/out/editor_model-dcf9b2e34c1ab0a8)
[INFO] [stdout] 
[INFO] [stdout] running 36 tests
[INFO] [stdout] test a_controlled_owner_catching_up_does_not_reset_the_caret ... ok
[INFO] [stdout] test a_controlled_value_the_model_never_emitted_is_still_applied ... ok
[INFO] [stdout] test a_draft_is_answered_by_the_next_render_only ... ok
[INFO] [stdout] test acceptance_then_extension_keeps_the_caret ... ok
[INFO] [stdout] test left_and_right_collapse_an_existing_selection ... ok
[INFO] [stdout] test max_length_accepts_emoji_codepoints_that_merge ... ok
[INFO] [stdout] test home_and_end_move_within_the_logical_line ... ok
[INFO] [stdout] test controlled_external_replacement_discards_the_draft ... ok
[INFO] [stdout] test backspace_and_delete_remove_one_grapheme ... ok
[INFO] [stdout] test controlled_acceptance_restores_the_draft_selection ... ok
[INFO] [stdout] test controlled_rejection_clamps_the_selection ... ok
[INFO] [stdout] test controlled_rejection_clamps_the_selection_into_the_owner_value ... ok
[INFO] [stdout] test merging_input_extends_the_cluster_under_the_caret ... ok
[INFO] [stdout] test multiline_normalization_keeps_newlines_and_tabs ... ok
[INFO] [stdout] test only_cut_reports_cut_intent ... ok
[INFO] [stdout] test paste_is_normalized_before_insertion ... ok
[INFO] [stdout] test paste_reports_paste_intent ... ok
[INFO] [stdout] test pasted_clusters_keep_their_neighbors_and_one_navigation_step ... ok
[INFO] [stdout] test rapid_events_before_a_render_accumulate_on_one_draft ... ok
[INFO] [stdout] test select_all_covers_the_whole_value ... ok
[INFO] [stdout] test separate_mode_backspace_removes_one_part ... ok
[INFO] [stdout] test controlled_rejection_is_deterministic_per_render ... ok
[INFO] [stdout] test switching_to_uncontrolled_discards_an_unaccepted_draft ... ok
[INFO] [stdout] test max_length_counts_graphemes_and_respects_merging ... ok
[INFO] [stdout] test switching_from_controlled_to_uncontrolled_keeps_the_last_value ... ok
[INFO] [stdout] test switching_from_uncontrolled_to_controlled_adopts_the_value ... ok
[INFO] [stdout] test unrelated_rerender_is_stable ... ok
[INFO] [stdout] test vertical_targets_are_valid_grapheme_boundaries ... ok
[INFO] [stdout] test clamp_snaps_to_the_nearest_grapheme_boundary ... ok
[INFO] [stdout] test insert_replaces_the_selection ... ok
[INFO] [stdout] test read_only_and_disabled_do_not_mutate ... ok
[INFO] [stdout] test word_movement_skips_whole_words ... ok
[INFO] [stderr]      Running tests/element_ref.rs (/opt/rustwide/target/release/build/icmd/149b9a94c743eb13/out/element_ref-149b9a94c743eb13)
[INFO] [stdout] test separate_mode_inserts_between_parts ... ok
[INFO] [stdout] test separate_mode_max_length_counts_parts ... ok
[INFO] [stdout] test separate_mode_places_the_caret_between_parts ... ok
[INFO] [stdout] test single_line_normalization_maps_newlines_and_tabs_to_spaces ... ok
[INFO] [stdout] 
[INFO] [stdout] test result: ok. 36 passed; 0 failed; 0 ignored; 0 measured; 0 filtered out; finished in 0.01s
[INFO] [stdout] 
[INFO] [stdout] 
[INFO] [stdout] running 5 tests
[INFO] [stdout] test element_ref_publishes_committed_geometry ... ok
[INFO] [stdout] test element_ref_can_be_read_from_its_change_callback ... ok
[INFO] [stdout] test clipped_elements_keep_geometry_but_have_no_visible_rect ... ok
[INFO] [stdout] test element_change_notifies_on_mount_and_unmount ... ok
[INFO] [stdout] test element_change_failure_is_reported_by_commit ... ok
[INFO] [stdout] 
[INFO] [stdout] test result: ok. 5 passed; 0 failed; 0 ignored; 0 measured; 0 filtered out; finished in 0.04s
[INFO] [stdout] 
[INFO] [stderr]      Running tests/elems.rs (/opt/rustwide/target/release/build/icmd/c53c9d69cc68a2c3/out/elems-c53c9d69cc68a2c3)
[INFO] [stdout] 
[INFO] [stdout] running 1 test
[INFO] [stdout] test button_renders ... ok
[INFO] [stdout] 
[INFO] [stdout] test result: ok. 1 passed; 0 failed; 0 ignored; 0 measured; 0 filtered out; finished in 0.01s
[INFO] [stdout] 
[INFO] [stderr]      Running tests/events.rs (/opt/rustwide/target/release/build/icmd/892b294e512f3340/out/events-892b294e512f3340)
[INFO] [stdout] 
[INFO] [stdout] running 16 tests
[INFO] [stdout] test mouse_listener_is_hit_tested_and_keyboard_focus_is_routed ... ok
[INFO] [stdout] test programmatic_focus_is_checked_and_rejects_unknown_targets ... ok
[INFO] [stdout] test reentrant_listener_delivery_terminates_without_deadlock ... ok
[INFO] [stdout] test capture_listeners_run_before_target_and_bubble ... ok
[INFO] [stdout] test key_capture_runs_before_the_target_and_can_prevent_the_default ... ok
[INFO] [stdout] test deep_key_routing_scales_with_depth_not_region_count ... ok
[INFO] [stdout] test an_application_shortcut_fires_once_per_press_not_once_per_edge ... ok
[INFO] [stdout] test focus_transitions_report_a_structured_outcome ... ok
[INFO] [stdout] test focus_ownership_terminal_focus_and_global_keys_stay_distinct ... ok
[INFO] [stdout] test a_capture_listener_can_stop_the_whole_dispatch ... ok
[INFO] [stdout] test application_global_key_listener_fires_without_focus ... ok
[INFO] [stdout] test panicking_listener_is_recorded_and_propagation_state_restores ... ok
[INFO] [stdout] test pointer_events_can_stop_propagation ... ok
[INFO] [stdout] test keyboard_events_can_prevent_the_default_action ... ok
[INFO] [stdout] test wheel_scrolling_is_restored_when_default_is_prevented ... ok
[INFO] [stdout] test paste_payload_is_shared_across_the_ancestor_route ... ok
[INFO] [stdout] 
[INFO] [stdout] test result: ok. 16 passed; 0 failed; 0 ignored; 0 measured; 0 filtered out; finished in 0.27s
[INFO] [stdout] 
[INFO] [stderr]      Running tests/glyph.rs (/opt/rustwide/target/release/build/icmd/8f1069995d63bc3d/out/glyph-8f1069995d63bc3d)
[INFO] [stdout] 
[INFO] [stdout] running 5 tests
[INFO] [stdout] test tests::accepts_printable_single_graphemes_within_the_width_policy ... ok
[INFO] [stdout] test tests::rejects_symbols_over_the_byte_budget ... ok
[INFO] [stdout] test tests::rejects_empty_control_multi_grapheme_and_zero_width ... ok
[INFO] [stdout] test characterization::fill_caches_the_validated_width ... ok
[INFO] [stdout] test characterization::all_glyph_paths_agree_on_the_shared_rule ... ok
[INFO] [stdout] 
[INFO] [stdout] test result: ok. 5 passed; 0 failed; 0 ignored; 0 measured; 0 filtered out; finished in 0.00s
[INFO] [stdout] 
[INFO] [stderr]      Running tests/hardening.rs (/opt/rustwide/target/release/build/icmd/08617da83a1e7329/out/hardening-08617da83a1e7329)
[INFO] [stdout] 
[INFO] [stdout] running 16 tests
[INFO] [stdout] test layer_order_survives_repeated_composition_without_cloning ... ok
[INFO] [stdout] test a_second_identical_frame_emits_no_operations ... ok
[INFO] [stdout] test renderer_rejects_frames_atomically_and_restores_overlap ... ok
[INFO] [stdout] test renderer_tie_order_is_deterministic ... ok
[INFO] [stdout] test renderer_handles_wide_patch_boundaries_and_resize ... ok
[INFO] [stdout] test root_fragments_render_through_the_internal_wrapper ... ok
[INFO] [stdout] test layouts_clip_children_by_default ... ok
[INFO] [stdout] test stretch_subtracts_cross_axis_margins ... ok
[INFO] [stdout] test space_between_distributes_odd_remainders_to_the_leading_gap ... ok
[INFO] [stdout] test extreme_canvas_lines_are_clipped_before_iteration ... ok
[INFO] [stdout] test oversized_declarative_canvas_uses_error_placeholder ... ok
[INFO] [stdout] test shaped_text_shares_one_normalized_buffer ... ok
[INFO] [stdout] test offscreen_text_rasterizes_only_the_visible_window ... ok
[INFO] [stdout] test scene_order_is_canonical_and_deterministic ... ok
[INFO] [stdout] test clipped_descendants_do_not_paint_or_receive_pointer_events ... ok
[INFO] [stdout] test limits_are_fallible_and_graphemes_are_bounded ... ok
[INFO] [stdout] 
[INFO] [stdout] test result: ok. 16 passed; 0 failed; 0 ignored; 0 measured; 0 filtered out; finished in 0.13s
[INFO] [stdout] 
[INFO] [stderr]      Running tests/hooks.rs (/opt/rustwide/target/release/build/icmd/4bd027bfff8a6bb0/out/hooks-4bd027bfff8a6bb0)
[INFO] [stdout] 
[INFO] [stdout] running 7 tests
[INFO] [stdout] test effects_run_in_declaration_order_within_a_component ... ok
[INFO] [stdout] test an_unmount_hook_does_not_run_at_mount_and_runs_once_on_unmount ... ok
[INFO] [stdout] test a_mount_effect_runs_once_and_cleans_up_on_unmount ... ok
[INFO] [stdout] test an_effect_reruns_only_when_its_dependencies_change_and_cleans_up_first ... ok
[INFO] [stdout] test mount_effects_run_child_before_parent ... ok
[INFO] [stderr]      Running tests/image_manager.rs (/opt/rustwide/target/release/build/icmd/8894a008ed32e467/out/image_manager-8894a008ed32e467)
[INFO] [stdout] test unmount_cleanups_run_parent_before_child ... ok
[INFO] [stdout] test a_component_handle_shares_state_with_the_installed_handle ... ok
[INFO] [stdout] 
[INFO] [stdout] test result: ok. 7 passed; 0 failed; 0 ignored; 0 measured; 0 filtered out; finished in 0.02s
[INFO] [stdout] 
[INFO] [stdout] 
[INFO] [stdout] running 2 tests
[INFO] [stdout] test a_disconnected_queue_reports_closed ... ok
[INFO] [stdout] test a_full_queue_is_backpressure_not_failure ... ok
[INFO] [stdout] 
[INFO] [stdout] test result: ok. 2 passed; 0 failed; 0 ignored; 0 measured; 0 filtered out; finished in 0.01s
[INFO] [stdout] 
[INFO] [stderr]      Running tests/input.rs (/opt/rustwide/target/release/build/icmd/40e62d6ba8e047df/out/input-40e62d6ba8e047df)
[INFO] [stdout] 
[INFO] [stdout] running 52 tests
[INFO] [stdout] test a_copy_is_mirrored_into_the_terminal_clipboard ... ok
[INFO] [stdout] test a_caret_on_a_clipped_grapheme_still_paints ... ok
[INFO] [stdout] test a_caret_on_a_viewport_clipped_wide_grapheme_still_paints ... ok
[INFO] [stdout] test a_caret_inside_a_dropped_separator_is_still_painted ... ok
[INFO] [stdout] test a_tab_in_the_placeholder_keeps_later_cells_in_place ... ok
[INFO] [stdout] test a_right_edge_clipped_wide_glyph_does_not_blank_the_editor ... ok
[INFO] [stdout] test a_caret_on_a_grapheme_does_not_also_paint_a_second_marker ... ok
[INFO] [stdout] test a_custom_component_extends_raw_input_without_private_apis ... ok
[INFO] [stdout] test a_real_tab_in_multiline_keeps_later_cells_in_place ... ok
[INFO] [stdout] test a_dropped_separator_does_not_shift_later_graphemes ... ok
[INFO] [stdout] test a_drag_selects_the_visible_text_after_the_field_scrolls ... ok
[INFO] [stdout] test caller_events_still_run_alongside_internal_handling ... ok
[INFO] [stdout] test a_clipped_item_keeps_later_cells_blank_in_the_painted_frame ... ok
[INFO] [stdout] test caret_and_pointer_agree_across_a_soft_wrapped_value ... ok
[INFO] [stdout] test a_disabled_horizontal_axis_never_requests_a_horizontal_offset ... ok
[INFO] [stdout] test a_pointer_click_after_a_vertical_resize_maps_to_the_painted_row ... ok
[INFO] [stdout] test a_pointer_click_after_a_resize_maps_to_the_painted_cell ... ok
[INFO] [stdout] test drag_selection_extends_and_release_keeps_the_selection ... ok
[INFO] [stdout] test a_pointer_click_survives_a_resize_that_does_not_clamp ... ok
[INFO] [stdout] test raw_input_ignores_children ... ok
[INFO] [stdout] test placeholder_paints_when_empty ... ok
[INFO] [stdout] test change_observer_may_edit_other_state_without_deadlocking ... ok
[INFO] [stdout] test multiline_raw_input_inserts_newlines_instead_of_submitting ... ok
[INFO] [stdout] test horizontal_scrolling_past_a_wide_grapheme_still_paints ... ok
[INFO] [stdout] test clicking_after_a_scroll_maps_to_the_painted_cell ... ok
[INFO] [stdout] test a_wide_grapheme_straddling_the_left_edge_keeps_later_cells_in_place ... ok
[INFO] [stdout] test nested_scroll_area_routes_remaining_wheel_delta ... ok
[INFO] [stdout] test soft_wrapping_paints_the_spaces_inside_a_row ... ok
[INFO] [stdout] test copy_works_when_the_terminal_drops_the_shift_modifier ... ok
[INFO] [stdout] test ordinary_text_and_the_editor_agree_on_wide_glyph_columns ... ok
[INFO] [stdout] test the_terminal_clipboard_sequence_is_osc52 ... ok
[INFO] [stdout] test multiline_vertical_navigation_moves_the_caret_between_rows ... ok
[INFO] [stdout] test raw_input_is_focusable_and_receives_keys ... ok
[INFO] [stdout] test extreme_values_and_widths_do_not_panic ... ok
[INFO] [stdout] test scroll_extent_matches_the_wrapped_document ... ok
[INFO] [stdout] test controlled_raw_input_accepts_and_rejects_deterministically ... ok
[INFO] [stdout] test single_line_raw_input_submits_on_enter ... ok
[INFO] [stdout] test page_down_and_page_up_repeat_the_vertical_move ... ok
[INFO] [stdout] test single_line_caret_reveal_fits_the_padded_viewport ... ok
[INFO] [stdout] test wrapping_is_correct_in_the_first_committed_frame ... ok
[INFO] [stdout] test themed_textarea_wraps_and_edits ... ok
[INFO] [stdout] test the_caret_is_painted_at_every_row_end ... ok
[INFO] [stdout] test read_only_raw_input_is_focusable_and_selectable_but_does_not_mutate ... ok
[INFO] [stdout] test uncontrolled_raw_input_edits_and_emits_the_value ... ok
[INFO] [stdout] test themed_input_wrapper_edits_and_submits ... ok
[INFO] [stdout] test the_caret_stays_visible_at_the_end_of_the_value ... ok
[INFO] [stdout] test wide_graphemes_do_not_truncate_or_shift_their_row ... ok
[INFO] [stdout] test unhandled_keys_bubble_to_ancestors_while_handled_keys_stop ... ok
[INFO] [stdout] test the_clipboard_chords_round_trip_through_the_editor ... ok
[INFO] [stdout] test tabs_and_wide_graphemes_keep_paint_and_caret_aligned ... ok
[INFO] [stdout] test a_grapheme_wider_than_the_viewport_never_breaks_the_frame ... ok
[INFO] [stdout] test every_painted_character_round_trips_through_a_pointer_click ... ok
[INFO] [stdout] 
[INFO] [stdout] test result: ok. 52 passed; 0 failed; 0 ignored; 0 measured; 0 filtered out; finished in 5.65s
[INFO] [stdout] 
[INFO] [stderr]      Running tests/input_behavior.rs (/opt/rustwide/target/release/build/icmd/30dbb9c29cfae208/out/input_behavior-30dbb9c29cfae208)
[INFO] [stdout] 
[INFO] [stdout] running 41 tests
[INFO] [stdout] test disabled_editor_does_not_steal_pointer_focus ... ok
[INFO] [stdout] test application_shortcut_fires_without_focus_and_does_not_reach_the_input ... ok
[INFO] [stdout] test enter_submits_single_line_and_inserts_newline_multiline ... ok
[INFO] [stdout] test an_autofocus_region_above_the_focus_owner_takes_focus ... ok
[INFO] [stdout] test autofocus_focuses_a_root_input_for_editing ... ok
[INFO] [stdout] test controlled_unicode_edit_restores_the_accepted_cursor ... ok
[INFO] [stdout] test focus_observation_tracks_pointer_focus_and_blur ... ok
[INFO] [stdout] test hard_wrapping_is_visible_in_the_textarea ... ok
[INFO] [stdout] test dragging_inside_an_input_does_not_select_the_surrounding_region ... ok
[INFO] [stdout] test backspace_and_delete_never_report_a_clipboard_action ... ok
[INFO] [stdout] test disabling_a_focused_editor_blurs_it ... ok
[INFO] [stdout] test held_key_repeats_keep_inserting_at_the_caret ... ok
[INFO] [stdout] test cut_notifies_the_clipboard_before_the_value_changes ... ok
[INFO] [stdout] test input_and_textarea_agree_on_shared_editor_behaviour ... ok
[INFO] [stdout] test input_click_lands_on_the_cell_under_the_pointer ... ok
[INFO] [stdout] test textarea_click_lands_on_the_cell_under_the_pointer ... ok
[INFO] [stdout] test single_line_input_is_one_row_above_its_rule ... ok
[INFO] [stdout] test captured_pointer_drag_selects_text_for_copy ... ok
[INFO] [stdout] test soft_wrap_contains_overlong_words ... ok
[INFO] [stdout] test terminal_activation_does_not_masquerade_as_widget_focus ... ok
[INFO] [stdout] test focused_editor_consumes_ancestor_keyboard_listeners ... ok
[INFO] [stdout] test textarea_normalizes_paste_and_counts_graphemes_for_max_length ... ok
[INFO] [stdout] test rapid_controlled_input_keeps_each_pending_keystroke ... ok
[INFO] [stdout] test textarea_wraps_unbreakable_words_by_default ... ok
[INFO] [stdout] test uncontrolled_input_edits_and_emits_the_complete_value ... ok
[INFO] [stdout] test pointer_uses_cell_halves_for_wide_graphemes ... ok
[INFO] [stdout] test wrapped_textarea_click_maps_every_row ... ok
[INFO] [stdout] test wheel_scroll_is_not_snapped_back_to_the_caret ... ok
[INFO] [stdout] test unfocused_root_input_ignores_typing_and_paste ... ok
[INFO] [stdout] test uncontrolled_input_repaints_a_paste_without_a_change_listener ... ok
[INFO] [stdout] test textarea_keeps_ascii_cells_after_a_zwj_grapheme ... ok
[INFO] [stdout] test emoji_sequence_paste_counts_as_one_grapheme_for_max_length ... ok
[INFO] [stdout] test input_uses_the_public_scroll_host_for_long_values ... ok
[INFO] [stdout] test pointer_position_stays_correct_after_horizontal_scroll ... ok
[INFO] [stdout] test separate_merging_paints_a_sequence_codepoint_by_codepoint ... ok
[INFO] [stdout] test wrapped_row_pointer_and_vertical_navigation_share_source_positions ... ok
[INFO] [stdout] test narrow_textarea_click_still_maps_to_the_cell ... ok
[INFO] [stdout] test separate_merging_edits_between_the_parts ... ok
[INFO] [stdout] test textarea_wraps_to_the_width_its_parent_grants ... ok
[INFO] [stdout] test textarea_rewraps_when_the_viewport_resizes ... ok
[INFO] [stdout] test emoji_sequences_merge_into_one_cluster_while_typing ... ok
[INFO] [stdout] 
[INFO] [stdout] test result: ok. 41 passed; 0 failed; 0 ignored; 0 measured; 0 filtered out; finished in 4.45s
[INFO] [stdout] 
[INFO] [stderr]      Running tests/layout_parallel.rs (/opt/rustwide/target/release/build/icmd/52ecf086e5cc78a6/out/layout_parallel-52ecf086e5cc78a6)
[INFO] [stdout] 
[INFO] [stdout] running 2 tests
[INFO] [stdout] test two_percent_columns_plus_a_gap_overflow_by_the_gap ... ok
[INFO] [stderr]      Running tests/lifecycle.rs (/opt/rustwide/target/release/build/icmd/f5c05af5b5e27b1c/out/lifecycle-f5c05af5b5e27b1c)
[INFO] [stdout] test max_columns_keep_every_border_inside_the_row ... ok
[INFO] [stdout] 
[INFO] [stdout] test result: ok. 2 passed; 0 failed; 0 ignored; 0 measured; 0 filtered out; finished in 3.05s
[INFO] [stdout] 
[INFO] [stdout] 
[INFO] [stdout] running 14 tests
[INFO] [stdout] test an_empty_lifecycle_preserves_the_default_render_contract ... ok
[INFO] [stdout] test a_requested_exit_is_reported_as_requested ... ok
[INFO] [stdout] test a_terminal_entry_failure_runs_exit_only ... ok
[INFO] [stdout] test a_handle_requests_and_cancels_an_exit ... ok
[INFO] [stdout] test exit_reason_reports_why_the_session_ended ... ok
[INFO] [stdout] test a_session_reports_the_viewport_and_presented_frame_count ... ok
[INFO] [stdout] test startup_phases_are_fifo_and_teardown_phases_are_lifo ... ok
[INFO] [stdout] test phases_run_once_in_order_and_exit_runs_after_teardown ... ok
[INFO] [stdout] test a_ready_fault_stops_the_loop_and_still_runs_unmount_and_exit ... ok
[INFO] [stdout] test a_setup_error_is_never_masked_by_a_teardown_fault ... ok
[INFO] [stdout] test a_boot_fault_skips_mount_and_unmount_but_runs_exit ... ok
[INFO] [stdout] test a_panicking_hook_is_contained_and_the_rest_of_its_phase_runs ... ok
[INFO] [stdout] test a_mount_fault_skips_the_loop_and_still_tears_down ... ok
[INFO] [stdout] test a_component_requesting_an_exit_stops_the_event_loop ... ok
[INFO] [stderr]      Running tests/limits.rs (/opt/rustwide/target/release/build/icmd/d8641e9138b79be5/out/limits-d8641e9138b79be5)
[INFO] [stdout] 
[INFO] [stdout] test result: ok. 14 passed; 0 failed; 0 ignored; 0 measured; 0 filtered out; finished in 0.01s
[INFO] [stdout] 
[INFO] [stdout] 
[INFO] [stdout] running 32 tests
[INFO] [stdout] test editor_refuses_input_beyond_the_byte_budget ... ok
[INFO] [stdout] test cache_excess_from_active_entries_is_reported_not_hidden ... ok
[INFO] [stdout] test a_no_wrap_leaf_is_shaped_once_per_frame ... ok
[INFO] [stdout] test loop_fairness_settings_are_validated ... ok
[INFO] [stdout] test an_over_budget_frame_writes_nothing_and_keeps_presented_state ... ok
[INFO] [stdout] test resource_limits_defaults_validate ... ok
[INFO] [stdout] test one_cell_damage_does_not_scale_with_viewport_area ... ok
[INFO] [stdout] test renderer_rejects_a_cell_size_that_cannot_meet_the_transform_budget ... ok
[INFO] [stdout] test invalid_poll_interval_is_rejected_before_side_effects ... ok
[INFO] [stdout] test an_invalid_resource_policy_is_rejected_through_the_typed_path ... ok
[INFO] [stdout] test the_transform_budget_binds_independently_of_the_source_budget ... ok
[INFO] [stdout] test image_byte_budget_is_concurrency_safe ... ok
[INFO] [stdout] test duplicate_sibling_keys_are_a_typed_error ... ok
[INFO] [stdout] test layout_visits_stay_linear_in_node_count ... ok
[INFO] [stdout] test runtime_counters_record_shaping_lowering_output_and_frames ... ok
[INFO] [stdout] test capacity_one_backpressure_still_delivers ... ok
[INFO] [stdout] test zero_cell_pixel_size_is_rejected ... ok
[INFO] [stdout] test editing_a_leaf_invalidates_its_cached_natural_layout ... ok
[INFO] [stdout] test a_panicking_stage_is_reported_by_name ... ok
[INFO] [stdout] test tree_over_the_node_limit_returns_a_typed_error ... ok
[INFO] [stdout] test shutdown_joins_all_workers ... ok
[INFO] [stdout] test tree_one_node_over_the_limit_is_rejected ... ok
[INFO] [stdout] test zero_resource_limits_are_rejected ... ok
[INFO] [stdout] test tree_over_the_depth_limit_returns_a_typed_error ... ok
[INFO] [stdout] test a_narrow_wrapping_leaf_is_shaped_once_per_frame ... ok
[INFO] [stdout] test tree_exactly_at_the_limits_renders ... ok
[INFO] [stdout] test text_shaping_per_frame_is_bounded_by_the_leaf_count ... ok
[INFO] [stdout] test a_tree_at_the_default_depth_limit_renders_without_overflow ... ok
[INFO] [stdout] test shutdown_timeout_names_the_pending_stage ... ok
[INFO] [stdout] test large_keyed_reorder_reconciles_without_quadratic_scan ... ok
[INFO] [stdout] test dropping_the_handle_stops_workers_without_blocking_forever ... ok
[INFO] [stdout] test a_rejected_tree_leaves_the_worker_alive ... ok
[INFO] [stderr]      Running tests/markdown.rs (/opt/rustwide/target/release/build/icmd/c377394881a1119e/out/markdown-c377394881a1119e)
[INFO] [stdout] 
[INFO] [stdout] test result: ok. 32 passed; 0 failed; 0 ignored; 0 measured; 0 filtered out; finished in 2.03s
[INFO] [stdout] 
[INFO] [stdout] 
[INFO] [stderr]      Running tests/metrics.rs (/opt/rustwide/target/release/build/icmd/de3200aaea0e027e/out/metrics-de3200aaea0e027e)
[INFO] [stdout] running 0 tests
[INFO] [stdout] 
[INFO] [stdout] test result: ok. 0 passed; 0 failed; 0 ignored; 0 measured; 0 filtered out; finished in 0.00s
[INFO] [stdout] 
[INFO] [stderr]      Running tests/packaging.rs (/opt/rustwide/target/release/build/icmd/5fd461bde132be27/out/packaging-5fd461bde132be27)
[INFO] [stdout] 
[INFO] [stdout] running 1 test
[INFO] [stdout] test deltas_are_monotonic ... ok
[INFO] [stdout] 
[INFO] [stdout] test result: ok. 1 passed; 0 failed; 0 ignored; 0 measured; 0 filtered out; finished in 0.00s
[INFO] [stdout] 
[INFO] [stdout] 
[INFO] [stdout] running 8 tests
[INFO] [stdout] test security_policy_is_present_and_actionable ... ok
[INFO] [stdout] test ci_covers_the_release_gates ... ok
[INFO] [stdout] test manifest_declares_release_metadata_and_content_allowlist ... ok
[INFO] [stdout] test license_files_are_present ... ok
[INFO] [stdout] test documentation_tool_packages_its_assets_and_compiles_its_snippets ... FAILED
[INFO] [stdout] test native_raster_is_not_a_default_feature ... FAILED
[INFO] [stdout] test crate_source_documents_its_public_api_with_rustdoc ... ok
[INFO] [stdout] test downstream_fixtures_cover_high_level_and_advanced_tiers ... FAILED
[INFO] [stdout] 
[INFO] [stdout] failures:
[INFO] [stdout] 
[INFO] [stdout] ---- documentation_tool_packages_its_assets_and_compiles_its_snippets stdout ----
[INFO] [stdout] 
[INFO] [stdout] thread 'documentation_tool_packages_its_assets_and_compiles_its_snippets' (4827) panicked at tests/packaging.rs:96:10:
[INFO] [stdout] the documentation tool manifest must exist: Os { code: 2, kind: NotFound, message: "No such file or directory" }
[INFO] [stdout] stack backtrace:
[INFO] [stdout]    0:     0x579576a58871 - <<std[617be2ca0a6fd877]::sys::backtrace::BacktraceLock>::print::DisplayBacktrace as core[a373ad73a504971]::fmt::Display>::fmt
[INFO] [stdout]    1:     0x579576a6caca - core[a373ad73a504971]::fmt::write
[INFO] [stdout]    2:     0x579576a5cd7c - <alloc[2e1b2a31b91974c5]::vec::Vec<u8> as core[a373ad73a504971]::io::write::Write>::write_fmt
[INFO] [stdout]    3:     0x579576a343d6 - std[617be2ca0a6fd877]::panicking::default_hook::{closure#0}
[INFO] [stdout]    4:     0x579576a50999 - std[617be2ca0a6fd877]::panicking::default_hook
[INFO] [stdout]    5:     0x5795769ec660 - test[aada8e7e76ba119b]::test_main_inner::{closure#0}
[INFO] [stdout]    6:     0x579576a50b52 - std[617be2ca0a6fd877]::panicking::panic_with_hook
[INFO] [stdout]    7:     0x579576a34482 - std[617be2ca0a6fd877]::panicking::panic_handler::{closure#0}
[INFO] [stdout]    8:     0x579576a2cf69 - std[617be2ca0a6fd877]::sys::backtrace::__rust_end_short_backtrace::<std[617be2ca0a6fd877]::panicking::panic_handler::{closure#0}, !>
[INFO] [stdout]    9:     0x579576a3508d - __rustc[ea4f61d10b84890b]::rust_begin_unwind
[INFO] [stdout]   10:     0x579576a6d1fc - core[a373ad73a504971]::panicking::panic_fmt
[INFO] [stdout]   11:     0x579576a6cfd2 - core[a373ad73a504971]::result::unwrap_failed
[INFO] [stdout]   12:     0x5795769df5ad - <packaging[5c38e34258c5a2ae]::documentation_tool_packages_its_assets_and_compiles_its_snippets::{closure#0} as core[a373ad73a504971]::ops::function::FnOnce<()>>::call_once
[INFO] [stdout]   13:     0x5795769dfaab - test[aada8e7e76ba119b]::__rust_begin_short_backtrace::<core[a373ad73a504971]::result::Result<(), alloc[2e1b2a31b91974c5]::string::String>, fn() -> core[a373ad73a504971]::result::Result<(), alloc[2e1b2a31b91974c5]::string::String>>
[INFO] [stdout]   14:     0x5795769ecc85 - test[aada8e7e76ba119b]::run_test::{closure#0}
[INFO] [stdout]   15:     0x5795769e6574 - std[617be2ca0a6fd877]::sys::backtrace::__rust_begin_short_backtrace::<test[aada8e7e76ba119b]::run_test::{closure#1}, ()>
[INFO] [stdout]   16:     0x5795769efd12 - <std[617be2ca0a6fd877]::thread::lifecycle::spawn_unchecked<test[aada8e7e76ba119b]::run_test::{closure#1}, ()>::{closure#1} as core[a373ad73a504971]::ops::function::FnOnce<()>>::call_once::{shim:vtable#0}
[INFO] [stdout]   17:     0x579576a57d6f - <std[617be2ca0a6fd877]::sys::thread::unix::Thread>::new::thread_start
[INFO] [stdout]   18:     0x7eac94691dfa - <unknown>
[INFO] [stdout]   19:     0x7eac947253d4 - clone
[INFO] [stdout]   20:                0x0 - <unknown>
[INFO] [stdout] 
[INFO] [stdout] ---- native_raster_is_not_a_default_feature stdout ----
[INFO] [stdout] 
[INFO] [stdout] thread 'native_raster_is_not_a_default_feature' (4831) panicked at tests/packaging.rs:278:10:
[INFO] [stdout] the documentation tool manifest: Os { code: 2, kind: NotFound, message: "No such file or directory" }
[INFO] [stdout] stack backtrace:
[INFO] [stdout]    0:     0x579576a58871 - <<std[617be2ca0a6fd877]::sys::backtrace::BacktraceLock>::print::DisplayBacktrace as core[a373ad73a504971]::fmt::Display>::fmt
[INFO] [stdout]    1:     0x579576a6caca - core[a373ad73a504971]::fmt::write
[INFO] [stdout]    2:     0x579576a5cd7c - <alloc[2e1b2a31b91974c5]::vec::Vec<u8> as core[a373ad73a504971]::io::write::Write>::write_fmt
[INFO] [stdout]    3:     0x579576a343d6 - std[617be2ca0a6fd877]::panicking::default_hook::{closure#0}
[INFO] [stdout]    4:     0x579576a50999 - std[617be2ca0a6fd877]::panicking::default_hook
[INFO] [stdout]    5:     0x5795769ec660 - test[aada8e7e76ba119b]::test_main_inner::{closure#0}
[INFO] [stdout]    6:     0x579576a50b52 - std[617be2ca0a6fd877]::panicking::panic_with_hook
[INFO] [stdout]    7:     0x579576a34482 - std[617be2ca0a6fd877]::panicking::panic_handler::{closure#0}
[INFO] [stdout]    8:     0x579576a2cf69 - std[617be2ca0a6fd877]::sys::backtrace::__rust_end_short_backtrace::<std[617be2ca0a6fd877]::panicking::panic_handler::{closure#0}, !>
[INFO] [stdout]    9:     0x579576a3508d - __rustc[ea4f61d10b84890b]::rust_begin_unwind
[INFO] [stdout]   10:     0x579576a6d1fc - core[a373ad73a504971]::panicking::panic_fmt
[INFO] [stdout]   11:     0x579576a6cfd2 - core[a373ad73a504971]::result::unwrap_failed
[INFO] [stdout]   12:     0x5795769dd3a7 - <packaging[5c38e34258c5a2ae]::native_raster_is_not_a_default_feature::{closure#0} as core[a373ad73a504971]::ops::function::FnOnce<()>>::call_once
[INFO] [stdout]   13:     0x5795769dfaab - test[aada8e7e76ba119b]::__rust_begin_short_backtrace::<core[a373ad73a504971]::result::Result<(), alloc[2e1b2a31b91974c5]::string::String>, fn() -> core[a373ad73a504971]::result::Result<(), alloc[2e1b2a31b91974c5]::string::String>>
[INFO] [stdout]   14:     0x5795769ecc85 - test[aada8e7e76ba119b]::run_test::{closure#0}
[INFO] [stdout]   15:     0x5795769e6574 - std[617be2ca0a6fd877]::sys::backtrace::__rust_begin_short_backtrace::<test[aada8e7e76ba119b]::run_test::{closure#1}, ()>
[INFO] [stdout]   16:     0x5795769efd12 - <std[617be2ca0a6fd877]::thread::lifecycle::spawn_unchecked<test[aada8e7e76ba119b]::run_test::{closure#1}, ()>::{closure#1} as core[a373ad73a504971]::ops::function::FnOnce<()>>::call_once::{shim:vtable#0}
[INFO] [stdout]   17:     0x579576a57d6f - <std[617be2ca0a6fd877]::sys::thread::unix::Thread>::new::thread_start
[INFO] [stdout]   18:     0x7eac94691dfa - <unknown>
[INFO] [stdout]   19:     0x7eac947253d4 - clone
[INFO] [stdout]   20:                0x0 - <unknown>
[INFO] [stdout] 
[INFO] [stdout] ---- downstream_fixtures_cover_high_level_and_advanced_tiers stdout ----
[INFO] [stdout] 
[INFO] [stdout] thread 'downstream_fixtures_cover_high_level_and_advanced_tiers' (4828) panicked at tests/packaging.rs:152:9:
[INFO] [stdout] the workspace must include the `fixtures/high-level` fixture
[INFO] [stdout] stack backtrace:
[INFO] [stdout]    0:     0x579576a58871 - <<std[617be2ca0a6fd877]::sys::backtrace::BacktraceLock>::print::DisplayBacktrace as core[a373ad73a504971]::fmt::Display>::fmt
[INFO] [stdout]    1:     0x579576a6caca - core[a373ad73a504971]::fmt::write
[INFO] [stdout]    2:     0x579576a5cd7c - <alloc[2e1b2a31b91974c5]::vec::Vec<u8> as core[a373ad73a504971]::io::write::Write>::write_fmt
[INFO] [stdout]    3:     0x579576a343d6 - std[617be2ca0a6fd877]::panicking::default_hook::{closure#0}
[INFO] [stdout]    4:     0x579576a50999 - std[617be2ca0a6fd877]::panicking::default_hook
[INFO] [stdout]    5:     0x5795769ec660 - test[aada8e7e76ba119b]::test_main_inner::{closure#0}
[INFO] [stdout]    6:     0x579576a50b52 - std[617be2ca0a6fd877]::panicking::panic_with_hook
[INFO] [stdout]    7:     0x579576a34482 - std[617be2ca0a6fd877]::panicking::panic_handler::{closure#0}
[INFO] [stdout]    8:     0x579576a2cf69 - std[617be2ca0a6fd877]::sys::backtrace::__rust_end_short_backtrace::<std[617be2ca0a6fd877]::panicking::panic_handler::{closure#0}, !>
[INFO] [stdout]    9:     0x579576a3508d - __rustc[ea4f61d10b84890b]::rust_begin_unwind
[INFO] [stdout]   10:     0x579576a6d1fc - core[a373ad73a504971]::panicking::panic_fmt
[INFO] [stdout]   11:     0x5795769de5eb - <packaging[5c38e34258c5a2ae]::downstream_fixtures_cover_high_level_and_advanced_tiers::{closure#0} as core[a373ad73a504971]::ops::function::FnOnce<()>>::call_once
[INFO] [stdout]   12:     0x5795769dfaab - test[aada8e7e76ba119b]::__rust_begin_short_backtrace::<core[a373ad73a504971]::result::Result<(), alloc[2e1b2a31b91974c5]::string::String>, fn() -> core[a373ad73a504971]::result::Result<(), alloc[2e1b2a31b91974c5]::string::String>>
[INFO] [stdout]   13:     0x5795769ecc85 - test[aada8e7e76ba119b]::run_test::{closure#0}
[INFO] [stdout]   14:     0x5795769e6574 - std[617be2ca0a6fd877]::sys::backtrace::__rust_begin_short_backtrace::<test[aada8e7e76ba119b]::run_test::{closure#1}, ()>
[INFO] [stdout]   15:     0x5795769efd12 - <std[617be2ca0a6fd877]::thread::lifecycle::spawn_unchecked<test[aada8e7e76ba119b]::run_test::{closure#1}, ()>::{closure#1} as core[a373ad73a504971]::ops::function::FnOnce<()>>::call_once::{shim:vtable#0}
[INFO] [stdout]   16:     0x579576a57d6f - <std[617be2ca0a6fd877]::sys::thread::unix::Thread>::new::thread_start
[INFO] [stdout]   17:     0x7eac94691dfa - <unknown>
[INFO] [stdout]   18:     0x7eac947253d4 - clone
[INFO] [stdout]   19:                0x0 - <unknown>
[INFO] [stdout] 
[INFO] [stdout] 
[INFO] [stdout] failures:
[INFO] [stdout]     documentation_tool_packages_its_assets_and_compiles_its_snippets
[INFO] [stdout]     downstream_fixtures_cover_high_level_and_advanced_tiers
[INFO] [stdout]     native_raster_is_not_a_default_feature
[INFO] [stdout] 
[INFO] [stdout] test result: FAILED. 5 passed; 3 failed; 0 ignored; 0 measured; 0 filtered out; finished in 0.06s
[INFO] [stdout] 
[INFO] [stderr] error: test failed, to rerun pass `--test packaging`
[INFO] running `Command { std: "docker" "inspect" "3a590e645f2992dbdfcea4ffa6f71740d8fc3dec1a16d646979fb17f788f5c11", kill_on_drop: false }`
[INFO] running `Command { std: "docker" "rm" "-f" "3a590e645f2992dbdfcea4ffa6f71740d8fc3dec1a16d646979fb17f788f5c11", kill_on_drop: false }`
[INFO] [stdout] 3a590e645f2992dbdfcea4ffa6f71740d8fc3dec1a16d646979fb17f788f5c11
