[INFO] fetching crate icloudAlbum2hugo 0.5.0...
[INFO] testing icloudAlbum2hugo-0.5.0 against 1.99.0-beta.8+cargoflags=--release for beta-release-1.100-2
[INFO] extracting crate icloudAlbum2hugo 0.5.0 into /workspace/builds/worker-3-tc1/source
[INFO] started tweaking crates.io crate icloudAlbum2hugo 0.5.0
[INFO] removed 0 missing tests
[INFO] finished tweaking crates.io crate icloudAlbum2hugo 0.5.0
[INFO] tweaked toml for crates.io crate icloudAlbum2hugo 0.5.0 written to /workspace/builds/worker-3-tc1/source/Cargo.toml
[INFO] validating manifest of crates.io crate icloudAlbum2hugo 0.5.0 on toolchain 1.99.0-beta.8
[INFO] running `Command { std: CARGO_HOME="/workspace/cargo-home" RUSTUP_HOME="/workspace/rustup-home" "/workspace/cargo-home/bin/cargo" "+1.99.0-beta.8" "metadata" "--manifest-path" "Cargo.toml" "--no-deps", kill_on_drop: false }`
[INFO] crate crates.io crate icloudAlbum2hugo 0.5.0 already has a lockfile, it will not be regenerated
[INFO] running `Command { std: CARGO_HOME="/workspace/cargo-home" RUSTUP_HOME="/workspace/rustup-home" "/workspace/cargo-home/bin/cargo" "+1.99.0-beta.8" "fetch" "--manifest-path" "Cargo.toml", kill_on_drop: false }`
[INFO] [stderr]     Updating crates.io index
[INFO] [stderr]  Downloading crates ...
[INFO] [stderr]   Downloaded icu_normalizer_data v1.5.1
[INFO] [stderr]   Downloaded icu_locid_transform_data v1.5.1
[INFO] [stderr]   Downloaded slugify v0.1.0
[INFO] [stderr]   Downloaded mutate_once v0.1.1
[INFO] [stderr]   Downloaded kamadak-exif v0.5.5
[INFO] [stderr]   Downloaded icloud-album-rs v0.5.0
[INFO] [stderr]   Downloaded unidecode v0.3.0
[INFO] [stderr]   Downloaded h2 v0.3.26
[INFO] [stderr]   Downloaded h2 v0.4.9
[INFO] [stderr]   Downloaded icu_properties_data v1.5.1
[INFO] [stderr]   Downloaded tokio v1.44.2
[INFO] running `Command { std: "docker" "create" "-v" "/var/lib/crater-agent-workspace/builds/worker-3-tc1/source:/opt/rustwide/workdir:ro,Z" "-v" "/var/lib/crater-agent-workspace/builds/worker-3-tc1/target:/opt/rustwide/target:rw,Z" "-v" "/var/lib/crater-agent-workspace/cargo-home:/opt/rustwide/cargo-home:ro,Z" "-v" "/var/lib/crater-agent-workspace/rustup-home:/opt/rustwide/rustup-home:ro,Z" "-m" "1610612736" "--network" "none" "ghcr.io/rust-lang/crates-build-env/linux@sha256:77db811e55d90add9212f6832c23229e3de5f1c1f9905e8cb07319ea15df73ac" "sleep" "infinity", kill_on_drop: false }`
[INFO] [stdout] ce5023a02f8bd06a46d05cc1575e5af7d84c055747122f72b12a4ce1e7966019
[INFO] running `Command { std: "docker" "start" "ce5023a02f8bd06a46d05cc1575e5af7d84c055747122f72b12a4ce1e7966019", kill_on_drop: false }`
[INFO] running `Command { std: "docker" "inspect" "ce5023a02f8bd06a46d05cc1575e5af7d84c055747122f72b12a4ce1e7966019", kill_on_drop: false }`
[INFO] running `Command { std: "docker" "exec" "-e" "SOURCE_DIR=/opt/rustwide/workdir" "-e" "CARGO_HOME=/opt/rustwide/cargo-home" "-e" "RUSTUP_HOME=/opt/rustwide/rustup-home" "-e" "CARGO_TARGET_DIR=/opt/rustwide/target" "-w" "/opt/rustwide/workdir" "--user" "0:0" "ce5023a02f8bd06a46d05cc1575e5af7d84c055747122f72b12a4ce1e7966019" "/opt/rustwide/cargo-home/bin/cargo" "+1.99.0-beta.8" "metadata" "--no-deps" "--format-version=1", kill_on_drop: false }`
[INFO] running `Command { std: "docker" "inspect" "ce5023a02f8bd06a46d05cc1575e5af7d84c055747122f72b12a4ce1e7966019", kill_on_drop: false }`
[INFO] running `Command { std: "docker" "exec" "-e" "SOURCE_DIR=/opt/rustwide/workdir" "-e" "CARGO_HOME=/opt/rustwide/cargo-home" "-e" "RUSTUP_HOME=/opt/rustwide/rustup-home" "-e" "CARGO_TARGET_DIR=/opt/rustwide/target" "-e" "CARGO_INCREMENTAL=0" "-e" "RUST_BACKTRACE=full" "-e" "RUSTFLAGS=--cap-lints=warn" "-e" "RUSTDOCFLAGS=--cap-lints=warn" "-w" "/opt/rustwide/workdir" "--user" "0:0" "ce5023a02f8bd06a46d05cc1575e5af7d84c055747122f72b12a4ce1e7966019" "/opt/rustwide/cargo-home/bin/cargo" "+1.99.0-beta.8" "build" "--frozen" "--message-format=json" "--release", kill_on_drop: false }`
[INFO] [stderr]    Compiling libc v0.2.172
[INFO] [stderr]    Compiling smallvec v1.15.0
[INFO] [stderr]    Compiling bytes v1.10.1
[INFO] [stderr]    Compiling futures-core v0.3.31
[INFO] [stderr]    Compiling futures-sink v0.3.31
[INFO] [stderr]    Compiling stable_deref_trait v1.2.0
[INFO] [stderr]    Compiling once_cell v1.21.3
[INFO] [stderr]    Compiling proc-macro2 v1.0.95
[INFO] [stderr]    Compiling lock_api v0.4.12
[INFO] [stderr]    Compiling slab v0.4.9
[INFO] [stderr]    Compiling futures-io v0.3.31
[INFO] [stderr]    Compiling cc v1.2.21
[INFO] [stderr]    Compiling pin-utils v0.1.0
[INFO] [stderr]    Compiling hashbrown v0.15.3
[INFO] [stderr]    Compiling futures-task v0.3.31
[INFO] [stderr]    Compiling icu_locid_transform_data v1.5.1
[INFO] [stderr]    Compiling serde v1.0.219
[INFO] [stderr]    Compiling writeable v0.5.5
[INFO] [stderr]    Compiling litemap v0.7.5
[INFO] [stderr]    Compiling futures-channel v0.3.31
[INFO] [stderr]    Compiling zerocopy v0.8.25
[INFO] [stderr]    Compiling tracing-core v0.1.33
[INFO] [stderr]    Compiling icu_properties_data v1.5.1
[INFO] [stderr]    Compiling icu_normalizer_data v1.5.1
[INFO] [stderr]    Compiling openssl v0.10.72
[INFO] [stderr]    Compiling log v0.4.27
[INFO] [stderr]    Compiling bitflags v2.9.0
[INFO] [stderr]    Compiling native-tls v0.2.14
[INFO] [stderr]    Compiling getrandom v0.3.2
[INFO] [stderr]    Compiling serde_json v1.0.140
[INFO] [stderr]    Compiling write16 v1.0.0
[INFO] [stderr]    Compiling percent-encoding v2.3.1
[INFO] [stderr]    Compiling utf16_iter v1.0.5
[INFO] [stderr]    Compiling openssl-probe v0.1.6
[INFO] [stderr]    Compiling unicase v2.8.1
[INFO] [stderr]    Compiling anstyle-parse v0.2.6
[INFO] [stderr]    Compiling form_urlencoded v1.2.1
[INFO] [stderr]    Compiling num-traits v0.2.19
[INFO] [stderr]    Compiling colorchoice v1.0.3
[INFO] [stderr]    Compiling anstyle v1.0.10
[INFO] [stderr]    Compiling base64 v0.21.7
[INFO] [stderr]    Compiling anstyle-query v1.1.2
[INFO] [stderr]    Compiling encoding_rs v0.8.35
[INFO] [stderr]    Compiling anyhow v1.0.98
[INFO] [stderr]    Compiling mime_guess v2.0.5
[INFO] [stderr]    Compiling quote v1.0.40
[INFO] [stderr]    Compiling ipnet v2.11.0
[INFO] [stderr]    Compiling rustls-pemfile v1.0.4
[INFO] [stderr]    Compiling clap_lex v0.7.4
[INFO] [stderr]    Compiling syn v2.0.101
[INFO] [stderr]    Compiling parking_lot_core v0.9.10
[INFO] [stderr]    Compiling signal-hook-registry v1.4.5
[INFO] [stderr]    Compiling mio v1.0.3
[INFO] [stderr]    Compiling socket2 v0.5.9
[INFO] [stderr]    Compiling http v1.3.1
[INFO] [stderr]    Compiling http v0.2.12
[INFO] [stderr]    Compiling tracing v0.1.41
[INFO] [stderr]    Compiling parking_lot v0.12.3
[INFO] [stderr]    Compiling indexmap v2.9.0
[INFO] [stderr]    Compiling getrandom v0.2.16
[INFO] [stderr]    Compiling openssl-sys v0.9.108
[INFO] [stderr]    Compiling rand_core v0.9.3
[INFO] [stderr]    Compiling rand_core v0.6.4
[INFO] [stderr]    Compiling is-terminal v0.4.16
[INFO] [stderr]    Compiling anstream v0.6.18
[INFO] [stderr]    Compiling humantime v2.2.0
[INFO] [stderr]    Compiling sync_wrapper v0.1.2
[INFO] [stderr]    Compiling termcolor v1.4.1
[INFO] [stderr]    Compiling env_logger v0.10.2
[INFO] [stderr]    Compiling clap_builder v4.5.37
[INFO] [stderr]    Compiling mutate_once v0.1.1
[INFO] [stderr]    Compiling colored v3.0.0
[INFO] [stderr]    Compiling unidecode v0.3.0
[INFO] [stderr]    Compiling similar v2.7.0
[INFO] [stderr]    Compiling kamadak-exif v0.5.5
[INFO] [stderr]    Compiling md5 v0.7.0
[INFO] [stderr]    Compiling http-body v1.0.1
[INFO] [stderr]    Compiling http-body v0.4.6
[INFO] [stderr]    Compiling http-body-util v0.1.3
[INFO] [stderr]    Compiling slugify v0.1.0
[INFO] [stderr]    Compiling ppv-lite86 v0.2.21
[INFO] [stderr]    Compiling rand_chacha v0.9.0
[INFO] [stderr]    Compiling rand_chacha v0.3.1
[INFO] [stderr]    Compiling rand v0.9.1
[INFO] [stderr]    Compiling rand v0.8.5
[INFO] [stderr]    Compiling synstructure v0.13.2
[INFO] [stderr]    Compiling zerofrom-derive v0.1.6
[INFO] [stderr]    Compiling yoke-derive v0.7.5
[INFO] [stderr]    Compiling zerovec-derive v0.10.3
[INFO] [stderr]    Compiling displaydoc v0.2.5
[INFO] [stderr]    Compiling tokio-macros v2.5.0
[INFO] [stderr]    Compiling futures-macro v0.3.31
[INFO] [stderr]    Compiling serde_derive v1.0.219
[INFO] [stderr]    Compiling icu_provider_macros v1.5.0
[INFO] [stderr]    Compiling openssl-macros v0.1.1
[INFO] [stderr]    Compiling thiserror-impl v1.0.69
[INFO] [stderr]    Compiling clap_derive v4.5.32
[INFO] [stderr]    Compiling tokio v1.44.2
[INFO] [stderr]    Compiling futures-util v0.3.31
[INFO] [stderr]    Compiling thiserror v1.0.69
[INFO] [stderr]    Compiling zerofrom v0.1.6
[INFO] [stderr]    Compiling yoke v0.7.5
[INFO] [stderr]    Compiling clap v4.5.37
[INFO] [stderr]    Compiling zerovec v0.10.4
[INFO] [stderr]    Compiling tinystr v0.7.6
[INFO] [stderr]    Compiling icu_collections v1.5.0
[INFO] [stderr]    Compiling icu_locid v1.5.0
[INFO] [stderr]    Compiling icu_provider v1.5.0
[INFO] [stderr]    Compiling icu_locid_transform v1.5.0
[INFO] [stderr]    Compiling futures-executor v0.3.31
[INFO] [stderr]    Compiling icu_properties v1.5.1
[INFO] [stderr]    Compiling futures v0.3.31
[INFO] [stderr]    Compiling tokio-util v0.7.15
[INFO] [stderr]    Compiling tokio-native-tls v0.3.1
[INFO] [stderr]    Compiling serde_urlencoded v0.7.1
[INFO] [stderr]    Compiling chrono v0.4.41
[INFO] [stderr]    Compiling serde_yaml v0.9.34+deprecated
[INFO] [stderr]    Compiling h2 v0.3.26
[INFO] [stderr]    Compiling h2 v0.4.9
[INFO] [stderr]    Compiling assert-json-diff v2.0.2
[INFO] [stderr]    Compiling icu_normalizer v1.5.0
[INFO] [stderr]    Compiling idna_adapter v1.2.0
[INFO] [stderr]    Compiling idna v1.0.3
[INFO] [stderr]    Compiling url v2.5.4
[INFO] [stderr]    Compiling hyper v1.6.0
[INFO] [stderr]    Compiling hyper v0.14.32
[INFO] [stderr]    Compiling hyper-util v0.1.11
[INFO] [stderr]    Compiling mockito v1.7.0
[INFO] [stderr]    Compiling hyper-tls v0.5.0
[INFO] [stderr]    Compiling reqwest v0.11.27
[INFO] [stderr]    Compiling icloud-album-rs v0.5.0
[INFO] [stderr]    Compiling icloudAlbum2hugo v0.5.0 (/opt/rustwide/workdir)
[INFO] [stderr]     Finished `release` profile [optimized] target(s) in 2m 02s
[INFO] running `Command { std: "docker" "inspect" "ce5023a02f8bd06a46d05cc1575e5af7d84c055747122f72b12a4ce1e7966019", kill_on_drop: false }`
[INFO] running `Command { std: "docker" "exec" "-e" "SOURCE_DIR=/opt/rustwide/workdir" "-e" "CARGO_HOME=/opt/rustwide/cargo-home" "-e" "RUSTUP_HOME=/opt/rustwide/rustup-home" "-e" "CARGO_TARGET_DIR=/opt/rustwide/target" "-e" "CARGO_INCREMENTAL=0" "-e" "RUST_BACKTRACE=full" "-e" "RUSTFLAGS=--cap-lints=warn" "-e" "RUSTDOCFLAGS=--cap-lints=warn" "-w" "/opt/rustwide/workdir" "--user" "0:0" "ce5023a02f8bd06a46d05cc1575e5af7d84c055747122f72b12a4ce1e7966019" "/opt/rustwide/cargo-home/bin/cargo" "+1.99.0-beta.8" "test" "--frozen" "--no-run" "--message-format=json" "--release", kill_on_drop: false }`
[INFO] [stderr]    Compiling bitflags v2.9.0
[INFO] [stderr]    Compiling regex-automata v0.4.9
[INFO] [stderr]    Compiling rustix v1.0.7
[INFO] [stderr]    Compiling float-cmp v0.10.0
[INFO] [stderr]    Compiling linux-raw-sys v0.9.4
[INFO] [stderr]    Compiling wait-timeout v0.2.1
[INFO] [stderr]    Compiling openssl v0.10.72
[INFO] [stderr]    Compiling tempfile v3.19.1
[INFO] [stderr]    Compiling regex v1.11.1
[INFO] [stderr]    Compiling bstr v1.12.0
[INFO] [stderr]    Compiling native-tls v0.2.14
[INFO] [stderr]    Compiling env_logger v0.10.2
[INFO] [stderr]    Compiling mockito v1.7.0
[INFO] [stderr]    Compiling predicates v3.1.3
[INFO] [stderr]    Compiling tokio-native-tls v0.3.1
[INFO] [stderr]    Compiling hyper-tls v0.5.0
[INFO] [stderr]    Compiling reqwest v0.11.27
[INFO] [stderr]    Compiling assert_cmd v2.0.17
[INFO] [stderr]    Compiling icloud-album-rs v0.5.0
[INFO] [stderr]    Compiling icloudAlbum2hugo v0.5.0 (/opt/rustwide/workdir)
[INFO] [stderr]     Finished `release` profile [optimized] target(s) in 1m 05s
[INFO] running `Command { std: "docker" "inspect" "ce5023a02f8bd06a46d05cc1575e5af7d84c055747122f72b12a4ce1e7966019", kill_on_drop: false }`
[INFO] running `Command { std: "docker" "exec" "-e" "SOURCE_DIR=/opt/rustwide/workdir" "-e" "CARGO_HOME=/opt/rustwide/cargo-home" "-e" "RUSTUP_HOME=/opt/rustwide/rustup-home" "-e" "CARGO_TARGET_DIR=/opt/rustwide/target" "-e" "CARGO_INCREMENTAL=0" "-e" "RUST_BACKTRACE=full" "-e" "RUSTFLAGS=--cap-lints=warn" "-e" "RUSTDOCFLAGS=--cap-lints=warn" "-w" "/opt/rustwide/workdir" "--user" "0:0" "ce5023a02f8bd06a46d05cc1575e5af7d84c055747122f72b12a4ce1e7966019" "/opt/rustwide/cargo-home/bin/cargo" "+1.99.0-beta.8" "test" "--frozen" "--release", kill_on_drop: false }`
[INFO] [stderr]     Finished `release` profile [optimized] target(s) in 0.30s
[INFO] [stderr]      Running unittests src/lib.rs (/opt/rustwide/target/release/deps/icloudAlbum2hugo-88b6d3520d0e1301)
[INFO] [stdout] 
[INFO] [stdout] running 32 tests
[INFO] [stdout] test geocode::tests::test_mock_geocoding_chicago ... ok
[INFO] [stdout] test config::tests::test_default_config ... ok
[INFO] [stdout] test index::tests::test_load_nonexistent_creates_new ... ok
[INFO] [stdout] test exif::tests::test_extract_exif_with_minimal_file ... ok
[INFO] [stdout] test index::tests::test_add_update_remove_photo ... ok
[INFO] [stdout] test config::tests::test_enabled_outputs ... ok
[INFO] [stdout] test exif::tests::test_parse_exif_datetime ... ok
[INFO] [stdout] test geocode::tests::test_location_display ... ok
[INFO] [stdout] test config::tests::test_load_legacy_config ... ok
[INFO] [stdout] test icloud::tests::test_album_serialization ... ok
[INFO] [stdout] test exif::tests::test_extract_exif_with_missing_file ... ok
[INFO] [stdout] test config::tests::test_save_and_load_config ... ok
[INFO] [stdout] test icloud::tests::test_album_new ... ok
[INFO] [stdout] test icloud::tests::test_photo_serialization ... ok
[INFO] [stdout] test geocode::tests::test_mock_geocoding_unknown_location ... ok
[INFO] [stdout] test index::tests::test_new_index ... ok
[INFO] [stdout] test index::tests::test_save_load_index ... ok
[INFO] [stdout] test exif::tests::test_fuzz_coordinates ... ok
[INFO] [stdout] test sync::tests::test_sync_unchanged_photos ... ok
[INFO] [stdout] test gallery::tests::test_sync_gallery ... ok
[INFO] [stdout] test sync::tests::test_sync_delete_photos ... ok
[INFO] [stdout] test sync::tests::test_sync_updated_photos ... ok
[INFO] [stdout] test sync::tests::test_sync_new_photos ... ok
[INFO] [stdout] test sync::tests::test_photo_title_formatting ... ok
[INFO] [stdout] test tests::test_config_generation has been running for over 60 seconds
[INFO] [stdout] test tests::test_init_command_with_force has been running for over 60 seconds
[INFO] [stdout] test tests::test_init_with_custom_config_path has been running for over 60 seconds
[INFO] [stdout] test tests::test_missing_config_error has been running for over 60 seconds
[INFO] [stdout] test tests::test_status_command has been running for over 60 seconds
[INFO] [stdout] test tests::test_status_command_with_data has been running for over 60 seconds
[INFO] [stdout] test tests::test_sync_command has been running for over 60 seconds
[INFO] [stdout] test tests::test_sync_with_custom_config has been running for over 60 seconds
[INFO] [stdout] test tests::test_init_with_custom_config_path ... ok
[INFO] [stdout] test tests::test_config_generation ... ok
[INFO] [stdout] test tests::test_sync_with_custom_config ... ok
[INFO] [stdout] test tests::test_status_command_with_data ... ok
[INFO] [stdout] test tests::test_status_command ... ok
[INFO] [stdout] test tests::test_missing_config_error ... ok
[INFO] [stdout] test tests::test_sync_command ... ok
[INFO] [stderr]      Running unittests src/main.rs (/opt/rustwide/target/release/deps/icloudAlbum2hugo-cf6f9dc32c22b4a0)
[INFO] [stdout] test tests::test_init_command_with_force ... ok
[INFO] [stdout] 
[INFO] [stdout] test result: ok. 32 passed; 0 failed; 0 ignored; 0 measured; 0 filtered out; finished in 68.54s
[INFO] [stdout] 
[INFO] [stdout] 
[INFO] [stdout] running 24 tests
[INFO] [stdout] test config::tests::test_enabled_outputs ... ok
[INFO] [stdout] test exif::tests::test_fuzz_coordinates ... ok
[INFO] [stdout] test geocode::tests::test_mock_geocoding_chicago ... ok
[INFO] [stdout] test exif::tests::test_extract_exif_with_minimal_file ... ok
[INFO] [stdout] test index::tests::test_new_index ... ok
[INFO] [stdout] test config::tests::test_default_config ... ok
[INFO] [stdout] test icloud::tests::test_album_new ... ok
[INFO] [stdout] test config::tests::test_load_legacy_config ... ok
[INFO] [stdout] test geocode::tests::test_location_display ... ok
[INFO] [stdout] test icloud::tests::test_album_serialization ... ok
[INFO] [stdout] test config::tests::test_save_and_load_config ... ok
[INFO] [stdout] test index::tests::test_save_load_index ... ok
[INFO] [stdout] test icloud::tests::test_photo_serialization ... ok
[INFO] [stdout] test exif::tests::test_parse_exif_datetime ... ok
[INFO] [stdout] test exif::tests::test_extract_exif_with_missing_file ... ok
[INFO] [stdout] test index::tests::test_add_update_remove_photo ... ok
[INFO] [stdout] test index::tests::test_load_nonexistent_creates_new ... ok
[INFO] [stdout] test geocode::tests::test_mock_geocoding_unknown_location ... ok
[INFO] [stdout] test sync::tests::test_sync_new_photos ... ok
[INFO] [stdout] test sync::tests::test_sync_unchanged_photos ... ok
[INFO] [stdout] test gallery::tests::test_sync_gallery ... ok
[INFO] [stdout] test sync::tests::test_sync_updated_photos ... ok
[INFO] [stdout] test sync::tests::test_sync_delete_photos ... ok
[INFO] [stdout] test sync::tests::test_photo_title_formatting ... ok
[INFO] [stderr]      Running tests/gallery_test.rs (/opt/rustwide/target/release/deps/gallery_test-8957665fdbf442e8)
[INFO] [stdout] 
[INFO] [stdout] test result: ok. 24 passed; 0 failed; 0 ignored; 0 measured; 0 filtered out; finished in 0.23s
[INFO] [stdout] 
[INFO] [stdout] 
[INFO] [stdout] running 4 tests
[INFO] [stdout] test test_photo_index_gallery_operations ... ok
[INFO] [stdout] test test_legacy_config_handling ... ok
[INFO] [stdout] test test_multi_output_configuration ... ok
[INFO] [stdout] test test_gallery_syncing ... ok
[INFO] [stdout] 
[INFO] [stdout] test result: ok. 4 passed; 0 failed; 0 ignored; 0 measured; 0 filtered out; finished in 0.06s
[INFO] [stdout] 
[INFO] [stderr]      Running tests/icloud_integration_test.rs (/opt/rustwide/target/release/deps/icloud_integration_test-020b8af1908f37af)
[INFO] [stdout] 
[INFO] [stdout] running 2 tests
[INFO] [stdout] test test_invalid_urls ... ok
[INFO] [stdout] test test_real_icloud_fetch ... FAILED
[INFO] [stdout] 
[INFO] [stdout] failures:
[INFO] [stdout] 
[INFO] [stdout] ---- test_real_icloud_fetch stdout ----
[INFO] [stdout] [2026-10-18T10:17:34Z INFO  icloud_integration_test] Using default test token - override with ICLOUD_TEST_TOKEN env var if needed
[INFO] [stdout] [2026-10-18T10:17:34Z INFO  icloud_integration_test] Testing with URL: https://www.icloud.com/sharedalbum/#B2T5VaUrzMLxwU
[INFO] [stdout] [2026-10-18T10:17:34Z INFO  icloudAlbum2hugo::icloud] Fetching iCloud shared album: https://www.icloud.com/sharedalbum/#B2T5VaUrzMLxwU
[INFO] [stdout] [2026-10-18T10:17:34Z DEBUG icloudAlbum2hugo::icloud] URL format determined: Standard
[INFO] [stdout] [2026-10-18T10:17:34Z DEBUG icloudAlbum2hugo::icloud] Extracting token from URL
[INFO] [stdout] [2026-10-18T10:17:34Z DEBUG icloudAlbum2hugo::icloud] Successfully extracted token: B2T5VaUr...
[INFO] [stdout] [2026-10-18T10:17:34Z INFO  icloudAlbum2hugo::icloud] Fetching album data with token
[INFO] [stdout] [2026-10-18T10:17:34Z DEBUG reqwest::connect] starting new connection: https://p12-sharedstreams.icloud.com/
[INFO] [stdout] [2026-10-18T10:17:34Z ERROR icloudAlbum2hugo::icloud] Failed to fetch iCloud album: error sending request for url (https://p12-sharedstreams.icloud.com/B2T5VaUrzMLxwU/sharedstreams/webstream): error trying to connect: dns error: failed to lookup address information: Temporary failure in name resolution
[INFO] [stdout] 
[INFO] [stdout] thread 'test_real_icloud_fetch' (6185) panicked at tests/icloud_integration_test.rs:97:13:
[INFO] [stdout] ❌ Failed to fetch iCloud album: Failed to fetch album: error sending request for url (https://p12-sharedstreams.icloud.com/B2T5VaUrzMLxwU/sharedstreams/webstream): error trying to connect: dns error: failed to lookup address information: Temporary failure in name resolution
[INFO] [stdout] stack backtrace:
[INFO] [stdout]    0:     0x60a56c4c1cc1 - <<std[70759c8f55707aa4]::sys::backtrace::BacktraceLock>::print::DisplayBacktrace as core[df12db4294e9bfd3]::fmt::Display>::fmt
[INFO] [stdout]    1:     0x60a56c4d8caa - core[df12db4294e9bfd3]::fmt::write
[INFO] [stdout]    2:     0x60a56c4c706c - <alloc[2182bb758b4b3781]::vec::Vec<u8> as core[df12db4294e9bfd3]::io::write::Write>::write_fmt
[INFO] [stdout]    3:     0x60a56c49cac6 - std[70759c8f55707aa4]::panicking::default_hook::{closure#0}
[INFO] [stdout]    4:     0x60a56c4b9ce9 - std[70759c8f55707aa4]::panicking::default_hook
[INFO] [stdout]    5:     0x60a56c220c30 - test[9d35eded1c95d3be]::test_main_inner::<test[9d35eded1c95d3be]::test_main_static::{closure#0}>::{closure#0}
[INFO] [stdout]    6:     0x60a56c4ba012 - std[70759c8f55707aa4]::panicking::panic_with_hook
[INFO] [stdout]    7:     0x60a56c49cb72 - std[70759c8f55707aa4]::panicking::panic_handler::{closure#0}
[INFO] [stdout]    8:     0x60a56c495289 - std[70759c8f55707aa4]::sys::backtrace::__rust_end_short_backtrace::<std[70759c8f55707aa4]::panicking::panic_handler::{closure#0}, !>
[INFO] [stdout]    9:     0x60a56c49da6d - __rustc[8fa7c3cbc660c2b3]::rust_begin_unwind
[INFO] [stdout]   10:     0x60a56c4d948c - core[df12db4294e9bfd3]::panicking::panic_fmt
[INFO] [stdout]   11:     0x60a56c1f809e - icloud_integration_test[ed8577f64a889836]::test_real_icloud_fetch::{closure#0}
[INFO] [stdout]   12:     0x60a56c1faf53 - <tokio[101ce9a41fef030e]::runtime::scheduler::current_thread::Context>::enter::<core[df12db4294e9bfd3]::task::poll::Poll<()>, <tokio[101ce9a41fef030e]::runtime::scheduler::current_thread::CoreGuard>::block_on<core[df12db4294e9bfd3]::pin::Pin<&mut core[df12db4294e9bfd3]::pin::Pin<&mut dyn core[df12db4294e9bfd3]::future::future::Future<Output = ()>>>>::{closure#0}::{closure#0}>
[INFO] [stdout]   13:     0x60a56c2112ff - <std[70759c8f55707aa4]::thread::local::LocalKey<tokio[101ce9a41fef030e]::runtime::context::Context>>::with::<tokio[101ce9a41fef030e]::runtime::context::set_scheduler<(alloc[2182bb758b4b3781]::boxed::Box<tokio[101ce9a41fef030e]::runtime::scheduler::current_thread::Core>, core[df12db4294e9bfd3]::option::Option<()>), <tokio[101ce9a41fef030e]::runtime::scheduler::current_thread::CoreGuard>::enter<<tokio[101ce9a41fef030e]::runtime::scheduler::current_thread::CoreGuard>::block_on<core[df12db4294e9bfd3]::pin::Pin<&mut core[df12db4294e9bfd3]::pin::Pin<&mut dyn core[df12db4294e9bfd3]::future::future::Future<Output = ()>>>>::{closure#0}, core[df12db4294e9bfd3]::option::Option<()>>::{closure#0}>::{closure#0}, (alloc[2182bb758b4b3781]::boxed::Box<tokio[101ce9a41fef030e]::runtime::scheduler::current_thread::Core>, core[df12db4294e9bfd3]::option::Option<()>)>
[INFO] [stdout]   14:     0x60a56c1fb287 - <tokio[101ce9a41fef030e]::runtime::scheduler::current_thread::CoreGuard>::block_on::<core[df12db4294e9bfd3]::pin::Pin<&mut core[df12db4294e9bfd3]::pin::Pin<&mut dyn core[df12db4294e9bfd3]::future::future::Future<Output = ()>>>>
[INFO] [stdout]   15:     0x60a56c213711 - tokio[101ce9a41fef030e]::runtime::context::runtime::enter_runtime::<<tokio[101ce9a41fef030e]::runtime::scheduler::current_thread::CurrentThread>::block_on<core[df12db4294e9bfd3]::pin::Pin<&mut dyn core[df12db4294e9bfd3]::future::future::Future<Output = ()>>>::{closure#0}, ()>
[INFO] [stdout]   16:     0x60a56c2126fe - <tokio[101ce9a41fef030e]::runtime::runtime::Runtime>::block_on::<core[df12db4294e9bfd3]::pin::Pin<&mut dyn core[df12db4294e9bfd3]::future::future::Future<Output = ()>>>
[INFO] [stdout]   17:     0x60a56c1fadce - <icloud_integration_test[ed8577f64a889836]::test_real_icloud_fetch::{closure#0} as core[df12db4294e9bfd3]::ops::function::FnOnce<()>>::call_once
[INFO] [stdout]   18:     0x60a56c213f1b - test[9d35eded1c95d3be]::__rust_begin_short_backtrace::<core[df12db4294e9bfd3]::result::Result<(), alloc[2182bb758b4b3781]::string::String>, fn() -> core[df12db4294e9bfd3]::result::Result<(), alloc[2182bb758b4b3781]::string::String>>
[INFO] [stdout]   19:     0x60a56c221585 - test[9d35eded1c95d3be]::run_test::{closure#0}
[INFO] [stdout]   20:     0x60a56c21ae44 - std[70759c8f55707aa4]::sys::backtrace::__rust_begin_short_backtrace::<test[9d35eded1c95d3be]::run_test::{closure#1}, ()>
[INFO] [stdout]   21:     0x60a56c2246e2 - <std[70759c8f55707aa4]::thread::lifecycle::spawn_unchecked<test[9d35eded1c95d3be]::run_test::{closure#1}, ()>::{closure#1} as core[df12db4294e9bfd3]::ops::function::FnOnce<()>>::call_once::{shim:vtable#0}
[INFO] [stdout]   22:     0x60a56c4c11e9 - <std[70759c8f55707aa4]::sys::thread::unix::Thread>::new::thread_start
[INFO] [stdout]   23:     0x76a5c92a5dfa - <unknown>
[INFO] [stdout]   24:     0x76a5c93393d4 - clone
[INFO] [stdout]   25:                0x0 - <unknown>
[INFO] [stdout] 
[INFO] [stdout] 
[INFO] [stdout] failures:
[INFO] [stdout]     test_real_icloud_fetch
[INFO] [stdout] 
[INFO] [stdout] test result: FAILED. 1 passed; 1 failed; 0 ignored; 0 measured; 0 filtered out; finished in 0.08s
[INFO] [stdout] 
[INFO] [stderr] error: test failed, to rerun pass `--test icloud_integration_test`
[INFO] running `Command { std: "docker" "inspect" "ce5023a02f8bd06a46d05cc1575e5af7d84c055747122f72b12a4ce1e7966019", kill_on_drop: false }`
[INFO] running `Command { std: "docker" "rm" "-f" "ce5023a02f8bd06a46d05cc1575e5af7d84c055747122f72b12a4ce1e7966019", kill_on_drop: false }`
[INFO] [stdout] ce5023a02f8bd06a46d05cc1575e5af7d84c055747122f72b12a4ce1e7966019
