[INFO] fetching crate icinga2-api 0.3.1...
[INFO] testing icinga2-api-0.3.1 against 1.99.0-beta.8+cargoflags=--release for beta-release-1.100-2
[INFO] extracting crate icinga2-api 0.3.1 into /workspace/builds/worker-1-tc1/source
[INFO] removed /workspace/builds/worker-1-tc1/source/rust-toolchain.toml
[INFO] started tweaking crates.io crate icinga2-api 0.3.1
[INFO] finished tweaking crates.io crate icinga2-api 0.3.1
[INFO] tweaked toml for crates.io crate icinga2-api 0.3.1 written to /workspace/builds/worker-1-tc1/source/Cargo.toml
[INFO] validating manifest of crates.io crate icinga2-api 0.3.1 on toolchain 1.99.0-beta.8
[INFO] running `Command { std: CARGO_HOME="/workspace/cargo-home" RUSTUP_HOME="/workspace/rustup-home" "/workspace/cargo-home/bin/cargo" "+1.99.0-beta.8" "metadata" "--manifest-path" "Cargo.toml" "--no-deps", kill_on_drop: false }`
[INFO] crate crates.io crate icinga2-api 0.3.1 already has a lockfile, it will not be regenerated
[INFO] running `Command { std: CARGO_HOME="/workspace/cargo-home" RUSTUP_HOME="/workspace/rustup-home" "/workspace/cargo-home/bin/cargo" "+1.99.0-beta.8" "fetch" "--manifest-path" "Cargo.toml", kill_on_drop: false }`
[INFO] [stderr]     Updating crates.io index
[INFO] [stderr]  Downloading crates ...
[INFO] [stderr]   Downloaded tracing-test v0.2.6
[INFO] [stderr]   Downloaded tracing-test-macro v0.2.6
[INFO] [stderr]   Downloaded enumoid v0.5.0
[INFO] [stderr]   Downloaded enumoid_derive v0.5.0
[INFO] running `Command { std: "docker" "create" "-v" "/var/lib/crater-agent-workspace/builds/worker-1-tc1/source:/opt/rustwide/workdir:ro,Z" "-v" "/var/lib/crater-agent-workspace/builds/worker-1-tc1/target:/opt/rustwide/target:rw,Z" "-v" "/var/lib/crater-agent-workspace/cargo-home:/opt/rustwide/cargo-home:ro,Z" "-v" "/var/lib/crater-agent-workspace/rustup-home:/opt/rustwide/rustup-home:ro,Z" "-m" "1610612736" "--network" "none" "ghcr.io/rust-lang/crates-build-env/linux@sha256:77db811e55d90add9212f6832c23229e3de5f1c1f9905e8cb07319ea15df73ac" "sleep" "infinity", kill_on_drop: false }`
[INFO] [stdout] cbae4681229f50e2735f75dc210bc6d99e56008a22289d78e1dbcb7d3f827cd7
[INFO] running `Command { std: "docker" "start" "cbae4681229f50e2735f75dc210bc6d99e56008a22289d78e1dbcb7d3f827cd7", kill_on_drop: false }`
[INFO] running `Command { std: "docker" "inspect" "cbae4681229f50e2735f75dc210bc6d99e56008a22289d78e1dbcb7d3f827cd7", kill_on_drop: false }`
[INFO] running `Command { std: "docker" "exec" "-e" "SOURCE_DIR=/opt/rustwide/workdir" "-e" "CARGO_HOME=/opt/rustwide/cargo-home" "-e" "RUSTUP_HOME=/opt/rustwide/rustup-home" "-e" "CARGO_TARGET_DIR=/opt/rustwide/target" "-w" "/opt/rustwide/workdir" "--user" "0:0" "cbae4681229f50e2735f75dc210bc6d99e56008a22289d78e1dbcb7d3f827cd7" "/opt/rustwide/cargo-home/bin/cargo" "+1.99.0-beta.8" "metadata" "--no-deps" "--format-version=1", kill_on_drop: false }`
[INFO] running `Command { std: "docker" "inspect" "cbae4681229f50e2735f75dc210bc6d99e56008a22289d78e1dbcb7d3f827cd7", kill_on_drop: false }`
[INFO] running `Command { std: "docker" "exec" "-e" "SOURCE_DIR=/opt/rustwide/workdir" "-e" "CARGO_HOME=/opt/rustwide/cargo-home" "-e" "RUSTUP_HOME=/opt/rustwide/rustup-home" "-e" "CARGO_TARGET_DIR=/opt/rustwide/target" "-e" "CARGO_INCREMENTAL=0" "-e" "RUST_BACKTRACE=full" "-e" "RUSTFLAGS=--cap-lints=warn" "-e" "RUSTDOCFLAGS=--cap-lints=warn" "-w" "/opt/rustwide/workdir" "--user" "0:0" "cbae4681229f50e2735f75dc210bc6d99e56008a22289d78e1dbcb7d3f827cd7" "/opt/rustwide/cargo-home/bin/cargo" "+1.99.0-beta.8" "build" "--frozen" "--message-format=json" "--release", kill_on_drop: false }`
[INFO] [stderr]    Compiling proc-macro2 v1.0.107
[INFO] [stderr]    Compiling quote v1.0.47
[INFO] [stderr]    Compiling unicode-ident v1.0.24
[INFO] [stderr]    Compiling libc v0.2.189
[INFO] [stderr]    Compiling pin-project-lite v0.2.17
[INFO] [stderr]    Compiling futures-core v0.3.34
[INFO] [stderr]    Compiling stable_deref_trait v1.2.1
[INFO] [stderr]    Compiling bytes v1.12.1
[INFO] [stderr]    Compiling shlex v2.0.1
[INFO] [stderr]    Compiling find-msvc-tools v0.1.11
[INFO] [stderr]    Compiling futures-sink v0.3.34
[INFO] [stderr]    Compiling pkg-config v0.3.34
[INFO] [stderr]    Compiling dunce v1.0.5
[INFO] [stderr]    Compiling fs_extra v1.3.0
[INFO] [stderr]    Compiling itoa v1.0.18
[INFO] [stderr]    Compiling serde_core v1.0.229
[INFO] [stderr]    Compiling slab v0.4.12
[INFO] [stderr]    Compiling once_cell v1.21.4
[INFO] [stderr]    Compiling memchr v2.8.3
[INFO] [stderr]    Compiling futures-channel v0.3.34
[INFO] [stderr]    Compiling smallvec v1.15.2
[INFO] [stderr]    Compiling writeable v0.6.4
[INFO] [stderr]    Compiling zeroize v1.9.0
[INFO] [stderr]    Compiling aws-lc-rs v1.18.0
[INFO] [stderr]    Compiling litemap v0.8.3
[INFO] [stderr]    Compiling icu_normalizer_data v2.3.0
[INFO] [stderr]    Compiling futures-task v0.3.34
[INFO] [stderr]    Compiling utf8_iter v1.0.4
[INFO] [stderr]    Compiling futures-io v0.3.34
[INFO] [stderr]    Compiling icu_properties_data v2.3.0
[INFO] [stderr]    Compiling rustls-pki-types v1.15.1
[INFO] [stderr]    Compiling rustls v0.23.43
[INFO] [stderr]    Compiling untrusted v0.9.0
[INFO] [stderr]    Compiling percent-encoding v2.3.2
[INFO] [stderr]    Compiling tracing-core v0.1.36
[INFO] [stderr]    Compiling ident_case v1.0.1
[INFO] [stderr]    Compiling hashbrown v0.17.1
[INFO] [stderr]    Compiling fnv v1.0.7
[INFO] [stderr]    Compiling equivalent v1.0.2
[INFO] [stderr]    Compiling strsim v0.11.1
[INFO] [stderr]    Compiling httparse v1.10.1
[INFO] [stderr]    Compiling atomic-waker v1.1.2
[INFO] [stderr]    Compiling subtle v2.6.1
[INFO] [stderr]    Compiling try-lock v0.2.5
[INFO] [stderr]    Compiling http v1.5.0
[INFO] [stderr]    Compiling tower-service v0.3.3
[INFO] [stderr]    Compiling want v0.3.1
[INFO] [stderr]    Compiling zmij v1.0.23
[INFO] [stderr]    Compiling form_urlencoded v1.2.2
[INFO] [stderr]    Compiling sync_wrapper v1.0.2
[INFO] [stderr]    Compiling ipnet v2.12.1
[INFO] [stderr]    Compiling unicode-segmentation v1.13.3
[INFO] [stderr]    Compiling autocfg v1.5.1
[INFO] [stderr]    Compiling openssl-probe v0.2.1
[INFO] [stderr]    Compiling syn v2.0.119
[INFO] [stderr]    Compiling syn v3.0.4
[INFO] [stderr]    Compiling indexmap v2.14.0
[INFO] [stderr]    Compiling socket2 v0.6.5
[INFO] [stderr]    Compiling mio v1.2.2
[INFO] [stderr]    Compiling base64 v0.22.1
[INFO] [stderr]    Compiling serde v1.0.229
[INFO] [stderr]    Compiling serde_json v1.0.151
[INFO] [stderr]    Compiling tower-layer v0.3.3
[INFO] [stderr]    Compiling jobserver v0.1.35
[INFO] [stderr]    Compiling fs-err v3.3.1
[INFO] [stderr]    Compiling convert_case v0.10.0
[INFO] [stderr]    Compiling rustls-native-certs v0.8.4
[INFO] [stderr]    Compiling tokio v1.53.1
[INFO] [stderr]    Compiling cc v1.4.4
[INFO] [stderr]    Compiling num-conv v0.2.2
[INFO] [stderr]    Compiling thiserror v2.0.20
[INFO] [stderr]    Compiling log v0.4.34
[INFO] [stderr]    Compiling time-core v0.1.9
[INFO] [stderr]    Compiling http-body v1.1.0
[INFO] [stderr]    Compiling winnow v1.0.4
[INFO] [stderr]    Compiling cfg-if v1.0.4
[INFO] [stderr]    Compiling bitflags v2.13.1
[INFO] [stderr]    Compiling unicode-xid v0.2.6
[INFO] [stderr]    Compiling encoding_rs v0.8.35
[INFO] [stderr]    Compiling http-body-util v0.1.5
[INFO] [stderr]    Compiling time-macros v0.2.32
[INFO] [stderr]    Compiling powerfmt v0.2.0
[INFO] [stderr]    Compiling mime v0.3.17
[INFO] [stderr]    Compiling toml_parser v1.1.3+spec-1.1.0
[INFO] [stderr]    Compiling toml_writer v1.1.2+spec-1.1.0
[INFO] [stderr]    Compiling deranged v0.5.8
[INFO] [stderr]    Compiling serde_spanned v1.1.1
[INFO] [stderr]    Compiling toml_datetime v1.1.1+spec-1.1.0
[INFO] [stderr]    Compiling serde_path_to_error v0.1.20
[INFO] [stderr]    Compiling cmake v0.1.58
[INFO] [stderr]    Compiling toml v1.1.4+spec-1.1.0
[INFO] [stderr]    Compiling aws-lc-sys v0.44.0
[INFO] [stderr]    Compiling time v0.3.55
[INFO] [stderr]    Compiling zerovec-derive v0.11.6
[INFO] [stderr]    Compiling displaydoc v0.2.7
[INFO] [stderr]    Compiling futures-macro v0.3.34
[INFO] [stderr]    Compiling serde_derive v1.0.229
[INFO] [stderr]    Compiling thiserror-impl v2.0.20
[INFO] [stderr]    Compiling serde_repr v0.1.21
[INFO] [stderr]    Compiling synstructure v0.13.2
[INFO] [stderr]    Compiling darling_core v0.20.11
[INFO] [stderr]    Compiling futures-util v0.3.34
[INFO] [stderr]    Compiling zerofrom-derive v0.1.7
[INFO] [stderr]    Compiling yoke-derive v0.8.2
[INFO] [stderr]    Compiling tracing-attributes v0.1.31
[INFO] [stderr]    Compiling derive_more-impl v2.1.1
[INFO] [stderr]    Compiling tokio-util v0.7.19
[INFO] [stderr]    Compiling tokio-stream v0.1.19
[INFO] [stderr]    Compiling zerofrom v0.1.8
[INFO] [stderr]    Compiling yoke v0.8.3
[INFO] [stderr]    Compiling tracing v0.1.44
[INFO] [stderr]    Compiling zerovec v0.11.8
[INFO] [stderr]    Compiling zerotrie v0.2.5
[INFO] [stderr]    Compiling h2 v0.4.19
[INFO] [stderr]    Compiling tinystr v0.8.4
[INFO] [stderr]    Compiling potential_utf v0.1.6
[INFO] [stderr]    Compiling icu_locale_core v2.3.0
[INFO] [stderr]    Compiling icu_collections v2.3.0
[INFO] [stderr]    Compiling darling_macro v0.20.11
[INFO] [stderr]    Compiling derive_more v2.1.1
[INFO] [stderr]    Compiling darling v0.20.11
[INFO] [stderr]    Compiling derive_builder_core v0.20.2
[INFO] [stderr]    Compiling icu_provider v2.3.1
[INFO] [stderr]    Compiling derive_builder_macro v0.20.2
[INFO] [stderr]    Compiling derive_builder v0.20.2
[INFO] [stderr]    Compiling tower v0.5.3
[INFO] [stderr]    Compiling futures-executor v0.3.34
[INFO] [stderr]    Compiling icu_normalizer v2.3.0
[INFO] [stderr]    Compiling icu_properties v2.3.0
[INFO] [stderr]    Compiling futures v0.3.34
[INFO] [stderr]    Compiling hyper v1.11.0
[INFO] [stderr]    Compiling idna_adapter v1.2.2
[INFO] [stderr]    Compiling idna v1.1.0
[INFO] [stderr]    Compiling url v2.5.8
[INFO] [stderr]    Compiling hyper-util v0.1.20
[INFO] [stderr]    Compiling tower-http v0.6.11
[INFO] [stderr]    Compiling rustls-webpki v0.103.15
[INFO] [stderr]    Compiling tokio-rustls v0.26.4
[INFO] [stderr]    Compiling rustls-platform-verifier v0.7.0
[INFO] [stderr]    Compiling hyper-rustls v0.27.9
[INFO] [stderr]    Compiling reqwest v0.13.4
[INFO] [stderr]    Compiling icinga2-api v0.3.1 (/opt/rustwide/workdir)
[INFO] [stderr]     Finished `release` profile [optimized + debuginfo] target(s) in 3m 06s
[INFO] running `Command { std: "docker" "inspect" "cbae4681229f50e2735f75dc210bc6d99e56008a22289d78e1dbcb7d3f827cd7", kill_on_drop: false }`
[INFO] running `Command { std: "docker" "exec" "-e" "SOURCE_DIR=/opt/rustwide/workdir" "-e" "CARGO_HOME=/opt/rustwide/cargo-home" "-e" "RUSTUP_HOME=/opt/rustwide/rustup-home" "-e" "CARGO_TARGET_DIR=/opt/rustwide/target" "-e" "CARGO_INCREMENTAL=0" "-e" "RUST_BACKTRACE=full" "-e" "RUSTFLAGS=--cap-lints=warn" "-e" "RUSTDOCFLAGS=--cap-lints=warn" "-w" "/opt/rustwide/workdir" "--user" "0:0" "cbae4681229f50e2735f75dc210bc6d99e56008a22289d78e1dbcb7d3f827cd7" "/opt/rustwide/cargo-home/bin/cargo" "+1.99.0-beta.8" "test" "--frozen" "--no-run" "--message-format=json" "--release", kill_on_drop: false }`
[INFO] [stderr]    Compiling tracing-core v0.1.36
[INFO] [stderr]    Compiling tokio-macros v2.7.2
[INFO] [stderr]    Compiling log v0.4.34
[INFO] [stderr]    Compiling regex-syntax v0.8.11
[INFO] [stderr]    Compiling lazy_static v1.5.0
[INFO] [stderr]    Compiling thread_local v1.1.10
[INFO] [stderr]    Compiling nu-ansi-term v0.50.3
[INFO] [stderr]    Compiling tracing-test-macro v0.2.6
[INFO] [stderr]    Compiling yansi v1.0.1
[INFO] [stderr]    Compiling diff v0.1.13
[INFO] [stderr]    Compiling dotenvy v0.15.7
[INFO] [stderr]    Compiling sharded-slab v0.1.7
[INFO] [stderr]    Compiling rustls-platform-verifier v0.7.0
[INFO] [stderr]    Compiling pretty_assertions v1.4.1
[INFO] [stderr]    Compiling tracing v0.1.44
[INFO] [stderr]    Compiling tracing-log v0.2.0
[INFO] [stderr]    Compiling tokio v1.53.1
[INFO] [stderr]    Compiling regex-automata v0.4.18
[INFO] [stderr]    Compiling matchers v0.2.0
[INFO] [stderr]    Compiling tracing-subscriber v0.3.23
[INFO] [stderr]    Compiling tokio-util v0.7.19
[INFO] [stderr]    Compiling tower v0.5.3
[INFO] [stderr]    Compiling tokio-rustls v0.26.4
[INFO] [stderr]    Compiling tokio-stream v0.1.19
[INFO] [stderr]    Compiling tracing-test v0.2.6
[INFO] [stderr]    Compiling tower-http v0.6.11
[INFO] [stderr]    Compiling h2 v0.4.19
[INFO] [stderr]    Compiling hyper v1.11.0
[INFO] [stderr]    Compiling hyper-util v0.1.20
[INFO] [stderr]    Compiling hyper-rustls v0.27.9
[INFO] [stderr]    Compiling reqwest v0.13.4
[INFO] [stderr]    Compiling icinga2-api v0.3.1 (/opt/rustwide/workdir)
[INFO] [stderr]     Finished `release` profile [optimized + debuginfo] target(s) in 1m 46s
[INFO] running `Command { std: "docker" "inspect" "cbae4681229f50e2735f75dc210bc6d99e56008a22289d78e1dbcb7d3f827cd7", kill_on_drop: false }`
[INFO] running `Command { std: "docker" "exec" "-e" "SOURCE_DIR=/opt/rustwide/workdir" "-e" "CARGO_HOME=/opt/rustwide/cargo-home" "-e" "RUSTUP_HOME=/opt/rustwide/rustup-home" "-e" "CARGO_TARGET_DIR=/opt/rustwide/target" "-e" "CARGO_INCREMENTAL=0" "-e" "RUST_BACKTRACE=full" "-e" "RUSTFLAGS=--cap-lints=warn" "-e" "RUSTDOCFLAGS=--cap-lints=warn" "-w" "/opt/rustwide/workdir" "--user" "0:0" "cbae4681229f50e2735f75dc210bc6d99e56008a22289d78e1dbcb7d3f827cd7" "/opt/rustwide/cargo-home/bin/cargo" "+1.99.0-beta.8" "test" "--frozen" "--release", kill_on_drop: false }`
[INFO] [stderr]     Finished `release` profile [optimized + debuginfo] target(s) in 0.28s
[INFO] [stderr]      Running unittests src/lib.rs (/opt/rustwide/target/release/deps/icinga2_api-a280e4d5abd3fc2f)
[INFO] [stdout] 
[INFO] [stdout] running 23 tests
[INFO] [stdout] test api::query::monitoring_objects::event_command::test::test_event_commands ... FAILED
[INFO] [stdout] test api::query::monitoring_objects::check_command::test::test_check_commands ... FAILED
[INFO] [stdout] test api::query::monitoring_objects::endpoint::test::test_endpoints ... FAILED
[INFO] [stdout] test api::async_client::test::test_event_stream_async ... FAILED
[INFO] [stdout] test api::query::monitoring_objects::api_user::test::test_api_users ... FAILED
[INFO] [stdout] test api::query::monitoring_objects::host::test::test_hosts ... FAILED
[INFO] [stdout] test api::query::monitoring_objects::host::test::test_hosts_filtered ... FAILED
[INFO] [stdout] test api::query::monitoring_objects::notification::test::test_notifications ... FAILED
[INFO] [stdout] test api::query::monitoring_objects::host_group::test::test_host_groups ... FAILED
[INFO] [stdout] test api::query::monitoring_objects::service::test::test_services_partial_host_join ... FAILED
[INFO] [stdout] test api::query::monitoring_objects::service::test::test_services ... FAILED
[INFO] [stdout] test api::query::monitoring_objects::scheduled_downtime::test::test_scheduled_downtimes ... FAILED
[INFO] [stdout] test api::query::monitoring_objects::time_period::test::test_time_periods ... FAILED
[INFO] [stdout] test api::query::monitoring_objects::service_group::test::test_service_groups ... FAILED
[INFO] [stdout] test api::query::monitoring_objects::zone::test::test_zones ... FAILED
[INFO] [stdout] test api::query::monitoring_objects::host::test::test_hosts_async ... FAILED
[INFO] [stdout] test api::query::monitoring_objects::user::test::test_users ... FAILED
[INFO] [stdout] test api::query::runtime_objects::comment::test::test_comments ... FAILED
[INFO] [stdout] test api::query::monitoring_objects::user_group::test::test_user_groups ... FAILED
[INFO] [stdout] test api::query::runtime_objects::downtime::test::test_downtimes ... FAILED
[INFO] [stdout] test api::query::monitoring_objects::service::test::test_services_filtered ... FAILED
[INFO] [stdout] test api::query::monitoring_objects::notification_command::test::test_notification_commands ... FAILED
[INFO] [stderr] error: test failed, to rerun pass `--lib`
[INFO] [stdout] test api::query::monitoring_objects::dependency::test::test_dependencies ... FAILED
[INFO] [stdout] 
[INFO] [stdout] failures:
[INFO] [stdout] 
[INFO] [stdout] ---- api::query::monitoring_objects::event_command::test::test_event_commands stdout ----
[INFO] [stdout] Error: Io(Custom { kind: NotFound, error: "path not found" })
[INFO] [stdout] 
[INFO] [stdout] ---- api::query::monitoring_objects::check_command::test::test_check_commands stdout ----
[INFO] [stdout] Error: Io(Custom { kind: NotFound, error: "path not found" })
[INFO] [stdout] 
[INFO] [stdout] ---- api::query::monitoring_objects::endpoint::test::test_endpoints stdout ----
[INFO] [stdout] Error: Io(Custom { kind: NotFound, error: "path not found" })
[INFO] [stdout] 
[INFO] [stdout] ---- api::async_client::test::test_event_stream_async stdout ----
[INFO] [stdout] Error: Io(Custom { kind: NotFound, error: "path not found" })
[INFO] [stdout] 
[INFO] [stdout] ---- api::query::monitoring_objects::api_user::test::test_api_users stdout ----
[INFO] [stdout] Error: Io(Custom { kind: NotFound, error: "path not found" })
[INFO] [stdout] 
[INFO] [stdout] ---- api::query::monitoring_objects::host::test::test_hosts stdout ----
[INFO] [stdout] Error: Io(Custom { kind: NotFound, error: "path not found" })
[INFO] [stdout] 
[INFO] [stdout] ---- api::query::monitoring_objects::host::test::test_hosts_filtered stdout ----
[INFO] [stdout] Error: Io(Custom { kind: NotFound, error: "path not found" })
[INFO] [stdout] 
[INFO] [stdout] ---- api::query::monitoring_objects::notification::test::test_notifications stdout ----
[INFO] [stdout] Error: Io(Custom { kind: NotFound, error: "path not found" })
[INFO] [stdout] 
[INFO] [stdout] ---- api::query::monitoring_objects::host_group::test::test_host_groups stdout ----
[INFO] [stdout] Error: Io(Custom { kind: NotFound, error: "path not found" })
[INFO] [stdout] 
[INFO] [stdout] ---- api::query::monitoring_objects::service::test::test_services_partial_host_join stdout ----
[INFO] [stdout] Error: Io(Custom { kind: NotFound, error: "path not found" })
[INFO] [stdout] 
[INFO] [stdout] ---- api::query::monitoring_objects::service::test::test_services stdout ----
[INFO] [stdout] Error: Io(Custom { kind: NotFound, error: "path not found" })
[INFO] [stdout] 
[INFO] [stdout] ---- api::query::monitoring_objects::scheduled_downtime::test::test_scheduled_downtimes stdout ----
[INFO] [stdout] Error: Io(Custom { kind: NotFound, error: "path not found" })
[INFO] [stdout] 
[INFO] [stdout] ---- api::query::monitoring_objects::time_period::test::test_time_periods stdout ----
[INFO] [stdout] Error: Io(Custom { kind: NotFound, error: "path not found" })
[INFO] [stdout] 
[INFO] [stdout] ---- api::query::monitoring_objects::service_group::test::test_service_groups stdout ----
[INFO] [stdout] Error: Io(Custom { kind: NotFound, error: "path not found" })
[INFO] [stdout] 
[INFO] [stdout] ---- api::query::monitoring_objects::zone::test::test_zones stdout ----
[INFO] [stdout] Error: Io(Custom { kind: NotFound, error: "path not found" })
[INFO] [stdout] 
[INFO] [stdout] ---- api::query::monitoring_objects::host::test::test_hosts_async stdout ----
[INFO] [stdout] Error: Io(Custom { kind: NotFound, error: "path not found" })
[INFO] [stdout] 
[INFO] [stdout] ---- api::query::monitoring_objects::user::test::test_users stdout ----
[INFO] [stdout] Error: Io(Custom { kind: NotFound, error: "path not found" })
[INFO] [stdout] 
[INFO] [stdout] ---- api::query::runtime_objects::comment::test::test_comments stdout ----
[INFO] [stdout] Error: Io(Custom { kind: NotFound, error: "path not found" })
[INFO] [stdout] 
[INFO] [stdout] ---- api::query::monitoring_objects::user_group::test::test_user_groups stdout ----
[INFO] [stdout] Error: Io(Custom { kind: NotFound, error: "path not found" })
[INFO] [stdout] 
[INFO] [stdout] ---- api::query::runtime_objects::downtime::test::test_downtimes stdout ----
[INFO] [stdout] Error: Io(Custom { kind: NotFound, error: "path not found" })
[INFO] [stdout] 
[INFO] [stdout] ---- api::query::monitoring_objects::service::test::test_services_filtered stdout ----
[INFO] [stdout] Error: Io(Custom { kind: NotFound, error: "path not found" })
[INFO] [stdout] 
[INFO] [stdout] ---- api::query::monitoring_objects::notification_command::test::test_notification_commands stdout ----
[INFO] [stdout] Error: Io(Custom { kind: NotFound, error: "path not found" })
[INFO] [stdout] 
[INFO] [stdout] ---- api::query::monitoring_objects::dependency::test::test_dependencies stdout ----
[INFO] [stdout] Error: Io(Custom { kind: NotFound, error: "path not found" })
[INFO] [stdout] 
[INFO] [stdout] 
[INFO] [stdout] failures:
[INFO] [stdout]     api::async_client::test::test_event_stream_async
[INFO] [stdout]     api::query::monitoring_objects::api_user::test::test_api_users
[INFO] [stdout]     api::query::monitoring_objects::check_command::test::test_check_commands
[INFO] [stdout]     api::query::monitoring_objects::dependency::test::test_dependencies
[INFO] [stdout]     api::query::monitoring_objects::endpoint::test::test_endpoints
[INFO] [stdout]     api::query::monitoring_objects::event_command::test::test_event_commands
[INFO] [stdout]     api::query::monitoring_objects::host::test::test_hosts
[INFO] [stdout]     api::query::monitoring_objects::host::test::test_hosts_async
[INFO] [stdout]     api::query::monitoring_objects::host::test::test_hosts_filtered
[INFO] [stdout]     api::query::monitoring_objects::host_group::test::test_host_groups
[INFO] [stdout]     api::query::monitoring_objects::notification::test::test_notifications
[INFO] [stdout]     api::query::monitoring_objects::notification_command::test::test_notification_commands
[INFO] [stdout]     api::query::monitoring_objects::scheduled_downtime::test::test_scheduled_downtimes
[INFO] [stdout]     api::query::monitoring_objects::service::test::test_services
[INFO] [stdout]     api::query::monitoring_objects::service::test::test_services_filtered
[INFO] [stdout]     api::query::monitoring_objects::service::test::test_services_partial_host_join
[INFO] [stdout]     api::query::monitoring_objects::service_group::test::test_service_groups
[INFO] [stdout]     api::query::monitoring_objects::time_period::test::test_time_periods
[INFO] [stdout]     api::query::monitoring_objects::user::test::test_users
[INFO] [stdout]     api::query::monitoring_objects::user_group::test::test_user_groups
[INFO] [stdout]     api::query::monitoring_objects::zone::test::test_zones
[INFO] [stdout]     api::query::runtime_objects::comment::test::test_comments
[INFO] [stdout]     api::query::runtime_objects::downtime::test::test_downtimes
[INFO] [stdout] 
[INFO] [stdout] test result: FAILED. 0 passed; 23 failed; 0 ignored; 0 measured; 0 filtered out; finished in 0.04s
[INFO] [stdout] 
[INFO] running `Command { std: "docker" "inspect" "cbae4681229f50e2735f75dc210bc6d99e56008a22289d78e1dbcb7d3f827cd7", kill_on_drop: false }`
[INFO] running `Command { std: "docker" "rm" "-f" "cbae4681229f50e2735f75dc210bc6d99e56008a22289d78e1dbcb7d3f827cd7", kill_on_drop: false }`
[INFO] [stdout] cbae4681229f50e2735f75dc210bc6d99e56008a22289d78e1dbcb7d3f827cd7
