[INFO] fetching crate icicle 0.1.1...
[INFO] testing icicle-0.1.1 against 1.100.0-beta.1+cargoflags=--release for beta-release-1.100-2
[INFO] extracting crate icicle 0.1.1 into /workspace/builds/worker-4-tc2/source
[INFO] started tweaking crates.io crate icicle 0.1.1
[INFO] finished tweaking crates.io crate icicle 0.1.1
[INFO] tweaked toml for crates.io crate icicle 0.1.1 written to /workspace/builds/worker-4-tc2/source/Cargo.toml
[INFO] validating manifest of crates.io crate icicle 0.1.1 on toolchain 1.100.0-beta.1
[INFO] running `Command { std: CARGO_HOME="/workspace/cargo-home" RUSTUP_HOME="/workspace/rustup-home" "/workspace/cargo-home/bin/cargo" "+1.100.0-beta.1" "metadata" "--manifest-path" "Cargo.toml" "--no-deps", kill_on_drop: false }`
[INFO] crate crates.io crate icicle 0.1.1 already has a lockfile, it will not be regenerated
[INFO] running `Command { std: CARGO_HOME="/workspace/cargo-home" RUSTUP_HOME="/workspace/rustup-home" "/workspace/cargo-home/bin/cargo" "+1.100.0-beta.1" "fetch" "--manifest-path" "Cargo.toml", kill_on_drop: false }`
[INFO] running `Command { std: "docker" "create" "-v" "/var/lib/crater-agent-workspace/builds/worker-4-tc2/source:/opt/rustwide/workdir:ro,Z" "-v" "/var/lib/crater-agent-workspace/builds/worker-4-tc2/target:/opt/rustwide/target:rw,Z" "-v" "/var/lib/crater-agent-workspace/cargo-home:/opt/rustwide/cargo-home:ro,Z" "-v" "/var/lib/crater-agent-workspace/rustup-home:/opt/rustwide/rustup-home:ro,Z" "-m" "1610612736" "--network" "none" "ghcr.io/rust-lang/crates-build-env/linux@sha256:77db811e55d90add9212f6832c23229e3de5f1c1f9905e8cb07319ea15df73ac" "sleep" "infinity", kill_on_drop: false }`
[INFO] [stdout] d112edafe181c72b3e5d5b425a721d3ad1904d1f0cc2d3c20dfd63fb4fbea1fa
[INFO] running `Command { std: "docker" "start" "d112edafe181c72b3e5d5b425a721d3ad1904d1f0cc2d3c20dfd63fb4fbea1fa", kill_on_drop: false }`
[INFO] running `Command { std: "docker" "inspect" "d112edafe181c72b3e5d5b425a721d3ad1904d1f0cc2d3c20dfd63fb4fbea1fa", kill_on_drop: false }`
[INFO] running `Command { std: "docker" "exec" "-e" "SOURCE_DIR=/opt/rustwide/workdir" "-e" "CARGO_HOME=/opt/rustwide/cargo-home" "-e" "RUSTUP_HOME=/opt/rustwide/rustup-home" "-e" "CARGO_TARGET_DIR=/opt/rustwide/target" "-w" "/opt/rustwide/workdir" "--user" "0:0" "d112edafe181c72b3e5d5b425a721d3ad1904d1f0cc2d3c20dfd63fb4fbea1fa" "/opt/rustwide/cargo-home/bin/cargo" "+1.100.0-beta.1" "metadata" "--no-deps" "--format-version=1", kill_on_drop: false }`
[INFO] running `Command { std: "docker" "inspect" "d112edafe181c72b3e5d5b425a721d3ad1904d1f0cc2d3c20dfd63fb4fbea1fa", kill_on_drop: false }`
[INFO] running `Command { std: "docker" "exec" "-e" "SOURCE_DIR=/opt/rustwide/workdir" "-e" "CARGO_HOME=/opt/rustwide/cargo-home" "-e" "RUSTUP_HOME=/opt/rustwide/rustup-home" "-e" "CARGO_TARGET_DIR=/opt/rustwide/target" "-e" "CARGO_INCREMENTAL=0" "-e" "RUST_BACKTRACE=full" "-e" "RUSTFLAGS=--cap-lints=warn" "-e" "RUSTDOCFLAGS=--cap-lints=warn" "-w" "/opt/rustwide/workdir" "--user" "0:0" "d112edafe181c72b3e5d5b425a721d3ad1904d1f0cc2d3c20dfd63fb4fbea1fa" "/opt/rustwide/cargo-home/bin/cargo" "+1.100.0-beta.1" "build" "--frozen" "--message-format=json" "--release", kill_on_drop: false }`
[INFO] [stderr]    Compiling icicle v0.1.1 (/opt/rustwide/workdir)
[INFO] [stdout] warning: hiding a lifetime that's elided elsewhere is confusing
[INFO] [stdout]    --> src/args.rs:206:17
[INFO] [stdout]     |
[INFO] [stdout] 206 |     pub fn iter(&self) -> Iter<String> {
[INFO] [stdout]     |                 ^^^^^     ^^^^^^^^^^^^ the same lifetime is hidden here
[INFO] [stdout]     |                 |
[INFO] [stdout]     |                 the lifetime is elided here
[INFO] [stdout]     |
[INFO] [stdout]     = help: the same lifetime is referred to in inconsistent ways, making the signature confusing
[INFO] [stdout]     = note: `#[warn(mismatched_lifetime_syntaxes)]` on by default
[INFO] [stdout] help: use `'_` for type paths
[INFO] [stdout]     |
[INFO] [stdout] 206 |     pub fn iter(&self) -> Iter<'_, String> {
[INFO] [stdout]     |                                +++
[INFO] [stdout] 
[INFO] [stdout] 
[INFO] [stdout] warning: hiding a lifetime that's elided elsewhere is confusing
[INFO] [stdout]    --> src/args.rs:211:21
[INFO] [stdout]     |
[INFO] [stdout] 211 |     pub fn iter_opt(&self) -> MapIter<String, String> {
[INFO] [stdout]     |                     ^^^^^     ^^^^^^^^^^^^^^^^^^^^^^^ the same lifetime is hidden here
[INFO] [stdout]     |                     |
[INFO] [stdout]     |                     the lifetime is elided here
[INFO] [stdout]     |
[INFO] [stdout]     = help: the same lifetime is referred to in inconsistent ways, making the signature confusing
[INFO] [stdout] help: use `'_` for type paths
[INFO] [stdout]     |
[INFO] [stdout] 211 |     pub fn iter_opt(&self) -> MapIter<'_, String, String> {
[INFO] [stdout]     |                                       +++
[INFO] [stdout] 
[INFO] [stdout] 
[INFO] [stdout] warning: hiding a lifetime that's elided elsewhere is confusing
[INFO] [stdout]    --> src/args.rs:216:21
[INFO] [stdout]     |
[INFO] [stdout] 216 |     pub fn iter_mut(&mut self) -> IterMut<String> {
[INFO] [stdout]     |                     ^^^^^^^^^     ^^^^^^^^^^^^^^^ the same lifetime is hidden here
[INFO] [stdout]     |                     |
[INFO] [stdout]     |                     the lifetime is elided here
[INFO] [stdout]     |
[INFO] [stdout]     = help: the same lifetime is referred to in inconsistent ways, making the signature confusing
[INFO] [stdout] help: use `'_` for type paths
[INFO] [stdout]     |
[INFO] [stdout] 216 |     pub fn iter_mut(&mut self) -> IterMut<'_, String> {
[INFO] [stdout]     |                                           +++
[INFO] [stdout] 
[INFO] [stdout] 
[INFO] [stdout] warning: hiding a lifetime that's elided elsewhere is confusing
[INFO] [stdout]    --> src/args.rs:221:25
[INFO] [stdout]     |
[INFO] [stdout] 221 |     pub fn iter_mut_opt(&mut self) -> MapIterMut<String, String> {
[INFO] [stdout]     |                         ^^^^^^^^^     ^^^^^^^^^^^^^^^^^^^^^^^^^^ the same lifetime is hidden here
[INFO] [stdout]     |                         |
[INFO] [stdout]     |                         the lifetime is elided here
[INFO] [stdout]     |
[INFO] [stdout]     = help: the same lifetime is referred to in inconsistent ways, making the signature confusing
[INFO] [stdout] help: use `'_` for type paths
[INFO] [stdout]     |
[INFO] [stdout] 221 |     pub fn iter_mut_opt(&mut self) -> MapIterMut<'_, String, String> {
[INFO] [stdout]     |                                                  +++
[INFO] [stdout] 
[INFO] [stdout] 
[INFO] [stderr]     Finished `release` profile [optimized] target(s) in 1.74s
[INFO] running `Command { std: "docker" "inspect" "d112edafe181c72b3e5d5b425a721d3ad1904d1f0cc2d3c20dfd63fb4fbea1fa", kill_on_drop: false }`
[INFO] running `Command { std: "docker" "exec" "-e" "SOURCE_DIR=/opt/rustwide/workdir" "-e" "CARGO_HOME=/opt/rustwide/cargo-home" "-e" "RUSTUP_HOME=/opt/rustwide/rustup-home" "-e" "CARGO_TARGET_DIR=/opt/rustwide/target" "-e" "CARGO_INCREMENTAL=0" "-e" "RUST_BACKTRACE=full" "-e" "RUSTFLAGS=--cap-lints=warn" "-e" "RUSTDOCFLAGS=--cap-lints=warn" "-w" "/opt/rustwide/workdir" "--user" "0:0" "d112edafe181c72b3e5d5b425a721d3ad1904d1f0cc2d3c20dfd63fb4fbea1fa" "/opt/rustwide/cargo-home/bin/cargo" "+1.100.0-beta.1" "test" "--frozen" "--no-run" "--message-format=json" "--release", kill_on_drop: false }`
[INFO] [stderr]    Compiling icicle v0.1.1 (/opt/rustwide/workdir)
[INFO] [stdout] warning: hiding a lifetime that's elided elsewhere is confusing
[INFO] [stdout]    --> src/args.rs:206:17
[INFO] [stdout]     |
[INFO] [stdout] 206 |     pub fn iter(&self) -> Iter<String> {
[INFO] [stdout]     |                 ^^^^^     ^^^^^^^^^^^^ the same lifetime is hidden here
[INFO] [stdout]     |                 |
[INFO] [stdout]     |                 the lifetime is elided here
[INFO] [stdout]     |
[INFO] [stdout]     = help: the same lifetime is referred to in inconsistent ways, making the signature confusing
[INFO] [stdout]     = note: `#[warn(mismatched_lifetime_syntaxes)]` on by default
[INFO] [stdout] help: use `'_` for type paths
[INFO] [stdout]     |
[INFO] [stdout] 206 |     pub fn iter(&self) -> Iter<'_, String> {
[INFO] [stdout]     |                                +++
[INFO] [stdout] 
[INFO] [stdout] 
[INFO] [stdout] warning: hiding a lifetime that's elided elsewhere is confusing
[INFO] [stdout]    --> src/args.rs:211:21
[INFO] [stdout]     |
[INFO] [stdout] 211 |     pub fn iter_opt(&self) -> MapIter<String, String> {
[INFO] [stdout]     |                     ^^^^^     ^^^^^^^^^^^^^^^^^^^^^^^ the same lifetime is hidden here
[INFO] [stdout]     |                     |
[INFO] [stdout]     |                     the lifetime is elided here
[INFO] [stdout]     |
[INFO] [stdout]     = help: the same lifetime is referred to in inconsistent ways, making the signature confusing
[INFO] [stdout] help: use `'_` for type paths
[INFO] [stdout]     |
[INFO] [stdout] 211 |     pub fn iter_opt(&self) -> MapIter<'_, String, String> {
[INFO] [stdout]     |                                       +++
[INFO] [stdout] 
[INFO] [stdout] 
[INFO] [stdout] warning: hiding a lifetime that's elided elsewhere is confusing
[INFO] [stdout]    --> src/args.rs:216:21
[INFO] [stdout]     |
[INFO] [stdout] 216 |     pub fn iter_mut(&mut self) -> IterMut<String> {
[INFO] [stdout]     |                     ^^^^^^^^^     ^^^^^^^^^^^^^^^ the same lifetime is hidden here
[INFO] [stdout]     |                     |
[INFO] [stdout]     |                     the lifetime is elided here
[INFO] [stdout]     |
[INFO] [stdout]     = help: the same lifetime is referred to in inconsistent ways, making the signature confusing
[INFO] [stdout] help: use `'_` for type paths
[INFO] [stdout]     |
[INFO] [stdout] 216 |     pub fn iter_mut(&mut self) -> IterMut<'_, String> {
[INFO] [stdout]     |                                           +++
[INFO] [stdout] 
[INFO] [stdout] 
[INFO] [stdout] warning: hiding a lifetime that's elided elsewhere is confusing
[INFO] [stdout]    --> src/args.rs:221:25
[INFO] [stdout]     |
[INFO] [stdout] 221 |     pub fn iter_mut_opt(&mut self) -> MapIterMut<String, String> {
[INFO] [stdout]     |                         ^^^^^^^^^     ^^^^^^^^^^^^^^^^^^^^^^^^^^ the same lifetime is hidden here
[INFO] [stdout]     |                         |
[INFO] [stdout]     |                         the lifetime is elided here
[INFO] [stdout]     |
[INFO] [stdout]     = help: the same lifetime is referred to in inconsistent ways, making the signature confusing
[INFO] [stdout] help: use `'_` for type paths
[INFO] [stdout]     |
[INFO] [stdout] 221 |     pub fn iter_mut_opt(&mut self) -> MapIterMut<'_, String, String> {
[INFO] [stdout]     |                                                  +++
[INFO] [stdout] 
[INFO] [stdout] 
[INFO] [stdout] warning: hiding a lifetime that's elided elsewhere is confusing
[INFO] [stdout]    --> src/args.rs:206:17
[INFO] [stdout]     |
[INFO] [stdout] 206 |     pub fn iter(&self) -> Iter<String> {
[INFO] [stdout]     |                 ^^^^^     ^^^^^^^^^^^^ the same lifetime is hidden here
[INFO] [stdout]     |                 |
[INFO] [stdout]     |                 the lifetime is elided here
[INFO] [stdout]     |
[INFO] [stdout]     = help: the same lifetime is referred to in inconsistent ways, making the signature confusing
[INFO] [stdout]     = note: `#[warn(mismatched_lifetime_syntaxes)]` on by default
[INFO] [stdout] help: use `'_` for type paths
[INFO] [stdout]     |
[INFO] [stdout] 206 |     pub fn iter(&self) -> Iter<'_, String> {
[INFO] [stdout]     |                                +++
[INFO] [stdout] 
[INFO] [stdout] 
[INFO] [stdout] warning: hiding a lifetime that's elided elsewhere is confusing
[INFO] [stdout]    --> src/args.rs:211:21
[INFO] [stdout]     |
[INFO] [stdout] 211 |     pub fn iter_opt(&self) -> MapIter<String, String> {
[INFO] [stdout]     |                     ^^^^^     ^^^^^^^^^^^^^^^^^^^^^^^ the same lifetime is hidden here
[INFO] [stdout]     |                     |
[INFO] [stdout]     |                     the lifetime is elided here
[INFO] [stdout]     |
[INFO] [stdout]     = help: the same lifetime is referred to in inconsistent ways, making the signature confusing
[INFO] [stdout] help: use `'_` for type paths
[INFO] [stdout]     |
[INFO] [stdout] 211 |     pub fn iter_opt(&self) -> MapIter<'_, String, String> {
[INFO] [stdout]     |                                       +++
[INFO] [stdout] 
[INFO] [stdout] 
[INFO] [stdout] warning: hiding a lifetime that's elided elsewhere is confusing
[INFO] [stdout]    --> src/args.rs:216:21
[INFO] [stdout]     |
[INFO] [stdout] 216 |     pub fn iter_mut(&mut self) -> IterMut<String> {
[INFO] [stdout]     |                     ^^^^^^^^^     ^^^^^^^^^^^^^^^ the same lifetime is hidden here
[INFO] [stdout]     |                     |
[INFO] [stdout]     |                     the lifetime is elided here
[INFO] [stdout]     |
[INFO] [stdout]     = help: the same lifetime is referred to in inconsistent ways, making the signature confusing
[INFO] [stdout] help: use `'_` for type paths
[INFO] [stdout]     |
[INFO] [stdout] 216 |     pub fn iter_mut(&mut self) -> IterMut<'_, String> {
[INFO] [stdout]     |                                           +++
[INFO] [stdout] 
[INFO] [stdout] 
[INFO] [stdout] warning: hiding a lifetime that's elided elsewhere is confusing
[INFO] [stdout]    --> src/args.rs:221:25
[INFO] [stdout]     |
[INFO] [stdout] 221 |     pub fn iter_mut_opt(&mut self) -> MapIterMut<String, String> {
[INFO] [stdout]     |                         ^^^^^^^^^     ^^^^^^^^^^^^^^^^^^^^^^^^^^ the same lifetime is hidden here
[INFO] [stdout]     |                         |
[INFO] [stdout]     |                         the lifetime is elided here
[INFO] [stdout]     |
[INFO] [stdout]     = help: the same lifetime is referred to in inconsistent ways, making the signature confusing
[INFO] [stdout] help: use `'_` for type paths
[INFO] [stdout]     |
[INFO] [stdout] 221 |     pub fn iter_mut_opt(&mut self) -> MapIterMut<'_, String, String> {
[INFO] [stdout]     |                                                  +++
[INFO] [stdout] 
[INFO] [stdout] 
[INFO] [stderr]     Finished `release` profile [optimized] target(s) in 2.01s
[INFO] running `Command { std: "docker" "inspect" "d112edafe181c72b3e5d5b425a721d3ad1904d1f0cc2d3c20dfd63fb4fbea1fa", kill_on_drop: false }`
[INFO] running `Command { std: "docker" "exec" "-e" "SOURCE_DIR=/opt/rustwide/workdir" "-e" "CARGO_HOME=/opt/rustwide/cargo-home" "-e" "RUSTUP_HOME=/opt/rustwide/rustup-home" "-e" "CARGO_TARGET_DIR=/opt/rustwide/target" "-e" "CARGO_INCREMENTAL=0" "-e" "RUST_BACKTRACE=full" "-e" "RUSTFLAGS=--cap-lints=warn" "-e" "RUSTDOCFLAGS=--cap-lints=warn" "-w" "/opt/rustwide/workdir" "--user" "0:0" "d112edafe181c72b3e5d5b425a721d3ad1904d1f0cc2d3c20dfd63fb4fbea1fa" "/opt/rustwide/cargo-home/bin/cargo" "+1.100.0-beta.1" "test" "--frozen" "--release", kill_on_drop: false }`
[INFO] [stderr] warning: hiding a lifetime that's elided elsewhere is confusing
[INFO] [stderr]    --> src/args.rs:206:17
[INFO] [stderr]     |
[INFO] [stderr] 206 |     pub fn iter(&self) -> Iter<String> {
[INFO] [stderr]     |                 ^^^^^     ^^^^^^^^^^^^ the same lifetime is hidden here
[INFO] [stderr]     |                 |
[INFO] [stderr]     |                 the lifetime is elided here
[INFO] [stderr]     |
[INFO] [stderr]     = help: the same lifetime is referred to in inconsistent ways, making the signature confusing
[INFO] [stderr]     = note: `#[warn(mismatched_lifetime_syntaxes)]` on by default
[INFO] [stderr] help: use `'_` for type paths
[INFO] [stderr]     |
[INFO] [stderr] 206 |     pub fn iter(&self) -> Iter<'_, String> {
[INFO] [stderr]     |                                +++
[INFO] [stderr] 
[INFO] [stderr] warning: hiding a lifetime that's elided elsewhere is confusing
[INFO] [stderr]    --> src/args.rs:211:21
[INFO] [stderr]     |
[INFO] [stderr] 211 |     pub fn iter_opt(&self) -> MapIter<String, String> {
[INFO] [stderr]     |                     ^^^^^     ^^^^^^^^^^^^^^^^^^^^^^^ the same lifetime is hidden here
[INFO] [stderr]     |                     |
[INFO] [stderr]     |                     the lifetime is elided here
[INFO] [stderr]     |
[INFO] [stderr]     = help: the same lifetime is referred to in inconsistent ways, making the signature confusing
[INFO] [stderr] help: use `'_` for type paths
[INFO] [stderr]     |
[INFO] [stderr] 211 |     pub fn iter_opt(&self) -> MapIter<'_, String, String> {
[INFO] [stderr]     |                                       +++
[INFO] [stderr] 
[INFO] [stderr] warning: hiding a lifetime that's elided elsewhere is confusing
[INFO] [stderr]    --> src/args.rs:216:21
[INFO] [stderr]     |
[INFO] [stderr] 216 |     pub fn iter_mut(&mut self) -> IterMut<String> {
[INFO] [stderr]     |                     ^^^^^^^^^     ^^^^^^^^^^^^^^^ the same lifetime is hidden here
[INFO] [stderr]     |                     |
[INFO] [stderr]     |                     the lifetime is elided here
[INFO] [stderr]     |
[INFO] [stderr]     = help: the same lifetime is referred to in inconsistent ways, making the signature confusing
[INFO] [stderr] help: use `'_` for type paths
[INFO] [stderr]     |
[INFO] [stderr] 216 |     pub fn iter_mut(&mut self) -> IterMut<'_, String> {
[INFO] [stderr]     |                                           +++
[INFO] [stderr] 
[INFO] [stderr] warning: hiding a lifetime that's elided elsewhere is confusing
[INFO] [stderr]    --> src/args.rs:221:25
[INFO] [stderr]     |
[INFO] [stderr] 221 |     pub fn iter_mut_opt(&mut self) -> MapIterMut<String, String> {
[INFO] [stderr]     |                         ^^^^^^^^^     ^^^^^^^^^^^^^^^^^^^^^^^^^^ the same lifetime is hidden here
[INFO] [stderr]     |                         |
[INFO] [stderr]     |                         the lifetime is elided here
[INFO] [stderr]     |
[INFO] [stderr]     = help: the same lifetime is referred to in inconsistent ways, making the signature confusing
[INFO] [stderr] help: use `'_` for type paths
[INFO] [stderr]     |
[INFO] [stderr] 221 |     pub fn iter_mut_opt(&mut self) -> MapIterMut<'_, String, String> {
[INFO] [stderr]     |                                                  +++
[INFO] [stderr] 
[INFO] [stderr] warning: `icicle` (lib) generated 4 warnings (run `cargo fix --lib -p icicle` to apply 4 suggestions)
[INFO] [stderr] warning: `icicle` (lib test) generated 4 warnings (4 duplicates)
[INFO] [stderr]     Finished `release` profile [optimized] target(s) in 0.03s
[INFO] [stderr]      Running unittests src/lib.rs (/opt/rustwide/target/release/build/icicle/c1042af2a217f12f/out/icicle-c1042af2a217f12f)
[INFO] [stdout] 
[INFO] [stdout] running 20 tests
[INFO] [stdout] test tests::test_add_option_and_argument ... ok
[INFO] [stdout] test tests::test_add_subcommand ... ok
[INFO] [stdout] test tests::test_args_get_or_methods ... ok
[INFO] [stdout] test tests::test_add_alias ... ok
[INFO] [stdout] test tests::test_command_alias ... ok
[INFO] [stdout] test tests::test_args_parse_short_option ... FAILED
[INFO] [stdout] test tests::test_at_and_out_of_bounds ... ok
[INFO] [stdout] test tests::test_args_range ... ok
[INFO] [stdout] test tests::test_add_optional_option_and_argument ... ok
[INFO] [stdout] test tests::test_command_creation ... ok
[INFO] [stdout] test tests::test_generate_help_sections ... ok
[INFO] [stdout] test tests::test_generate_usage ... ok
[INFO] [stdout] test tests::test_parse_long_option ... ok
[INFO] [stdout] test tests::test_get_or_and_has_or ... ok
[INFO] [stdout] test tests::test_positional_arguments ... ok
[INFO] [stdout] test tests::test_has_and_get ... FAILED
[INFO] [stdout] test tests::test_parse_short_option ... FAILED
[INFO] [stdout] test tests::test_args_parse_long_option ... ok
[INFO] [stdout] test tests::test_args_positional_arguments ... ok
[INFO] [stderr] error: test failed, to rerun pass `--lib`
[INFO] [stdout] test tests::test_range_and_iter ... ok
[INFO] [stdout] 
[INFO] [stdout] failures:
[INFO] [stdout] 
[INFO] [stdout] ---- tests::test_args_parse_short_option stdout ----
[INFO] [stdout] 
[INFO] [stdout] thread 'tests::test_args_parse_short_option' (199) panicked at src/tests.rs:212:5:
[INFO] [stdout] assertion failed: args.has("f")
[INFO] [stdout] stack backtrace:
[INFO] [stdout]    0:     0x627ad3c920a1 - <<std[617be2ca0a6fd877]::sys::backtrace::BacktraceLock>::print::DisplayBacktrace as core[a373ad73a504971]::fmt::Display>::fmt
[INFO] [stdout]    1:     0x627ad3ca5fca - core[a373ad73a504971]::fmt::write
[INFO] [stdout]    2:     0x627ad3c962bc - <alloc[2e1b2a31b91974c5]::vec::Vec<u8> as core[a373ad73a504971]::io::write::Write>::write_fmt
[INFO] [stdout]    3:     0x627ad3c6e506 - std[617be2ca0a6fd877]::panicking::default_hook::{closure#0}
[INFO] [stdout]    4:     0x627ad3c8a739 - std[617be2ca0a6fd877]::panicking::default_hook
[INFO] [stdout]    5:     0x627ad3c26de0 - test[aada8e7e76ba119b]::test_main_inner::{closure#0}
[INFO] [stdout]    6:     0x627ad3c8a8f2 - std[617be2ca0a6fd877]::panicking::panic_with_hook
[INFO] [stdout]    7:     0x627ad3c6e5e4 - std[617be2ca0a6fd877]::panicking::panic_handler::{closure#0}
[INFO] [stdout]    8:     0x627ad3c672c9 - std[617be2ca0a6fd877]::sys::backtrace::__rust_end_short_backtrace::<std[617be2ca0a6fd877]::panicking::panic_handler::{closure#0}, !>
[INFO] [stdout]    9:     0x627ad3c6f1bd - __rustc[ea4f61d10b84890b]::rust_begin_unwind
[INFO] [stdout]   10:     0x627ad3ca66fc - core[a373ad73a504971]::panicking::panic_fmt
[INFO] [stdout]   11:     0x627ad3ca66c2 - core[a373ad73a504971]::panicking::panic
[INFO] [stdout]   12:     0x627ad3c12111 - <icicle[3d200afd957f50e]::tests::test_args_parse_short_option::{closure#0} as core[a373ad73a504971]::ops::function::FnOnce<()>>::call_once
[INFO] [stdout]   13:     0x627ad3c1a22b - test[aada8e7e76ba119b]::__rust_begin_short_backtrace::<core[a373ad73a504971]::result::Result<(), alloc[2e1b2a31b91974c5]::string::String>, fn() -> core[a373ad73a504971]::result::Result<(), alloc[2e1b2a31b91974c5]::string::String>>
[INFO] [stdout]   14:     0x627ad3c27405 - test[aada8e7e76ba119b]::run_test::{closure#0}
[INFO] [stdout]   15:     0x627ad3c20cf4 - std[617be2ca0a6fd877]::sys::backtrace::__rust_begin_short_backtrace::<test[aada8e7e76ba119b]::run_test::{closure#1}, ()>
[INFO] [stdout]   16:     0x627ad3c2a492 - <std[617be2ca0a6fd877]::thread::lifecycle::spawn_unchecked<test[aada8e7e76ba119b]::run_test::{closure#1}, ()>::{closure#1} as core[a373ad73a504971]::ops::function::FnOnce<()>>::call_once::{shim:vtable#0}
[INFO] [stdout]   17:     0x627ad3c918ff - <std[617be2ca0a6fd877]::sys::thread::unix::Thread>::new::thread_start
[INFO] [stdout]   18:     0x753db9e78dfa - <unknown>
[INFO] [stdout]   19:     0x753db9f0c3d4 - clone
[INFO] [stdout]   20:                0x0 - <unknown>
[INFO] [stdout] 
[INFO] [stdout] ---- tests::test_has_and_get stdout ----
[INFO] [stdout] 
[INFO] [stdout] thread 'tests::test_has_and_get' (208) panicked at src/tests.rs:73:5:
[INFO] [stdout] assertion failed: parsed.has("d")
[INFO] [stdout] stack backtrace:
[INFO] [stdout]    0:     0x627ad3c920a1 - <<std[617be2ca0a6fd877]::sys::backtrace::BacktraceLock>::print::DisplayBacktrace as core[a373ad73a504971]::fmt::Display>::fmt
[INFO] [stdout]    1:     0x627ad3ca5fca - core[a373ad73a504971]::fmt::write
[INFO] [stdout]    2:     0x627ad3c962bc - <alloc[2e1b2a31b91974c5]::vec::Vec<u8> as core[a373ad73a504971]::io::write::Write>::write_fmt
[INFO] [stdout]    3:     0x627ad3c6e506 - std[617be2ca0a6fd877]::panicking::default_hook::{closure#0}
[INFO] [stdout]    4:     0x627ad3c8a739 - std[617be2ca0a6fd877]::panicking::default_hook
[INFO] [stdout]    5:     0x627ad3c26de0 - test[aada8e7e76ba119b]::test_main_inner::{closure#0}
[INFO] [stdout]    6:     0x627ad3c8a8f2 - std[617be2ca0a6fd877]::panicking::panic_with_hook
[INFO] [stdout]    7:     0x627ad3c6e5e4 - std[617be2ca0a6fd877]::panicking::panic_handler::{closure#0}
[INFO] [stdout]    8:     0x627ad3c672c9 - std[617be2ca0a6fd877]::sys::backtrace::__rust_end_short_backtrace::<std[617be2ca0a6fd877]::panicking::panic_handler::{closure#0}, !>
[INFO] [stdout]    9:     0x627ad3c6f1bd - __rustc[ea4f61d10b84890b]::rust_begin_unwind
[INFO] [stdout]   10:     0x627ad3ca66fc - core[a373ad73a504971]::panicking::panic_fmt
[INFO] [stdout]   11:     0x627ad3ca66c2 - core[a373ad73a504971]::panicking::panic
[INFO] [stdout]   12:     0x627ad3c0ec7e - <icicle[3d200afd957f50e]::tests::test_has_and_get::{closure#0} as core[a373ad73a504971]::ops::function::FnOnce<()>>::call_once
[INFO] [stdout]   13:     0x627ad3c1a22b - test[aada8e7e76ba119b]::__rust_begin_short_backtrace::<core[a373ad73a504971]::result::Result<(), alloc[2e1b2a31b91974c5]::string::String>, fn() -> core[a373ad73a504971]::result::Result<(), alloc[2e1b2a31b91974c5]::string::String>>
[INFO] [stdout]   14:     0x627ad3c27405 - test[aada8e7e76ba119b]::run_test::{closure#0}
[INFO] [stdout]   15:     0x627ad3c20cf4 - std[617be2ca0a6fd877]::sys::backtrace::__rust_begin_short_backtrace::<test[aada8e7e76ba119b]::run_test::{closure#1}, ()>
[INFO] [stdout]   16:     0x627ad3c2a492 - <std[617be2ca0a6fd877]::thread::lifecycle::spawn_unchecked<test[aada8e7e76ba119b]::run_test::{closure#1}, ()>::{closure#1} as core[a373ad73a504971]::ops::function::FnOnce<()>>::call_once::{shim:vtable#0}
[INFO] [stdout]   17:     0x627ad3c918ff - <std[617be2ca0a6fd877]::sys::thread::unix::Thread>::new::thread_start
[INFO] [stdout]   18:     0x753db9e78dfa - <unknown>
[INFO] [stdout]   19:     0x753db9f0c3d4 - clone
[INFO] [stdout]   20:                0x0 - <unknown>
[INFO] [stdout] 
[INFO] [stdout] ---- tests::test_parse_short_option stdout ----
[INFO] [stdout] 
[INFO] [stdout] thread 'tests::test_parse_short_option' (210) panicked at src/tests.rs:39:39:
[INFO] [stdout] called `Option::unwrap()` on a `None` value
[INFO] [stdout] stack backtrace:
[INFO] [stdout]    0:     0x627ad3c920a1 - <<std[617be2ca0a6fd877]::sys::backtrace::BacktraceLock>::print::DisplayBacktrace as core[a373ad73a504971]::fmt::Display>::fmt
[INFO] [stdout]    1:     0x627ad3ca5fca - core[a373ad73a504971]::fmt::write
[INFO] [stdout]    2:     0x627ad3c962bc - <alloc[2e1b2a31b91974c5]::vec::Vec<u8> as core[a373ad73a504971]::io::write::Write>::write_fmt
[INFO] [stdout]    3:     0x627ad3c6e506 - std[617be2ca0a6fd877]::panicking::default_hook::{closure#0}
[INFO] [stdout]    4:     0x627ad3c8a739 - std[617be2ca0a6fd877]::panicking::default_hook
[INFO] [stdout]    5:     0x627ad3c26de0 - test[aada8e7e76ba119b]::test_main_inner::{closure#0}
[INFO] [stdout]    6:     0x627ad3c8a8f2 - std[617be2ca0a6fd877]::panicking::panic_with_hook
[INFO] [stdout]    7:     0x627ad3c6e5e4 - std[617be2ca0a6fd877]::panicking::panic_handler::{closure#0}
[INFO] [stdout]    8:     0x627ad3c672c9 - std[617be2ca0a6fd877]::sys::backtrace::__rust_end_short_backtrace::<std[617be2ca0a6fd877]::panicking::panic_handler::{closure#0}, !>
[INFO] [stdout]    9:     0x627ad3c6f1bd - __rustc[ea4f61d10b84890b]::rust_begin_unwind
[INFO] [stdout]   10:     0x627ad3ca66fc - core[a373ad73a504971]::panicking::panic_fmt
[INFO] [stdout]   11:     0x627ad3ca66c2 - core[a373ad73a504971]::panicking::panic
[INFO] [stdout]   12:     0x627ad3ca6479 - core[a373ad73a504971]::option::unwrap_failed
[INFO] [stdout]   13:     0x627ad3c10862 - <icicle[3d200afd957f50e]::tests::test_parse_short_option::{closure#0} as core[a373ad73a504971]::ops::function::FnOnce<()>>::call_once
[INFO] [stdout]   14:     0x627ad3c1a22b - test[aada8e7e76ba119b]::__rust_begin_short_backtrace::<core[a373ad73a504971]::result::Result<(), alloc[2e1b2a31b91974c5]::string::String>, fn() -> core[a373ad73a504971]::result::Result<(), alloc[2e1b2a31b91974c5]::string::String>>
[INFO] [stdout]   15:     0x627ad3c27405 - test[aada8e7e76ba119b]::run_test::{closure#0}
[INFO] [stdout]   16:     0x627ad3c20cf4 - std[617be2ca0a6fd877]::sys::backtrace::__rust_begin_short_backtrace::<test[aada8e7e76ba119b]::run_test::{closure#1}, ()>
[INFO] [stdout]   17:     0x627ad3c2a492 - <std[617be2ca0a6fd877]::thread::lifecycle::spawn_unchecked<test[aada8e7e76ba119b]::run_test::{closure#1}, ()>::{closure#1} as core[a373ad73a504971]::ops::function::FnOnce<()>>::call_once::{shim:vtable#0}
[INFO] [stdout]   18:     0x627ad3c918ff - <std[617be2ca0a6fd877]::sys::thread::unix::Thread>::new::thread_start
[INFO] [stdout]   19:     0x753db9e78dfa - <unknown>
[INFO] [stdout]   20:     0x753db9f0c3d4 - clone
[INFO] [stdout]   21:                0x0 - <unknown>
[INFO] [stdout] 
[INFO] [stdout] 
[INFO] [stdout] failures:
[INFO] [stdout]     tests::test_args_parse_short_option
[INFO] [stdout]     tests::test_has_and_get
[INFO] [stdout]     tests::test_parse_short_option
[INFO] [stdout] 
[INFO] [stdout] test result: FAILED. 17 passed; 3 failed; 0 ignored; 0 measured; 0 filtered out; finished in 0.01s
[INFO] [stdout] 
[INFO] running `Command { std: "docker" "inspect" "d112edafe181c72b3e5d5b425a721d3ad1904d1f0cc2d3c20dfd63fb4fbea1fa", kill_on_drop: false }`
[INFO] running `Command { std: "docker" "rm" "-f" "d112edafe181c72b3e5d5b425a721d3ad1904d1f0cc2d3c20dfd63fb4fbea1fa", kill_on_drop: false }`
[INFO] [stdout] d112edafe181c72b3e5d5b425a721d3ad1904d1f0cc2d3c20dfd63fb4fbea1fa
