[INFO] fetching crate iceoryx2-ffi 0.4.1...
[INFO] testing iceoryx2-ffi-0.4.1 against 1.100.0-beta.1+cargoflags=--release for beta-release-1.100-2
[INFO] extracting crate iceoryx2-ffi 0.4.1 into /workspace/builds/worker-2-tc2/source
[INFO] started tweaking crates.io crate iceoryx2-ffi 0.4.1
[INFO] finished tweaking crates.io crate iceoryx2-ffi 0.4.1
[INFO] tweaked toml for crates.io crate iceoryx2-ffi 0.4.1 written to /workspace/builds/worker-2-tc2/source/Cargo.toml
[INFO] validating manifest of crates.io crate iceoryx2-ffi 0.4.1 on toolchain 1.100.0-beta.1
[INFO] running `Command { std: CARGO_HOME="/workspace/cargo-home" RUSTUP_HOME="/workspace/rustup-home" "/workspace/cargo-home/bin/cargo" "+1.100.0-beta.1" "metadata" "--manifest-path" "Cargo.toml" "--no-deps", kill_on_drop: false }`
[INFO] running `Command { std: CARGO_HOME="/workspace/cargo-home" RUSTUP_HOME="/workspace/rustup-home" "/workspace/cargo-home/bin/cargo" "+1.100.0-beta.1" "generate-lockfile" "--manifest-path" "Cargo.toml", kill_on_drop: false }`
[INFO] [stderr]     Updating crates.io index
[INFO] [stderr]     Blocking waiting for file lock on package cache
[INFO] [stderr]      Locking 130 packages to highest compatible versions
[INFO] [stderr]       Adding cbindgen v0.26.0 (available: v0.29.4)
[INFO] [stderr]       Adding iceoryx2 v0.4.1 (available: v0.10.0)
[INFO] [stderr]       Adding iceoryx2-bb-container v0.4.1 (available: v0.10.0)
[INFO] [stderr]       Adding iceoryx2-bb-elementary v0.4.1 (available: v0.10.0)
[INFO] [stderr]       Adding iceoryx2-bb-log v0.4.1 (available: v0.7.0)
[INFO] [stderr]       Adding iceoryx2-bb-system-types v0.4.1 (available: v0.10.0)
[INFO] [stderr]       Adding iceoryx2-bb-testing v0.4.1 (available: v0.10.0)
[INFO] [stderr]       Adding iceoryx2-cal v0.4.1 (available: v0.10.0)
[INFO] [stderr]       Adding iceoryx2-ffi-macros v0.4.1 (available: v0.5.0)
[INFO] running `Command { std: CARGO_HOME="/workspace/cargo-home" RUSTUP_HOME="/workspace/rustup-home" "/workspace/cargo-home/bin/cargo" "+1.100.0-beta.1" "fetch" "--manifest-path" "Cargo.toml", kill_on_drop: false }`
[INFO] [stderr]     Blocking waiting for file lock on package cache
[INFO] running `Command { std: "docker" "create" "-v" "/var/lib/crater-agent-workspace/builds/worker-2-tc2/source:/opt/rustwide/workdir:ro,Z" "-v" "/var/lib/crater-agent-workspace/builds/worker-2-tc2/target:/opt/rustwide/target:rw,Z" "-v" "/var/lib/crater-agent-workspace/cargo-home:/opt/rustwide/cargo-home:ro,Z" "-v" "/var/lib/crater-agent-workspace/rustup-home:/opt/rustwide/rustup-home:ro,Z" "-m" "1610612736" "--network" "none" "ghcr.io/rust-lang/crates-build-env/linux@sha256:77db811e55d90add9212f6832c23229e3de5f1c1f9905e8cb07319ea15df73ac" "sleep" "infinity", kill_on_drop: false }`
[INFO] [stdout] 6b66d08995fdd86e69baf6b1c6968681ab6c7eaf4f78425d81ed0401737f2bc9
[INFO] running `Command { std: "docker" "start" "6b66d08995fdd86e69baf6b1c6968681ab6c7eaf4f78425d81ed0401737f2bc9", kill_on_drop: false }`
[INFO] running `Command { std: "docker" "inspect" "6b66d08995fdd86e69baf6b1c6968681ab6c7eaf4f78425d81ed0401737f2bc9", kill_on_drop: false }`
[INFO] running `Command { std: "docker" "exec" "-e" "SOURCE_DIR=/opt/rustwide/workdir" "-e" "CARGO_HOME=/opt/rustwide/cargo-home" "-e" "RUSTUP_HOME=/opt/rustwide/rustup-home" "-e" "CARGO_TARGET_DIR=/opt/rustwide/target" "-w" "/opt/rustwide/workdir" "--user" "0:0" "6b66d08995fdd86e69baf6b1c6968681ab6c7eaf4f78425d81ed0401737f2bc9" "/opt/rustwide/cargo-home/bin/cargo" "+1.100.0-beta.1" "metadata" "--no-deps" "--format-version=1", kill_on_drop: false }`
[INFO] running `Command { std: "docker" "inspect" "6b66d08995fdd86e69baf6b1c6968681ab6c7eaf4f78425d81ed0401737f2bc9", kill_on_drop: false }`
[INFO] running `Command { std: "docker" "exec" "-e" "SOURCE_DIR=/opt/rustwide/workdir" "-e" "CARGO_HOME=/opt/rustwide/cargo-home" "-e" "RUSTUP_HOME=/opt/rustwide/rustup-home" "-e" "CARGO_TARGET_DIR=/opt/rustwide/target" "-e" "CARGO_INCREMENTAL=0" "-e" "RUST_BACKTRACE=full" "-e" "RUSTFLAGS=--cap-lints=warn" "-e" "RUSTDOCFLAGS=--cap-lints=warn" "-w" "/opt/rustwide/workdir" "--user" "0:0" "6b66d08995fdd86e69baf6b1c6968681ab6c7eaf4f78425d81ed0401737f2bc9" "/opt/rustwide/cargo-home/bin/cargo" "+1.100.0-beta.1" "build" "--frozen" "--message-format=json" "--release", kill_on_drop: false }`
[INFO] [stderr]    Compiling bitflags v2.13.2
[INFO] [stderr]    Compiling rustix v0.38.44
[INFO] [stderr]    Compiling either v1.19.0
[INFO] [stderr]    Compiling iceoryx2-pal-concurrency-sync v0.4.1
[INFO] [stderr]    Compiling libc v0.2.191
[INFO] [stderr]    Compiling clang-sys v1.9.1
[INFO] [stderr]    Compiling linux-raw-sys v0.4.15
[INFO] [stderr]    Compiling libloading v0.8.9
[INFO] [stderr]    Compiling home v0.5.12
[INFO] [stderr]    Compiling bindgen v0.69.5
[INFO] [stderr]    Compiling syn v3.0.9
[INFO] [stderr]    Compiling termsize v0.1.9
[INFO] [stderr]    Compiling lazycell v1.3.0
[INFO] [stderr]    Compiling prettyplease v0.2.37
[INFO] [stderr]    Compiling rustc-hash v1.1.0
[INFO] [stderr]    Compiling iceoryx2-pal-configuration v0.4.1
[INFO] [stderr]    Compiling serde_core v1.0.229
[INFO] [stderr]    Compiling iceoryx2-bb-elementary v0.4.1
[INFO] [stderr]    Compiling indexmap v1.9.3
[INFO] [stderr]    Compiling iceoryx2-bb-log v0.4.1
[INFO] [stderr]    Compiling enum-iterator-derive v1.5.0
[INFO] [stderr]    Compiling tiny-fn v0.1.9
[INFO] [stderr]    Compiling getrandom v0.4.3
[INFO] [stderr]    Compiling rustix v1.1.5
[INFO] [stderr]    Compiling serde v1.0.229
[INFO] [stderr]    Compiling itertools v0.12.1
[INFO] [stderr]    Compiling syn v1.0.109
[INFO] [stderr]    Compiling linux-raw-sys v0.12.1
[INFO] [stderr]    Compiling os_str_bytes v6.6.1
[INFO] [stderr]    Compiling once_cell v1.21.4
[INFO] [stderr]    Compiling bitflags v1.3.2
[INFO] [stderr]    Compiling cbindgen v0.26.0
[INFO] [stderr]    Compiling iceoryx2-bb-derive-macros v0.4.1
[INFO] [stderr]    Compiling textwrap v0.16.4
[INFO] [stderr]    Compiling clap_lex v0.2.4
[INFO] [stderr]    Compiling fastrand v2.5.0
[INFO] [stderr]    Compiling iceoryx2-bb-lock-free v0.4.1
[INFO] [stderr]    Compiling aliasable v0.1.3
[INFO] [stderr]    Compiling iceoryx2-bb-testing v0.4.1
[INFO] [stderr]    Compiling ouroboros v0.18.5
[INFO] [stderr]    Compiling sha1_smol v1.0.1
[INFO] [stderr]    Compiling iceoryx2-ffi-macros v0.4.1
[INFO] [stderr]    Compiling enum-iterator v2.3.0
[INFO] [stderr]    Compiling atty v0.2.14
[INFO] [stderr]    Compiling clap v3.2.25
[INFO] [stderr]    Compiling serde_derive v1.0.229
[INFO] [stderr]    Compiling serde_json v1.0.154
[INFO] [stderr]    Compiling tempfile v3.27.0
[INFO] [stderr]    Compiling which v4.4.2
[INFO] [stderr]    Compiling toml v0.5.11
[INFO] [stderr]    Compiling iceoryx2-bb-container v0.4.1
[INFO] [stderr]    Compiling serde_spanned v0.6.9
[INFO] [stderr]    Compiling toml_datetime v0.6.11
[INFO] [stderr]    Compiling cdr v0.2.4
[INFO] [stderr]    Compiling toml_edit v0.22.27
[INFO] [stderr]    Compiling iceoryx2-bb-system-types v0.4.1
[INFO] [stderr]    Compiling iceoryx2-pal-posix v0.4.1
[INFO] [stderr]    Compiling toml v0.8.23
[INFO] [stderr]    Compiling iceoryx2-ffi v0.4.1 (/opt/rustwide/workdir)
[INFO] [stderr]    Compiling iceoryx2-bb-posix v0.4.1
[INFO] [stderr]    Compiling iceoryx2-bb-threadsafe v0.4.1
[INFO] [stderr]    Compiling iceoryx2-bb-memory v0.4.1
[INFO] [stderr]    Compiling iceoryx2-cal v0.4.1
[INFO] [stderr]    Compiling iceoryx2 v0.4.1
[INFO] [stderr]     Finished `release` profile [optimized] target(s) in 33.77s
[INFO] running `Command { std: "docker" "inspect" "6b66d08995fdd86e69baf6b1c6968681ab6c7eaf4f78425d81ed0401737f2bc9", kill_on_drop: false }`
[INFO] running `Command { std: "docker" "exec" "-e" "SOURCE_DIR=/opt/rustwide/workdir" "-e" "CARGO_HOME=/opt/rustwide/cargo-home" "-e" "RUSTUP_HOME=/opt/rustwide/rustup-home" "-e" "CARGO_TARGET_DIR=/opt/rustwide/target" "-e" "CARGO_INCREMENTAL=0" "-e" "RUST_BACKTRACE=full" "-e" "RUSTFLAGS=--cap-lints=warn" "-e" "RUSTDOCFLAGS=--cap-lints=warn" "-w" "/opt/rustwide/workdir" "--user" "0:0" "6b66d08995fdd86e69baf6b1c6968681ab6c7eaf4f78425d81ed0401737f2bc9" "/opt/rustwide/cargo-home/bin/cargo" "+1.100.0-beta.1" "test" "--frozen" "--no-run" "--message-format=json" "--release", kill_on_drop: false }`
[INFO] [stderr]    Compiling syn v2.0.119
[INFO] [stderr]    Compiling prettyplease v0.2.37
[INFO] [stderr]    Compiling proc-macro2-diagnostics v0.10.1
[INFO] [stderr]    Compiling iceoryx2-bb-derive-macros v0.4.1
[INFO] [stderr]    Compiling enum-iterator-derive v1.5.0
[INFO] [stderr]    Compiling ouroboros_macro v0.18.5
[INFO] [stderr]    Compiling iceoryx2-ffi-macros v0.4.1
[INFO] [stderr]    Compiling generic-tests v0.1.3
[INFO] [stderr]    Compiling bindgen v0.69.5
[INFO] [stderr]    Compiling iceoryx2-bb-container v0.4.1
[INFO] [stderr]    Compiling iceoryx2-bb-system-types v0.4.1
[INFO] [stderr]    Compiling enum-iterator v2.3.0
[INFO] [stderr]    Compiling ouroboros v0.18.5
[INFO] [stderr]    Compiling iceoryx2-pal-posix v0.4.1
[INFO] [stderr]    Compiling iceoryx2-bb-posix v0.4.1
[INFO] [stderr]    Compiling iceoryx2-bb-memory v0.4.1
[INFO] [stderr]    Compiling iceoryx2-bb-threadsafe v0.4.1
[INFO] [stderr]    Compiling iceoryx2-cal v0.4.1
[INFO] [stderr]    Compiling iceoryx2 v0.4.1
[INFO] [stderr]    Compiling iceoryx2-ffi v0.4.1 (/opt/rustwide/workdir)
[INFO] [stderr]     Finished `release` profile [optimized] target(s) in 49.58s
[INFO] running `Command { std: "docker" "inspect" "6b66d08995fdd86e69baf6b1c6968681ab6c7eaf4f78425d81ed0401737f2bc9", kill_on_drop: false }`
[INFO] running `Command { std: "docker" "exec" "-e" "SOURCE_DIR=/opt/rustwide/workdir" "-e" "CARGO_HOME=/opt/rustwide/cargo-home" "-e" "RUSTUP_HOME=/opt/rustwide/rustup-home" "-e" "CARGO_TARGET_DIR=/opt/rustwide/target" "-e" "CARGO_INCREMENTAL=0" "-e" "RUST_BACKTRACE=full" "-e" "RUSTFLAGS=--cap-lints=warn" "-e" "RUSTDOCFLAGS=--cap-lints=warn" "-w" "/opt/rustwide/workdir" "--user" "0:0" "6b66d08995fdd86e69baf6b1c6968681ab6c7eaf4f78425d81ed0401737f2bc9" "/opt/rustwide/cargo-home/bin/cargo" "+1.100.0-beta.1" "test" "--frozen" "--release", kill_on_drop: false }`
[INFO] [stderr]     Finished `release` profile [optimized] target(s) in 0.17s
[INFO] [stderr]      Running unittests src/lib.rs (/opt/rustwide/target/release/build/iceoryx2-ffi/1eff1741636b799d/out/iceoryx2_ffi-1eff1741636b799d)
[INFO] [stdout] 
[INFO] [stdout] running 44 tests
[INFO] [stdout] test api::node_builder::test_generated::assert_storage_size ... ok
[INFO] [stdout] test api::listener::test_generated::assert_storage_size ... ok
[INFO] [stdout] test api::port_factory_listener_builder::test_generated::assert_storage_size ... ok
[INFO] [stdout] test api::publish_subscribe_header::test_generated::assert_storage_size ... ok
[INFO] [stdout] test api::port_factory_event::test_generated::assert_storage_size ... ok
[INFO] [stdout] test api::sample_mut::test_generated::assert_storage_size ... ok
[INFO] [stdout] test api::notifier::test_generated::assert_storage_size ... ok
[INFO] [stdout] test api::unique_listener_id::test_generated::assert_storage_size ... ok
[INFO] [stdout] test api::node::test_generated::assert_storage_size ... ok
[INFO] [stdout] test api::config::test_generated::assert_storage_size ... ok
[INFO] [stdout] test api::port_factory_subscriber_builder::test_generated::assert_storage_size ... ok
[INFO] [stdout] test api::service_name::test_generated::assert_storage_size ... ok
[INFO] [stdout] test api::service_builder::test_generated::assert_storage_size ... ok
[INFO] [stdout] test api::port_factory_pub_sub::test_generated::assert_storage_size ... ok
[INFO] [stdout] test api::port_factory_notifier_builder::test_generated::assert_storage_size ... ok
[INFO] [stdout] test api::unique_publisher_id::test_generated::assert_storage_size ... ok
[INFO] [stdout] test api::node_name::test_generated::assert_storage_size ... ok
[INFO] [stdout] test tests::node_name_tests::basic_node_name_test ... ok
[INFO] [stdout] test api::unique_subscriber_id::test_generated::assert_storage_size ... ok
[INFO] [stdout] test tests::listener_tests::service_builder::local::basic_listener_test ... ok
[INFO] [stdout] test api::port_factory_publisher_builder::test_generated::assert_storage_size ... ok
[INFO] [stdout] test tests::node_tests::node::local::basic_node_config_test ... ok
[INFO] [stdout] test api::unique_notifier_id::test_generated::assert_storage_size ... ok
[INFO] [stdout] test tests::node_builder_tests::node_builder::ipc::basic_node_builder_api_test ... ok
[INFO] [stdout] test api::subscriber::test_generated::assert_storage_size ... ok
[INFO] [stdout] test api::publisher::test_generated::assert_storage_size ... ok
[INFO] [stdout] test api::sample::test_generated::assert_storage_size ... ok
[INFO] [stdout] test tests::node_tests::node::local::basic_node_api_test ... ok
[INFO] [stdout] test tests::node_tests::node::local::basic_node_list_test ... ok
[INFO] [stdout] test tests::node_tests::node::local::basic_node_name_test ... ok
[INFO] [stdout] test tests::iceoryx2_settings_tests::ffi_settings_are_equal_to_iceoryx2_settings ... ok
[INFO] [stdout] test tests::notifier_tests::service_builder::local::basic_notifier_test ... ok
[INFO] [stdout] test tests::notifier_tests::service_builder::ipc::basic_notifier_test ... ok
[INFO] [stdout] test tests::node_tests::node::ipc::basic_node_api_test ... ok
[INFO] [stdout] test tests::node_tests::node::ipc::basic_node_config_test ... FAILED
[INFO] [stdout] test tests::listener_tests::service_builder::ipc::basic_listener_test ... FAILED
[INFO] [stdout] test tests::node_tests::node::ipc::basic_node_name_test ... FAILED
[INFO] [stdout] test tests::node_tests::node::ipc::basic_node_list_test ... FAILED
[INFO] [stderr] error: test failed, to rerun pass `--lib`
[INFO] [stdout] test tests::node_builder_tests::node_builder::local::basic_node_builder_api_test ... ok
[INFO] [stdout] test tests::service_builder_pub_sub_tests::service_builder::local::basic_service_builder_pub_sub_test ... ok
[INFO] [stdout] test tests::service_name_tests::basic_service_name_test ... ok
[INFO] [stdout] test tests::service_builder_event_tests::service_builder::local::basic_service_builder_event_test ... ok
[INFO] [stdout] test tests::service_builder_pub_sub_tests::service_builder::ipc::basic_service_builder_pub_sub_test ... ok
[INFO] [stdout] test tests::service_builder_event_tests::service_builder::ipc::basic_service_builder_event_test ... ok
[INFO] [stdout] 
[INFO] [stdout] failures:
[INFO] [stdout] 
[INFO] [stdout] ---- tests::node_tests::node::ipc::basic_node_config_test stdout ----
[INFO] [stdout] 
[INFO] [stdout] thread 'tests::node_tests::node::ipc::basic_node_config_test' (2262) panicked at src/tests/mod.rs:69:9:
[INFO] [stdout] assertion failed: expr: ret_val == (IOX2_OK);  value: 2 == 0
[INFO] [stdout] stack backtrace:
[INFO] [stdout]    0:     0x5e38ab1917f1 - <<std[617be2ca0a6fd877]::sys::backtrace::BacktraceLock>::print::DisplayBacktrace as core[a373ad73a504971]::fmt::Display>::fmt
[INFO] [stdout]    1:     0x5e38ab1a719a - core[a373ad73a504971]::fmt::write
[INFO] [stdout]    2:     0x5e38ab195a0c - <alloc[2e1b2a31b91974c5]::vec::Vec<u8> as core[a373ad73a504971]::io::write::Write>::write_fmt
[INFO] [stdout]    3:     0x5e38ab16da46 - std[617be2ca0a6fd877]::panicking::default_hook::{closure#0}
[INFO] [stdout]    4:     0x5e38ab189c79 - std[617be2ca0a6fd877]::panicking::default_hook
[INFO] [stdout]    5:     0x5e38ab06f380 - test[aada8e7e76ba119b]::test_main_inner::{closure#0}
[INFO] [stdout]    6:     0x5e38ab189e32 - std[617be2ca0a6fd877]::panicking::panic_with_hook
[INFO] [stdout]    7:     0x5e38ab16daf2 - std[617be2ca0a6fd877]::panicking::panic_handler::{closure#0}
[INFO] [stdout]    8:     0x5e38ab166809 - std[617be2ca0a6fd877]::sys::backtrace::__rust_end_short_backtrace::<std[617be2ca0a6fd877]::panicking::panic_handler::{closure#0}, !>
[INFO] [stdout]    9:     0x5e38ab16e6fd - __rustc[ea4f61d10b84890b]::rust_begin_unwind
[INFO] [stdout]   10:     0x5e38ab1a78cc - core[a373ad73a504971]::panicking::panic_fmt
[INFO] [stdout]   11:     0x5e38ab045fe5 - iceoryx2_ffi[3fd5fc6cc7736a6c]::tests::create_node::<iceoryx2[b5d782355895b345]::service::ipc::Service>
[INFO] [stdout]   12:     0x5e38ab048123 - iceoryx2_ffi[3fd5fc6cc7736a6c]::tests::node_tests::node::basic_node_config_test::<iceoryx2[b5d782355895b345]::service::ipc::Service>
[INFO] [stdout]   13:     0x5e38ab062519 - <iceoryx2_ffi[3fd5fc6cc7736a6c]::tests::node_tests::node::ipc::basic_node_config_test::{closure#0} as core[a373ad73a504971]::ops::function::FnOnce<()>>::call_once
[INFO] [stdout]   14:     0x5e38ab0627cb - test[aada8e7e76ba119b]::__rust_begin_short_backtrace::<core[a373ad73a504971]::result::Result<(), alloc[2e1b2a31b91974c5]::string::String>, fn() -> core[a373ad73a504971]::result::Result<(), alloc[2e1b2a31b91974c5]::string::String>>
[INFO] [stdout]   15:     0x5e38ab06f9a5 - test[aada8e7e76ba119b]::run_test::{closure#0}
[INFO] [stdout]   16:     0x5e38ab069294 - std[617be2ca0a6fd877]::sys::backtrace::__rust_begin_short_backtrace::<test[aada8e7e76ba119b]::run_test::{closure#1}, ()>
[INFO] [stdout]   17:     0x5e38ab072a32 - <std[617be2ca0a6fd877]::thread::lifecycle::spawn_unchecked<test[aada8e7e76ba119b]::run_test::{closure#1}, ()>::{closure#1} as core[a373ad73a504971]::ops::function::FnOnce<()>>::call_once::{shim:vtable#0}
[INFO] [stdout]   18:     0x5e38ab19101f - <std[617be2ca0a6fd877]::sys::thread::unix::Thread>::new::thread_start
[INFO] [stdout]   19:     0x7689736d5dfa - <unknown>
[INFO] [stdout]   20:     0x7689737693d4 - clone
[INFO] [stdout]   21:                0x0 - <unknown>
[INFO] [stdout] 
[INFO] [stdout] ---- tests::listener_tests::service_builder::ipc::basic_listener_test stdout ----
[INFO] [stdout]         2 [W] "Config::global_config()" 
[INFO] [stdout] | Default config file found but unable to read data, populate config with default values. 
[INFO] [stdout] 
[INFO] [stdout] thread 'tests::listener_tests::service_builder::ipc::basic_listener_test' (2256) panicked at src/tests/mod.rs:69:9:
[INFO] [stdout] assertion failed: expr: ret_val == (IOX2_OK);  value: 2 == 0
[INFO] [stdout] stack backtrace:
[INFO] [stdout]    0:     0x5e38ab1917f1 - <<std[617be2ca0a6fd877]::sys::backtrace::BacktraceLock>::print::DisplayBacktrace as core[a373ad73a504971]::fmt::Display>::fmt
[INFO] [stdout]    1:     0x5e38ab1a719a - core[a373ad73a504971]::fmt::write
[INFO] [stdout]    2:     0x5e38ab195a0c - <alloc[2e1b2a31b91974c5]::vec::Vec<u8> as core[a373ad73a504971]::io::write::Write>::write_fmt
[INFO] [stdout]    3:     0x5e38ab16da46 - std[617be2ca0a6fd877]::panicking::default_hook::{closure#0}
[INFO] [stdout]    4:     0x5e38ab189c79 - std[617be2ca0a6fd877]::panicking::default_hook
[INFO] [stdout]    5:     0x5e38ab06f380 - test[aada8e7e76ba119b]::test_main_inner::{closure#0}
[INFO] [stdout]    6:     0x5e38ab189e32 - std[617be2ca0a6fd877]::panicking::panic_with_hook
[INFO] [stdout]    7:     0x5e38ab16daf2 - std[617be2ca0a6fd877]::panicking::panic_handler::{closure#0}
[INFO] [stdout]    8:     0x5e38ab166809 - std[617be2ca0a6fd877]::sys::backtrace::__rust_end_short_backtrace::<std[617be2ca0a6fd877]::panicking::panic_handler::{closure#0}, !>
[INFO] [stdout]    9:     0x5e38ab16e6fd - __rustc[ea4f61d10b84890b]::rust_begin_unwind
[INFO] [stdout]   10:     0x5e38ab1a78cc - core[a373ad73a504971]::panicking::panic_fmt
[INFO] [stdout]   11:     0x5e38ab045fe5 - iceoryx2_ffi[3fd5fc6cc7736a6c]::tests::create_node::<iceoryx2[b5d782355895b345]::service::ipc::Service>
[INFO] [stdout]   12:     0x5e38ab03c37d - iceoryx2_ffi[3fd5fc6cc7736a6c]::tests::listener_tests::service_builder::basic_listener_test::<iceoryx2[b5d782355895b345]::service::ipc::Service>
[INFO] [stdout]   13:     0x5e38ab062609 - <iceoryx2_ffi[3fd5fc6cc7736a6c]::tests::listener_tests::service_builder::ipc::basic_listener_test::{closure#0} as core[a373ad73a504971]::ops::function::FnOnce<()>>::call_once
[INFO] [stdout]   14:     0x5e38ab0627cb - test[aada8e7e76ba119b]::__rust_begin_short_backtrace::<core[a373ad73a504971]::result::Result<(), alloc[2e1b2a31b91974c5]::string::String>, fn() -> core[a373ad73a504971]::result::Result<(), alloc[2e1b2a31b91974c5]::string::String>>
[INFO] [stdout]   15:     0x5e38ab06f9a5 - test[aada8e7e76ba119b]::run_test::{closure#0}
[INFO] [stdout]   16:     0x5e38ab069294 - std[617be2ca0a6fd877]::sys::backtrace::__rust_begin_short_backtrace::<test[aada8e7e76ba119b]::run_test::{closure#1}, ()>
[INFO] [stdout]   17:     0x5e38ab072a32 - <std[617be2ca0a6fd877]::thread::lifecycle::spawn_unchecked<test[aada8e7e76ba119b]::run_test::{closure#1}, ()>::{closure#1} as core[a373ad73a504971]::ops::function::FnOnce<()>>::call_once::{shim:vtable#0}
[INFO] [stdout]   18:     0x5e38ab19101f - <std[617be2ca0a6fd877]::sys::thread::unix::Thread>::new::thread_start
[INFO] [stdout]   19:     0x7689736d5dfa - <unknown>
[INFO] [stdout]   20:     0x7689737693d4 - clone
[INFO] [stdout]   21:                0x0 - <unknown>
[INFO] [stdout] 
[INFO] [stdout] ---- tests::node_tests::node::ipc::basic_node_name_test stdout ----
[INFO] [stdout] 
[INFO] [stdout] thread 'tests::node_tests::node::ipc::basic_node_name_test' (2264) panicked at src/tests/mod.rs:69:9:
[INFO] [stdout] assertion failed: expr: ret_val == (IOX2_OK);  value: 2 == 0
[INFO] [stdout] stack backtrace:
[INFO] [stdout]    0:     0x5e38ab1917f1 - <<std[617be2ca0a6fd877]::sys::backtrace::BacktraceLock>::print::DisplayBacktrace as core[a373ad73a504971]::fmt::Display>::fmt
[INFO] [stdout]    1:     0x5e38ab1a719a - core[a373ad73a504971]::fmt::write
[INFO] [stdout]    2:     0x5e38ab195a0c - <alloc[2e1b2a31b91974c5]::vec::Vec<u8> as core[a373ad73a504971]::io::write::Write>::write_fmt
[INFO] [stdout]    3:     0x5e38ab16da46 - std[617be2ca0a6fd877]::panicking::default_hook::{closure#0}
[INFO] [stdout]    4:     0x5e38ab189c79 - std[617be2ca0a6fd877]::panicking::default_hook
[INFO] [stdout]    5:     0x5e38ab06f380 - test[aada8e7e76ba119b]::test_main_inner::{closure#0}
[INFO] [stdout]    6:     0x5e38ab189e32 - std[617be2ca0a6fd877]::panicking::panic_with_hook
[INFO] [stdout]    7:     0x5e38ab16daf2 - std[617be2ca0a6fd877]::panicking::panic_handler::{closure#0}
[INFO] [stdout]    8:     0x5e38ab166809 - std[617be2ca0a6fd877]::sys::backtrace::__rust_end_short_backtrace::<std[617be2ca0a6fd877]::panicking::panic_handler::{closure#0}, !>
[INFO] [stdout]    9:     0x5e38ab16e6fd - __rustc[ea4f61d10b84890b]::rust_begin_unwind
[INFO] [stdout]   10:     0x5e38ab1a78cc - core[a373ad73a504971]::panicking::panic_fmt
[INFO] [stdout]   11:     0x5e38ab045fe5 - iceoryx2_ffi[3fd5fc6cc7736a6c]::tests::create_node::<iceoryx2[b5d782355895b345]::service::ipc::Service>
[INFO] [stdout]   12:     0x5e38ab047ccd - iceoryx2_ffi[3fd5fc6cc7736a6c]::tests::node_tests::node::basic_node_name_test::<iceoryx2[b5d782355895b345]::service::ipc::Service>
[INFO] [stdout]   13:     0x5e38ab0624ad - <iceoryx2_ffi[3fd5fc6cc7736a6c]::tests::node_tests::node::ipc::basic_node_name_test::{closure#0} as core[a373ad73a504971]::ops::function::FnOnce<()>>::call_once
[INFO] [stdout]   14:     0x5e38ab0627cb - test[aada8e7e76ba119b]::__rust_begin_short_backtrace::<core[a373ad73a504971]::result::Result<(), alloc[2e1b2a31b91974c5]::string::String>, fn() -> core[a373ad73a504971]::result::Result<(), alloc[2e1b2a31b91974c5]::string::String>>
[INFO] [stdout]   15:     0x5e38ab06f9a5 - test[aada8e7e76ba119b]::run_test::{closure#0}
[INFO] [stdout]   16:     0x5e38ab069294 - std[617be2ca0a6fd877]::sys::backtrace::__rust_begin_short_backtrace::<test[aada8e7e76ba119b]::run_test::{closure#1}, ()>
[INFO] [stdout]   17:     0x5e38ab072a32 - <std[617be2ca0a6fd877]::thread::lifecycle::spawn_unchecked<test[aada8e7e76ba119b]::run_test::{closure#1}, ()>::{closure#1} as core[a373ad73a504971]::ops::function::FnOnce<()>>::call_once::{shim:vtable#0}
[INFO] [stdout]   18:     0x5e38ab19101f - <std[617be2ca0a6fd877]::sys::thread::unix::Thread>::new::thread_start
[INFO] [stdout]   19:     0x7689736d5dfa - <unknown>
[INFO] [stdout]   20:     0x7689737693d4 - clone
[INFO] [stdout]   21:                0x0 - <unknown>
[INFO] [stdout] 
[INFO] [stdout] ---- tests::node_tests::node::ipc::basic_node_list_test stdout ----
[INFO] [stdout] 
[INFO] [stdout] thread 'tests::node_tests::node::ipc::basic_node_list_test' (2263) panicked at src/tests/mod.rs:69:9:
[INFO] [stdout] assertion failed: expr: ret_val == (IOX2_OK);  value: 2 == 0
[INFO] [stdout] stack backtrace:
[INFO] [stdout]    0:     0x5e38ab1917f1 - <<std[617be2ca0a6fd877]::sys::backtrace::BacktraceLock>::print::DisplayBacktrace as core[a373ad73a504971]::fmt::Display>::fmt
[INFO] [stdout]    1:     0x5e38ab1a719a - core[a373ad73a504971]::fmt::write
[INFO] [stdout]    2:     0x5e38ab195a0c - <alloc[2e1b2a31b91974c5]::vec::Vec<u8> as core[a373ad73a504971]::io::write::Write>::write_fmt
[INFO] [stdout]    3:     0x5e38ab16da46 - std[617be2ca0a6fd877]::panicking::default_hook::{closure#0}
[INFO] [stdout]    4:     0x5e38ab189c79 - std[617be2ca0a6fd877]::panicking::default_hook
[INFO] [stdout]    5:     0x5e38ab06f380 - test[aada8e7e76ba119b]::test_main_inner::{closure#0}
[INFO] [stdout]    6:     0x5e38ab189e32 - std[617be2ca0a6fd877]::panicking::panic_with_hook
[INFO] [stdout]    7:     0x5e38ab16daf2 - std[617be2ca0a6fd877]::panicking::panic_handler::{closure#0}
[INFO] [stdout]    8:     0x5e38ab166809 - std[617be2ca0a6fd877]::sys::backtrace::__rust_end_short_backtrace::<std[617be2ca0a6fd877]::panicking::panic_handler::{closure#0}, !>
[INFO] [stdout]    9:     0x5e38ab16e6fd - __rustc[ea4f61d10b84890b]::rust_begin_unwind
[INFO] [stdout]   10:     0x5e38ab1a78cc - core[a373ad73a504971]::panicking::panic_fmt
[INFO] [stdout]   11:     0x5e38ab045fe5 - iceoryx2_ffi[3fd5fc6cc7736a6c]::tests::create_node::<iceoryx2[b5d782355895b345]::service::ipc::Service>
[INFO] [stdout]   12:     0x5e38ab04717c - iceoryx2_ffi[3fd5fc6cc7736a6c]::tests::node_tests::node::basic_node_list_test::<iceoryx2[b5d782355895b345]::service::ipc::Service>
[INFO] [stdout]   13:     0x5e38ab062489 - <iceoryx2_ffi[3fd5fc6cc7736a6c]::tests::node_tests::node::ipc::basic_node_list_test::{closure#0} as core[a373ad73a504971]::ops::function::FnOnce<()>>::call_once
[INFO] [stdout]   14:     0x5e38ab0627cb - test[aada8e7e76ba119b]::__rust_begin_short_backtrace::<core[a373ad73a504971]::result::Result<(), alloc[2e1b2a31b91974c5]::string::String>, fn() -> core[a373ad73a504971]::result::Result<(), alloc[2e1b2a31b91974c5]::string::String>>
[INFO] [stdout]   15:     0x5e38ab06f9a5 - test[aada8e7e76ba119b]::run_test::{closure#0}
[INFO] [stdout]   16:     0x5e38ab069294 - std[617be2ca0a6fd877]::sys::backtrace::__rust_begin_short_backtrace::<test[aada8e7e76ba119b]::run_test::{closure#1}, ()>
[INFO] [stdout]   17:     0x5e38ab072a32 - <std[617be2ca0a6fd877]::thread::lifecycle::spawn_unchecked<test[aada8e7e76ba119b]::run_test::{closure#1}, ()>::{closure#1} as core[a373ad73a504971]::ops::function::FnOnce<()>>::call_once::{shim:vtable#0}
[INFO] [stdout]   18:     0x5e38ab19101f - <std[617be2ca0a6fd877]::sys::thread::unix::Thread>::new::thread_start
[INFO] [stdout]   19:     0x7689736d5dfa - <unknown>
[INFO] [stdout]   20:     0x7689737693d4 - clone
[INFO] [stdout]   21:                0x0 - <unknown>
[INFO] [stdout] 
[INFO] [stdout] 
[INFO] [stdout] failures:
[INFO] [stdout]     tests::listener_tests::service_builder::ipc::basic_listener_test
[INFO] [stdout]     tests::node_tests::node::ipc::basic_node_config_test
[INFO] [stdout]     tests::node_tests::node::ipc::basic_node_list_test
[INFO] [stdout]     tests::node_tests::node::ipc::basic_node_name_test
[INFO] [stdout] 
[INFO] [stdout] test result: FAILED. 40 passed; 4 failed; 0 ignored; 0 measured; 0 filtered out; finished in 0.03s
[INFO] [stdout] 
[INFO] running `Command { std: "docker" "inspect" "6b66d08995fdd86e69baf6b1c6968681ab6c7eaf4f78425d81ed0401737f2bc9", kill_on_drop: false }`
[INFO] running `Command { std: "docker" "rm" "-f" "6b66d08995fdd86e69baf6b1c6968681ab6c7eaf4f78425d81ed0401737f2bc9", kill_on_drop: false }`
[INFO] [stdout] 6b66d08995fdd86e69baf6b1c6968681ab6c7eaf4f78425d81ed0401737f2bc9
