[INFO] fetching crate icedragon 0.0.1...
[INFO] testing icedragon-0.0.1 against 1.100.0-beta.1+cargoflags=--release for beta-release-1.100-2
[INFO] extracting crate icedragon 0.0.1 into /workspace/builds/worker-4-tc2/source
[INFO] started tweaking crates.io crate icedragon 0.0.1
[INFO] removed 0 missing tests
[INFO] finished tweaking crates.io crate icedragon 0.0.1
[INFO] tweaked toml for crates.io crate icedragon 0.0.1 written to /workspace/builds/worker-4-tc2/source/Cargo.toml
[INFO] validating manifest of crates.io crate icedragon 0.0.1 on toolchain 1.100.0-beta.1
[INFO] running `Command { std: CARGO_HOME="/workspace/cargo-home" RUSTUP_HOME="/workspace/rustup-home" "/workspace/cargo-home/bin/cargo" "+1.100.0-beta.1" "metadata" "--manifest-path" "Cargo.toml" "--no-deps", kill_on_drop: false }`
[INFO] crate crates.io crate icedragon 0.0.1 already has a lockfile, it will not be regenerated
[INFO] running `Command { std: CARGO_HOME="/workspace/cargo-home" RUSTUP_HOME="/workspace/rustup-home" "/workspace/cargo-home/bin/cargo" "+1.100.0-beta.1" "fetch" "--manifest-path" "Cargo.toml", kill_on_drop: false }`
[INFO] running `Command { std: "docker" "create" "-v" "/var/lib/crater-agent-workspace/builds/worker-4-tc2/source:/opt/rustwide/workdir:ro,Z" "-v" "/var/lib/crater-agent-workspace/builds/worker-4-tc2/target:/opt/rustwide/target:rw,Z" "-v" "/var/lib/crater-agent-workspace/cargo-home:/opt/rustwide/cargo-home:ro,Z" "-v" "/var/lib/crater-agent-workspace/rustup-home:/opt/rustwide/rustup-home:ro,Z" "-m" "1610612736" "--network" "none" "ghcr.io/rust-lang/crates-build-env/linux@sha256:77db811e55d90add9212f6832c23229e3de5f1c1f9905e8cb07319ea15df73ac" "sleep" "infinity", kill_on_drop: false }`
[INFO] [stdout] 172753be9f9b66640cec8ac9cfa43adbca94355d6d073f3d546f863c8f170e89
[INFO] running `Command { std: "docker" "start" "172753be9f9b66640cec8ac9cfa43adbca94355d6d073f3d546f863c8f170e89", kill_on_drop: false }`
[INFO] running `Command { std: "docker" "inspect" "172753be9f9b66640cec8ac9cfa43adbca94355d6d073f3d546f863c8f170e89", kill_on_drop: false }`
[INFO] running `Command { std: "docker" "exec" "-e" "SOURCE_DIR=/opt/rustwide/workdir" "-e" "CARGO_HOME=/opt/rustwide/cargo-home" "-e" "RUSTUP_HOME=/opt/rustwide/rustup-home" "-e" "CARGO_TARGET_DIR=/opt/rustwide/target" "-w" "/opt/rustwide/workdir" "--user" "0:0" "172753be9f9b66640cec8ac9cfa43adbca94355d6d073f3d546f863c8f170e89" "/opt/rustwide/cargo-home/bin/cargo" "+1.100.0-beta.1" "metadata" "--no-deps" "--format-version=1", kill_on_drop: false }`
[INFO] running `Command { std: "docker" "inspect" "172753be9f9b66640cec8ac9cfa43adbca94355d6d073f3d546f863c8f170e89", kill_on_drop: false }`
[INFO] running `Command { std: "docker" "exec" "-e" "SOURCE_DIR=/opt/rustwide/workdir" "-e" "CARGO_HOME=/opt/rustwide/cargo-home" "-e" "RUSTUP_HOME=/opt/rustwide/rustup-home" "-e" "CARGO_TARGET_DIR=/opt/rustwide/target" "-e" "CARGO_INCREMENTAL=0" "-e" "RUST_BACKTRACE=full" "-e" "RUSTFLAGS=--cap-lints=warn" "-e" "RUSTDOCFLAGS=--cap-lints=warn" "-w" "/opt/rustwide/workdir" "--user" "0:0" "172753be9f9b66640cec8ac9cfa43adbca94355d6d073f3d546f863c8f170e89" "/opt/rustwide/cargo-home/bin/cargo" "+1.100.0-beta.1" "build" "--frozen" "--message-format=json" "--release", kill_on_drop: false }`
[INFO] [stderr]    Compiling libc v0.2.169
[INFO] [stderr]    Compiling getrandom v0.3.1
[INFO] [stderr]    Compiling anyhow v1.0.95
[INFO] [stderr]    Compiling target-lexicon v0.12.16
[INFO] [stderr]    Compiling rustix v0.38.44
[INFO] [stderr]    Compiling env_filter v0.1.3
[INFO] [stderr]    Compiling clap_builder v4.5.27
[INFO] [stderr]    Compiling home v0.5.11
[INFO] [stderr]    Compiling syn v2.0.98
[INFO] [stderr]    Compiling chrono v0.4.39
[INFO] [stderr]    Compiling env_logger v0.11.6
[INFO] [stderr]    Compiling uuid v1.13.1
[INFO] [stderr]    Compiling which v6.0.3
[INFO] [stderr]    Compiling clap_derive v4.5.28
[INFO] [stderr]    Compiling thiserror-impl v1.0.69
[INFO] [stderr]    Compiling thiserror v1.0.69
[INFO] [stderr]    Compiling clap v4.5.28
[INFO] [stderr]    Compiling icedragon v0.0.1 (/opt/rustwide/workdir)
[INFO] [stderr] warning: unused dependency `chrono`
[INFO] [stderr]  --> Cargo.toml:9:15
[INFO] [stderr]   |
[INFO] [stderr] 9 | [dependencies.chrono]
[INFO] [stderr]   |               ^^^^^^^
[INFO] [stderr]   |
[INFO] [stderr]   = note: `cargo::unused_dependencies` is set to `warn` by default
[INFO] [stderr] help: consider removing the dependency on `chrono`
[INFO] [stderr] warning: unused dependency `thiserror`
[INFO] [stderr]   --> Cargo.toml:30:15
[INFO] [stderr]    |
[INFO] [stderr] 30 | [dependencies.thiserror]
[INFO] [stderr]    |               ^^^^^^^^^^
[INFO] [stderr]    |
[INFO] [stderr] help: consider removing the dependency on `thiserror`
[INFO] [stderr] warning: unused dependency `uuid`
[INFO] [stderr]   --> Cargo.toml:34:15
[INFO] [stderr]    |
[INFO] [stderr] 34 | [dependencies.uuid]
[INFO] [stderr]    |               ^^^^^
[INFO] [stderr]    |
[INFO] [stderr] help: consider removing the dependency on `uuid`
[INFO] [stderr] warning: `icedragon` (manifest) generated 3 warnings
[INFO] [stderr]     Finished `release` profile [optimized] target(s) in 11.88s
[INFO] running `Command { std: "docker" "inspect" "172753be9f9b66640cec8ac9cfa43adbca94355d6d073f3d546f863c8f170e89", kill_on_drop: false }`
[INFO] running `Command { std: "docker" "exec" "-e" "SOURCE_DIR=/opt/rustwide/workdir" "-e" "CARGO_HOME=/opt/rustwide/cargo-home" "-e" "RUSTUP_HOME=/opt/rustwide/rustup-home" "-e" "CARGO_TARGET_DIR=/opt/rustwide/target" "-e" "CARGO_INCREMENTAL=0" "-e" "RUST_BACKTRACE=full" "-e" "RUSTFLAGS=--cap-lints=warn" "-e" "RUSTDOCFLAGS=--cap-lints=warn" "-w" "/opt/rustwide/workdir" "--user" "0:0" "172753be9f9b66640cec8ac9cfa43adbca94355d6d073f3d546f863c8f170e89" "/opt/rustwide/cargo-home/bin/cargo" "+1.100.0-beta.1" "test" "--frozen" "--no-run" "--message-format=json" "--release", kill_on_drop: false }`
[INFO] [stderr]    Compiling syn v2.0.98
[INFO] [stderr]    Compiling futures-sink v0.3.31
[INFO] [stderr]    Compiling rustls v0.23.22
[INFO] [stderr]    Compiling rustix v0.38.44
[INFO] [stderr]    Compiling httparse v1.10.0
[INFO] [stderr]    Compiling cc v1.2.13
[INFO] [stderr]    Compiling tracing v0.1.41
[INFO] [stderr]    Compiling serde v1.0.217
[INFO] [stderr]    Compiling getrandom v0.3.1
[INFO] [stderr]    Compiling webpki-roots v0.26.8
[INFO] [stderr]    Compiling miniz_oxide v0.8.3
[INFO] [stderr]    Compiling filetime v0.2.25
[INFO] [stderr]    Compiling rustls-pemfile v2.2.0
[INFO] [stderr]    Compiling plain v0.2.3
[INFO] [stderr]    Compiling futures-util v0.3.31
[INFO] [stderr]    Compiling futures-channel v0.3.31
[INFO] [stderr]    Compiling uuid v1.13.1
[INFO] [stderr]    Compiling tar v0.4.43
[INFO] [stderr]    Compiling flate2 v1.0.35
[INFO] [stderr]    Compiling ring v0.17.8
[INFO] [stderr]    Compiling liblzma-sys v0.3.13
[INFO] [stderr]    Compiling liblzma v0.3.6
[INFO] [stderr]    Compiling which v6.0.3
[INFO] [stderr]    Compiling tempfile v3.16.0
[INFO] [stderr]    Compiling serde_urlencoded v0.7.1
[INFO] [stderr]    Compiling hyper v1.6.0
[INFO] [stderr]    Compiling tower v0.5.2
[INFO] [stderr]    Compiling http-body-util v0.1.2
[INFO] [stderr]    Compiling synstructure v0.13.1
[INFO] [stderr]    Compiling test-case-core v3.3.1
[INFO] [stderr]    Compiling zerovec-derive v0.10.3
[INFO] [stderr]    Compiling displaydoc v0.2.5
[INFO] [stderr]    Compiling icu_provider_macros v1.5.0
[INFO] [stderr]    Compiling thiserror-impl v1.0.69
[INFO] [stderr]    Compiling clap_derive v4.5.28
[INFO] [stderr]    Compiling scroll_derive v0.12.0
[INFO] [stderr]    Compiling zerofrom-derive v0.1.5
[INFO] [stderr]    Compiling yoke-derive v0.7.5
[INFO] [stderr]    Compiling test-case-macros v3.3.1
[INFO] [stderr]    Compiling scroll v0.12.0
[INFO] [stderr]    Compiling test-case v3.3.1
[INFO] [stderr]    Compiling goblin v0.9.3
[INFO] [stderr]    Compiling zerofrom v0.1.5
[INFO] [stderr]    Compiling thiserror v1.0.69
[INFO] [stderr]    Compiling hyper-util v0.1.10
[INFO] [stderr]    Compiling yoke v0.7.5
[INFO] [stderr]    Compiling zerovec v0.10.4
[INFO] [stderr]    Compiling clap v4.5.28
[INFO] [stderr]    Compiling icedragon v0.0.1 (/opt/rustwide/workdir)
[INFO] [stderr]    Compiling tinystr v0.7.6
[INFO] [stderr]    Compiling icu_collections v1.5.0
[INFO] [stderr]    Compiling icu_locid v1.5.0
[INFO] [stderr]    Compiling icu_provider v1.5.0
[INFO] [stderr]    Compiling icu_locid_transform v1.5.0
[INFO] [stderr]    Compiling rustls-webpki v0.102.8
[INFO] [stderr]    Compiling icu_properties v1.5.1
[INFO] [stderr]    Compiling icu_normalizer v1.5.0
[INFO] [stderr]    Compiling idna_adapter v1.2.0
[INFO] [stderr]    Compiling idna v1.0.3
[INFO] [stderr]    Compiling url v2.5.4
[INFO] [stderr]    Compiling tokio-rustls v0.26.1
[INFO] [stderr]    Compiling hyper-rustls v0.27.5
[INFO] [stderr]    Compiling reqwest v0.12.12
[INFO] [stderr]     Finished `release` profile [optimized] target(s) in 27.07s
[INFO] running `Command { std: "docker" "inspect" "172753be9f9b66640cec8ac9cfa43adbca94355d6d073f3d546f863c8f170e89", kill_on_drop: false }`
[INFO] running `Command { std: "docker" "exec" "-e" "SOURCE_DIR=/opt/rustwide/workdir" "-e" "CARGO_HOME=/opt/rustwide/cargo-home" "-e" "RUSTUP_HOME=/opt/rustwide/rustup-home" "-e" "CARGO_TARGET_DIR=/opt/rustwide/target" "-e" "CARGO_INCREMENTAL=0" "-e" "RUST_BACKTRACE=full" "-e" "RUSTFLAGS=--cap-lints=warn" "-e" "RUSTDOCFLAGS=--cap-lints=warn" "-w" "/opt/rustwide/workdir" "--user" "0:0" "172753be9f9b66640cec8ac9cfa43adbca94355d6d073f3d546f863c8f170e89" "/opt/rustwide/cargo-home/bin/cargo" "+1.100.0-beta.1" "test" "--frozen" "--release", kill_on_drop: false }`
[INFO] [stderr]     Finished `release` profile [optimized] target(s) in 0.18s
[INFO] [stderr]      Running unittests src/main.rs (/opt/rustwide/target/release/build/icedragon/36a011b3c66d1d7b/out/icedragon-36a011b3c66d1d7b)
[INFO] [stdout] 
[INFO] [stdout] running 3 tests
[INFO] [stdout] test test::test_vec_deque_conv ... ok
[INFO] [stdout] test test::test_vec_deque_contains_any ... ok
[INFO] [stdout] test test::test_vec_deque_push ... ok
[INFO] [stdout] 
[INFO] [stdout] test result: ok. 3 passed; 0 failed; 0 ignored; 0 measured; 0 filtered out; finished in 0.00s
[INFO] [stdout] 
[INFO] [stderr]      Running tests/tests.rs (/opt/rustwide/target/release/build/icedragon/06187eb0ba7e6d4d/out/tests-06187eb0ba7e6d4d)
[INFO] [stdout] 
[INFO] [stdout] running 4 tests
[INFO] [stdout] test test_cmake_compiler_rt::aarch64 ... FAILED
[INFO] [stdout] test test_cargo_pulsar::aarch64 ... FAILED
[INFO] [stdout] test test_cargo_pulsar::x86_64 ... FAILED
[INFO] [stdout] test test_cmake_compiler_rt::x86_64 ... FAILED
[INFO] [stdout] 
[INFO] [stdout] failures:
[INFO] [stdout] 
[INFO] [stdout] ---- test_cmake_compiler_rt::aarch64 stdout ----
[INFO] [stdout] 
[INFO] [stdout] thread 'test_cmake_compiler_rt::aarch64' (1899) panicked at /rustc/e3feeb59cd1bdd011a2bfcc0747b55125d9b8527/library/std/src/sync/lazy_lock.rs:475:5:
[INFO] [stdout] LazyLock instance has previously been poisoned
[INFO] [stdout] stack backtrace:
[INFO] [stdout]    0:     0x58cc1d3d0ae1 - <<std[617be2ca0a6fd877]::sys::backtrace::BacktraceLock>::print::DisplayBacktrace as core[a373ad73a504971]::fmt::Display>::fmt
[INFO] [stdout]    1:     0x58cc1d3e817a - core[a373ad73a504971]::fmt::write
[INFO] [stdout]    2:     0x58cc1d3d6a8c - <alloc[2e1b2a31b91974c5]::vec::Vec<u8> as core[a373ad73a504971]::io::write::Write>::write_fmt
[INFO] [stdout]    3:     0x58cc1d3a9706 - std[617be2ca0a6fd877]::panicking::default_hook::{closure#0}
[INFO] [stdout]    4:     0x58cc1d3c7c79 - std[617be2ca0a6fd877]::panicking::default_hook
[INFO] [stdout]    5:     0x58cc1d34b5c0 - test[aada8e7e76ba119b]::test_main_inner::{closure#0}
[INFO] [stdout]    6:     0x58cc1d3c7fa2 - std[617be2ca0a6fd877]::panicking::panic_with_hook
[INFO] [stdout]    7:     0x58cc1d3a97e4 - std[617be2ca0a6fd877]::panicking::panic_handler::{closure#0}
[INFO] [stdout]    8:     0x58cc1d3a21f9 - std[617be2ca0a6fd877]::sys::backtrace::__rust_end_short_backtrace::<std[617be2ca0a6fd877]::panicking::panic_handler::{closure#0}, !>
[INFO] [stdout]    9:     0x58cc1d3aa84d - __rustc[ea4f61d10b84890b]::rust_begin_unwind
[INFO] [stdout]   10:     0x58cc1d3e88dc - core[a373ad73a504971]::panicking::panic_fmt
[INFO] [stdout]   11:     0x58cc1d3c924d - std[617be2ca0a6fd877]::sync::lazy_lock::panic_poisoned
[INFO] [stdout]   12:     0x58cc1d19249e - <std[617be2ca0a6fd877]::sync::once::Once>::call_once_force::<<std[617be2ca0a6fd877]::sync::lazy_lock::LazyLock<tempfile[d04ad881bf36ac7d]::dir::TempDir>>::force::{closure#0}>::{closure#0}
[INFO] [stdout]   13:     0x58cc1d3afc99 - <std[617be2ca0a6fd877]::sys::sync::once::futex::Once>::call
[INFO] [stdout]   14:     0x58cc1d192bcb - tests[c0f8e7d079d574ff]::test_cmake_compiler_rt
[INFO] [stdout]   15:     0x58cc1d195fba - <tests[c0f8e7d079d574ff]::test_cmake_compiler_rt::aarch64::{closure#0} as core[a373ad73a504971]::ops::function::FnOnce<()>>::call_once
[INFO] [stdout]   16:     0x58cc1d33ea0b - test[aada8e7e76ba119b]::__rust_begin_short_backtrace::<core[a373ad73a504971]::result::Result<(), alloc[2e1b2a31b91974c5]::string::String>, fn() -> core[a373ad73a504971]::result::Result<(), alloc[2e1b2a31b91974c5]::string::String>>
[INFO] [stdout]   17:     0x58cc1d34bbe5 - test[aada8e7e76ba119b]::run_test::{closure#0}
[INFO] [stdout]   18:     0x58cc1d3454d4 - std[617be2ca0a6fd877]::sys::backtrace::__rust_begin_short_backtrace::<test[aada8e7e76ba119b]::run_test::{closure#1}, ()>
[INFO] [stdout]   19:     0x58cc1d34ec72 - <std[617be2ca0a6fd877]::thread::lifecycle::spawn_unchecked<test[aada8e7e76ba119b]::run_test::{closure#1}, ()>::{closure#1} as core[a373ad73a504971]::ops::function::FnOnce<()>>::call_once::{shim:vtable#0}
[INFO] [stdout]   20:     0x58cc1d3cff0f - <std[617be2ca0a6fd877]::sys::thread::unix::Thread>::new::thread_start
[INFO] [stdout]   21:     0x7361f847adfa - <unknown>
[INFO] [stdout]   22:     0x7361f850e3d4 - clone
[INFO] [stdout]   23:                0x0 - <unknown>
[INFO] [stdout] 
[INFO] [stdout] ---- test_cargo_pulsar::aarch64 stdout ----
[INFO] [stdout] 
[INFO] [stdout] thread 'test_cargo_pulsar::aarch64' (1897) panicked at tests/tests.rs:56:48:
[INFO] [stdout] called `Result::unwrap()` on an `Err` value: reqwest::Error { kind: Request, url: "https://github.com/exein-io/pulsar/archive/refs/tags/v0.9.0.tar.gz", source: hyper_util::client::legacy::Error(Connect, ConnectError("dns error", Custom { kind: Uncategorized, error: "failed to lookup address information: Temporary failure in name resolution" })) }
[INFO] [stdout] stack backtrace:
[INFO] [stdout]    0:     0x58cc1d3d0ae1 - <<std[617be2ca0a6fd877]::sys::backtrace::BacktraceLock>::print::DisplayBacktrace as core[a373ad73a504971]::fmt::Display>::fmt
[INFO] [stdout]    1:     0x58cc1d3e817a - core[a373ad73a504971]::fmt::write
[INFO] [stdout]    2:     0x58cc1d3d6a8c - <alloc[2e1b2a31b91974c5]::vec::Vec<u8> as core[a373ad73a504971]::io::write::Write>::write_fmt
[INFO] [stdout]    3:     0x58cc1d3a9706 - std[617be2ca0a6fd877]::panicking::default_hook::{closure#0}
[INFO] [stdout]    4:     0x58cc1d3c7c79 - std[617be2ca0a6fd877]::panicking::default_hook
[INFO] [stdout]    5:     0x58cc1d34b5c0 - test[aada8e7e76ba119b]::test_main_inner::{closure#0}
[INFO] [stdout]    6:     0x58cc1d3c7fa2 - std[617be2ca0a6fd877]::panicking::panic_with_hook
[INFO] [stderr] error: test failed, to rerun pass `--test tests`
[INFO] [stdout]    7:     0x58cc1d3a97b2 - std[617be2ca0a6fd877]::panicking::panic_handler::{closure#0}
[INFO] [stdout]    8:     0x58cc1d3a21f9 - std[617be2ca0a6fd877]::sys::backtrace::__rust_end_short_backtrace::<std[617be2ca0a6fd877]::panicking::panic_handler::{closure#0}, !>
[INFO] [stdout]    9:     0x58cc1d3aa84d - __rustc[ea4f61d10b84890b]::rust_begin_unwind
[INFO] [stdout]   10:     0x58cc1d3e88dc - core[a373ad73a504971]::panicking::panic_fmt
[INFO] [stdout]   11:     0x58cc1d3e86b2 - core[a373ad73a504971]::result::unwrap_failed
[INFO] [stdout]   12:     0x58cc1d1914c8 - tests[c0f8e7d079d574ff]::download_and_extract_tarball::<&std[617be2ca0a6fd877]::path::Path>
[INFO] [stdout]   13:     0x58cc1d193191 - <tests[c0f8e7d079d574ff]::TEMPDIR::{closure#0} as core[a373ad73a504971]::ops::function::FnOnce<()>>::call_once
[INFO] [stdout]   14:     0x58cc1d192474 - <std[617be2ca0a6fd877]::sync::once::Once>::call_once_force::<<std[617be2ca0a6fd877]::sync::lazy_lock::LazyLock<tempfile[d04ad881bf36ac7d]::dir::TempDir>>::force::{closure#0}>::{closure#0}
[INFO] [stdout]   15:     0x58cc1d3afc99 - <std[617be2ca0a6fd877]::sys::sync::once::futex::Once>::call
[INFO] [stdout]   16:     0x58cc1d1926a1 - tests[c0f8e7d079d574ff]::test_cargo_pulsar
[INFO] [stdout]   17:     0x58cc1d195f1a - <tests[c0f8e7d079d574ff]::test_cargo_pulsar::aarch64::{closure#0} as core[a373ad73a504971]::ops::function::FnOnce<()>>::call_once
[INFO] [stdout]   18:     0x58cc1d33ea0b - test[aada8e7e76ba119b]::__rust_begin_short_backtrace::<core[a373ad73a504971]::result::Result<(), alloc[2e1b2a31b91974c5]::string::String>, fn() -> core[a373ad73a504971]::result::Result<(), alloc[2e1b2a31b91974c5]::string::String>>
[INFO] [stdout]   19:     0x58cc1d34bbe5 - test[aada8e7e76ba119b]::run_test::{closure#0}
[INFO] [stdout]   20:     0x58cc1d3454d4 - std[617be2ca0a6fd877]::sys::backtrace::__rust_begin_short_backtrace::<test[aada8e7e76ba119b]::run_test::{closure#1}, ()>
[INFO] [stdout]   21:     0x58cc1d34ec72 - <std[617be2ca0a6fd877]::thread::lifecycle::spawn_unchecked<test[aada8e7e76ba119b]::run_test::{closure#1}, ()>::{closure#1} as core[a373ad73a504971]::ops::function::FnOnce<()>>::call_once::{shim:vtable#0}
[INFO] [stdout]   22:     0x58cc1d3cff0f - <std[617be2ca0a6fd877]::sys::thread::unix::Thread>::new::thread_start
[INFO] [stdout]   23:     0x7361f847adfa - <unknown>
[INFO] [stdout]   24:     0x7361f850e3d4 - clone
[INFO] [stdout]   25:                0x0 - <unknown>
[INFO] [stdout] 
[INFO] [stdout] ---- test_cargo_pulsar::x86_64 stdout ----
[INFO] [stdout] 
[INFO] [stdout] thread 'test_cargo_pulsar::x86_64' (1898) panicked at /rustc/e3feeb59cd1bdd011a2bfcc0747b55125d9b8527/library/std/src/sync/lazy_lock.rs:475:5:
[INFO] [stdout] LazyLock instance has previously been poisoned
[INFO] [stdout] stack backtrace:
[INFO] [stdout]    0:     0x58cc1d3d0ae1 - <<std[617be2ca0a6fd877]::sys::backtrace::BacktraceLock>::print::DisplayBacktrace as core[a373ad73a504971]::fmt::Display>::fmt
[INFO] [stdout]    1:     0x58cc1d3e817a - core[a373ad73a504971]::fmt::write
[INFO] [stdout]    2:     0x58cc1d3d6a8c - <alloc[2e1b2a31b91974c5]::vec::Vec<u8> as core[a373ad73a504971]::io::write::Write>::write_fmt
[INFO] [stdout]    3:     0x58cc1d3a9706 - std[617be2ca0a6fd877]::panicking::default_hook::{closure#0}
[INFO] [stdout]    4:     0x58cc1d3c7c79 - std[617be2ca0a6fd877]::panicking::default_hook
[INFO] [stdout]    5:     0x58cc1d34b5c0 - test[aada8e7e76ba119b]::test_main_inner::{closure#0}
[INFO] [stdout]    6:     0x58cc1d3c7fa2 - std[617be2ca0a6fd877]::panicking::panic_with_hook
[INFO] [stdout]    7:     0x58cc1d3a97e4 - std[617be2ca0a6fd877]::panicking::panic_handler::{closure#0}
[INFO] [stdout]    8:     0x58cc1d3a21f9 - std[617be2ca0a6fd877]::sys::backtrace::__rust_end_short_backtrace::<std[617be2ca0a6fd877]::panicking::panic_handler::{closure#0}, !>
[INFO] [stdout]    9:     0x58cc1d3aa84d - __rustc[ea4f61d10b84890b]::rust_begin_unwind
[INFO] [stdout]   10:     0x58cc1d3e88dc - core[a373ad73a504971]::panicking::panic_fmt
[INFO] [stdout]   11:     0x58cc1d3c924d - std[617be2ca0a6fd877]::sync::lazy_lock::panic_poisoned
[INFO] [stdout]   12:     0x58cc1d19249e - <std[617be2ca0a6fd877]::sync::once::Once>::call_once_force::<<std[617be2ca0a6fd877]::sync::lazy_lock::LazyLock<tempfile[d04ad881bf36ac7d]::dir::TempDir>>::force::{closure#0}>::{closure#0}
[INFO] [stdout]   13:     0x58cc1d3afc99 - <std[617be2ca0a6fd877]::sys::sync::once::futex::Once>::call
[INFO] [stdout]   14:     0x58cc1d1926a1 - tests[c0f8e7d079d574ff]::test_cargo_pulsar
[INFO] [stdout]   15:     0x58cc1d195eea - <tests[c0f8e7d079d574ff]::test_cargo_pulsar::x86_64::{closure#0} as core[a373ad73a504971]::ops::function::FnOnce<()>>::call_once
[INFO] [stdout]   16:     0x58cc1d33ea0b - test[aada8e7e76ba119b]::__rust_begin_short_backtrace::<core[a373ad73a504971]::result::Result<(), alloc[2e1b2a31b91974c5]::string::String>, fn() -> core[a373ad73a504971]::result::Result<(), alloc[2e1b2a31b91974c5]::string::String>>
[INFO] [stdout]   17:     0x58cc1d34bbe5 - test[aada8e7e76ba119b]::run_test::{closure#0}
[INFO] [stdout]   18:     0x58cc1d3454d4 - std[617be2ca0a6fd877]::sys::backtrace::__rust_begin_short_backtrace::<test[aada8e7e76ba119b]::run_test::{closure#1}, ()>
[INFO] [stdout]   19:     0x58cc1d34ec72 - <std[617be2ca0a6fd877]::thread::lifecycle::spawn_unchecked<test[aada8e7e76ba119b]::run_test::{closure#1}, ()>::{closure#1} as core[a373ad73a504971]::ops::function::FnOnce<()>>::call_once::{shim:vtable#0}
[INFO] [stdout]   20:     0x58cc1d3cff0f - <std[617be2ca0a6fd877]::sys::thread::unix::Thread>::new::thread_start
[INFO] [stdout]   21:     0x7361f847adfa - <unknown>
[INFO] [stdout]   22:     0x7361f850e3d4 - clone
[INFO] [stdout]   23:                0x0 - <unknown>
[INFO] [stdout] 
[INFO] [stdout] ---- test_cmake_compiler_rt::x86_64 stdout ----
[INFO] [stdout] 
[INFO] [stdout] thread 'test_cmake_compiler_rt::x86_64' (1900) panicked at /rustc/e3feeb59cd1bdd011a2bfcc0747b55125d9b8527/library/std/src/sync/lazy_lock.rs:475:5:
[INFO] [stdout] LazyLock instance has previously been poisoned
[INFO] [stdout] stack backtrace:
[INFO] [stdout]    0:     0x58cc1d3d0ae1 - <<std[617be2ca0a6fd877]::sys::backtrace::BacktraceLock>::print::DisplayBacktrace as core[a373ad73a504971]::fmt::Display>::fmt
[INFO] [stdout]    1:     0x58cc1d3e817a - core[a373ad73a504971]::fmt::write
[INFO] [stdout]    2:     0x58cc1d3d6a8c - <alloc[2e1b2a31b91974c5]::vec::Vec<u8> as core[a373ad73a504971]::io::write::Write>::write_fmt
[INFO] [stdout]    3:     0x58cc1d3a9706 - std[617be2ca0a6fd877]::panicking::default_hook::{closure#0}
[INFO] [stdout]    4:     0x58cc1d3c7c79 - std[617be2ca0a6fd877]::panicking::default_hook
[INFO] [stdout]    5:     0x58cc1d34b5c0 - test[aada8e7e76ba119b]::test_main_inner::{closure#0}
[INFO] [stdout]    6:     0x58cc1d3c7fa2 - std[617be2ca0a6fd877]::panicking::panic_with_hook
[INFO] [stdout]    7:     0x58cc1d3a97e4 - std[617be2ca0a6fd877]::panicking::panic_handler::{closure#0}
[INFO] [stdout]    8:     0x58cc1d3a21f9 - std[617be2ca0a6fd877]::sys::backtrace::__rust_end_short_backtrace::<std[617be2ca0a6fd877]::panicking::panic_handler::{closure#0}, !>
[INFO] [stdout]    9:     0x58cc1d3aa84d - __rustc[ea4f61d10b84890b]::rust_begin_unwind
[INFO] [stdout]   10:     0x58cc1d3e88dc - core[a373ad73a504971]::panicking::panic_fmt
[INFO] [stdout]   11:     0x58cc1d3c924d - std[617be2ca0a6fd877]::sync::lazy_lock::panic_poisoned
[INFO] [stdout]   12:     0x58cc1d19249e - <std[617be2ca0a6fd877]::sync::once::Once>::call_once_force::<<std[617be2ca0a6fd877]::sync::lazy_lock::LazyLock<tempfile[d04ad881bf36ac7d]::dir::TempDir>>::force::{closure#0}>::{closure#0}
[INFO] [stdout]   13:     0x58cc1d3afc99 - <std[617be2ca0a6fd877]::sys::sync::once::futex::Once>::call
[INFO] [stdout]   14:     0x58cc1d192bcb - tests[c0f8e7d079d574ff]::test_cmake_compiler_rt
[INFO] [stdout]   15:     0x58cc1d195f69 - <tests[c0f8e7d079d574ff]::test_cmake_compiler_rt::x86_64::{closure#0} as core[a373ad73a504971]::ops::function::FnOnce<()>>::call_once
[INFO] [stdout]   16:     0x58cc1d33ea0b - test[aada8e7e76ba119b]::__rust_begin_short_backtrace::<core[a373ad73a504971]::result::Result<(), alloc[2e1b2a31b91974c5]::string::String>, fn() -> core[a373ad73a504971]::result::Result<(), alloc[2e1b2a31b91974c5]::string::String>>
[INFO] [stdout]   17:     0x58cc1d34bbe5 - test[aada8e7e76ba119b]::run_test::{closure#0}
[INFO] [stdout]   18:     0x58cc1d3454d4 - std[617be2ca0a6fd877]::sys::backtrace::__rust_begin_short_backtrace::<test[aada8e7e76ba119b]::run_test::{closure#1}, ()>
[INFO] [stdout]   19:     0x58cc1d34ec72 - <std[617be2ca0a6fd877]::thread::lifecycle::spawn_unchecked<test[aada8e7e76ba119b]::run_test::{closure#1}, ()>::{closure#1} as core[a373ad73a504971]::ops::function::FnOnce<()>>::call_once::{shim:vtable#0}
[INFO] [stdout]   20:     0x58cc1d3cff0f - <std[617be2ca0a6fd877]::sys::thread::unix::Thread>::new::thread_start
[INFO] [stdout]   21:     0x7361f847adfa - <unknown>
[INFO] [stdout]   22:     0x7361f850e3d4 - clone
[INFO] [stdout]   23:                0x0 - <unknown>
[INFO] [stdout] 
[INFO] [stdout] 
[INFO] [stdout] failures:
[INFO] [stdout]     test_cargo_pulsar::aarch64
[INFO] [stdout]     test_cargo_pulsar::x86_64
[INFO] [stdout]     test_cmake_compiler_rt::aarch64
[INFO] [stdout]     test_cmake_compiler_rt::x86_64
[INFO] [stdout] 
[INFO] [stdout] test result: FAILED. 0 passed; 4 failed; 0 ignored; 0 measured; 0 filtered out; finished in 0.01s
[INFO] [stdout] 
[INFO] running `Command { std: "docker" "inspect" "172753be9f9b66640cec8ac9cfa43adbca94355d6d073f3d546f863c8f170e89", kill_on_drop: false }`
[INFO] running `Command { std: "docker" "rm" "-f" "172753be9f9b66640cec8ac9cfa43adbca94355d6d073f3d546f863c8f170e89", kill_on_drop: false }`
[INFO] [stdout] 172753be9f9b66640cec8ac9cfa43adbca94355d6d073f3d546f863c8f170e89
