[INFO] fetching crate iced_pure 0.2.2...
[INFO] testing iced_pure-0.2.2 against 1.99.0-beta.8+cargoflags=--release for beta-release-1.100-2
[INFO] extracting crate iced_pure 0.2.2 into /workspace/builds/worker-0-tc1/source
[INFO] started tweaking crates.io crate iced_pure 0.2.2
[INFO] finished tweaking crates.io crate iced_pure 0.2.2
[INFO] tweaked toml for crates.io crate iced_pure 0.2.2 written to /workspace/builds/worker-0-tc1/source/Cargo.toml
[INFO] validating manifest of crates.io crate iced_pure 0.2.2 on toolchain 1.99.0-beta.8
[INFO] running `Command { std: CARGO_HOME="/workspace/cargo-home" RUSTUP_HOME="/workspace/rustup-home" "/workspace/cargo-home/bin/cargo" "+1.99.0-beta.8" "metadata" "--manifest-path" "Cargo.toml" "--no-deps", kill_on_drop: false }`
[INFO] running `Command { std: CARGO_HOME="/workspace/cargo-home" RUSTUP_HOME="/workspace/rustup-home" "/workspace/cargo-home/bin/cargo" "+1.99.0-beta.8" "generate-lockfile" "--manifest-path" "Cargo.toml", kill_on_drop: false }`
[INFO] [stderr]     Updating crates.io index
[INFO] [stderr]      Locking 52 packages to highest compatible versions
[INFO] [stderr]       Adding iced_native v0.5.1 (available: v0.10.3)
[INFO] [stderr]       Adding iced_style v0.4.0 (available: v0.12.1)
[INFO] running `Command { std: CARGO_HOME="/workspace/cargo-home" RUSTUP_HOME="/workspace/rustup-home" "/workspace/cargo-home/bin/cargo" "+1.99.0-beta.8" "fetch" "--manifest-path" "Cargo.toml", kill_on_drop: false }`
[INFO] [stderr]  Downloading crates ...
[INFO] [stderr]   Downloaded iced_futures v0.4.1
[INFO] [stderr]   Downloaded iced_style v0.4.0
[INFO] [stderr]   Downloaded iced_native v0.5.1
[INFO] [stderr]   Downloaded iced_core v0.5.0
[INFO] running `Command { std: "docker" "create" "-v" "/var/lib/crater-agent-workspace/builds/worker-0-tc1/source:/opt/rustwide/workdir:ro,Z" "-v" "/var/lib/crater-agent-workspace/builds/worker-0-tc1/target:/opt/rustwide/target:rw,Z" "-v" "/var/lib/crater-agent-workspace/cargo-home:/opt/rustwide/cargo-home:ro,Z" "-v" "/var/lib/crater-agent-workspace/rustup-home:/opt/rustwide/rustup-home:ro,Z" "-m" "1610612736" "--network" "none" "ghcr.io/rust-lang/crates-build-env/linux@sha256:77db811e55d90add9212f6832c23229e3de5f1c1f9905e8cb07319ea15df73ac" "sleep" "infinity", kill_on_drop: false }`
[INFO] [stdout] da9000af5d8e03bc814f28523c69387c59a5d2fafca330128a1d4f4cbd4a8cb9
[INFO] running `Command { std: "docker" "start" "da9000af5d8e03bc814f28523c69387c59a5d2fafca330128a1d4f4cbd4a8cb9", kill_on_drop: false }`
[INFO] running `Command { std: "docker" "inspect" "da9000af5d8e03bc814f28523c69387c59a5d2fafca330128a1d4f4cbd4a8cb9", kill_on_drop: false }`
[INFO] running `Command { std: "docker" "exec" "-e" "SOURCE_DIR=/opt/rustwide/workdir" "-e" "CARGO_HOME=/opt/rustwide/cargo-home" "-e" "RUSTUP_HOME=/opt/rustwide/rustup-home" "-e" "CARGO_TARGET_DIR=/opt/rustwide/target" "-w" "/opt/rustwide/workdir" "--user" "0:0" "da9000af5d8e03bc814f28523c69387c59a5d2fafca330128a1d4f4cbd4a8cb9" "/opt/rustwide/cargo-home/bin/cargo" "+1.99.0-beta.8" "metadata" "--no-deps" "--format-version=1", kill_on_drop: false }`
[INFO] running `Command { std: "docker" "inspect" "da9000af5d8e03bc814f28523c69387c59a5d2fafca330128a1d4f4cbd4a8cb9", kill_on_drop: false }`
[INFO] running `Command { std: "docker" "exec" "-e" "SOURCE_DIR=/opt/rustwide/workdir" "-e" "CARGO_HOME=/opt/rustwide/cargo-home" "-e" "RUSTUP_HOME=/opt/rustwide/rustup-home" "-e" "CARGO_TARGET_DIR=/opt/rustwide/target" "-e" "CARGO_INCREMENTAL=0" "-e" "RUST_BACKTRACE=full" "-e" "RUSTFLAGS=--cap-lints=warn" "-e" "RUSTDOCFLAGS=--cap-lints=warn" "-w" "/opt/rustwide/workdir" "--user" "0:0" "da9000af5d8e03bc814f28523c69387c59a5d2fafca330128a1d4f4cbd4a8cb9" "/opt/rustwide/cargo-home/bin/cargo" "+1.99.0-beta.8" "build" "--frozen" "--message-format=json" "--release", kill_on_drop: false }`
[INFO] [stderr]    Compiling syn v3.0.9
[INFO] [stderr]    Compiling iced_core v0.5.0
[INFO] [stderr]    Compiling twox-hash v1.6.3
[INFO] [stderr]    Compiling iced_style v0.4.0
[INFO] [stderr]    Compiling futures-macro v0.3.34
[INFO] [stderr]    Compiling futures-util v0.3.34
[INFO] [stderr]    Compiling futures-executor v0.3.34
[INFO] [stderr]    Compiling futures v0.3.34
[INFO] [stderr]    Compiling iced_futures v0.4.1
[INFO] [stderr]    Compiling iced_native v0.5.1
[INFO] [stderr]    Compiling iced_pure v0.2.2 (/opt/rustwide/workdir)
[INFO] [stdout] warning: use of deprecated module `std::u32`: all constants in this module replaced by associated constants on the type
[INFO] [stdout]   --> src/widget/container.rs:16:10
[INFO] [stdout]    |
[INFO] [stdout] 16 | use std::u32;
[INFO] [stdout]    |          ^^^
[INFO] [stdout]    |
[INFO] [stdout]    = note: `#[warn(deprecated)]` on by default
[INFO] [stdout] 
[INFO] [stdout] 
[INFO] [stdout] warning: use of deprecated constant `std::u32::MAX`: replaced by the `MAX` associated constant on this type
[INFO] [stdout]   --> src/widget/container.rs:49:29
[INFO] [stdout]    |
[INFO] [stdout] 49 |             max_width: u32::MAX,
[INFO] [stdout]    |                             ^^^
[INFO] [stdout] 
[INFO] [stdout] 
[INFO] [stdout] warning: use of deprecated constant `std::u32::MAX`: replaced by the `MAX` associated constant on this type
[INFO] [stdout]   --> src/widget/container.rs:50:30
[INFO] [stdout]    |
[INFO] [stdout] 50 |             max_height: u32::MAX,
[INFO] [stdout]    |                              ^^^
[INFO] [stdout] 
[INFO] [stdout] 
[INFO] [stdout] warning: use of deprecated module `std::u32`: all constants in this module replaced by associated constants on the type
[INFO] [stdout]   --> src/widget/column.rs:14:10
[INFO] [stdout]    |
[INFO] [stdout] 14 | use std::u32;
[INFO] [stdout]    |          ^^^
[INFO] [stdout] 
[INFO] [stdout] 
[INFO] [stdout] warning: use of deprecated constant `std::u32::MAX`: replaced by the `MAX` associated constant on this type
[INFO] [stdout]   --> src/widget/column.rs:42:29
[INFO] [stdout]    |
[INFO] [stdout] 42 |             max_width: u32::MAX,
[INFO] [stdout]    |                             ^^^
[INFO] [stdout] 
[INFO] [stdout] 
[INFO] [stdout] warning: eliding a lifetime that's named elsewhere is confusing
[INFO] [stdout]    --> src/widget/pane_grid.rs:377:34
[INFO] [stdout]     |
[INFO] [stdout] 373 |         &'b self,
[INFO] [stdout]     |          -- the lifetime is named here
[INFO] [stdout] 374 |         tree: &'b mut Tree,
[INFO] [stdout]     |                -- the lifetime is named here
[INFO] [stdout] ...
[INFO] [stdout] 377 |     ) -> Option<overlay::Element<'_, Message, Renderer>> {
[INFO] [stdout]     |                                  ^^ the same lifetime is elided here
[INFO] [stdout]     |
[INFO] [stdout]     = help: the same lifetime is referred to in inconsistent ways, making the signature confusing
[INFO] [stdout]     = note: `#[warn(mismatched_lifetime_syntaxes)]` on by default
[INFO] [stdout] help: consistently use `'b`
[INFO] [stdout]     |
[INFO] [stdout] 377 -     ) -> Option<overlay::Element<'_, Message, Renderer>> {
[INFO] [stdout] 377 +     ) -> Option<overlay::Element<'b, Message, Renderer>> {
[INFO] [stdout]     |
[INFO] [stdout] 
[INFO] [stdout] 
[INFO] [stderr]     Finished `release` profile [optimized] target(s) in 15.46s
[INFO] running `Command { std: "docker" "inspect" "da9000af5d8e03bc814f28523c69387c59a5d2fafca330128a1d4f4cbd4a8cb9", kill_on_drop: false }`
[INFO] running `Command { std: "docker" "exec" "-e" "SOURCE_DIR=/opt/rustwide/workdir" "-e" "CARGO_HOME=/opt/rustwide/cargo-home" "-e" "RUSTUP_HOME=/opt/rustwide/rustup-home" "-e" "CARGO_TARGET_DIR=/opt/rustwide/target" "-e" "CARGO_INCREMENTAL=0" "-e" "RUST_BACKTRACE=full" "-e" "RUSTFLAGS=--cap-lints=warn" "-e" "RUSTDOCFLAGS=--cap-lints=warn" "-w" "/opt/rustwide/workdir" "--user" "0:0" "da9000af5d8e03bc814f28523c69387c59a5d2fafca330128a1d4f4cbd4a8cb9" "/opt/rustwide/cargo-home/bin/cargo" "+1.99.0-beta.8" "test" "--frozen" "--no-run" "--message-format=json" "--release", kill_on_drop: false }`
[INFO] [stderr]    Compiling iced_pure v0.2.2 (/opt/rustwide/workdir)
[INFO] [stdout] warning: use of deprecated module `std::u32`: all constants in this module replaced by associated constants on the type
[INFO] [stdout]   --> src/widget/container.rs:16:10
[INFO] [stdout]    |
[INFO] [stdout] 16 | use std::u32;
[INFO] [stdout]    |          ^^^
[INFO] [stdout]    |
[INFO] [stdout]    = note: `#[warn(deprecated)]` on by default
[INFO] [stdout] 
[INFO] [stdout] 
[INFO] [stdout] warning: use of deprecated constant `std::u32::MAX`: replaced by the `MAX` associated constant on this type
[INFO] [stdout]   --> src/widget/container.rs:49:29
[INFO] [stdout]    |
[INFO] [stdout] 49 |             max_width: u32::MAX,
[INFO] [stdout]    |                             ^^^
[INFO] [stdout] 
[INFO] [stdout] 
[INFO] [stdout] warning: use of deprecated constant `std::u32::MAX`: replaced by the `MAX` associated constant on this type
[INFO] [stdout]   --> src/widget/container.rs:50:30
[INFO] [stdout]    |
[INFO] [stdout] 50 |             max_height: u32::MAX,
[INFO] [stdout]    |                              ^^^
[INFO] [stdout] 
[INFO] [stdout] 
[INFO] [stdout] warning: use of deprecated module `std::u32`: all constants in this module replaced by associated constants on the type
[INFO] [stdout]   --> src/widget/column.rs:14:10
[INFO] [stdout]    |
[INFO] [stdout] 14 | use std::u32;
[INFO] [stdout]    |          ^^^
[INFO] [stdout] 
[INFO] [stdout] 
[INFO] [stdout] warning: use of deprecated constant `std::u32::MAX`: replaced by the `MAX` associated constant on this type
[INFO] [stdout]   --> src/widget/column.rs:42:29
[INFO] [stdout]    |
[INFO] [stdout] 42 |             max_width: u32::MAX,
[INFO] [stdout]    |                             ^^^
[INFO] [stdout] 
[INFO] [stdout] 
[INFO] [stdout] warning: eliding a lifetime that's named elsewhere is confusing
[INFO] [stdout]    --> src/widget/pane_grid.rs:377:34
[INFO] [stdout]     |
[INFO] [stdout] 373 |         &'b self,
[INFO] [stdout]     |          -- the lifetime is named here
[INFO] [stdout] 374 |         tree: &'b mut Tree,
[INFO] [stdout]     |                -- the lifetime is named here
[INFO] [stdout] ...
[INFO] [stdout] 377 |     ) -> Option<overlay::Element<'_, Message, Renderer>> {
[INFO] [stdout]     |                                  ^^ the same lifetime is elided here
[INFO] [stdout]     |
[INFO] [stdout]     = help: the same lifetime is referred to in inconsistent ways, making the signature confusing
[INFO] [stdout]     = note: `#[warn(mismatched_lifetime_syntaxes)]` on by default
[INFO] [stdout] help: consistently use `'b`
[INFO] [stdout]     |
[INFO] [stdout] 377 -     ) -> Option<overlay::Element<'_, Message, Renderer>> {
[INFO] [stdout] 377 +     ) -> Option<overlay::Element<'b, Message, Renderer>> {
[INFO] [stdout]     |
[INFO] [stdout] 
[INFO] [stdout] 
[INFO] [stdout] warning: use of deprecated module `std::u32`: all constants in this module replaced by associated constants on the type
[INFO] [stdout]   --> src/widget/container.rs:16:10
[INFO] [stdout]    |
[INFO] [stdout] 16 | use std::u32;
[INFO] [stdout]    |          ^^^
[INFO] [stdout]    |
[INFO] [stdout]    = note: `#[warn(deprecated)]` on by default
[INFO] [stdout] 
[INFO] [stdout] 
[INFO] [stdout] warning: use of deprecated constant `std::u32::MAX`: replaced by the `MAX` associated constant on this type
[INFO] [stdout]   --> src/widget/container.rs:49:29
[INFO] [stdout]    |
[INFO] [stdout] 49 |             max_width: u32::MAX,
[INFO] [stdout]    |                             ^^^
[INFO] [stdout] 
[INFO] [stdout] 
[INFO] [stdout] warning: use of deprecated constant `std::u32::MAX`: replaced by the `MAX` associated constant on this type
[INFO] [stdout]   --> src/widget/container.rs:50:30
[INFO] [stdout]    |
[INFO] [stdout] 50 |             max_height: u32::MAX,
[INFO] [stdout]    |                              ^^^
[INFO] [stdout] 
[INFO] [stdout] 
[INFO] [stdout] warning: use of deprecated module `std::u32`: all constants in this module replaced by associated constants on the type
[INFO] [stdout]   --> src/widget/column.rs:14:10
[INFO] [stdout]    |
[INFO] [stdout] 14 | use std::u32;
[INFO] [stdout]    |          ^^^
[INFO] [stdout] 
[INFO] [stdout] 
[INFO] [stdout] warning: use of deprecated constant `std::u32::MAX`: replaced by the `MAX` associated constant on this type
[INFO] [stdout]   --> src/widget/column.rs:42:29
[INFO] [stdout]    |
[INFO] [stdout] 42 |             max_width: u32::MAX,
[INFO] [stdout]    |                             ^^^
[INFO] [stdout] 
[INFO] [stdout] 
[INFO] [stdout] warning: eliding a lifetime that's named elsewhere is confusing
[INFO] [stdout]    --> src/widget/pane_grid.rs:377:34
[INFO] [stdout]     |
[INFO] [stdout] 373 |         &'b self,
[INFO] [stdout]     |          -- the lifetime is named here
[INFO] [stdout] 374 |         tree: &'b mut Tree,
[INFO] [stdout]     |                -- the lifetime is named here
[INFO] [stdout] ...
[INFO] [stdout] 377 |     ) -> Option<overlay::Element<'_, Message, Renderer>> {
[INFO] [stdout]     |                                  ^^ the same lifetime is elided here
[INFO] [stdout]     |
[INFO] [stdout]     = help: the same lifetime is referred to in inconsistent ways, making the signature confusing
[INFO] [stdout]     = note: `#[warn(mismatched_lifetime_syntaxes)]` on by default
[INFO] [stdout] help: consistently use `'b`
[INFO] [stdout]     |
[INFO] [stdout] 377 -     ) -> Option<overlay::Element<'_, Message, Renderer>> {
[INFO] [stdout] 377 +     ) -> Option<overlay::Element<'b, Message, Renderer>> {
[INFO] [stdout]     |
[INFO] [stdout] 
[INFO] [stdout] 
[INFO] [stderr]     Finished `release` profile [optimized] target(s) in 0.66s
[INFO] running `Command { std: "docker" "inspect" "da9000af5d8e03bc814f28523c69387c59a5d2fafca330128a1d4f4cbd4a8cb9", kill_on_drop: false }`
[INFO] running `Command { std: "docker" "exec" "-e" "SOURCE_DIR=/opt/rustwide/workdir" "-e" "CARGO_HOME=/opt/rustwide/cargo-home" "-e" "RUSTUP_HOME=/opt/rustwide/rustup-home" "-e" "CARGO_TARGET_DIR=/opt/rustwide/target" "-e" "CARGO_INCREMENTAL=0" "-e" "RUST_BACKTRACE=full" "-e" "RUSTFLAGS=--cap-lints=warn" "-e" "RUSTDOCFLAGS=--cap-lints=warn" "-w" "/opt/rustwide/workdir" "--user" "0:0" "da9000af5d8e03bc814f28523c69387c59a5d2fafca330128a1d4f4cbd4a8cb9" "/opt/rustwide/cargo-home/bin/cargo" "+1.99.0-beta.8" "test" "--frozen" "--release", kill_on_drop: false }`
[INFO] [stderr] warning: use of deprecated module `std::u32`: all constants in this module replaced by associated constants on the type
[INFO] [stderr]   --> src/widget/container.rs:16:10
[INFO] [stderr]    |
[INFO] [stderr] 16 | use std::u32;
[INFO] [stderr]    |          ^^^
[INFO] [stderr]    |
[INFO] [stderr]    = note: `#[warn(deprecated)]` on by default
[INFO] [stderr] 
[INFO] [stderr] warning: use of deprecated constant `std::u32::MAX`: replaced by the `MAX` associated constant on this type
[INFO] [stderr]   --> src/widget/container.rs:49:29
[INFO] [stderr]    |
[INFO] [stderr] 49 |             max_width: u32::MAX,
[INFO] [stderr]    |                             ^^^
[INFO] [stderr] 
[INFO] [stderr] warning: use of deprecated constant `std::u32::MAX`: replaced by the `MAX` associated constant on this type
[INFO] [stderr]   --> src/widget/container.rs:50:30
[INFO] [stderr]    |
[INFO] [stderr] 50 |             max_height: u32::MAX,
[INFO] [stderr]    |                              ^^^
[INFO] [stderr] 
[INFO] [stderr] warning: use of deprecated module `std::u32`: all constants in this module replaced by associated constants on the type
[INFO] [stderr]   --> src/widget/column.rs:14:10
[INFO] [stderr]    |
[INFO] [stderr] 14 | use std::u32;
[INFO] [stderr]    |          ^^^
[INFO] [stderr] 
[INFO] [stderr] warning: use of deprecated constant `std::u32::MAX`: replaced by the `MAX` associated constant on this type
[INFO] [stderr]   --> src/widget/column.rs:42:29
[INFO] [stderr]    |
[INFO] [stderr] 42 |             max_width: u32::MAX,
[INFO] [stderr]    |                             ^^^
[INFO] [stderr] 
[INFO] [stderr] warning: eliding a lifetime that's named elsewhere is confusing
[INFO] [stderr]    --> src/widget/pane_grid.rs:377:34
[INFO] [stderr]     |
[INFO] [stderr] 373 |         &'b self,
[INFO] [stderr]     |          -- the lifetime is named here
[INFO] [stderr] 374 |         tree: &'b mut Tree,
[INFO] [stderr]     |                -- the lifetime is named here
[INFO] [stderr] ...
[INFO] [stderr] 377 |     ) -> Option<overlay::Element<'_, Message, Renderer>> {
[INFO] [stderr]     |                                  ^^ the same lifetime is elided here
[INFO] [stderr]     |
[INFO] [stderr]     = help: the same lifetime is referred to in inconsistent ways, making the signature confusing
[INFO] [stderr]     = note: `#[warn(mismatched_lifetime_syntaxes)]` on by default
[INFO] [stderr] help: consistently use `'b`
[INFO] [stderr]     |
[INFO] [stderr] 377 -     ) -> Option<overlay::Element<'_, Message, Renderer>> {
[INFO] [stderr] 377 +     ) -> Option<overlay::Element<'b, Message, Renderer>> {
[INFO] [stderr]     |
[INFO] [stderr] 
[INFO] [stderr] warning: `iced_pure` (lib) generated 6 warnings (run `cargo fix --lib -p iced_pure` to apply 1 suggestion)
[INFO] [stderr] warning: `iced_pure` (lib test) generated 6 warnings (6 duplicates)
[INFO] [stderr]     Finished `release` profile [optimized] target(s) in 0.06s
[INFO] [stderr]      Running unittests src/lib.rs (/opt/rustwide/target/release/deps/iced_pure-7618a42d8fb1d4e0)
[INFO] [stderr]    Doc-tests iced_pure
[INFO] [stdout] 
[INFO] [stdout] running 0 tests
[INFO] [stdout] 
[INFO] [stdout] test result: ok. 0 passed; 0 failed; 0 ignored; 0 measured; 0 filtered out; finished in 0.00s
[INFO] [stdout] 
[INFO] [stdout] 
[INFO] [stdout] running 13 tests
[INFO] [stdout] test src/lib.rs - (line 12) ... ignored
[INFO] [stdout] test src/lib.rs - (line 24) ... ignored
[INFO] [stdout] test src/lib.rs - (line 62) ... ignored
[INFO] [stdout] test src/lib.rs - Pure (line 113) ... ignored
[INFO] [stdout] test src/element.rs - element::Element<'a,Message,Renderer>::map (line 73) ... ok
[INFO] [stdout] test src/widget/pane_grid.rs - widget::pane_grid::PaneGrid (line 56) ... FAILED
[INFO] [stdout] test src/element.rs - element::Element<'a,Message,Renderer>::map (line 87) ... FAILED
[INFO] [stdout] test src/element.rs - element::Element<'a,Message,Renderer>::map (line 56) ... ok
[INFO] [stdout] test src/widget/slider.rs - widget::slider::Slider (line 25) ... ok
[INFO] [stdout] test src/widget/button.rs - widget::button::Button (line 21) ... FAILED
[INFO] [stdout] test src/widget/button.rs - widget::button::Button (line 36) ... FAILED
[INFO] [stdout] test src/element.rs - element::Element<'a,Message,Renderer>::map (line 145) ... ok
[INFO] [stdout] test src/widget/text_input.rs - widget::text_input::TextInput (line 18) ... FAILED
[INFO] [stdout] 
[INFO] [stdout] failures:
[INFO] [stdout] 
[INFO] [stdout] ---- src/widget/pane_grid.rs - widget::pane_grid::PaneGrid (line 56) stdout ----
[INFO] [stdout] error[E0425]: cannot find type `Null` in module `iced_native::renderer`
[INFO] [stdout]   --> src/widget/pane_grid.rs:62:69
[INFO] [stdout]    |
[INFO] [stdout] 62 |     iced_pure::widget::PaneGrid<'a, Message, iced_native::renderer::Null>;
[INFO] [stdout]    |                                                                     ^^^^ not found in `iced_native::renderer`
[INFO] [stdout]    |
[INFO] [stdout] note: found an item that was configured out
[INFO] [stdout]   --> /opt/rustwide/cargo-home/registry/src/index.crates.io-1949cf8c6b5b557f/iced_native-0.5.1/src/renderer.rs:5:15
[INFO] [stdout]    |
[INFO] [stdout]  4 | #[cfg(debug_assertions)]
[INFO] [stdout]    |       ---------------- the item is gated here
[INFO] [stdout]  5 | pub use null::Null;
[INFO] [stdout]    |               ^^^^
[INFO] [stdout] 
[INFO] [stdout] error: aborting due to 1 previous error
[INFO] [stdout] 
[INFO] [stdout] For more information about this error, try `rustc --explain E0425`.
[INFO] [stdout] Couldn't compile the test.
[INFO] [stdout] ---- src/element.rs - element::Element<'a,Message,Renderer>::map (line 87) stdout ----
[INFO] [stdout] error[E0432]: unresolved import `iced_native::renderer::Null`
[INFO] [stdout]    --> src/element.rs:104:13
[INFO] [stdout]     |
[INFO] [stdout] 104 |     pub use iced_native::renderer::Null as Renderer;
[INFO] [stdout]     |             ^^^^^^^^^^^^^^^^^^^^^^^----^^^^^^^^^^^^
[INFO] [stdout]     |                                    |
[INFO] [stdout]     |                                    no `Null` in `renderer`
[INFO] [stdout]     |
[INFO] [stdout] note: found an item that was configured out
[INFO] [stdout]    --> /opt/rustwide/cargo-home/registry/src/index.crates.io-1949cf8c6b5b557f/iced_native-0.5.1/src/renderer.rs:5:15
[INFO] [stdout]     |
[INFO] [stdout]   4 | #[cfg(debug_assertions)]
[INFO] [stdout]     |       ---------------- the item is gated here
[INFO] [stdout]   5 | pub use null::Null;
[INFO] [stdout]     |               ^^^^
[INFO] [stdout] 
[INFO] [stdout] error[E0425]: cannot find type `Null` in module `iced_native::renderer`
[INFO] [stdout]   --> src/element.rs:90:64
[INFO] [stdout]    |
[INFO] [stdout] 90 |     type Text = iced_pure::widget::Text<iced_native::renderer::Null>;
[INFO] [stdout]    |                                                                ^^^^ not found in `iced_native::renderer`
[INFO] [stdout]    |
[INFO] [stdout] note: found an item that was configured out
[INFO] [stdout]   --> /opt/rustwide/cargo-home/registry/src/index.crates.io-1949cf8c6b5b557f/iced_native-0.5.1/src/renderer.rs:5:15
[INFO] [stdout]    |
[INFO] [stdout]  4 | #[cfg(debug_assertions)]
[INFO] [stdout]    |       ---------------- the item is gated here
[INFO] [stdout]  5 | pub use null::Null;
[INFO] [stdout]    |               ^^^^
[INFO] [stdout] 
[INFO] [stdout] error: aborting due to 2 previous errors
[INFO] [stdout] 
[INFO] [stdout] Some errors have detailed explanations: E0425, E0432.
[INFO] [stdout] For more information about an error, try `rustc --explain E0425`.
[INFO] [stdout] Couldn't compile the test.
[INFO] [stdout] ---- src/widget/button.rs - widget::button::Button (line 21) stdout ----
[INFO] [stdout] error[E0425]: cannot find type `Null` in module `iced_native::renderer`
[INFO] [stdout]   --> src/widget/button.rs:24:67
[INFO] [stdout]    |
[INFO] [stdout] 24 |     iced_pure::widget::Button<'a, Message, iced_native::renderer::Null>;
[INFO] [stdout]    |                                                                   ^^^^ not found in `iced_native::renderer`
[INFO] [stdout]    |
[INFO] [stdout] note: found an item that was configured out
[INFO] [stdout]   --> /opt/rustwide/cargo-home/registry/src/index.crates.io-1949cf8c6b5b557f/iced_native-0.5.1/src/renderer.rs:5:15
[INFO] [stdout]    |
[INFO] [stdout]  4 | #[cfg(debug_assertions)]
[INFO] [stdout]    |       ---------------- the item is gated here
[INFO] [stdout]  5 | pub use null::Null;
[INFO] [stdout]    |               ^^^^
[INFO] [stdout] 
[INFO] [stdout] error: aborting due to 1 previous error
[INFO] [stdout] 
[INFO] [stdout] For more information about this error, try `rustc --explain E0425`.
[INFO] [stdout] Couldn't compile the test.
[INFO] [stdout] ---- src/widget/button.rs - widget::button::Button (line 36) stdout ----
[INFO] [stdout] error[E0425]: cannot find type `Null` in module `iced_native::renderer`
[INFO] [stdout]   --> src/widget/button.rs:39:67
[INFO] [stdout]    |
[INFO] [stdout] 39 |     iced_pure::widget::Button<'a, Message, iced_native::renderer::Null>;
[INFO] [stdout]    |                                                                   ^^^^ not found in `iced_native::renderer`
[INFO] [stdout]    |
[INFO] [stdout] note: found an item that was configured out
[INFO] [stdout]   --> /opt/rustwide/cargo-home/registry/src/index.crates.io-1949cf8c6b5b557f/iced_native-0.5.1/src/renderer.rs:5:15
[INFO] [stdout]    |
[INFO] [stdout]  4 | #[cfg(debug_assertions)]
[INFO] [stdout]    |       ---------------- the item is gated here
[INFO] [stdout]  5 | pub use null::Null;
[INFO] [stdout]    |               ^^^^
[INFO] [stdout] 
[INFO] [stdout] error: aborting due to 1 previous error
[INFO] [stdout] 
[INFO] [stdout] For more information about this error, try `rustc --explain E0425`.
[INFO] [stdout] Couldn't compile the test.
[INFO] [stdout] ---- src/widget/text_input.rs - widget::text_input::TextInput (line 18) stdout ----
[INFO] [stdout] error[E0425]: cannot find type `Null` in module `iced_native::renderer`
[INFO] [stdout]   --> src/widget/text_input.rs:20:100
[INFO] [stdout]    |
[INFO] [stdout] 20 | pub type TextInput<'a, Message> = iced_pure::widget::TextInput<'a, Message, iced_native::renderer::Null>;
[INFO] [stdout]    |                                                                                                    ^^^^ not found in `iced_native::renderer`
[INFO] [stdout]    |
[INFO] [stdout] note: found an item that was configured out
[INFO] [stdout]   --> /opt/rustwide/cargo-home/registry/src/index.crates.io-1949cf8c6b5b557f/iced_native-0.5.1/src/renderer.rs:5:15
[INFO] [stdout]    |
[INFO] [stdout]  4 | #[cfg(debug_assertions)]
[INFO] [stdout]    |       ---------------- the item is gated here
[INFO] [stdout]  5 | pub use null::Null;
[INFO] [stdout]    |               ^^^^
[INFO] [stdout] 
[INFO] [stdout] error: aborting due to 1 previous error
[INFO] [stdout] 
[INFO] [stdout] For more information about this error, try `rustc --explain E0425`.
[INFO] [stdout] Couldn't compile the test.
[INFO] [stdout] 
[INFO] [stdout] failures:
[INFO] [stdout]     src/element.rs - element::Element<'a,Message,Renderer>::map (line 87)
[INFO] [stdout]     src/widget/button.rs - widget::button::Button (line 21)
[INFO] [stdout]     src/widget/button.rs - widget::button::Button (line 36)
[INFO] [stdout]     src/widget/pane_grid.rs - widget::pane_grid::PaneGrid (line 56)
[INFO] [stdout]     src/widget/text_input.rs - widget::text_input::TextInput (line 18)
[INFO] [stdout] 
[INFO] [stdout] test result: FAILED. 4 passed; 5 failed; 4 ignored; 0 measured; 0 filtered out; finished in 0.70s
[INFO] [stdout] 
[INFO] [stderr] error: doctest failed, to rerun pass `--doc`
[INFO] running `Command { std: "docker" "inspect" "da9000af5d8e03bc814f28523c69387c59a5d2fafca330128a1d4f4cbd4a8cb9", kill_on_drop: false }`
[INFO] running `Command { std: "docker" "rm" "-f" "da9000af5d8e03bc814f28523c69387c59a5d2fafca330128a1d4f4cbd4a8cb9", kill_on_drop: false }`
[INFO] [stdout] da9000af5d8e03bc814f28523c69387c59a5d2fafca330128a1d4f4cbd4a8cb9
