[INFO] fetching crate iced_core 0.14.0...
[INFO] testing iced_core-0.14.0 against 1.99.0-beta.8+cargoflags=--release for beta-release-1.100-2
[INFO] extracting crate iced_core 0.14.0 into /workspace/builds/worker-2-tc1/source
[INFO] started tweaking crates.io crate iced_core 0.14.0
[INFO] finished tweaking crates.io crate iced_core 0.14.0
[INFO] tweaked toml for crates.io crate iced_core 0.14.0 written to /workspace/builds/worker-2-tc1/source/Cargo.toml
[INFO] validating manifest of crates.io crate iced_core 0.14.0 on toolchain 1.99.0-beta.8
[INFO] running `Command { std: CARGO_HOME="/workspace/cargo-home" RUSTUP_HOME="/workspace/rustup-home" "/workspace/cargo-home/bin/cargo" "+1.99.0-beta.8" "metadata" "--manifest-path" "Cargo.toml" "--no-deps", kill_on_drop: false }`
[INFO] crate crates.io crate iced_core 0.14.0 already has a lockfile, it will not be regenerated
[INFO] running `Command { std: CARGO_HOME="/workspace/cargo-home" RUSTUP_HOME="/workspace/rustup-home" "/workspace/cargo-home/bin/cargo" "+1.99.0-beta.8" "fetch" "--manifest-path" "Cargo.toml", kill_on_drop: false }`
[INFO] [stderr] warning: Cargo.toml: `lints.clippy.large-enum-variant` is deprecated in favor of `lints.clippy.large_enum_variant` and will not work in a future edition
[INFO] [stderr] warning: Cargo.toml: `lints.clippy.map-entry` is deprecated in favor of `lints.clippy.map_entry` and will not work in a future edition
[INFO] [stderr] warning: Cargo.toml: `lints.clippy.match-wildcard-for-single-variants` is deprecated in favor of `lints.clippy.match_wildcard_for_single_variants` and will not work in a future edition
[INFO] [stderr] warning: Cargo.toml: `lints.clippy.redundant-closure-for-method-calls` is deprecated in favor of `lints.clippy.redundant_closure_for_method_calls` and will not work in a future edition
[INFO] [stderr] warning: Cargo.toml: `lints.clippy.trivially-copy-pass-by-ref` is deprecated in favor of `lints.clippy.trivially_copy_pass_by_ref` and will not work in a future edition
[INFO] [stderr] warning: Cargo.toml: `lints.clippy.type-complexity` is deprecated in favor of `lints.clippy.type_complexity` and will not work in a future edition
[INFO] [stderr] warning: `iced_core` (manifest) generated 6 warnings
[INFO] [stderr]     Blocking waiting for file lock on package cache
[INFO] running `Command { std: "docker" "create" "-v" "/var/lib/crater-agent-workspace/builds/worker-2-tc1/source:/opt/rustwide/workdir:ro,Z" "-v" "/var/lib/crater-agent-workspace/builds/worker-2-tc1/target:/opt/rustwide/target:rw,Z" "-v" "/var/lib/crater-agent-workspace/cargo-home:/opt/rustwide/cargo-home:ro,Z" "-v" "/var/lib/crater-agent-workspace/rustup-home:/opt/rustwide/rustup-home:ro,Z" "-m" "1610612736" "--network" "none" "ghcr.io/rust-lang/crates-build-env/linux@sha256:77db811e55d90add9212f6832c23229e3de5f1c1f9905e8cb07319ea15df73ac" "sleep" "infinity", kill_on_drop: false }`
[INFO] [stdout] f760909619bcea234ade9217fd42c1657b40a524883be4942bfccba5955cca13
[INFO] running `Command { std: "docker" "start" "f760909619bcea234ade9217fd42c1657b40a524883be4942bfccba5955cca13", kill_on_drop: false }`
[INFO] running `Command { std: "docker" "inspect" "f760909619bcea234ade9217fd42c1657b40a524883be4942bfccba5955cca13", kill_on_drop: false }`
[INFO] running `Command { std: "docker" "exec" "-e" "SOURCE_DIR=/opt/rustwide/workdir" "-e" "CARGO_HOME=/opt/rustwide/cargo-home" "-e" "RUSTUP_HOME=/opt/rustwide/rustup-home" "-e" "CARGO_TARGET_DIR=/opt/rustwide/target" "-w" "/opt/rustwide/workdir" "--user" "0:0" "f760909619bcea234ade9217fd42c1657b40a524883be4942bfccba5955cca13" "/opt/rustwide/cargo-home/bin/cargo" "+1.99.0-beta.8" "metadata" "--no-deps" "--format-version=1", kill_on_drop: false }`
[INFO] running `Command { std: "docker" "inspect" "f760909619bcea234ade9217fd42c1657b40a524883be4942bfccba5955cca13", kill_on_drop: false }`
[INFO] running `Command { std: "docker" "exec" "-e" "SOURCE_DIR=/opt/rustwide/workdir" "-e" "CARGO_HOME=/opt/rustwide/cargo-home" "-e" "RUSTUP_HOME=/opt/rustwide/rustup-home" "-e" "CARGO_TARGET_DIR=/opt/rustwide/target" "-e" "CARGO_INCREMENTAL=0" "-e" "RUST_BACKTRACE=full" "-e" "RUSTFLAGS=--cap-lints=warn" "-e" "RUSTDOCFLAGS=--cap-lints=warn" "-w" "/opt/rustwide/workdir" "--user" "0:0" "f760909619bcea234ade9217fd42c1657b40a524883be4942bfccba5955cca13" "/opt/rustwide/cargo-home/bin/cargo" "+1.99.0-beta.8" "build" "--frozen" "--message-format=json" "--release", kill_on_drop: false }`
[INFO] [stderr] warning: Cargo.toml: `lints.clippy.large-enum-variant` is deprecated in favor of `lints.clippy.large_enum_variant` and will not work in a future edition
[INFO] [stderr] warning: Cargo.toml: `lints.clippy.map-entry` is deprecated in favor of `lints.clippy.map_entry` and will not work in a future edition
[INFO] [stderr] warning: Cargo.toml: `lints.clippy.match-wildcard-for-single-variants` is deprecated in favor of `lints.clippy.match_wildcard_for_single_variants` and will not work in a future edition
[INFO] [stderr] warning: Cargo.toml: `lints.clippy.redundant-closure-for-method-calls` is deprecated in favor of `lints.clippy.redundant_closure_for_method_calls` and will not work in a future edition
[INFO] [stderr] warning: Cargo.toml: `lints.clippy.trivially-copy-pass-by-ref` is deprecated in favor of `lints.clippy.trivially_copy_pass_by_ref` and will not work in a future edition
[INFO] [stderr] warning: Cargo.toml: `lints.clippy.type-complexity` is deprecated in favor of `lints.clippy.type_complexity` and will not work in a future edition
[INFO] [stderr] warning: `iced_core` (manifest) generated 6 warnings
[INFO] [stderr]    Compiling num-traits v0.2.19
[INFO] [stderr]    Compiling syn v2.0.111
[INFO] [stderr]    Compiling web-time v1.1.0
[INFO] [stderr]    Compiling glam v0.25.0
[INFO] [stderr]    Compiling smol_str v0.2.2
[INFO] [stderr]    Compiling lilt v0.8.1
[INFO] [stderr]    Compiling thiserror-impl v2.0.17
[INFO] [stderr]    Compiling thiserror v2.0.17
[INFO] [stderr]    Compiling iced_core v0.14.0 (/opt/rustwide/workdir)
[INFO] [stderr]     Finished `release` profile [optimized] target(s) in 8.01s
[INFO] running `Command { std: "docker" "inspect" "f760909619bcea234ade9217fd42c1657b40a524883be4942bfccba5955cca13", kill_on_drop: false }`
[INFO] running `Command { std: "docker" "exec" "-e" "SOURCE_DIR=/opt/rustwide/workdir" "-e" "CARGO_HOME=/opt/rustwide/cargo-home" "-e" "RUSTUP_HOME=/opt/rustwide/rustup-home" "-e" "CARGO_TARGET_DIR=/opt/rustwide/target" "-e" "CARGO_INCREMENTAL=0" "-e" "RUST_BACKTRACE=full" "-e" "RUSTFLAGS=--cap-lints=warn" "-e" "RUSTDOCFLAGS=--cap-lints=warn" "-w" "/opt/rustwide/workdir" "--user" "0:0" "f760909619bcea234ade9217fd42c1657b40a524883be4942bfccba5955cca13" "/opt/rustwide/cargo-home/bin/cargo" "+1.99.0-beta.8" "test" "--frozen" "--no-run" "--message-format=json" "--release", kill_on_drop: false }`
[INFO] [stderr] warning: Cargo.toml: `lints.clippy.large-enum-variant` is deprecated in favor of `lints.clippy.large_enum_variant` and will not work in a future edition
[INFO] [stderr] warning: Cargo.toml: `lints.clippy.map-entry` is deprecated in favor of `lints.clippy.map_entry` and will not work in a future edition
[INFO] [stderr] warning: Cargo.toml: `lints.clippy.match-wildcard-for-single-variants` is deprecated in favor of `lints.clippy.match_wildcard_for_single_variants` and will not work in a future edition
[INFO] [stderr] warning: Cargo.toml: `lints.clippy.redundant-closure-for-method-calls` is deprecated in favor of `lints.clippy.redundant_closure_for_method_calls` and will not work in a future edition
[INFO] [stderr] warning: Cargo.toml: `lints.clippy.trivially-copy-pass-by-ref` is deprecated in favor of `lints.clippy.trivially_copy_pass_by_ref` and will not work in a future edition
[INFO] [stderr] warning: Cargo.toml: `lints.clippy.type-complexity` is deprecated in favor of `lints.clippy.type_complexity` and will not work in a future edition
[INFO] [stderr] warning: `iced_core` (manifest) generated 6 warnings
[INFO] [stderr]    Compiling iced_core v0.14.0 (/opt/rustwide/workdir)
[INFO] [stderr]     Finished `release` profile [optimized] target(s) in 1.79s
[INFO] running `Command { std: "docker" "inspect" "f760909619bcea234ade9217fd42c1657b40a524883be4942bfccba5955cca13", kill_on_drop: false }`
[INFO] running `Command { std: "docker" "exec" "-e" "SOURCE_DIR=/opt/rustwide/workdir" "-e" "CARGO_HOME=/opt/rustwide/cargo-home" "-e" "RUSTUP_HOME=/opt/rustwide/rustup-home" "-e" "CARGO_TARGET_DIR=/opt/rustwide/target" "-e" "CARGO_INCREMENTAL=0" "-e" "RUST_BACKTRACE=full" "-e" "RUSTFLAGS=--cap-lints=warn" "-e" "RUSTDOCFLAGS=--cap-lints=warn" "-w" "/opt/rustwide/workdir" "--user" "0:0" "f760909619bcea234ade9217fd42c1657b40a524883be4942bfccba5955cca13" "/opt/rustwide/cargo-home/bin/cargo" "+1.99.0-beta.8" "test" "--frozen" "--release", kill_on_drop: false }`
[INFO] [stderr] warning: Cargo.toml: `lints.clippy.large-enum-variant` is deprecated in favor of `lints.clippy.large_enum_variant` and will not work in a future edition
[INFO] [stderr] warning: Cargo.toml: `lints.clippy.map-entry` is deprecated in favor of `lints.clippy.map_entry` and will not work in a future edition
[INFO] [stderr] warning: Cargo.toml: `lints.clippy.match-wildcard-for-single-variants` is deprecated in favor of `lints.clippy.match_wildcard_for_single_variants` and will not work in a future edition
[INFO] [stderr] warning: Cargo.toml: `lints.clippy.redundant-closure-for-method-calls` is deprecated in favor of `lints.clippy.redundant_closure_for_method_calls` and will not work in a future edition
[INFO] [stderr] warning: Cargo.toml: `lints.clippy.trivially-copy-pass-by-ref` is deprecated in favor of `lints.clippy.trivially_copy_pass_by_ref` and will not work in a future edition
[INFO] [stderr] warning: Cargo.toml: `lints.clippy.type-complexity` is deprecated in favor of `lints.clippy.type_complexity` and will not work in a future edition
[INFO] [stderr] warning: `iced_core` (manifest) generated 6 warnings
[INFO] [stderr]     Finished `release` profile [optimized] target(s) in 0.04s
[INFO] [stderr]      Running unittests src/lib.rs (/opt/rustwide/target/release/deps/iced_core-a8944f8556e19140)
[INFO] [stdout] 
[INFO] [stdout] running 4 tests
[INFO] [stdout] test color::tests::shorthand_notation ... ok
[INFO] [stdout] test color::tests::parse ... ok
[INFO] [stderr]    Doc-tests iced_core
[INFO] [stdout] test window::redraw_request::tests::ordering ... ok
[INFO] [stdout] test widget::id::tests::unique_generates_different_ids ... ok
[INFO] [stdout] 
[INFO] [stdout] test result: ok. 4 passed; 0 failed; 0 ignored; 0 measured; 0 filtered out; finished in 0.00s
[INFO] [stdout] 
[INFO] [stdout] 
[INFO] [stdout] running 17 tests
[INFO] [stdout] test src/widget/text.rs - widget::text (line 4) - compile ... FAILED
[INFO] [stdout] test src/padding.rs - padding::Padding (line 8) ... ok
[INFO] [stdout] test src/element.rs - element::Element<'a,Message,Theme,Renderer>::map (line 62) ... ok
[INFO] [stdout] test src/element.rs - element::Element<'a,Message,Theme,Renderer>::map (line 93) - compile ... FAILED
[INFO] [stdout] test src/border.rs - border::rounded (line 19) ... ok
[INFO] [stdout] test src/lib.rs - Function::with (line 129) ... ok
[INFO] [stdout] test src/widget/text.rs - widget::text::Text (line 39) - compile ... FAILED
[INFO] [stdout] test src/element.rs - element::Element<'a,Message,Theme,Renderer>::map (line 79) ... ok
[INFO] [stdout] test src/element.rs - element::Element<'a,Message,Theme,Renderer>::map (line 156) ... ok
[INFO] [stdout] test src/border.rs - border::color (line 30) ... ok
[INFO] [stdout] test src/input_method.rs - input_method::InputMethod::merge (line 88) ... ok
[INFO] [stdout] test src/lib.rs - Function::with (line 117) ... ok
[INFO] [stdout] test src/padding.rs - padding::Padding (line 18) ... ok
[INFO] [stdout] test src/keyboard/key.rs - keyboard::key::Key::to_latin (line 39) ... ok
[INFO] [stdout] test src/event.rs - event::Status::merge (line 47) ... ok
[INFO] [stdout] test src/color.rs - color::color (line 276) ... ok
[INFO] [stdout] test src/border.rs - border::width (line 42) ... ok
[INFO] [stdout] 
[INFO] [stdout] failures:
[INFO] [stdout] 
[INFO] [stdout] ---- src/widget/text.rs - widget::text (line 4) stdout ----
[INFO] [stdout] error[E0277]: the trait bound `(): iced_core::text::Renderer` is not satisfied
[INFO] [stdout]   --> src/widget/text.rs:6:53
[INFO] [stdout]    |
[INFO] [stdout]  6 | mod iced { pub mod widget { pub fn text<T>(t: T) -> iced_core::widget::Text<'static, iced_core::Theme, ()> { unimplemented!() } }
[INFO] [stdout]    |                                                     ^^^^^^^^^^^^^^^^^^^^^^^^^^^^^^^^^^^^^^^^^^^^^^^^^^^^^^ the trait `iced_core::text::Renderer` is not implemented for `()`
[INFO] [stdout]    |
[INFO] [stdout] note: required by a bound in `iced_core::widget::Text`
[INFO] [stdout]   --> src/widget/text.rs:61:15
[INFO] [stdout]    |
[INFO] [stdout] 58 | pub struct Text<'a, Theme, Renderer>
[INFO] [stdout]    |            ---- required by a bound in this struct
[INFO] [stdout] ...
[INFO] [stdout] 61 |     Renderer: text::Renderer,
[INFO] [stdout]    |               ^^^^^^^^^^^^^^ required by this bound in `Text`
[INFO] [stdout] 
[INFO] [stdout] error[E0599]: the method `size` exists for struct `iced_core::widget::Text<'static, Theme, ()>`, but its trait bounds were not satisfied
[INFO] [stdout]   --> src/widget/text.rs:19:10
[INFO] [stdout]    |
[INFO] [stdout] 18 | /     text("Hello, this is iced!")
[INFO] [stdout] 19 | |         .size(20)
[INFO] [stdout]    | |         -^^^^ method cannot be called on `iced_core::widget::Text<'static, Theme, ()>` due to unsatisfied trait bounds
[INFO] [stdout]    | |_________|
[INFO] [stdout]    |
[INFO] [stdout]    |
[INFO] [stdout]    = note: the following trait bounds were not satisfied:
[INFO] [stdout]            `(): iced_core::text::Renderer`
[INFO] [stdout] 
[INFO] [stdout] error[E0277]: the trait bound `(): iced_core::text::Renderer` is not satisfied
[INFO] [stdout]   --> src/widget/text.rs:18:5
[INFO] [stdout]    |
[INFO] [stdout] 18 |     text("Hello, this is iced!")
[INFO] [stdout]    |     ^^^^^^^^^^^^^^^^^^^^^^^^^^^^ the trait `iced_core::text::Renderer` is not implemented for `()`
[INFO] [stdout]    |
[INFO] [stdout] note: required by a bound in `iced_core::widget::Text`
[INFO] [stdout]   --> src/widget/text.rs:61:15
[INFO] [stdout]    |
[INFO] [stdout] 58 | pub struct Text<'a, Theme, Renderer>
[INFO] [stdout]    |            ---- required by a bound in this struct
[INFO] [stdout] ...
[INFO] [stdout] 61 |     Renderer: text::Renderer,
[INFO] [stdout]    |               ^^^^^^^^^^^^^^ required by this bound in `Text`
[INFO] [stdout] 
[INFO] [stdout] error[E0277]: the trait bound `(): iced_core::text::Renderer` is not satisfied
[INFO] [stdout]  --> src/widget/text.rs:6:53
[INFO] [stdout]   |
[INFO] [stdout] 6 | mod iced { pub mod widget { pub fn text<T>(t: T) -> iced_core::widget::Text<'static, iced_core::Theme, ()> { unimplemented!() } }
[INFO] [stdout]   |                                                     ^^^^^^^^^^^^^^^^^^^^^^^^^^^^^^^^^^^^^^^^^^^^^^^^^^^^^^ the trait `iced_core::text::Renderer` is not implemented for `()`
[INFO] [stdout] 
[INFO] [stdout] error: aborting due to 4 previous errors
[INFO] [stdout] 
[INFO] [stdout] Some errors have detailed explanations: E0277, E0599.
[INFO] [stdout] For more information about an error, try `rustc --explain E0277`.
[INFO] [stdout] Couldn't compile the test.
[INFO] [stdout] ---- src/element.rs - element::Element<'a,Message,Theme,Renderer>::map (line 93) stdout ----
[INFO] [stdout] error[E0277]: the trait bound `(): iced_core::Renderer` is not satisfied
[INFO] [stdout]    --> src/element.rs:146:29
[INFO] [stdout]     |
[INFO] [stdout] 146 |                     counter.map(Message::Counter.with(index))
[INFO] [stdout]     |                             ^^^ the trait `iced_core::Renderer` is not implemented for `()`
[INFO] [stdout]     |
[INFO] [stdout] note: required by a bound in `iced_core::Element::<'a, Message, Theme, Renderer>::map`
[INFO] [stdout]    --> src/element.rs:196:19
[INFO] [stdout]     |
[INFO] [stdout] 189 |     pub fn map<B>(
[INFO] [stdout]     |            --- required by a bound in this associated function
[INFO] [stdout] ...
[INFO] [stdout] 196 |         Renderer: crate::Renderer + 'a,
[INFO] [stdout]     |                   ^^^^^^^^^^^^^^^ required by this bound in `Element::<'a, Message, Theme, Renderer>::map`
[INFO] [stdout] 
[INFO] [stdout] error: aborting due to 1 previous error
[INFO] [stdout] 
[INFO] [stdout] For more information about this error, try `rustc --explain E0277`.
[INFO] [stdout] Couldn't compile the test.
[INFO] [stdout] ---- src/widget/text.rs - widget::text::Text (line 39) stdout ----
[INFO] [stdout] error[E0277]: the trait bound `(): iced_core::text::Renderer` is not satisfied
[INFO] [stdout]   --> src/widget/text.rs:41:53
[INFO] [stdout]    |
[INFO] [stdout] 41 | mod iced { pub mod widget { pub fn text<T>(t: T) -> iced_core::widget::Text<'static, iced_core::Theme, ()> { unimplemented!() } }
[INFO] [stdout]    |                                                     ^^^^^^^^^^^^^^^^^^^^^^^^^^^^^^^^^^^^^^^^^^^^^^^^^^^^^^ the trait `iced_core::text::Renderer` is not implemented for `()`
[INFO] [stdout]    |
[INFO] [stdout] note: required by a bound in `iced_core::widget::Text`
[INFO] [stdout]   --> src/widget/text.rs:61:15
[INFO] [stdout]    |
[INFO] [stdout] 58 | pub struct Text<'a, Theme, Renderer>
[INFO] [stdout]    |            ---- required by a bound in this struct
[INFO] [stdout] ...
[INFO] [stdout] 61 |     Renderer: text::Renderer,
[INFO] [stdout]    |               ^^^^^^^^^^^^^^ required by this bound in `Text`
[INFO] [stdout] 
[INFO] [stdout] error[E0599]: the method `size` exists for struct `iced_core::widget::Text<'static, Theme, ()>`, but its trait bounds were not satisfied
[INFO] [stdout]   --> src/widget/text.rs:54:10
[INFO] [stdout]    |
[INFO] [stdout] 53 | /     text("Hello, this is iced!")
[INFO] [stdout] 54 | |         .size(20)
[INFO] [stdout]    | |         -^^^^ method cannot be called on `iced_core::widget::Text<'static, Theme, ()>` due to unsatisfied trait bounds
[INFO] [stdout]    | |_________|
[INFO] [stdout]    |
[INFO] [stdout]    |
[INFO] [stdout]    = note: the following trait bounds were not satisfied:
[INFO] [stdout]            `(): iced_core::text::Renderer`
[INFO] [stdout] 
[INFO] [stdout] error[E0277]: the trait bound `(): iced_core::text::Renderer` is not satisfied
[INFO] [stdout]   --> src/widget/text.rs:53:5
[INFO] [stdout]    |
[INFO] [stdout] 53 |     text("Hello, this is iced!")
[INFO] [stdout]    |     ^^^^^^^^^^^^^^^^^^^^^^^^^^^^ the trait `iced_core::text::Renderer` is not implemented for `()`
[INFO] [stdout]    |
[INFO] [stdout] note: required by a bound in `iced_core::widget::Text`
[INFO] [stdout]   --> src/widget/text.rs:61:15
[INFO] [stdout]    |
[INFO] [stdout] 58 | pub struct Text<'a, Theme, Renderer>
[INFO] [stdout]    |            ---- required by a bound in this struct
[INFO] [stdout] ...
[INFO] [stdout] 61 |     Renderer: text::Renderer,
[INFO] [stdout]    |               ^^^^^^^^^^^^^^ required by this bound in `Text`
[INFO] [stdout] 
[INFO] [stdout] error[E0277]: the trait bound `(): iced_core::text::Renderer` is not satisfied
[INFO] [stdout]   --> src/widget/text.rs:41:53
[INFO] [stdout]    |
[INFO] [stdout] 41 | mod iced { pub mod widget { pub fn text<T>(t: T) -> iced_core::widget::Text<'static, iced_core::Theme, ()> { unimplemented!() } }
[INFO] [stdout]    |                                                     ^^^^^^^^^^^^^^^^^^^^^^^^^^^^^^^^^^^^^^^^^^^^^^^^^^^^^^ the trait `iced_core::text::Renderer` is not implemented for `()`
[INFO] [stdout] 
[INFO] [stdout] error: aborting due to 4 previous errors
[INFO] [stdout] 
[INFO] [stdout] Some errors have detailed explanations: E0277, E0599.
[INFO] [stdout] For more information about an error, try `rustc --explain E0277`.
[INFO] [stdout] Couldn't compile the test.
[INFO] [stdout] 
[INFO] [stdout] failures:
[INFO] [stdout]     src/element.rs - element::Element<'a,Message,Theme,Renderer>::map (line 93)
[INFO] [stdout]     src/widget/text.rs - widget::text (line 4)
[INFO] [stdout]     src/widget/text.rs - widget::text::Text (line 39)
[INFO] [stdout] 
[INFO] [stdout] test result: FAILED. 14 passed; 3 failed; 0 ignored; 0 measured; 0 filtered out; finished in 0.71s
[INFO] [stdout] 
[INFO] [stdout] all doctests ran in 0.83s; merged doctests compilation took 0.12s
[INFO] [stderr] error: doctest failed, to rerun pass `--doc`
[INFO] running `Command { std: "docker" "inspect" "f760909619bcea234ade9217fd42c1657b40a524883be4942bfccba5955cca13", kill_on_drop: false }`
[INFO] running `Command { std: "docker" "rm" "-f" "f760909619bcea234ade9217fd42c1657b40a524883be4942bfccba5955cca13", kill_on_drop: false }`
[INFO] [stdout] f760909619bcea234ade9217fd42c1657b40a524883be4942bfccba5955cca13
