[INFO] fetching crate icecream 0.1.0...
[INFO] testing icecream-0.1.0 against 1.100.0-beta.1+cargoflags=--release for beta-release-1.100-2
[INFO] extracting crate icecream 0.1.0 into /workspace/builds/worker-4-tc2/source
[INFO] started tweaking crates.io crate icecream 0.1.0
[INFO] finished tweaking crates.io crate icecream 0.1.0
[INFO] tweaked toml for crates.io crate icecream 0.1.0 written to /workspace/builds/worker-4-tc2/source/Cargo.toml
[INFO] validating manifest of crates.io crate icecream 0.1.0 on toolchain 1.100.0-beta.1
[INFO] running `Command { std: CARGO_HOME="/workspace/cargo-home" RUSTUP_HOME="/workspace/rustup-home" "/workspace/cargo-home/bin/cargo" "+1.100.0-beta.1" "metadata" "--manifest-path" "Cargo.toml" "--no-deps", kill_on_drop: false }`
[INFO] running `Command { std: CARGO_HOME="/workspace/cargo-home" RUSTUP_HOME="/workspace/rustup-home" "/workspace/cargo-home/bin/cargo" "+1.100.0-beta.1" "generate-lockfile" "--manifest-path" "Cargo.toml", kill_on_drop: false }`
[INFO] [stderr]     Updating crates.io index
[INFO] [stderr]      Locking 23 packages to highest compatible versions
[INFO] [stderr]       Adding gag v0.1.10 (available: v1.0.0)
[INFO] running `Command { std: CARGO_HOME="/workspace/cargo-home" RUSTUP_HOME="/workspace/rustup-home" "/workspace/cargo-home/bin/cargo" "+1.100.0-beta.1" "fetch" "--manifest-path" "Cargo.toml", kill_on_drop: false }`
[INFO] [stderr] warning: Cargo.toml: `package.edition` is unspecified, defaulting to `2015` while the latest is `2024`
[INFO] [stderr] warning: `package.homepage` is redundant with `package.repository`
[INFO] [stderr]   --> Cargo.toml:13:12
[INFO] [stderr]    |
[INFO] [stderr] 13 | homepage = "https://github.com/ericchang00/icecream-rs"
[INFO] [stderr]    |            ^^^^^^^^^^^^^^^^^^^^^^^^^^^^^^^^^^^^^^^^^^^^
[INFO] [stderr] ...
[INFO] [stderr] 17 | repository = "https://github.com/ericchang00/icecream-rs"
[INFO] [stderr]    |              --------------------------------------------
[INFO] [stderr]    |
[INFO] [stderr]    = note: `cargo::redundant_homepage` is set to `warn` by default
[INFO] [stderr] help: consider removing `package.homepage`
[INFO] [stderr] warning: `icecream` (manifest) generated 2 warnings
[INFO] running `Command { std: "docker" "create" "-v" "/var/lib/crater-agent-workspace/builds/worker-4-tc2/source:/opt/rustwide/workdir:ro,Z" "-v" "/var/lib/crater-agent-workspace/builds/worker-4-tc2/target:/opt/rustwide/target:rw,Z" "-v" "/var/lib/crater-agent-workspace/cargo-home:/opt/rustwide/cargo-home:ro,Z" "-v" "/var/lib/crater-agent-workspace/rustup-home:/opt/rustwide/rustup-home:ro,Z" "-m" "1610612736" "--network" "none" "ghcr.io/rust-lang/crates-build-env/linux@sha256:77db811e55d90add9212f6832c23229e3de5f1c1f9905e8cb07319ea15df73ac" "sleep" "infinity", kill_on_drop: false }`
[INFO] [stdout] b2f58b092656fd81d44f9f8b58bd7f2aa054d18876c3eac08c815bee21bf9176
[INFO] running `Command { std: "docker" "start" "b2f58b092656fd81d44f9f8b58bd7f2aa054d18876c3eac08c815bee21bf9176", kill_on_drop: false }`
[INFO] running `Command { std: "docker" "inspect" "b2f58b092656fd81d44f9f8b58bd7f2aa054d18876c3eac08c815bee21bf9176", kill_on_drop: false }`
[INFO] running `Command { std: "docker" "exec" "-e" "SOURCE_DIR=/opt/rustwide/workdir" "-e" "CARGO_HOME=/opt/rustwide/cargo-home" "-e" "RUSTUP_HOME=/opt/rustwide/rustup-home" "-e" "CARGO_TARGET_DIR=/opt/rustwide/target" "-w" "/opt/rustwide/workdir" "--user" "0:0" "b2f58b092656fd81d44f9f8b58bd7f2aa054d18876c3eac08c815bee21bf9176" "/opt/rustwide/cargo-home/bin/cargo" "+1.100.0-beta.1" "metadata" "--no-deps" "--format-version=1", kill_on_drop: false }`
[INFO] running `Command { std: "docker" "inspect" "b2f58b092656fd81d44f9f8b58bd7f2aa054d18876c3eac08c815bee21bf9176", kill_on_drop: false }`
[INFO] running `Command { std: "docker" "exec" "-e" "SOURCE_DIR=/opt/rustwide/workdir" "-e" "CARGO_HOME=/opt/rustwide/cargo-home" "-e" "RUSTUP_HOME=/opt/rustwide/rustup-home" "-e" "CARGO_TARGET_DIR=/opt/rustwide/target" "-e" "CARGO_INCREMENTAL=0" "-e" "RUST_BACKTRACE=full" "-e" "RUSTFLAGS=--cap-lints=warn" "-e" "RUSTDOCFLAGS=--cap-lints=warn" "-w" "/opt/rustwide/workdir" "--user" "0:0" "b2f58b092656fd81d44f9f8b58bd7f2aa054d18876c3eac08c815bee21bf9176" "/opt/rustwide/cargo-home/bin/cargo" "+1.100.0-beta.1" "build" "--frozen" "--message-format=json" "--release", kill_on_drop: false }`
[INFO] [stderr] warning: Cargo.toml: `package.edition` is unspecified, defaulting to `2015` while the latest is `2024`
[INFO] [stderr] warning: `package.homepage` is redundant with `package.repository`
[INFO] [stderr]   --> Cargo.toml:13:12
[INFO] [stderr]    |
[INFO] [stderr] 13 | homepage = "https://github.com/ericchang00/icecream-rs"
[INFO] [stderr]    |            ^^^^^^^^^^^^^^^^^^^^^^^^^^^^^^^^^^^^^^^^^^^^
[INFO] [stderr] ...
[INFO] [stderr] 17 | repository = "https://github.com/ericchang00/icecream-rs"
[INFO] [stderr]    |              --------------------------------------------
[INFO] [stderr]    |
[INFO] [stderr]    = note: `cargo::redundant_homepage` is set to `warn` by default
[INFO] [stderr] help: consider removing `package.homepage`
[INFO] [stderr] warning: `icecream` (manifest) generated 2 warnings
[INFO] [stderr]    Compiling object v0.37.3
[INFO] [stderr]    Compiling libc v0.2.191
[INFO] [stderr]    Compiling gimli v0.32.3
[INFO] [stderr]    Compiling adler2 v2.0.1
[INFO] [stderr]    Compiling memchr v2.8.3
[INFO] [stderr]    Compiling cfg-if v1.0.5
[INFO] [stderr]    Compiling rustc-demangle v0.1.28
[INFO] [stderr]    Compiling lazy_static v1.5.1
[INFO] [stderr]    Compiling miniz_oxide v0.8.9
[INFO] [stderr]    Compiling addr2line v0.25.1
[INFO] [stderr]    Compiling backtrace v0.3.76
[INFO] [stderr]    Compiling icecream v0.1.0 (/opt/rustwide/workdir)
[INFO] [stderr]     Finished `release` profile [optimized] target(s) in 22.09s
[INFO] running `Command { std: "docker" "inspect" "b2f58b092656fd81d44f9f8b58bd7f2aa054d18876c3eac08c815bee21bf9176", kill_on_drop: false }`
[INFO] running `Command { std: "docker" "exec" "-e" "SOURCE_DIR=/opt/rustwide/workdir" "-e" "CARGO_HOME=/opt/rustwide/cargo-home" "-e" "RUSTUP_HOME=/opt/rustwide/rustup-home" "-e" "CARGO_TARGET_DIR=/opt/rustwide/target" "-e" "CARGO_INCREMENTAL=0" "-e" "RUST_BACKTRACE=full" "-e" "RUSTFLAGS=--cap-lints=warn" "-e" "RUSTDOCFLAGS=--cap-lints=warn" "-w" "/opt/rustwide/workdir" "--user" "0:0" "b2f58b092656fd81d44f9f8b58bd7f2aa054d18876c3eac08c815bee21bf9176" "/opt/rustwide/cargo-home/bin/cargo" "+1.100.0-beta.1" "test" "--frozen" "--no-run" "--message-format=json" "--release", kill_on_drop: false }`
[INFO] [stderr] warning: Cargo.toml: `package.edition` is unspecified, defaulting to `2015` while the latest is `2024`
[INFO] [stderr] warning: `package.homepage` is redundant with `package.repository`
[INFO] [stderr]   --> Cargo.toml:13:12
[INFO] [stderr]    |
[INFO] [stderr] 13 | homepage = "https://github.com/ericchang00/icecream-rs"
[INFO] [stderr]    |            ^^^^^^^^^^^^^^^^^^^^^^^^^^^^^^^^^^^^^^^^^^^^
[INFO] [stderr] ...
[INFO] [stderr] 17 | repository = "https://github.com/ericchang00/icecream-rs"
[INFO] [stderr]    |              --------------------------------------------
[INFO] [stderr]    |
[INFO] [stderr]    = note: `cargo::redundant_homepage` is set to `warn` by default
[INFO] [stderr] help: consider removing `package.homepage`
[INFO] [stderr] warning: `icecream` (manifest) generated 2 warnings
[INFO] [stderr]    Compiling rustix v1.1.5
[INFO] [stderr]    Compiling getrandom v0.4.3
[INFO] [stderr]    Compiling bitflags v2.13.2
[INFO] [stderr]    Compiling linux-raw-sys v0.12.1
[INFO] [stderr]    Compiling once_cell v1.21.4
[INFO] [stderr]    Compiling fastrand v2.5.0
[INFO] [stderr]    Compiling tempfile v3.27.0
[INFO] [stderr]    Compiling gag v0.1.10
[INFO] [stderr]    Compiling icecream v0.1.0 (/opt/rustwide/workdir)
[INFO] [stderr]     Finished `release` profile [optimized] target(s) in 8.10s
[INFO] running `Command { std: "docker" "inspect" "b2f58b092656fd81d44f9f8b58bd7f2aa054d18876c3eac08c815bee21bf9176", kill_on_drop: false }`
[INFO] running `Command { std: "docker" "exec" "-e" "SOURCE_DIR=/opt/rustwide/workdir" "-e" "CARGO_HOME=/opt/rustwide/cargo-home" "-e" "RUSTUP_HOME=/opt/rustwide/rustup-home" "-e" "CARGO_TARGET_DIR=/opt/rustwide/target" "-e" "CARGO_INCREMENTAL=0" "-e" "RUST_BACKTRACE=full" "-e" "RUSTFLAGS=--cap-lints=warn" "-e" "RUSTDOCFLAGS=--cap-lints=warn" "-w" "/opt/rustwide/workdir" "--user" "0:0" "b2f58b092656fd81d44f9f8b58bd7f2aa054d18876c3eac08c815bee21bf9176" "/opt/rustwide/cargo-home/bin/cargo" "+1.100.0-beta.1" "test" "--frozen" "--release", kill_on_drop: false }`
[INFO] [stderr] warning: Cargo.toml: `package.edition` is unspecified, defaulting to `2015` while the latest is `2024`
[INFO] [stderr] warning: `package.homepage` is redundant with `package.repository`
[INFO] [stderr]   --> Cargo.toml:13:12
[INFO] [stderr]    |
[INFO] [stderr] 13 | homepage = "https://github.com/ericchang00/icecream-rs"
[INFO] [stderr]    |            ^^^^^^^^^^^^^^^^^^^^^^^^^^^^^^^^^^^^^^^^^^^^
[INFO] [stderr] ...
[INFO] [stderr] 17 | repository = "https://github.com/ericchang00/icecream-rs"
[INFO] [stderr]    |              --------------------------------------------
[INFO] [stderr]    |
[INFO] [stderr]    = note: `cargo::redundant_homepage` is set to `warn` by default
[INFO] [stderr] help: consider removing `package.homepage`
[INFO] [stderr] warning: `icecream` (manifest) generated 2 warnings
[INFO] [stderr]     Finished `release` profile [optimized] target(s) in 0.07s
[INFO] [stderr]      Running unittests src/lib.rs (/opt/rustwide/target/release/build/icecream/f379e3a71466826c/out/icecream-f379e3a71466826c)
[INFO] [stdout] 
[INFO] [stdout] running 2 tests
[INFO] [stdout] test parsed_backtrace::tests::test_line_info_creation ... FAILED
[INFO] [stdout] test parsed_backtrace::tests::test_line_info_parsing ... FAILED
[INFO] [stdout] 
[INFO] [stdout] failures:
[INFO] [stdout] 
[INFO] [stdout] ---- parsed_backtrace::tests::test_line_info_creation stdout ----
[INFO] [stdout] 
[INFO] [stdout] thread 'parsed_backtrace::tests::test_line_info_creation' (485) panicked at src/parsed_backtrace.rs:17:9:
[INFO] [stdout] assertion `left == right` failed
[INFO] [stdout]   left: None
[INFO] [stdout]  right: Some("tests")
[INFO] [stdout] stack backtrace:
[INFO] [stdout]    0:     0x5ca9e79d7d71 - <<std[617be2ca0a6fd877]::sys::backtrace::BacktraceLock>::print::DisplayBacktrace as core[a373ad73a504971]::fmt::Display>::fmt
[INFO] [stdout]    1:     0x5ca9e79ebd7a - core[a373ad73a504971]::fmt::write
[INFO] [stdout]    2:     0x5ca9e79dbfac - <alloc[2e1b2a31b91974c5]::vec::Vec<u8> as core[a373ad73a504971]::io::write::Write>::write_fmt
[INFO] [stdout]    3:     0x5ca9e79b3c56 - std[617be2ca0a6fd877]::panicking::default_hook::{closure#0}
[INFO] [stdout]    4:     0x5ca9e79d0369 - std[617be2ca0a6fd877]::panicking::default_hook
[INFO] [stdout]    5:     0x5ca9e793b010 - test[aada8e7e76ba119b]::test_main_inner::{closure#0}
[INFO] [stdout]    6:     0x5ca9e79d0522 - std[617be2ca0a6fd877]::panicking::panic_with_hook
[INFO] [stdout]    7:     0x5ca9e79b3d02 - std[617be2ca0a6fd877]::panicking::panic_handler::{closure#0}
[INFO] [stdout]    8:     0x5ca9e79aca19 - std[617be2ca0a6fd877]::sys::backtrace::__rust_end_short_backtrace::<std[617be2ca0a6fd877]::panicking::panic_handler::{closure#0}, !>
[INFO] [stdout]    9:     0x5ca9e79b490d - __rustc[ea4f61d10b84890b]::rust_begin_unwind
[INFO] [stdout]   10:     0x5ca9e79ec4ac - core[a373ad73a504971]::panicking::panic_fmt
[INFO] [stdout]   11:     0x5ca9e79ec3c3 - core[a373ad73a504971]::panicking::assert_failed_inner
[INFO] [stdout]   12:     0x5ca9e792d582 - core[a373ad73a504971]::panicking::assert_failed::<core[a373ad73a504971]::option::Option<&str>, core[a373ad73a504971]::option::Option<&str>>
[INFO] [stdout]   13:     0x5ca9e792e04a - <icecream[2f27b9d7b134637f]::parsed_backtrace::tests::test_line_info_creation::{closure#0} as core[a373ad73a504971]::ops::function::FnOnce<()>>::call_once
[INFO] [stdout]   14:     0x5ca9e792e45b - test[aada8e7e76ba119b]::__rust_begin_short_backtrace::<core[a373ad73a504971]::result::Result<(), alloc[2e1b2a31b91974c5]::string::String>, fn() -> core[a373ad73a504971]::result::Result<(), alloc[2e1b2a31b91974c5]::string::String>>
[INFO] [stdout]   15:     0x5ca9e793b635 - test[aada8e7e76ba119b]::run_test::{closure#0}
[INFO] [stdout]   16:     0x5ca9e7934f24 - std[617be2ca0a6fd877]::sys::backtrace::__rust_begin_short_backtrace::<test[aada8e7e76ba119b]::run_test::{closure#1}, ()>
[INFO] [stdout]   17:     0x5ca9e793e6c2 - <std[617be2ca0a6fd877]::thread::lifecycle::spawn_unchecked<test[aada8e7e76ba119b]::run_test::{closure#1}, ()>::{closure#1} as core[a373ad73a504971]::ops::function::FnOnce<()>>::call_once::{shim:vtable#0}
[INFO] [stdout]   18:     0x5ca9e79d75cf - <std[617be2ca0a6fd877]::sys::thread::unix::Thread>::new::thread_start
[INFO] [stdout]   19:     0x7895ed808dfa - <unknown>
[INFO] [stdout]   20:     0x7895ed89c3d4 - clone
[INFO] [stdout]   21:                0x0 - <unknown>
[INFO] [stdout] 
[INFO] [stdout] ---- parsed_backtrace::tests::test_line_info_parsing stdout ----
[INFO] [stdout] 
[INFO] [stdout] thread 'parsed_backtrace::tests::test_line_info_parsing' (486) panicked at src/parsed_backtrace.rs:28:9:
[INFO] [stdout] assertion `left == right` failed
[INFO] [stdout]   left: "?"
[INFO] [stdout]  right: "tests"
[INFO] [stdout] stack backtrace:
[INFO] [stdout]    0:     0x5ca9e79d7d71 - <<std[617be2ca0a6fd877]::sys::backtrace::BacktraceLock>::print::DisplayBacktrace as core[a373ad73a504971]::fmt::Display>::fmt
[INFO] [stdout]    1:     0x5ca9e79ebd7a - core[a373ad73a504971]::fmt::write
[INFO] [stdout]    2:     0x5ca9e79dbfac - <alloc[2e1b2a31b91974c5]::vec::Vec<u8> as core[a373ad73a504971]::io::write::Write>::write_fmt
[INFO] [stdout]    3:     0x5ca9e79b3c56 - std[617be2ca0a6fd877]::panicking::default_hook::{closure#0}
[INFO] [stdout]    4:     0x5ca9e79d0369 - std[617be2ca0a6fd877]::panicking::default_hook
[INFO] [stdout]    5:     0x5ca9e793b010 - test[aada8e7e76ba119b]::test_main_inner::{closure#0}
[INFO] [stdout]    6:     0x5ca9e79d0522 - std[617be2ca0a6fd877]::panicking::panic_with_hook
[INFO] [stdout]    7:     0x5ca9e79b3d02 - std[617be2ca0a6fd877]::panicking::panic_handler::{closure#0}
[INFO] [stdout]    8:     0x5ca9e79aca19 - std[617be2ca0a6fd877]::sys::backtrace::__rust_end_short_backtrace::<std[617be2ca0a6fd877]::panicking::panic_handler::{closure#0}, !>
[INFO] [stdout]    9:     0x5ca9e79b490d - __rustc[ea4f61d10b84890b]::rust_begin_unwind
[INFO] [stdout]   10:     0x5ca9e79ec4ac - core[a373ad73a504971]::panicking::panic_fmt
[INFO] [stdout]   11:     0x5ca9e79ec3c3 - core[a373ad73a504971]::panicking::assert_failed_inner
[INFO] [stdout]   12:     0x5ca9e792d627 - core[a373ad73a504971]::panicking::assert_failed::<&str, &str>
[INFO] [stdout]   13:     0x5ca9e792de5c - <icecream[2f27b9d7b134637f]::parsed_backtrace::tests::test_line_info_parsing::{closure#0} as core[a373ad73a504971]::ops::function::FnOnce<()>>::call_once
[INFO] [stdout]   14:     0x5ca9e792e45b - test[aada8e7e76ba119b]::__rust_begin_short_backtrace::<core[a373ad73a504971]::result::Result<(), alloc[2e1b2a31b91974c5]::string::String>, fn() -> core[a373ad73a504971]::result::Result<(), alloc[2e1b2a31b91974c5]::string::String>>
[INFO] [stdout]   15:     0x5ca9e793b635 - test[aada8e7e76ba119b]::run_test::{closure#0}
[INFO] [stdout]   16:     0x5ca9e7934f24 - std[617be2ca0a6fd877]::sys::backtrace::__rust_begin_short_backtrace::<test[aada8e7e76ba119b]::run_test::{closure#1}, ()>
[INFO] [stdout]   17:     0x5ca9e793e6c2 - <std[617be2ca0a6fd877]::thread::lifecycle::spawn_unchecked<test[aada8e7e76ba119b]::run_test::{closure#1}, ()>::{closure#1} as core[a373ad73a504971]::ops::function::FnOnce<()>>::call_once::{shim:vtable#0}
[INFO] [stdout]   18:     0x5ca9e79d75cf - <std[617be2ca0a6fd877]::sys::thread::unix::Thread>::new::thread_start
[INFO] [stdout]   19:     0x7895ed808dfa - <unknown>
[INFO] [stdout]   20:     0x7895ed89c3d4 - clone
[INFO] [stdout]   21:                0x0 - <unknown>
[INFO] [stdout] 
[INFO] [stdout] 
[INFO] [stdout] failures:
[INFO] [stdout]     parsed_backtrace::tests::test_line_info_creation
[INFO] [stdout]     parsed_backtrace::tests::test_line_info_parsing
[INFO] [stdout] 
[INFO] [stdout] test result: FAILED. 0 passed; 2 failed; 0 ignored; 0 measured; 0 filtered out; finished in 0.00s
[INFO] [stdout] 
[INFO] [stderr] error: test failed, to rerun pass `--lib`
[INFO] running `Command { std: "docker" "inspect" "b2f58b092656fd81d44f9f8b58bd7f2aa054d18876c3eac08c815bee21bf9176", kill_on_drop: false }`
[INFO] running `Command { std: "docker" "rm" "-f" "b2f58b092656fd81d44f9f8b58bd7f2aa054d18876c3eac08c815bee21bf9176", kill_on_drop: false }`
[INFO] [stdout] b2f58b092656fd81d44f9f8b58bd7f2aa054d18876c3eac08c815bee21bf9176
