[INFO] fetching crate iceberg-property-macro-arrow59 0.11.0...
[INFO] testing iceberg-property-macro-arrow59-0.11.0 against 1.100.0-beta.1+cargoflags=--release for beta-release-1.100-2
[INFO] extracting crate iceberg-property-macro-arrow59 0.11.0 into /workspace/builds/worker-7-tc2/source
[INFO] started tweaking crates.io crate iceberg-property-macro-arrow59 0.11.0
[INFO] finished tweaking crates.io crate iceberg-property-macro-arrow59 0.11.0
[INFO] tweaked toml for crates.io crate iceberg-property-macro-arrow59 0.11.0 written to /workspace/builds/worker-7-tc2/source/Cargo.toml
[INFO] validating manifest of crates.io crate iceberg-property-macro-arrow59 0.11.0 on toolchain 1.100.0-beta.1
[INFO] running `Command { std: CARGO_HOME="/workspace/cargo-home" RUSTUP_HOME="/workspace/rustup-home" "/workspace/cargo-home/bin/cargo" "+1.100.0-beta.1" "metadata" "--manifest-path" "Cargo.toml" "--no-deps", kill_on_drop: false }`
[INFO] crate crates.io crate iceberg-property-macro-arrow59 0.11.0 already has a lockfile, it will not be regenerated
[INFO] running `Command { std: CARGO_HOME="/workspace/cargo-home" RUSTUP_HOME="/workspace/rustup-home" "/workspace/cargo-home/bin/cargo" "+1.100.0-beta.1" "fetch" "--manifest-path" "Cargo.toml", kill_on_drop: false }`
[INFO] running `Command { std: "docker" "create" "-v" "/var/lib/crater-agent-workspace/builds/worker-7-tc2/source:/opt/rustwide/workdir:ro,Z" "-v" "/var/lib/crater-agent-workspace/builds/worker-7-tc2/target:/opt/rustwide/target:rw,Z" "-v" "/var/lib/crater-agent-workspace/cargo-home:/opt/rustwide/cargo-home:ro,Z" "-v" "/var/lib/crater-agent-workspace/rustup-home:/opt/rustwide/rustup-home:ro,Z" "-m" "1610612736" "--network" "none" "ghcr.io/rust-lang/crates-build-env/linux@sha256:77db811e55d90add9212f6832c23229e3de5f1c1f9905e8cb07319ea15df73ac" "sleep" "infinity", kill_on_drop: false }`
[INFO] [stdout] 7d7d4be84f2c9b021a24dc18f82b63e926cc264487ee71be1c3b0d86b91b34f1
[INFO] running `Command { std: "docker" "start" "7d7d4be84f2c9b021a24dc18f82b63e926cc264487ee71be1c3b0d86b91b34f1", kill_on_drop: false }`
[INFO] running `Command { std: "docker" "inspect" "7d7d4be84f2c9b021a24dc18f82b63e926cc264487ee71be1c3b0d86b91b34f1", kill_on_drop: false }`
[INFO] running `Command { std: "docker" "exec" "-e" "SOURCE_DIR=/opt/rustwide/workdir" "-e" "CARGO_HOME=/opt/rustwide/cargo-home" "-e" "RUSTUP_HOME=/opt/rustwide/rustup-home" "-e" "CARGO_TARGET_DIR=/opt/rustwide/target" "-w" "/opt/rustwide/workdir" "--user" "0:0" "7d7d4be84f2c9b021a24dc18f82b63e926cc264487ee71be1c3b0d86b91b34f1" "/opt/rustwide/cargo-home/bin/cargo" "+1.100.0-beta.1" "metadata" "--no-deps" "--format-version=1", kill_on_drop: false }`
[INFO] running `Command { std: "docker" "inspect" "7d7d4be84f2c9b021a24dc18f82b63e926cc264487ee71be1c3b0d86b91b34f1", kill_on_drop: false }`
[INFO] running `Command { std: "docker" "exec" "-e" "SOURCE_DIR=/opt/rustwide/workdir" "-e" "CARGO_HOME=/opt/rustwide/cargo-home" "-e" "RUSTUP_HOME=/opt/rustwide/rustup-home" "-e" "CARGO_TARGET_DIR=/opt/rustwide/target" "-e" "CARGO_INCREMENTAL=0" "-e" "RUST_BACKTRACE=full" "-e" "RUSTFLAGS=--cap-lints=warn" "-e" "RUSTDOCFLAGS=--cap-lints=warn" "-w" "/opt/rustwide/workdir" "--user" "0:0" "7d7d4be84f2c9b021a24dc18f82b63e926cc264487ee71be1c3b0d86b91b34f1" "/opt/rustwide/cargo-home/bin/cargo" "+1.100.0-beta.1" "build" "--frozen" "--message-format=json" "--release", kill_on_drop: false }`
[INFO] [stderr]    Compiling syn v2.0.119
[INFO] [stderr]    Compiling iceberg-property-macro-arrow59 v0.11.0 (/opt/rustwide/workdir)
[INFO] [stderr]     Finished `release` profile [optimized] target(s) in 11.54s
[INFO] running `Command { std: "docker" "inspect" "7d7d4be84f2c9b021a24dc18f82b63e926cc264487ee71be1c3b0d86b91b34f1", kill_on_drop: false }`
[INFO] running `Command { std: "docker" "exec" "-e" "SOURCE_DIR=/opt/rustwide/workdir" "-e" "CARGO_HOME=/opt/rustwide/cargo-home" "-e" "RUSTUP_HOME=/opt/rustwide/rustup-home" "-e" "CARGO_TARGET_DIR=/opt/rustwide/target" "-e" "CARGO_INCREMENTAL=0" "-e" "RUST_BACKTRACE=full" "-e" "RUSTFLAGS=--cap-lints=warn" "-e" "RUSTDOCFLAGS=--cap-lints=warn" "-w" "/opt/rustwide/workdir" "--user" "0:0" "7d7d4be84f2c9b021a24dc18f82b63e926cc264487ee71be1c3b0d86b91b34f1" "/opt/rustwide/cargo-home/bin/cargo" "+1.100.0-beta.1" "test" "--frozen" "--no-run" "--message-format=json" "--release", kill_on_drop: false }`
[INFO] [stderr]    Compiling serde v1.0.229
[INFO] [stderr]    Compiling serde_core v1.0.229
[INFO] [stderr]    Compiling winnow v1.0.4
[INFO] [stderr]    Compiling syn v3.0.6
[INFO] [stderr]    Compiling iceberg-property-macro-arrow59 v0.11.0 (/opt/rustwide/workdir)
[INFO] [stderr]    Compiling toml_parser v1.1.3+spec-1.1.0
[INFO] [stderr]    Compiling serde_derive v1.0.229
[INFO] [stderr]    Compiling serde_spanned v1.1.1
[INFO] [stderr]    Compiling toml_datetime v1.1.1+spec-1.1.0
[INFO] [stderr]    Compiling serde_json v1.0.151
[INFO] [stderr]    Compiling toml v1.1.6+spec-1.1.0
[INFO] [stderr]    Compiling trybuild v1.0.119
[INFO] [stderr]     Finished `release` profile [optimized] target(s) in 23.68s
[INFO] running `Command { std: "docker" "inspect" "7d7d4be84f2c9b021a24dc18f82b63e926cc264487ee71be1c3b0d86b91b34f1", kill_on_drop: false }`
[INFO] running `Command { std: "docker" "exec" "-e" "SOURCE_DIR=/opt/rustwide/workdir" "-e" "CARGO_HOME=/opt/rustwide/cargo-home" "-e" "RUSTUP_HOME=/opt/rustwide/rustup-home" "-e" "CARGO_TARGET_DIR=/opt/rustwide/target" "-e" "CARGO_INCREMENTAL=0" "-e" "RUST_BACKTRACE=full" "-e" "RUSTFLAGS=--cap-lints=warn" "-e" "RUSTDOCFLAGS=--cap-lints=warn" "-w" "/opt/rustwide/workdir" "--user" "0:0" "7d7d4be84f2c9b021a24dc18f82b63e926cc264487ee71be1c3b0d86b91b34f1" "/opt/rustwide/cargo-home/bin/cargo" "+1.100.0-beta.1" "test" "--frozen" "--release", kill_on_drop: false }`
[INFO] [stderr]     Finished `release` profile [optimized] target(s) in 0.05s
[INFO] [stderr]      Running unittests src/lib.rs (/opt/rustwide/target/release/build/iceberg-property-macro-arrow59/0d95dc3f8c21fe22/out/iceberg_property_macro-0d95dc3f8c21fe22)
[INFO] [stdout] 
[INFO] [stdout] running 3 tests
[INFO] [stdout] test properties_view::tests::getter_option_overrides_explicit_visibility ... ok
[INFO] [stdout] test properties_view::tests::field_visibility_does_not_make_the_getter_public ... ok
[INFO] [stdout] test properties_view::tests::constructor_uses_the_struct_visibility ... ok
[INFO] [stdout] 
[INFO] [stdout] test result: ok. 3 passed; 0 failed; 0 ignored; 0 measured; 0 filtered out; finished in 0.06s
[INFO] [stdout] 
[INFO] [stderr]    Doc-tests iceberg_property_macro
[INFO] [stdout] 
[INFO] [stdout] running 3 tests
[INFO] [stdout] test src/../README.md - (line 247) ... FAILED
[INFO] [stdout] test src/../README.md - (line 313) ... FAILED
[INFO] [stdout] test src/../README.md - (line 91) ... FAILED
[INFO] [stdout] 
[INFO] [stdout] failures:
[INFO] [stdout] 
[INFO] [stdout] ---- src/../README.md - (line 247) stdout ----
[INFO] [stdout] error[E0433]: cannot find `iceberg` in the list of imported crates
[INFO] [stdout]    --> src/../README.md:254:50
[INFO] [stdout]     |
[INFO] [stdout] 254 | #[derive(Debug, Default, Serialize, Deserialize, Properties)]
[INFO] [stdout]     |                                                  ^^^^^^^^^^ could not find `iceberg` in the list of imported crates
[INFO] [stdout]     |
[INFO] [stdout]     = note: this error originates in the derive macro `Properties` (in Nightly builds, run with -Z macro-backtrace for more info)
[INFO] [stdout] 
[INFO] [stdout] error[E0433]: cannot find `iceberg` in the list of imported crates
[INFO] [stdout]    --> src/../README.md:254:50
[INFO] [stdout]     |
[INFO] [stdout] 254 | #[derive(Debug, Default, Serialize, Deserialize, Properties)]
[INFO] [stdout]     |                                                  ^^^^^^^^^^ could not find `iceberg` in the list of imported crates
[INFO] [stdout]     |
[INFO] [stdout]     = note: this error originates in the derive macro `Properties` (in Nightly builds, run with -Z macro-backtrace for more info)
[INFO] [stdout] help: consider importing one of these items
[INFO] [stdout]     |
[INFO] [stdout] 249 + use std::error::Error;
[INFO] [stdout]     |
[INFO] [stdout] 249 + use std::fmt::Error;
[INFO] [stdout]     |
[INFO] [stdout] 249 + use std::io::Error;
[INFO] [stdout]     |
[INFO] [stdout] 249 + use core::error::Error;
[INFO] [stdout]     |
[INFO] [stdout]     = and 1 other candidate
[INFO] [stdout] 
[INFO] [stdout] error[E0433]: cannot find `iceberg` in the list of imported crates
[INFO] [stdout]    --> src/../README.md:254:50
[INFO] [stdout]     |
[INFO] [stdout] 254 | #[derive(Debug, Default, Serialize, Deserialize, Properties)]
[INFO] [stdout]     |                                                  ^^^^^^^^^^ could not find `iceberg` in the list of imported crates
[INFO] [stdout]     |
[INFO] [stdout]     = note: this error originates in the derive macro `Properties` (in Nightly builds, run with -Z macro-backtrace for more info)
[INFO] [stdout] help: consider importing this enum
[INFO] [stdout]     |
[INFO] [stdout] 249 + use std::io::ErrorKind;
[INFO] [stdout]     |
[INFO] [stdout] 
[INFO] [stdout] error: aborting due to 3 previous errors
[INFO] [stdout] 
[INFO] [stdout] For more information about this error, try `rustc --explain E0433`.
[INFO] [stdout] Couldn't compile the test.
[INFO] [stdout] ---- src/../README.md - (line 313) stdout ----
[INFO] [stdout] error[E0433]: cannot find `iceberg` in the list of imported crates
[INFO] [stdout]    --> src/../README.md:319:1
[INFO] [stdout]     |
[INFO] [stdout] 319 | / properties_view! {
[INFO] [stdout] 320 | |     #[derive(Debug)]
[INFO] [stdout] 321 | |     pub struct WriteProperties {
[INFO] [stdout] ...   |
[INFO] [stdout] 333 | | }
[INFO] [stdout]     | |_^ could not find `iceberg` in the list of imported crates
[INFO] [stdout]     |
[INFO] [stdout]     = note: this error originates in the macro `properties_view` (in Nightly builds, run with -Z macro-backtrace for more info)
[INFO] [stdout] 
[INFO] [stdout] error[E0433]: cannot find `iceberg` in the list of imported crates
[INFO] [stdout]    --> src/../README.md:319:1
[INFO] [stdout]     |
[INFO] [stdout] 319 | / properties_view! {
[INFO] [stdout] 320 | |     #[derive(Debug)]
[INFO] [stdout] 321 | |     pub struct WriteProperties {
[INFO] [stdout] ...   |
[INFO] [stdout] 333 | | }
[INFO] [stdout]     | |_^ could not find `iceberg` in the list of imported crates
[INFO] [stdout]     |
[INFO] [stdout]     = note: this error originates in the macro `properties_view` (in Nightly builds, run with -Z macro-backtrace for more info)
[INFO] [stdout] help: consider importing one of these items
[INFO] [stdout]     |
[INFO] [stdout] 312 + use std::error::Error;
[INFO] [stdout]     |
[INFO] [stdout] 312 + use std::fmt::Error;
[INFO] [stdout]     |
[INFO] [stdout] 312 + use std::io::Error;
[INFO] [stdout]     |
[INFO] [stdout] 312 + use core::error::Error;
[INFO] [stdout]     |
[INFO] [stdout]     = and 1 other candidate
[INFO] [stdout] 
[INFO] [stdout] error[E0433]: cannot find `iceberg` in the list of imported crates
[INFO] [stdout]    --> src/../README.md:319:1
[INFO] [stdout]     |
[INFO] [stdout] 319 | / properties_view! {
[INFO] [stdout] 320 | |     #[derive(Debug)]
[INFO] [stdout] 321 | |     pub struct WriteProperties {
[INFO] [stdout] ...   |
[INFO] [stdout] 333 | | }
[INFO] [stdout]     | |_^ could not find `iceberg` in the list of imported crates
[INFO] [stdout]     |
[INFO] [stdout]     = note: this error originates in the macro `properties_view` (in Nightly builds, run with -Z macro-backtrace for more info)
[INFO] [stdout] help: consider importing this enum
[INFO] [stdout]     |
[INFO] [stdout] 312 + use std::io::ErrorKind;
[INFO] [stdout]     |
[INFO] [stdout] 
[INFO] [stdout] error[E0433]: cannot find module or crate `iceberg` in this scope
[INFO] [stdout]    --> src/../README.md:337:60
[INFO] [stdout]     |
[INFO] [stdout] 337 |     pub fn write_metadata_path(&self, table_path: &str) -> iceberg::Result<String> {
[INFO] [stdout]     |                                                            ^^^^^^^ use of unresolved module or unlinked crate `iceberg`
[INFO] [stdout]     |
[INFO] [stdout]     = help: if you wanted to use a crate named `iceberg`, use `cargo add iceberg` to add it to your `Cargo.toml`
[INFO] [stdout] 
[INFO] [stdout] error[E0433]: cannot find module or crate `iceberg` in this scope
[INFO] [stdout]    --> src/../README.md:344:50
[INFO] [stdout]     |
[INFO] [stdout] 344 | fn read(properties: &HashMap<String, String>) -> iceberg::Result<()> {
[INFO] [stdout]     |                                                  ^^^^^^^ use of unresolved module or unlinked crate `iceberg`
[INFO] [stdout]     |
[INFO] [stdout]     = help: if you wanted to use a crate named `iceberg`, use `cargo add iceberg` to add it to your `Cargo.toml`
[INFO] [stdout] 
[INFO] [stdout] error: aborting due to 5 previous errors
[INFO] [stdout] 
[INFO] [stdout] For more information about this error, try `rustc --explain E0433`.
[INFO] [stdout] Couldn't compile the test.
[INFO] [stdout] ---- src/../README.md - (line 91) stdout ----
[INFO] [stdout] error[E0432]: unresolved import `iceberg`
[INFO] [stdout]   --> src/../README.md:95:5
[INFO] [stdout]    |
[INFO] [stdout] 95 | use iceberg::{Error, ErrorKind};
[INFO] [stdout]    |     ^^^^^^^ use of unresolved module or unlinked crate `iceberg`
[INFO] [stdout]    |
[INFO] [stdout]    = help: if you wanted to use a crate named `iceberg`, use `cargo add iceberg` to add it to your `Cargo.toml`
[INFO] [stdout] 
[INFO] [stdout] error[E0433]: cannot find `iceberg` in the list of imported crates
[INFO] [stdout]    --> src/../README.md:150:17
[INFO] [stdout]     |
[INFO] [stdout] 150 | #[derive(Debug, Properties)]
[INFO] [stdout]     |                 ^^^^^^^^^^ could not find `iceberg` in the list of imported crates
[INFO] [stdout]     |
[INFO] [stdout]     = note: this error originates in the derive macro `Properties` (in Nightly builds, run with -Z macro-backtrace for more info)
[INFO] [stdout] 
[INFO] [stdout] error[E0433]: cannot find `iceberg` in the list of imported crates
[INFO] [stdout]    --> src/../README.md:157:17
[INFO] [stdout]     |
[INFO] [stdout] 157 | #[derive(Debug, Properties)]
[INFO] [stdout]     |                 ^^^^^^^^^^ could not find `iceberg` in the list of imported crates
[INFO] [stdout]     |
[INFO] [stdout]     = note: this error originates in the derive macro `Properties` (in Nightly builds, run with -Z macro-backtrace for more info)
[INFO] [stdout] 
[INFO] [stdout] error[E0433]: cannot find `iceberg` in the list of imported crates
[INFO] [stdout]    --> src/../README.md:150:17
[INFO] [stdout]     |
[INFO] [stdout] 150 | #[derive(Debug, Properties)]
[INFO] [stdout]     |                 ^^^^^^^^^^ could not find `iceberg` in the list of imported crates
[INFO] [stdout]     |
[INFO] [stdout]     = note: this error originates in the derive macro `Properties` (in Nightly builds, run with -Z macro-backtrace for more info)
[INFO] [stdout] help: consider importing one of these items
[INFO] [stdout]     |
[INFO] [stdout]  93 + use std::error::Error;
[INFO] [stdout]     |
[INFO] [stdout]  93 + use std::fmt::Error;
[INFO] [stdout]     |
[INFO] [stdout]  93 + use std::io::Error;
[INFO] [stdout]     |
[INFO] [stdout]  93 + use core::error::Error;
[INFO] [stdout]     |
[INFO] [stdout]     = and 1 other candidate
[INFO] [stdout] 
[INFO] [stdout] error[E0433]: cannot find `iceberg` in the list of imported crates
[INFO] [stdout]    --> src/../README.md:150:17
[INFO] [stdout]     |
[INFO] [stdout] 150 | #[derive(Debug, Properties)]
[INFO] [stdout]     |                 ^^^^^^^^^^ could not find `iceberg` in the list of imported crates
[INFO] [stdout]     |
[INFO] [stdout]     = note: this error originates in the derive macro `Properties` (in Nightly builds, run with -Z macro-backtrace for more info)
[INFO] [stdout] help: consider importing this enum
[INFO] [stdout]     |
[INFO] [stdout]  93 + use std::io::ErrorKind;
[INFO] [stdout]     |
[INFO] [stdout] 
[INFO] [stdout] error[E0433]: cannot find `iceberg` in the list of imported crates
[INFO] [stdout]    --> src/../README.md:157:17
[INFO] [stdout]     |
[INFO] [stdout] 157 | #[derive(Debug, Properties)]
[INFO] [stdout]     |                 ^^^^^^^^^^ could not find `iceberg` in the list of imported crates
[INFO] [stdout]     |
[INFO] [stdout]     = note: this error originates in the derive macro `Properties` (in Nightly builds, run with -Z macro-backtrace for more info)
[INFO] [stdout] help: consider importing one of these items
[INFO] [stdout]     |
[INFO] [stdout]  93 + use std::error::Error;
[INFO] [stdout]     |
[INFO] [stdout]  93 + use std::fmt::Error;
[INFO] [stdout]     |
[INFO] [stdout]  93 + use std::io::Error;
[INFO] [stdout]     |
[INFO] [stdout]  93 + use core::error::Error;
[INFO] [stdout]     |
[INFO] [stdout]     = and 1 other candidate
[INFO] [stdout] 
[INFO] [stdout] error[E0433]: cannot find `iceberg` in the list of imported crates
[INFO] [stdout]    --> src/../README.md:157:17
[INFO] [stdout]     |
[INFO] [stdout] 157 | #[derive(Debug, Properties)]
[INFO] [stdout]     |                 ^^^^^^^^^^ could not find `iceberg` in the list of imported crates
[INFO] [stdout]     |
[INFO] [stdout]     = note: this error originates in the derive macro `Properties` (in Nightly builds, run with -Z macro-backtrace for more info)
[INFO] [stdout] help: consider importing this enum
[INFO] [stdout]     |
[INFO] [stdout]  93 + use std::io::ErrorKind;
[INFO] [stdout]     |
[INFO] [stdout] 
[INFO] [stdout] error[E0433]: cannot find module or crate `iceberg` in this scope
[INFO] [stdout]    --> src/../README.md:107:35
[INFO] [stdout]     |
[INFO] [stdout] 107 | fn parse_location(value: &str) -> iceberg::Result<String> {
[INFO] [stdout]     |                                   ^^^^^^^ use of unresolved module or unlinked crate `iceberg`
[INFO] [stdout]     |
[INFO] [stdout]     = help: if you wanted to use a crate named `iceberg`, use `cargo add iceberg` to add it to your `Cargo.toml`
[INFO] [stdout] 
[INFO] [stdout] error[E0433]: cannot find module or crate `iceberg` in this scope
[INFO] [stdout]    --> src/../README.md:124:6
[INFO] [stdout]     |
[INFO] [stdout] 124 | ) -> iceberg::Result<(u64, u64, u64)> {
[INFO] [stdout]     |      ^^^^^^^ use of unresolved module or unlinked crate `iceberg`
[INFO] [stdout]     |
[INFO] [stdout]     = help: if you wanted to use a crate named `iceberg`, use `cargo add iceberg` to add it to your `Cargo.toml`
[INFO] [stdout] 
[INFO] [stdout] error[E0433]: cannot find module or crate `iceberg` in this scope
[INFO] [stdout]    --> src/../README.md:198:14
[INFO] [stdout]     |
[INFO] [stdout] 198 | fn main() -> iceberg::Result<()> {
[INFO] [stdout]     |              ^^^^^^^ use of unresolved module or unlinked crate `iceberg`
[INFO] [stdout]     |
[INFO] [stdout]     = help: if you wanted to use a crate named `iceberg`, use `cargo add iceberg` to add it to your `Cargo.toml`
[INFO] [stdout] 
[INFO] [stdout] error: aborting due to 10 previous errors
[INFO] [stdout] 
[INFO] [stdout] Some errors have detailed explanations: E0432, E0433.
[INFO] [stdout] For more information about an error, try `rustc --explain E0432`.
[INFO] [stdout] Couldn't compile the test.
[INFO] [stdout] 
[INFO] [stdout] failures:
[INFO] [stdout]     src/../README.md - (line 247)
[INFO] [stdout]     src/../README.md - (line 313)
[INFO] [stdout]     src/../README.md - (line 91)
[INFO] [stdout] 
[INFO] [stdout] test result: FAILED. 0 passed; 3 failed; 0 ignored; 0 measured; 0 filtered out; finished in 0.30s
[INFO] [stdout] 
[INFO] [stdout] all doctests ran in 0.52s; merged doctests compilation took 0.23s
[INFO] [stderr] error: doctest failed, to rerun pass `--doc`
[INFO] running `Command { std: "docker" "inspect" "7d7d4be84f2c9b021a24dc18f82b63e926cc264487ee71be1c3b0d86b91b34f1", kill_on_drop: false }`
[INFO] running `Command { std: "docker" "rm" "-f" "7d7d4be84f2c9b021a24dc18f82b63e926cc264487ee71be1c3b0d86b91b34f1", kill_on_drop: false }`
[INFO] [stdout] 7d7d4be84f2c9b021a24dc18f82b63e926cc264487ee71be1c3b0d86b91b34f1
