[INFO] fetching crate icaru 0.2.0...
[INFO] testing icaru-0.2.0 against 1.100.0-beta.1+cargoflags=--release for beta-release-1.100-2
[INFO] extracting crate icaru 0.2.0 into /workspace/builds/worker-7-tc2/source
[INFO] started tweaking crates.io crate icaru 0.2.0
[INFO] finished tweaking crates.io crate icaru 0.2.0
[INFO] tweaked toml for crates.io crate icaru 0.2.0 written to /workspace/builds/worker-7-tc2/source/Cargo.toml
[INFO] validating manifest of crates.io crate icaru 0.2.0 on toolchain 1.100.0-beta.1
[INFO] running `Command { std: CARGO_HOME="/workspace/cargo-home" RUSTUP_HOME="/workspace/rustup-home" "/workspace/cargo-home/bin/cargo" "+1.100.0-beta.1" "metadata" "--manifest-path" "Cargo.toml" "--no-deps", kill_on_drop: false }`
[INFO] crate crates.io crate icaru 0.2.0 already has a lockfile, it will not be regenerated
[INFO] running `Command { std: CARGO_HOME="/workspace/cargo-home" RUSTUP_HOME="/workspace/rustup-home" "/workspace/cargo-home/bin/cargo" "+1.100.0-beta.1" "fetch" "--manifest-path" "Cargo.toml", kill_on_drop: false }`
[INFO] running `Command { std: "docker" "create" "-v" "/var/lib/crater-agent-workspace/builds/worker-7-tc2/source:/opt/rustwide/workdir:ro,Z" "-v" "/var/lib/crater-agent-workspace/builds/worker-7-tc2/target:/opt/rustwide/target:rw,Z" "-v" "/var/lib/crater-agent-workspace/cargo-home:/opt/rustwide/cargo-home:ro,Z" "-v" "/var/lib/crater-agent-workspace/rustup-home:/opt/rustwide/rustup-home:ro,Z" "-m" "1610612736" "--network" "none" "ghcr.io/rust-lang/crates-build-env/linux@sha256:77db811e55d90add9212f6832c23229e3de5f1c1f9905e8cb07319ea15df73ac" "sleep" "infinity", kill_on_drop: false }`
[INFO] [stdout] bc140e0bb4770235a61e22832ce92b7726b37e27c4742882cbd3081bd7c4229a
[INFO] running `Command { std: "docker" "start" "bc140e0bb4770235a61e22832ce92b7726b37e27c4742882cbd3081bd7c4229a", kill_on_drop: false }`
[INFO] running `Command { std: "docker" "inspect" "bc140e0bb4770235a61e22832ce92b7726b37e27c4742882cbd3081bd7c4229a", kill_on_drop: false }`
[INFO] running `Command { std: "docker" "exec" "-e" "SOURCE_DIR=/opt/rustwide/workdir" "-e" "CARGO_HOME=/opt/rustwide/cargo-home" "-e" "RUSTUP_HOME=/opt/rustwide/rustup-home" "-e" "CARGO_TARGET_DIR=/opt/rustwide/target" "-w" "/opt/rustwide/workdir" "--user" "0:0" "bc140e0bb4770235a61e22832ce92b7726b37e27c4742882cbd3081bd7c4229a" "/opt/rustwide/cargo-home/bin/cargo" "+1.100.0-beta.1" "metadata" "--no-deps" "--format-version=1", kill_on_drop: false }`
[INFO] running `Command { std: "docker" "inspect" "bc140e0bb4770235a61e22832ce92b7726b37e27c4742882cbd3081bd7c4229a", kill_on_drop: false }`
[INFO] running `Command { std: "docker" "exec" "-e" "SOURCE_DIR=/opt/rustwide/workdir" "-e" "CARGO_HOME=/opt/rustwide/cargo-home" "-e" "RUSTUP_HOME=/opt/rustwide/rustup-home" "-e" "CARGO_TARGET_DIR=/opt/rustwide/target" "-e" "CARGO_INCREMENTAL=0" "-e" "RUST_BACKTRACE=full" "-e" "RUSTFLAGS=--cap-lints=warn" "-e" "RUSTDOCFLAGS=--cap-lints=warn" "-w" "/opt/rustwide/workdir" "--user" "0:0" "bc140e0bb4770235a61e22832ce92b7726b37e27c4742882cbd3081bd7c4229a" "/opt/rustwide/cargo-home/bin/cargo" "+1.100.0-beta.1" "build" "--frozen" "--message-format=json" "--release", kill_on_drop: false }`
[INFO] [stderr]    Compiling libc v0.2.182
[INFO] [stderr]    Compiling cc v1.2.56
[INFO] [stderr]    Compiling getrandom v0.4.1
[INFO] [stderr]    Compiling siphasher v1.0.2
[INFO] [stderr]    Compiling nom v8.0.0
[INFO] [stderr]    Compiling chrono-tz v0.10.4
[INFO] [stderr]    Compiling syn v2.0.117
[INFO] [stderr]    Compiling regex-syntax v0.8.9
[INFO] [stderr]    Compiling rustls v0.23.36
[INFO] [stderr]    Compiling simd-adler32 v0.3.8
[INFO] [stderr]    Compiling form_urlencoded v1.2.2
[INFO] [stderr]    Compiling webpki-roots v1.0.6
[INFO] [stderr]    Compiling clap_lex v1.0.0
[INFO] [stderr]    Compiling home v0.5.12
[INFO] [stderr]    Compiling webpki-roots v0.26.11
[INFO] [stderr]    Compiling clap_builder v4.5.60
[INFO] [stderr]    Compiling miniz_oxide v0.8.9
[INFO] [stderr]    Compiling phf_shared v0.12.1
[INFO] [stderr]    Compiling phf v0.12.1
[INFO] [stderr]    Compiling flate2 v1.1.9
[INFO] [stderr]    Compiling regex-automata v0.4.14
[INFO] [stderr]    Compiling ring v0.17.14
[INFO] [stderr]    Compiling getrandom v0.2.17
[INFO] [stderr]    Compiling uuid v1.21.0
[INFO] [stderr]    Compiling synstructure v0.13.2
[INFO] [stderr]    Compiling regex v1.12.3
[INFO] [stderr]    Compiling zerofrom-derive v0.1.6
[INFO] [stderr]    Compiling yoke-derive v0.8.1
[INFO] [stderr]    Compiling zerovec-derive v0.11.2
[INFO] [stderr]    Compiling displaydoc v0.2.5
[INFO] [stderr]    Compiling serde_derive v1.0.228
[INFO] [stderr]    Compiling thiserror-impl v2.0.18
[INFO] [stderr]    Compiling clap_derive v4.5.55
[INFO] [stderr]    Compiling iso8601 v0.6.3
[INFO] [stderr]    Compiling nom-language v0.1.0
[INFO] [stderr]    Compiling zerofrom v0.1.6
[INFO] [stderr]    Compiling yoke v0.8.1
[INFO] [stderr]    Compiling zerotrie v0.2.3
[INFO] [stderr]    Compiling zerovec v0.11.5
[INFO] [stderr]    Compiling thiserror v2.0.18
[INFO] [stderr]    Compiling clap v4.5.60
[INFO] [stderr]    Compiling tinystr v0.8.2
[INFO] [stderr]    Compiling potential_utf v0.1.4
[INFO] [stderr]    Compiling icu_collections v2.1.1
[INFO] [stderr]    Compiling icu_locale_core v2.1.1
[INFO] [stderr]    Compiling serde v1.0.228
[INFO] [stderr]    Compiling chrono v0.4.43
[INFO] [stderr]    Compiling toml_datetime v0.6.11
[INFO] [stderr]    Compiling serde_spanned v0.6.9
[INFO] [stderr]    Compiling toml_edit v0.22.27
[INFO] [stderr]    Compiling icu_provider v2.1.1
[INFO] [stderr]    Compiling icu_properties v2.1.2
[INFO] [stderr]    Compiling icu_normalizer v2.1.1
[INFO] [stderr]    Compiling icalendar v0.16.17
[INFO] [stderr]    Compiling idna_adapter v1.2.1
[INFO] [stderr]    Compiling idna v1.1.0
[INFO] [stderr]    Compiling url v2.5.8
[INFO] [stderr]    Compiling toml v0.8.23
[INFO] [stderr]    Compiling rustls-webpki v0.103.9
[INFO] [stderr]    Compiling rrule v0.14.0
[INFO] [stderr]    Compiling ureq v2.12.1
[INFO] [stderr]    Compiling icaru v0.2.0 (/opt/rustwide/workdir)
[INFO] [stderr]     Finished `release` profile [optimized] target(s) in 1m 02s
[INFO] running `Command { std: "docker" "inspect" "bc140e0bb4770235a61e22832ce92b7726b37e27c4742882cbd3081bd7c4229a", kill_on_drop: false }`
[INFO] running `Command { std: "docker" "exec" "-e" "SOURCE_DIR=/opt/rustwide/workdir" "-e" "CARGO_HOME=/opt/rustwide/cargo-home" "-e" "RUSTUP_HOME=/opt/rustwide/rustup-home" "-e" "CARGO_TARGET_DIR=/opt/rustwide/target" "-e" "CARGO_INCREMENTAL=0" "-e" "RUST_BACKTRACE=full" "-e" "RUSTFLAGS=--cap-lints=warn" "-e" "RUSTDOCFLAGS=--cap-lints=warn" "-w" "/opt/rustwide/workdir" "--user" "0:0" "bc140e0bb4770235a61e22832ce92b7726b37e27c4742882cbd3081bd7c4229a" "/opt/rustwide/cargo-home/bin/cargo" "+1.100.0-beta.1" "test" "--frozen" "--no-run" "--message-format=json" "--release", kill_on_drop: false }`
[INFO] [stderr]    Compiling rustix v1.1.3
[INFO] [stderr]    Compiling tempfile v3.25.0
[INFO] [stderr]    Compiling icaru v0.2.0 (/opt/rustwide/workdir)
[INFO] [stderr]     Finished `release` profile [optimized] target(s) in 7.10s
[INFO] running `Command { std: "docker" "inspect" "bc140e0bb4770235a61e22832ce92b7726b37e27c4742882cbd3081bd7c4229a", kill_on_drop: false }`
[INFO] running `Command { std: "docker" "exec" "-e" "SOURCE_DIR=/opt/rustwide/workdir" "-e" "CARGO_HOME=/opt/rustwide/cargo-home" "-e" "RUSTUP_HOME=/opt/rustwide/rustup-home" "-e" "CARGO_TARGET_DIR=/opt/rustwide/target" "-e" "CARGO_INCREMENTAL=0" "-e" "RUST_BACKTRACE=full" "-e" "RUSTFLAGS=--cap-lints=warn" "-e" "RUSTDOCFLAGS=--cap-lints=warn" "-w" "/opt/rustwide/workdir" "--user" "0:0" "bc140e0bb4770235a61e22832ce92b7726b37e27c4742882cbd3081bd7c4229a" "/opt/rustwide/cargo-home/bin/cargo" "+1.100.0-beta.1" "test" "--frozen" "--release", kill_on_drop: false }`
[INFO] [stderr]     Finished `release` profile [optimized] target(s) in 0.14s
[INFO] [stderr]      Running unittests src/main.rs (/opt/rustwide/target/release/build/icaru/80bb64b8d26f0203/out/icaru-80bb64b8d26f0203)
[INFO] [stdout] 
[INFO] [stdout] running 58 tests
[INFO] [stdout] test parser::tests::test_expand_non_recurring_unchanged ... ok
[INFO] [stdout] test config::tests::test_load_config_file_not_found ... ok
[INFO] [stdout] test config::tests::test_load_config_empty_cals ... ok
[INFO] [stdout] test parser::tests::test_expand_recurring_deduplicates ... ok
[INFO] [stdout] test parser::tests::test_expand_recurring_excludes_exdate ... ok
[INFO] [stdout] test parser::tests::test_expand_recurring_excludes_exdate_allday ... ok
[INFO] [stdout] test parser::tests::test_expand_recurring_excludes_recurrence_id_override ... ok
[INFO] [stdout] test parser::tests::test_parse_dtend_utc ... ok
[INFO] [stdout] test parser::tests::test_parse_dtend_with_tzid ... ok
[INFO] [stdout] test parser::tests::test_parse_exdate_allday ... ok
[INFO] [stdout] test parser::tests::test_expand_recurring_weekly ... ok
[INFO] [stdout] test parser::tests::test_parse_exdate_multiple_values ... ok
[INFO] [stdout] test parser::tests::test_parse_exdate_utc ... ok
[INFO] [stdout] test parser::tests::test_parse_exdate_with_tzid ... ok
[INFO] [stdout] test parser::tests::test_parse_missing_dtend_is_none ... ok
[INFO] [stdout] test parser::tests::test_parse_multibyte_summary ... ok
[INFO] [stdout] test parser::tests::test_expand_recurring_exdate_and_recurrence_id_combined ... ok
[INFO] [stdout] test config::tests::test_load_config_with_url ... ok
[INFO] [stdout] test parser::tests::test_expand_recurring_daily ... ok
[INFO] [stdout] test parser::tests::test_expand_recurring_preserves_duration ... ok
[INFO] [stdout] test pull::tests::test_pull_saves_content_to_file ... ok
[INFO] [stdout] test parser::tests::test_parse_allday_event ... ok
[INFO] [stdout] test parser::tests::test_parse_empty_calendar ... ok
[INFO] [stdout] test range::tests::days_three_is_today_plus_two ... ok
[INFO] [stdout] test parser::tests::test_parse_datetime_event_utc ... ok
[INFO] [stdout] test parser::tests::test_parse_recurrence_id_utc ... ok
[INFO] [stdout] test parser::tests::test_parse_recurrence_id_with_tzid ... ok
[INFO] [stdout] test parser::tests::test_parse_datetime_event_with_tzid ... ok
[INFO] [stdout] test parser::tests::test_parse_multiple_events ... ok
[INFO] [stdout] test range::tests::last_month_year_rollover ... ok
[INFO] [stdout] test pull::tests::test_pull_returns_error_on_fetch_failure ... ok
[INFO] [stdout] test range::tests::this_week_midweek_spans_monday_sunday ... ok
[INFO] [stdout] test range::tests::this_week_on_sunday ... ok
[INFO] [stdout] test range::tests::days_zero_errors ... ok
[INFO] [stdout] test range::tests::next_month_spans_may_1_to_31 ... ok
[INFO] [stdout] test range::tests::next_month_year_rollover ... ok
[INFO] [stdout] test range::tests::last_month_handles_shorter_month ... ok
[INFO] [stdout] test range::tests::days_one_is_today_only ... ok
[INFO] [stdout] test range::tests::today_returns_single_day ... ok
[INFO] [stdout] test parser::tests::test_parse_rrule_field ... ok
[INFO] [stdout] test range::tests::next_week_shifts_plus_seven ... ok
[INFO] [stdout] test range::tests::tomorrow_returns_next_day ... ok
[INFO] [stdout] test range::tests::yesterday_returns_prior_day ... ok
[INFO] [stdout] test pull::tests::test_pull_overwrites_existing_file ... ok
[INFO] [stdout] test view::tests::test_filter_events_sorted_by_time_within_day ... ok
[INFO] [stdout] test view::tests::test_filter_events_within_range ... ok
[INFO] [stdout] test view::tests::test_format_events_allday ... ok
[INFO] [stdout] test view::tests::test_format_events_calendar_color ... ok
[INFO] [stdout] test view::tests::test_filter_events_empty ... ok
[INFO] [stdout] test view::tests::test_format_events_datetime ... FAILED
[INFO] [stdout] test view::tests::test_format_events_groups_by_date ... ok
[INFO] [stdout] test range::tests::date_returns_given_day ... ok
[INFO] [stdout] test range::tests::last_month_spans_march_1_to_31 ... ok
[INFO] [stdout] test view::tests::test_format_events_datetime_with_end ... FAILED
[INFO] [stdout] test view::tests::test_filter_events_sorted_by_date ... ok
[INFO] [stdout] test view::tests::test_format_events_datetime_without_end ... FAILED
[INFO] [stdout] test range::tests::this_month_spans_first_to_last_of_april ... ok
[INFO] [stdout] test range::tests::last_week_shifts_minus_seven ... ok
[INFO] [stdout] 
[INFO] [stdout] failures:
[INFO] [stdout] 
[INFO] [stdout] ---- view::tests::test_format_events_datetime stdout ----
[INFO] [stdout] 
[INFO] [stdout] thread 'view::tests::test_format_events_datetime' (1669) panicked at src/view.rs:189:9:
[INFO] [stdout] assertion failed: output.contains("09:00")
[INFO] [stdout] stack backtrace:
[INFO] [stdout]    0:     0x5ea39eef0701 - <<std[617be2ca0a6fd877]::sys::backtrace::BacktraceLock>::print::DisplayBacktrace as core[a373ad73a504971]::fmt::Display>::fmt
[INFO] [stdout]    1:     0x5ea39ef0841a - core[a373ad73a504971]::fmt::write
[INFO] [stdout]    2:     0x5ea39eef509c - <alloc[2e1b2a31b91974c5]::vec::Vec<u8> as core[a373ad73a504971]::io::write::Write>::write_fmt
[INFO] [stdout]    3:     0x5ea39eeca896 - std[617be2ca0a6fd877]::panicking::default_hook::{closure#0}
[INFO] [stdout]    4:     0x5ea39eee7be9 - std[617be2ca0a6fd877]::panicking::default_hook
[INFO] [stdout]    5:     0x5ea39ed5fc20 - test[aada8e7e76ba119b]::test_main_inner::{closure#0}
[INFO] [stdout]    6:     0x5ea39eee7da2 - std[617be2ca0a6fd877]::panicking::panic_with_hook
[INFO] [stdout]    7:     0x5ea39eeca974 - std[617be2ca0a6fd877]::panicking::panic_handler::{closure#0}
[INFO] [stdout]    8:     0x5ea39eec2e19 - std[617be2ca0a6fd877]::sys::backtrace::__rust_end_short_backtrace::<std[617be2ca0a6fd877]::panicking::panic_handler::{closure#0}, !>
[INFO] [stdout]    9:     0x5ea39eecb65d - __rustc[ea4f61d10b84890b]::rust_begin_unwind
[INFO] [stdout]   10:     0x5ea39ef08bfc - core[a373ad73a504971]::panicking::panic_fmt
[INFO] [stdout]   11:     0x5ea39ef08bc2 - core[a373ad73a504971]::panicking::panic
[INFO] [stdout]   12:     0x5ea39ed06110 - <icaru[a591ef5914f3b9b4]::view::tests::test_format_events_datetime::{closure#0} as core[a373ad73a504971]::ops::function::FnOnce<()>>::call_once
[INFO] [stdout]   13:     0x5ea39ed5306b - test[aada8e7e76ba119b]::__rust_begin_short_backtrace::<core[a373ad73a504971]::result::Result<(), alloc[2e1b2a31b91974c5]::string::String>, fn() -> core[a373ad73a504971]::result::Result<(), alloc[2e1b2a31b91974c5]::string::String>>
[INFO] [stdout]   14:     0x5ea39ed60245 - test[aada8e7e76ba119b]::run_test::{closure#0}
[INFO] [stdout]   15:     0x5ea39ed59b34 - std[617be2ca0a6fd877]::sys::backtrace::__rust_begin_short_backtrace::<test[aada8e7e76ba119b]::run_test::{closure#1}, ()>
[INFO] [stdout]   16:     0x5ea39ed632d2 - <std[617be2ca0a6fd877]::thread::lifecycle::spawn_unchecked<test[aada8e7e76ba119b]::run_test::{closure#1}, ()>::{closure#1} as core[a373ad73a504971]::ops::function::FnOnce<()>>::call_once::{shim:vtable#0}
[INFO] [stdout]   17:     0x5ea39eeef70f - <std[617be2ca0a6fd877]::sys::thread::unix::Thread>::new::thread_start
[INFO] [stdout]   18:     0x7eaf3c04edfa - <unknown>
[INFO] [stdout]   19:     0x7eaf3c0e23d4 - clone
[INFO] [stdout]   20:                0x0 - <unknown>
[INFO] [stdout] 
[INFO] [stdout] ---- view::tests::test_format_events_datetime_with_end stdout ----
[INFO] [stdout] 
[INFO] [stdout] thread 'view::tests::test_format_events_datetime_with_end' (1670) panicked at src/view.rs:255:9:
[INFO] [stdout] expected 09:00-10:30 in output, got: 2026-02-23 (Mon)
[INFO] [stdout]   00:00-01:30   [work]  MTG
[INFO] [stdout] 
[INFO] [stdout] stack backtrace:
[INFO] [stdout]    0:     0x5ea39eef0701 - <<std[617be2ca0a6fd877]::sys::backtrace::BacktraceLock>::print::DisplayBacktrace as core[a373ad73a504971]::fmt::Display>::fmt
[INFO] [stdout]    1:     0x5ea39ef0841a - core[a373ad73a504971]::fmt::write
[INFO] [stdout]    2:     0x5ea39eef509c - <alloc[2e1b2a31b91974c5]::vec::Vec<u8> as core[a373ad73a504971]::io::write::Write>::write_fmt
[INFO] [stdout]    3:     0x5ea39eeca896 - std[617be2ca0a6fd877]::panicking::default_hook::{closure#0}
[INFO] [stdout]    4:     0x5ea39eee7be9 - std[617be2ca0a6fd877]::panicking::default_hook
[INFO] [stdout]    5:     0x5ea39ed5fc20 - test[aada8e7e76ba119b]::test_main_inner::{closure#0}
[INFO] [stdout]    6:     0x5ea39eee7da2 - std[617be2ca0a6fd877]::panicking::panic_with_hook
[INFO] [stdout]    7:     0x5ea39eeca942 - std[617be2ca0a6fd877]::panicking::panic_handler::{closure#0}
[INFO] [stdout]    8:     0x5ea39eec2e19 - std[617be2ca0a6fd877]::sys::backtrace::__rust_end_short_backtrace::<std[617be2ca0a6fd877]::panicking::panic_handler::{closure#0}, !>
[INFO] [stdout]    9:     0x5ea39eecb65d - __rustc[ea4f61d10b84890b]::rust_begin_unwind
[INFO] [stdout]   10:     0x5ea39ef08bfc - core[a373ad73a504971]::panicking::panic_fmt
[INFO] [stdout]   11:     0x5ea39ed0734d - <icaru[a591ef5914f3b9b4]::view::tests::test_format_events_datetime_with_end::{closure#0} as core[a373ad73a504971]::ops::function::FnOnce<()>>::call_once
[INFO] [stdout]   12:     0x5ea39ed5306b - test[aada8e7e76ba119b]::__rust_begin_short_backtrace::<core[a373ad73a504971]::result::Result<(), alloc[2e1b2a31b91974c5]::string::String>, fn() -> core[a373ad73a504971]::result::Result<(), alloc[2e1b2a31b91974c5]::string::String>>
[INFO] [stdout]   13:     0x5ea39ed60245 - test[aada8e7e76ba119b]::run_test::{closure#0}
[INFO] [stdout]   14:     0x5ea39ed59b34 - std[617be2ca0a6fd877]::sys::backtrace::__rust_begin_short_backtrace::<test[aada8e7e76ba119b]::run_test::{closure#1}, ()>
[INFO] [stdout]   15:     0x5ea39ed632d2 - <std[617be2ca0a6fd877]::thread::lifecycle::spawn_unchecked<test[aada8e7e76ba119b]::run_test::{closure#1}, ()>::{closure#1} as core[a373ad73a504971]::ops::function::FnOnce<()>>::call_once::{shim:vtable#0}
[INFO] [stdout]   16:     0x5ea39eeef70f - <std[617be2ca0a6fd877]::sys::thread::unix::Thread>::new::thread_start
[INFO] [stdout]   17:     0x7eaf3c04edfa - <unknown>
[INFO] [stdout]   18:     0x7eaf3c0e23d4 - clone
[INFO] [stdout]   19:                0x0 - <unknown>
[INFO] [stdout] 
[INFO] [stdout] ---- view::tests::test_format_events_datetime_without_end stdout ----
[INFO] [stdout] 
[INFO] [stdout] thread 'view::tests::test_format_events_datetime_without_end' (1671) panicked at src/view.rs:267:9:
[INFO] [stdout] assertion failed: output.contains("09:00")
[INFO] [stdout] stack backtrace:
[INFO] [stdout]    0:     0x5ea39eef0701 - <<std[617be2ca0a6fd877]::sys::backtrace::BacktraceLock>::print::DisplayBacktrace as core[a373ad73a504971]::fmt::Display>::fmt
[INFO] [stdout]    1:     0x5ea39ef0841a - core[a373ad73a504971]::fmt::write
[INFO] [stdout]    2:     0x5ea39eef509c - <alloc[2e1b2a31b91974c5]::vec::Vec<u8> as core[a373ad73a504971]::io::write::Write>::write_fmt
[INFO] [stdout]    3:     0x5ea39eeca896 - std[617be2ca0a6fd877]::panicking::default_hook::{closure#0}
[INFO] [stdout]    4:     0x5ea39eee7be9 - std[617be2ca0a6fd877]::panicking::default_hook
[INFO] [stdout]    5:     0x5ea39ed5fc20 - test[aada8e7e76ba119b]::test_main_inner::{closure#0}
[INFO] [stdout]    6:     0x5ea39eee7da2 - std[617be2ca0a6fd877]::panicking::panic_with_hook
[INFO] [stdout]    7:     0x5ea39eeca974 - std[617be2ca0a6fd877]::panicking::panic_handler::{closure#0}
[INFO] [stdout]    8:     0x5ea39eec2e19 - std[617be2ca0a6fd877]::sys::backtrace::__rust_end_short_backtrace::<std[617be2ca0a6fd877]::panicking::panic_handler::{closure#0}, !>
[INFO] [stdout]    9:     0x5ea39eecb65d - __rustc[ea4f61d10b84890b]::rust_begin_unwind
[INFO] [stdout]   10:     0x5ea39ef08bfc - core[a373ad73a504971]::panicking::panic_fmt
[INFO] [stdout]   11:     0x5ea39ef08bc2 - core[a373ad73a504971]::panicking::panic
[INFO] [stdout]   12:     0x5ea39ed0754e - <icaru[a591ef5914f3b9b4]::view::tests::test_format_events_datetime_without_end::{closure#0} as core[a373ad73a504971]::ops::function::FnOnce<()>>::call_once
[INFO] [stdout]   13:     0x5ea39ed5306b - test[aada8e7e76ba119b]::__rust_begin_short_backtrace::<core[a373ad73a504971]::result::Result<(), alloc[2e1b2a31b91974c5]::string::String>, fn() -> core[a373ad73a504971]::result::Result<(), alloc[2e1b2a31b91974c5]::string::String>>
[INFO] [stdout]   14:     0x5ea39ed60245 - test[aada8e7e76ba119b]::run_test::{closure#0}
[INFO] [stdout]   15:     0x5ea39ed59b34 - std[617be2ca0a6fd877]::sys::backtrace::__rust_begin_short_backtrace::<test[aada8e7e76ba119b]::run_test::{closure#1}, ()>
[INFO] [stdout]   16:     0x5ea39ed632d2 - <std[617be2ca0a6fd877]::thread::lifecycle::spawn_unchecked<test[aada8e7e76ba119b]::run_test::{closure#1}, ()>::{closure#1} as core[a373ad73a504971]::ops::function::FnOnce<()>>::call_once::{shim:vtable#0}
[INFO] [stdout]   17:     0x5ea39eeef70f - <std[617be2ca0a6fd877]::sys::thread::unix::Thread>::new::thread_start
[INFO] [stdout]   18:     0x7eaf3c04edfa - <unknown>
[INFO] [stdout]   19:     0x7eaf3c0e23d4 - clone
[INFO] [stdout]   20:                0x0 - <unknown>
[INFO] [stdout] 
[INFO] [stdout] 
[INFO] [stdout] failures:
[INFO] [stdout]     view::tests::test_format_events_datetime
[INFO] [stdout]     view::tests::test_format_events_datetime_with_end
[INFO] [stdout]     view::tests::test_format_events_datetime_without_end
[INFO] [stdout] 
[INFO] [stdout] test result: FAILED. 55 passed; 3 failed; 0 ignored; 0 measured; 0 filtered out; finished in 0.01s
[INFO] [stdout] 
[INFO] [stderr] error: test failed, to rerun pass `--bin icaru`
[INFO] running `Command { std: "docker" "inspect" "bc140e0bb4770235a61e22832ce92b7726b37e27c4742882cbd3081bd7c4229a", kill_on_drop: false }`
[INFO] running `Command { std: "docker" "rm" "-f" "bc140e0bb4770235a61e22832ce92b7726b37e27c4742882cbd3081bd7c4229a", kill_on_drop: false }`
[INFO] [stdout] bc140e0bb4770235a61e22832ce92b7726b37e27c4742882cbd3081bd7c4229a
