[INFO] fetching crate icaparse 0.2.0...
[INFO] testing icaparse-0.2.0 against 1.99.0-beta.8+cargoflags=--release for beta-release-1.100-2
[INFO] extracting crate icaparse 0.2.0 into /workspace/builds/worker-0-tc1/source
[INFO] started tweaking crates.io crate icaparse 0.2.0
[INFO] finished tweaking crates.io crate icaparse 0.2.0
[INFO] tweaked toml for crates.io crate icaparse 0.2.0 written to /workspace/builds/worker-0-tc1/source/Cargo.toml
[INFO] validating manifest of crates.io crate icaparse 0.2.0 on toolchain 1.99.0-beta.8
[INFO] running `Command { std: CARGO_HOME="/workspace/cargo-home" RUSTUP_HOME="/workspace/rustup-home" "/workspace/cargo-home/bin/cargo" "+1.99.0-beta.8" "metadata" "--manifest-path" "Cargo.toml" "--no-deps", kill_on_drop: false }`
[INFO] running `Command { std: CARGO_HOME="/workspace/cargo-home" RUSTUP_HOME="/workspace/rustup-home" "/workspace/cargo-home/bin/cargo" "+1.99.0-beta.8" "generate-lockfile" "--manifest-path" "Cargo.toml", kill_on_drop: false }`
[INFO] [stderr]     Blocking waiting for file lock on package cache
[INFO] [stderr]     Updating crates.io index
[INFO] [stderr]      Locking 1 package to highest compatible version
[INFO] running `Command { std: CARGO_HOME="/workspace/cargo-home" RUSTUP_HOME="/workspace/rustup-home" "/workspace/cargo-home/bin/cargo" "+1.99.0-beta.8" "fetch" "--manifest-path" "Cargo.toml", kill_on_drop: false }`
[INFO] [stderr] warning: Cargo.toml: `package.edition` is unspecified, defaulting to `2015` while the latest is `2024`
[INFO] [stderr] warning: `icaparse` (manifest) generated 1 warning
[INFO] running `Command { std: "docker" "create" "-v" "/var/lib/crater-agent-workspace/builds/worker-0-tc1/source:/opt/rustwide/workdir:ro,Z" "-v" "/var/lib/crater-agent-workspace/builds/worker-0-tc1/target:/opt/rustwide/target:rw,Z" "-v" "/var/lib/crater-agent-workspace/cargo-home:/opt/rustwide/cargo-home:ro,Z" "-v" "/var/lib/crater-agent-workspace/rustup-home:/opt/rustwide/rustup-home:ro,Z" "-m" "1610612736" "--network" "none" "ghcr.io/rust-lang/crates-build-env/linux@sha256:77db811e55d90add9212f6832c23229e3de5f1c1f9905e8cb07319ea15df73ac" "sleep" "infinity", kill_on_drop: false }`
[INFO] [stdout] 9bf411768bd9089826fa8dc2cca4a188e5d292fc8cfc4cdaa71ae5383facafcd
[INFO] running `Command { std: "docker" "start" "9bf411768bd9089826fa8dc2cca4a188e5d292fc8cfc4cdaa71ae5383facafcd", kill_on_drop: false }`
[INFO] running `Command { std: "docker" "inspect" "9bf411768bd9089826fa8dc2cca4a188e5d292fc8cfc4cdaa71ae5383facafcd", kill_on_drop: false }`
[INFO] running `Command { std: "docker" "exec" "-e" "SOURCE_DIR=/opt/rustwide/workdir" "-e" "CARGO_HOME=/opt/rustwide/cargo-home" "-e" "RUSTUP_HOME=/opt/rustwide/rustup-home" "-e" "CARGO_TARGET_DIR=/opt/rustwide/target" "-w" "/opt/rustwide/workdir" "--user" "0:0" "9bf411768bd9089826fa8dc2cca4a188e5d292fc8cfc4cdaa71ae5383facafcd" "/opt/rustwide/cargo-home/bin/cargo" "+1.99.0-beta.8" "metadata" "--no-deps" "--format-version=1", kill_on_drop: false }`
[INFO] running `Command { std: "docker" "inspect" "9bf411768bd9089826fa8dc2cca4a188e5d292fc8cfc4cdaa71ae5383facafcd", kill_on_drop: false }`
[INFO] running `Command { std: "docker" "exec" "-e" "SOURCE_DIR=/opt/rustwide/workdir" "-e" "CARGO_HOME=/opt/rustwide/cargo-home" "-e" "RUSTUP_HOME=/opt/rustwide/rustup-home" "-e" "CARGO_TARGET_DIR=/opt/rustwide/target" "-e" "CARGO_INCREMENTAL=0" "-e" "RUST_BACKTRACE=full" "-e" "RUSTFLAGS=--cap-lints=warn" "-e" "RUSTDOCFLAGS=--cap-lints=warn" "-w" "/opt/rustwide/workdir" "--user" "0:0" "9bf411768bd9089826fa8dc2cca4a188e5d292fc8cfc4cdaa71ae5383facafcd" "/opt/rustwide/cargo-home/bin/cargo" "+1.99.0-beta.8" "build" "--frozen" "--message-format=json" "--release", kill_on_drop: false }`
[INFO] [stderr] warning: Cargo.toml: `package.edition` is unspecified, defaulting to `2015` while the latest is `2024`
[INFO] [stderr] warning: `icaparse` (manifest) generated 1 warning
[INFO] [stderr]    Compiling icaparse v0.2.0 (/opt/rustwide/workdir)
[INFO] [stdout] warning: unused import: `super::*`
[INFO] [stdout]   --> src/test.rs:1:5
[INFO] [stdout]    |
[INFO] [stdout]  1 | use super::*;
[INFO] [stdout]    |     ^^^^^^^^
[INFO] [stdout]    |
[INFO] [stdout] help: if this is a test module, consider adding a `#[cfg(test)]` to the containing module
[INFO] [stdout]   --> src/lib.rs:22:1
[INFO] [stdout]    |
[INFO] [stdout] 22 | mod test;
[INFO] [stdout]    | ^^^^^^^^^
[INFO] [stdout]    = note: `#[warn(unused_imports)]` (part of `#[warn(unused)]`) on by default
[INFO] [stdout] 
[INFO] [stdout] 
[INFO] [stdout] warning: use of deprecated macro `try`: use the `?` operator instead
[INFO] [stdout]    --> src/lib.rs:47:15
[INFO] [stdout]     |
[INFO] [stdout]  47 |         match try!($e) {
[INFO] [stdout]     |               ^^^
[INFO] [stdout] ...
[INFO] [stdout] 320 |         complete!(skip_empty_lines(&mut bytes));
[INFO] [stdout]     |         --------------------------------------- in this macro invocation
[INFO] [stdout]     |
[INFO] [stdout]     = note: `#[warn(deprecated)]` on by default
[INFO] [stdout]     = note: this warning originates in the macro `complete` (in Nightly builds, run with -Z macro-backtrace for more info)
[INFO] [stdout] 
[INFO] [stdout] 
[INFO] [stdout] warning: use of deprecated macro `try`: use the `?` operator instead
[INFO] [stdout]    --> src/lib.rs:47:15
[INFO] [stdout]     |
[INFO] [stdout]  47 |         match try!($e) {
[INFO] [stdout]     |               ^^^
[INFO] [stdout] ...
[INFO] [stdout] 321 |         self.method = Some(complete!(parse_token(&mut bytes)));
[INFO] [stdout]     |                            ---------------------------------- in this macro invocation
[INFO] [stdout]     |
[INFO] [stdout]     = note: this warning originates in the macro `complete` (in Nightly builds, run with -Z macro-backtrace for more info)
[INFO] [stdout] 
[INFO] [stdout] 
[INFO] [stdout] warning: use of deprecated macro `try`: use the `?` operator instead
[INFO] [stdout]    --> src/lib.rs:47:15
[INFO] [stdout]     |
[INFO] [stdout]  47 |         match try!($e) {
[INFO] [stdout]     |               ^^^
[INFO] [stdout] ...
[INFO] [stdout] 322 |         self.path = Some(complete!(parse_token(&mut bytes)));
[INFO] [stdout]     |                          ---------------------------------- in this macro invocation
[INFO] [stdout]     |
[INFO] [stdout]     = note: this warning originates in the macro `complete` (in Nightly builds, run with -Z macro-backtrace for more info)
[INFO] [stdout] 
[INFO] [stdout] 
[INFO] [stdout] warning: use of deprecated macro `try`: use the `?` operator instead
[INFO] [stdout]    --> src/lib.rs:47:15
[INFO] [stdout]     |
[INFO] [stdout]  47 |         match try!($e) {
[INFO] [stdout]     |               ^^^
[INFO] [stdout] ...
[INFO] [stdout] 323 |         self.version = Some(complete!(parse_version(&mut bytes)));
[INFO] [stdout]     |                             ------------------------------------ in this macro invocation
[INFO] [stdout]     |
[INFO] [stdout]     = note: this warning originates in the macro `complete` (in Nightly builds, run with -Z macro-backtrace for more info)
[INFO] [stdout] 
[INFO] [stdout] 
[INFO] [stdout] warning: use of deprecated macro `try`: use the `?` operator instead
[INFO] [stdout]    --> src/lib.rs:47:15
[INFO] [stdout]     |
[INFO] [stdout]  47 |         match try!($e) {
[INFO] [stdout]     |               ^^^
[INFO] [stdout] ...
[INFO] [stdout] 327 |         let headers_len = complete!(parse_headers_iter(&mut self.headers, &mut bytes));
[INFO] [stdout]     |                           ------------------------------------------------------------ in this macro invocation
[INFO] [stdout]     |
[INFO] [stdout]     = note: this warning originates in the macro `complete` (in Nightly builds, run with -Z macro-backtrace for more info)
[INFO] [stdout] 
[INFO] [stdout] 
[INFO] [stdout] warning: use of deprecated macro `try`: use the `?` operator instead
[INFO] [stdout]    --> src/lib.rs:47:15
[INFO] [stdout]     |
[INFO] [stdout]  47 |         match try!($e) {
[INFO] [stdout]     |               ^^^
[INFO] [stdout] ...
[INFO] [stdout] 397 |         complete!(skip_empty_lines(&mut bytes));
[INFO] [stdout]     |         --------------------------------------- in this macro invocation
[INFO] [stdout]     |
[INFO] [stdout]     = note: this warning originates in the macro `complete` (in Nightly builds, run with -Z macro-backtrace for more info)
[INFO] [stdout] 
[INFO] [stdout] 
[INFO] [stdout] warning: use of deprecated macro `try`: use the `?` operator instead
[INFO] [stdout]    --> src/lib.rs:47:15
[INFO] [stdout]     |
[INFO] [stdout]  47 |         match try!($e) {
[INFO] [stdout]     |               ^^^
[INFO] [stdout] ...
[INFO] [stdout] 398 |         self.version = Some(complete!(parse_version(&mut bytes)));
[INFO] [stdout]     |                             ------------------------------------ in this macro invocation
[INFO] [stdout]     |
[INFO] [stdout]     = note: this warning originates in the macro `complete` (in Nightly builds, run with -Z macro-backtrace for more info)
[INFO] [stdout] 
[INFO] [stdout] 
[INFO] [stdout] warning: use of deprecated macro `try`: use the `?` operator instead
[INFO] [stdout]    --> src/lib.rs:47:15
[INFO] [stdout]     |
[INFO] [stdout]  47 |         match try!($e) {
[INFO] [stdout]     |               ^^^
[INFO] [stdout] ...
[INFO] [stdout] 400 |         self.code = Some(complete!(parse_code(&mut bytes)));
[INFO] [stdout]     |                          --------------------------------- in this macro invocation
[INFO] [stdout]     |
[INFO] [stdout]     = note: this warning originates in the macro `complete` (in Nightly builds, run with -Z macro-backtrace for more info)
[INFO] [stdout] 
[INFO] [stdout] 
[INFO] [stdout] warning: use of deprecated macro `try`: use the `?` operator instead
[INFO] [stdout]    --> src/lib.rs:47:15
[INFO] [stdout]     |
[INFO] [stdout]  47 |         match try!($e) {
[INFO] [stdout]     |               ^^^
[INFO] [stdout] ...
[INFO] [stdout] 414 |                 self.reason = Some(complete!(parse_reason(&mut bytes)));
[INFO] [stdout]     |                                    ----------------------------------- in this macro invocation
[INFO] [stdout]     |
[INFO] [stdout]     = note: this warning originates in the macro `complete` (in Nightly builds, run with -Z macro-backtrace for more info)
[INFO] [stdout] 
[INFO] [stdout] 
[INFO] [stdout] warning: use of deprecated macro `try`: use the `?` operator instead
[INFO] [stdout]    --> src/lib.rs:47:15
[INFO] [stdout]     |
[INFO] [stdout]  47 |         match try!($e) {
[INFO] [stdout]     |               ^^^
[INFO] [stdout] ...
[INFO] [stdout] 426 |         let headers_len = complete!(parse_headers_iter(&mut self.headers, &mut bytes));
[INFO] [stdout]     |                           ------------------------------------------------------------ in this macro invocation
[INFO] [stdout]     |
[INFO] [stdout]     = note: this warning originates in the macro `complete` (in Nightly builds, run with -Z macro-backtrace for more info)
[INFO] [stdout] 
[INFO] [stdout] 
[INFO] [stdout] warning: `...` range patterns are deprecated
[INFO] [stdout]    --> src/lib.rs:638:48
[INFO] [stdout]     |
[INFO] [stdout] 638 |     let hundreds = expect!(bytes.next() == b'0'...b'9' => Err(Error::Status));
[INFO] [stdout]     |                                                ^^^ help: use `..=` for an inclusive range
[INFO] [stdout]     |
[INFO] [stdout]     = warning: this is accepted in the current edition (Rust 2015) but is a hard error in Rust 2021!
[INFO] [stdout]     = note: for more information, see <https://doc.rust-lang.org/edition-guide/rust-2021/warnings-promoted-to-error.html>
[INFO] [stdout]     = note: `#[warn(ellipsis_inclusive_range_patterns)]` (part of `#[warn(rust_2021_compatibility)]`) on by default
[INFO] [stdout] 
[INFO] [stdout] 
[INFO] [stdout] warning: `...` range patterns are deprecated
[INFO] [stdout]    --> src/lib.rs:639:44
[INFO] [stdout]     |
[INFO] [stdout] 639 |     let tens = expect!(bytes.next() == b'0'...b'9' => Err(Error::Status));
[INFO] [stdout]     |                                            ^^^ help: use `..=` for an inclusive range
[INFO] [stdout]     |
[INFO] [stdout]     = warning: this is accepted in the current edition (Rust 2015) but is a hard error in Rust 2021!
[INFO] [stdout]     = note: for more information, see <https://doc.rust-lang.org/edition-guide/rust-2021/warnings-promoted-to-error.html>
[INFO] [stdout] 
[INFO] [stdout] 
[INFO] [stdout] warning: `...` range patterns are deprecated
[INFO] [stdout]    --> src/lib.rs:640:44
[INFO] [stdout]     |
[INFO] [stdout] 640 |     let ones = expect!(bytes.next() == b'0'...b'9' => Err(Error::Status));
[INFO] [stdout]     |                                            ^^^ help: use `..=` for an inclusive range
[INFO] [stdout]     |
[INFO] [stdout]     = warning: this is accepted in the current edition (Rust 2015) but is a hard error in Rust 2021!
[INFO] [stdout]     = note: for more information, see <https://doc.rust-lang.org/edition-guide/rust-2021/warnings-promoted-to-error.html>
[INFO] [stdout] 
[INFO] [stdout] 
[INFO] [stdout] warning: use of deprecated macro `try`: use the `?` operator instead
[INFO] [stdout]    --> src/lib.rs:47:15
[INFO] [stdout]     |
[INFO] [stdout]  47 |         match try!($e) {
[INFO] [stdout]     |               ^^^
[INFO] [stdout] ...
[INFO] [stdout] 668 |     let pos = complete!(parse_headers_iter(&mut dst, &mut iter));
[INFO] [stdout]     |               -------------------------------------------------- in this macro invocation
[INFO] [stdout]     |
[INFO] [stdout]     = note: this warning originates in the macro `complete` (in Nightly builds, run with -Z macro-backtrace for more info)
[INFO] [stdout] 
[INFO] [stdout] 
[INFO] [stdout] warning: `...` range patterns are deprecated
[INFO] [stdout]    --> src/lib.rs:810:17
[INFO] [stdout]     |
[INFO] [stdout] 810 |             b'0'...b'9' if in_chunk_size => {
[INFO] [stdout]     |                 ^^^ help: use `..=` for an inclusive range
[INFO] [stdout]     |
[INFO] [stdout]     = warning: this is accepted in the current edition (Rust 2015) but is a hard error in Rust 2021!
[INFO] [stdout]     = note: for more information, see <https://doc.rust-lang.org/edition-guide/rust-2021/warnings-promoted-to-error.html>
[INFO] [stdout] 
[INFO] [stdout] 
[INFO] [stdout] warning: `...` range patterns are deprecated
[INFO] [stdout]    --> src/lib.rs:818:17
[INFO] [stdout]     |
[INFO] [stdout] 818 |             b'a'...b'f' if in_chunk_size => {
[INFO] [stdout]     |                 ^^^ help: use `..=` for an inclusive range
[INFO] [stdout]     |
[INFO] [stdout]     = warning: this is accepted in the current edition (Rust 2015) but is a hard error in Rust 2021!
[INFO] [stdout]     = note: for more information, see <https://doc.rust-lang.org/edition-guide/rust-2021/warnings-promoted-to-error.html>
[INFO] [stdout] 
[INFO] [stdout] 
[INFO] [stdout] warning: `...` range patterns are deprecated
[INFO] [stdout]    --> src/lib.rs:826:17
[INFO] [stdout]     |
[INFO] [stdout] 826 |             b'A'...b'F' if in_chunk_size => {
[INFO] [stdout]     |                 ^^^ help: use `..=` for an inclusive range
[INFO] [stdout]     |
[INFO] [stdout]     = warning: this is accepted in the current edition (Rust 2015) but is a hard error in Rust 2021!
[INFO] [stdout]     = note: for more information, see <https://doc.rust-lang.org/edition-guide/rust-2021/warnings-promoted-to-error.html>
[INFO] [stdout] 
[INFO] [stdout] 
[INFO] [stderr]     Finished `release` profile [optimized] target(s) in 0.62s
[INFO] running `Command { std: "docker" "inspect" "9bf411768bd9089826fa8dc2cca4a188e5d292fc8cfc4cdaa71ae5383facafcd", kill_on_drop: false }`
[INFO] running `Command { std: "docker" "exec" "-e" "SOURCE_DIR=/opt/rustwide/workdir" "-e" "CARGO_HOME=/opt/rustwide/cargo-home" "-e" "RUSTUP_HOME=/opt/rustwide/rustup-home" "-e" "CARGO_TARGET_DIR=/opt/rustwide/target" "-e" "CARGO_INCREMENTAL=0" "-e" "RUST_BACKTRACE=full" "-e" "RUSTFLAGS=--cap-lints=warn" "-e" "RUSTDOCFLAGS=--cap-lints=warn" "-w" "/opt/rustwide/workdir" "--user" "0:0" "9bf411768bd9089826fa8dc2cca4a188e5d292fc8cfc4cdaa71ae5383facafcd" "/opt/rustwide/cargo-home/bin/cargo" "+1.99.0-beta.8" "test" "--frozen" "--no-run" "--message-format=json" "--release", kill_on_drop: false }`
[INFO] [stderr] warning: Cargo.toml: `package.edition` is unspecified, defaulting to `2015` while the latest is `2024`
[INFO] [stderr] warning: `icaparse` (manifest) generated 1 warning
[INFO] [stdout] warning: unused import: `super::*`
[INFO] [stdout]   --> src/test.rs:1:5
[INFO] [stdout]    |
[INFO] [stdout]  1 | use super::*;
[INFO] [stdout]    |     ^^^^^^^^
[INFO] [stdout]    |
[INFO] [stdout] help: if this is a test module, consider adding a `#[cfg(test)]` to the containing module
[INFO] [stdout]   --> src/lib.rs:22:1
[INFO] [stdout]    |
[INFO] [stdout] 22 | mod test;
[INFO] [stdout]    | ^^^^^^^^^
[INFO] [stdout]    = note: `#[warn(unused_imports)]` (part of `#[warn(unused)]`) on by default
[INFO] [stdout] 
[INFO] [stdout] 
[INFO] [stdout] warning: use of deprecated macro `try`: use the `?` operator instead
[INFO] [stdout]    --> src/lib.rs:47:15
[INFO] [stdout]     |
[INFO] [stdout]  47 |         match try!($e) {
[INFO] [stdout]     |               ^^^
[INFO] [stdout] ...
[INFO] [stdout] 320 |         complete!(skip_empty_lines(&mut bytes));
[INFO] [stdout]     |         --------------------------------------- in this macro invocation
[INFO] [stdout]     |
[INFO] [stdout]     = note: `#[warn(deprecated)]` on by default
[INFO] [stdout]     = note: this warning originates in the macro `complete` (in Nightly builds, run with -Z macro-backtrace for more info)
[INFO] [stdout] 
[INFO] [stdout] 
[INFO] [stdout] warning: use of deprecated macro `try`: use the `?` operator instead
[INFO] [stdout]    --> src/lib.rs:47:15
[INFO] [stdout]     |
[INFO] [stdout]  47 |         match try!($e) {
[INFO] [stdout]     |               ^^^
[INFO] [stdout] ...
[INFO] [stdout] 321 |         self.method = Some(complete!(parse_token(&mut bytes)));
[INFO] [stdout]     |                            ---------------------------------- in this macro invocation
[INFO] [stdout]     |
[INFO] [stdout]     = note: this warning originates in the macro `complete` (in Nightly builds, run with -Z macro-backtrace for more info)
[INFO] [stdout] 
[INFO] [stdout] 
[INFO] [stdout] warning: use of deprecated macro `try`: use the `?` operator instead
[INFO] [stdout]    --> src/lib.rs:47:15
[INFO] [stdout]     |
[INFO] [stdout]  47 |         match try!($e) {
[INFO] [stdout]     |               ^^^
[INFO] [stdout] ...
[INFO] [stdout] 322 |         self.path = Some(complete!(parse_token(&mut bytes)));
[INFO] [stdout]     |                          ---------------------------------- in this macro invocation
[INFO] [stdout]     |
[INFO] [stdout]     = note: this warning originates in the macro `complete` (in Nightly builds, run with -Z macro-backtrace for more info)
[INFO] [stdout] 
[INFO] [stdout] 
[INFO] [stdout] warning: use of deprecated macro `try`: use the `?` operator instead
[INFO] [stdout]    --> src/lib.rs:47:15
[INFO] [stdout]     |
[INFO] [stdout]  47 |         match try!($e) {
[INFO] [stdout]     |               ^^^
[INFO] [stdout] ...
[INFO] [stdout] 323 |         self.version = Some(complete!(parse_version(&mut bytes)));
[INFO] [stdout]     |                             ------------------------------------ in this macro invocation
[INFO] [stdout]     |
[INFO] [stdout]     = note: this warning originates in the macro `complete` (in Nightly builds, run with -Z macro-backtrace for more info)
[INFO] [stdout] 
[INFO] [stdout] 
[INFO] [stdout] warning: use of deprecated macro `try`: use the `?` operator instead
[INFO] [stdout]    --> src/lib.rs:47:15
[INFO] [stdout]     |
[INFO] [stdout]  47 |         match try!($e) {
[INFO] [stdout]     |               ^^^
[INFO] [stdout] ...
[INFO] [stdout] 327 |         let headers_len = complete!(parse_headers_iter(&mut self.headers, &mut bytes));
[INFO] [stdout]     |                           ------------------------------------------------------------ in this macro invocation
[INFO] [stdout]     |
[INFO] [stdout]     = note: this warning originates in the macro `complete` (in Nightly builds, run with -Z macro-backtrace for more info)
[INFO] [stdout] 
[INFO] [stdout] 
[INFO] [stdout] warning: use of deprecated macro `try`: use the `?` operator instead
[INFO] [stdout]    --> src/lib.rs:47:15
[INFO] [stdout]     |
[INFO] [stdout]  47 |         match try!($e) {
[INFO] [stdout]     |               ^^^
[INFO] [stdout] ...
[INFO] [stdout] 397 |         complete!(skip_empty_lines(&mut bytes));
[INFO] [stdout]     |         --------------------------------------- in this macro invocation
[INFO] [stdout]     |
[INFO] [stdout]     = note: this warning originates in the macro `complete` (in Nightly builds, run with -Z macro-backtrace for more info)
[INFO] [stdout] 
[INFO] [stdout] 
[INFO] [stdout] warning: use of deprecated macro `try`: use the `?` operator instead
[INFO] [stdout]    --> src/lib.rs:47:15
[INFO] [stdout]     |
[INFO] [stdout]  47 |         match try!($e) {
[INFO] [stdout]     |               ^^^
[INFO] [stdout] ...
[INFO] [stdout] 398 |         self.version = Some(complete!(parse_version(&mut bytes)));
[INFO] [stdout]     |                             ------------------------------------ in this macro invocation
[INFO] [stdout]     |
[INFO] [stdout]     = note: this warning originates in the macro `complete` (in Nightly builds, run with -Z macro-backtrace for more info)
[INFO] [stdout] 
[INFO] [stdout] 
[INFO] [stdout] warning: use of deprecated macro `try`: use the `?` operator instead
[INFO] [stdout]    --> src/lib.rs:47:15
[INFO] [stdout]     |
[INFO] [stdout]  47 |         match try!($e) {
[INFO] [stdout]     |               ^^^
[INFO] [stdout] ...
[INFO] [stdout] 400 |         self.code = Some(complete!(parse_code(&mut bytes)));
[INFO] [stdout]     |                          --------------------------------- in this macro invocation
[INFO] [stdout]     |
[INFO] [stdout]     = note: this warning originates in the macro `complete` (in Nightly builds, run with -Z macro-backtrace for more info)
[INFO] [stdout] 
[INFO] [stdout] 
[INFO] [stderr]    Compiling icaparse v0.2.0 (/opt/rustwide/workdir)
[INFO] [stdout] warning: use of deprecated macro `try`: use the `?` operator instead
[INFO] [stdout]    --> src/lib.rs:47:15
[INFO] [stdout]     |
[INFO] [stdout]  47 |         match try!($e) {
[INFO] [stdout]     |               ^^^
[INFO] [stdout] ...
[INFO] [stdout] 414 |                 self.reason = Some(complete!(parse_reason(&mut bytes)));
[INFO] [stdout]     |                                    ----------------------------------- in this macro invocation
[INFO] [stdout]     |
[INFO] [stdout]     = note: this warning originates in the macro `complete` (in Nightly builds, run with -Z macro-backtrace for more info)
[INFO] [stdout] 
[INFO] [stdout] 
[INFO] [stdout] warning: use of deprecated macro `try`: use the `?` operator instead
[INFO] [stdout]    --> src/lib.rs:47:15
[INFO] [stdout]     |
[INFO] [stdout]  47 |         match try!($e) {
[INFO] [stdout]     |               ^^^
[INFO] [stdout] ...
[INFO] [stdout] 426 |         let headers_len = complete!(parse_headers_iter(&mut self.headers, &mut bytes));
[INFO] [stdout]     |                           ------------------------------------------------------------ in this macro invocation
[INFO] [stdout]     |
[INFO] [stdout]     = note: this warning originates in the macro `complete` (in Nightly builds, run with -Z macro-backtrace for more info)
[INFO] [stdout] 
[INFO] [stdout] 
[INFO] [stdout] warning: `...` range patterns are deprecated
[INFO] [stdout]    --> src/lib.rs:638:48
[INFO] [stdout]     |
[INFO] [stdout] 638 |     let hundreds = expect!(bytes.next() == b'0'...b'9' => Err(Error::Status));
[INFO] [stdout]     |                                                ^^^ help: use `..=` for an inclusive range
[INFO] [stdout]     |
[INFO] [stdout]     = warning: this is accepted in the current edition (Rust 2015) but is a hard error in Rust 2021!
[INFO] [stdout]     = note: for more information, see <https://doc.rust-lang.org/edition-guide/rust-2021/warnings-promoted-to-error.html>
[INFO] [stdout]     = note: `#[warn(ellipsis_inclusive_range_patterns)]` (part of `#[warn(rust_2021_compatibility)]`) on by default
[INFO] [stdout] 
[INFO] [stdout] 
[INFO] [stdout] warning: `...` range patterns are deprecated
[INFO] [stdout]    --> src/lib.rs:639:44
[INFO] [stdout]     |
[INFO] [stdout] 639 |     let tens = expect!(bytes.next() == b'0'...b'9' => Err(Error::Status));
[INFO] [stdout]     |                                            ^^^ help: use `..=` for an inclusive range
[INFO] [stdout]     |
[INFO] [stdout]     = warning: this is accepted in the current edition (Rust 2015) but is a hard error in Rust 2021!
[INFO] [stdout]     = note: for more information, see <https://doc.rust-lang.org/edition-guide/rust-2021/warnings-promoted-to-error.html>
[INFO] [stdout] 
[INFO] [stdout] 
[INFO] [stdout] warning: `...` range patterns are deprecated
[INFO] [stdout]    --> src/lib.rs:640:44
[INFO] [stdout]     |
[INFO] [stdout] 640 |     let ones = expect!(bytes.next() == b'0'...b'9' => Err(Error::Status));
[INFO] [stdout]     |                                            ^^^ help: use `..=` for an inclusive range
[INFO] [stdout]     |
[INFO] [stdout]     = warning: this is accepted in the current edition (Rust 2015) but is a hard error in Rust 2021!
[INFO] [stdout]     = note: for more information, see <https://doc.rust-lang.org/edition-guide/rust-2021/warnings-promoted-to-error.html>
[INFO] [stdout] 
[INFO] [stdout] 
[INFO] [stdout] warning: use of deprecated macro `try`: use the `?` operator instead
[INFO] [stdout]    --> src/lib.rs:47:15
[INFO] [stdout]     |
[INFO] [stdout]  47 |         match try!($e) {
[INFO] [stdout]     |               ^^^
[INFO] [stdout] ...
[INFO] [stdout] 668 |     let pos = complete!(parse_headers_iter(&mut dst, &mut iter));
[INFO] [stdout]     |               -------------------------------------------------- in this macro invocation
[INFO] [stdout]     |
[INFO] [stdout]     = note: this warning originates in the macro `complete` (in Nightly builds, run with -Z macro-backtrace for more info)
[INFO] [stdout] 
[INFO] [stdout] 
[INFO] [stdout] warning: `...` range patterns are deprecated
[INFO] [stdout]    --> src/lib.rs:810:17
[INFO] [stdout]     |
[INFO] [stdout] 810 |             b'0'...b'9' if in_chunk_size => {
[INFO] [stdout]     |                 ^^^ help: use `..=` for an inclusive range
[INFO] [stdout]     |
[INFO] [stdout]     = warning: this is accepted in the current edition (Rust 2015) but is a hard error in Rust 2021!
[INFO] [stdout]     = note: for more information, see <https://doc.rust-lang.org/edition-guide/rust-2021/warnings-promoted-to-error.html>
[INFO] [stdout] 
[INFO] [stdout] 
[INFO] [stdout] warning: `...` range patterns are deprecated
[INFO] [stdout]    --> src/lib.rs:818:17
[INFO] [stdout]     |
[INFO] [stdout] 818 |             b'a'...b'f' if in_chunk_size => {
[INFO] [stdout]     |                 ^^^ help: use `..=` for an inclusive range
[INFO] [stdout]     |
[INFO] [stdout]     = warning: this is accepted in the current edition (Rust 2015) but is a hard error in Rust 2021!
[INFO] [stdout]     = note: for more information, see <https://doc.rust-lang.org/edition-guide/rust-2021/warnings-promoted-to-error.html>
[INFO] [stdout] 
[INFO] [stdout] 
[INFO] [stdout] warning: `...` range patterns are deprecated
[INFO] [stdout]    --> src/lib.rs:826:17
[INFO] [stdout]     |
[INFO] [stdout] 826 |             b'A'...b'F' if in_chunk_size => {
[INFO] [stdout]     |                 ^^^ help: use `..=` for an inclusive range
[INFO] [stdout]     |
[INFO] [stdout]     = warning: this is accepted in the current edition (Rust 2015) but is a hard error in Rust 2021!
[INFO] [stdout]     = note: for more information, see <https://doc.rust-lang.org/edition-guide/rust-2021/warnings-promoted-to-error.html>
[INFO] [stdout] 
[INFO] [stdout] 
[INFO] [stdout] warning: use of deprecated macro `try`: use the `?` operator instead
[INFO] [stdout]    --> src/lib.rs:47:15
[INFO] [stdout]     |
[INFO] [stdout]  47 |         match try!($e) {
[INFO] [stdout]     |               ^^^
[INFO] [stdout] ...
[INFO] [stdout] 320 |         complete!(skip_empty_lines(&mut bytes));
[INFO] [stdout]     |         --------------------------------------- in this macro invocation
[INFO] [stdout]     |
[INFO] [stdout] note: the lint level is defined here
[INFO] [stdout]    --> src/lib.rs:2:24
[INFO] [stdout]     |
[INFO] [stdout]   2 | #![cfg_attr(test, deny(warnings))]
[INFO] [stdout]     |                        ^^^^^^^^
[INFO] [stdout]     = note: `#[warn(deprecated)]` implied by `#[warn(warnings)]`
[INFO] [stdout]     = note: this warning originates in the macro `complete` (in Nightly builds, run with -Z macro-backtrace for more info)
[INFO] [stdout] 
[INFO] [stdout] 
[INFO] [stdout] warning: use of deprecated macro `try`: use the `?` operator instead
[INFO] [stdout]    --> src/lib.rs:47:15
[INFO] [stdout]     |
[INFO] [stdout]  47 |         match try!($e) {
[INFO] [stdout]     |               ^^^
[INFO] [stdout] ...
[INFO] [stdout] 321 |         self.method = Some(complete!(parse_token(&mut bytes)));
[INFO] [stdout]     |                            ---------------------------------- in this macro invocation
[INFO] [stdout]     |
[INFO] [stdout]     = note: this warning originates in the macro `complete` (in Nightly builds, run with -Z macro-backtrace for more info)
[INFO] [stdout] 
[INFO] [stdout] 
[INFO] [stdout] warning: use of deprecated macro `try`: use the `?` operator instead
[INFO] [stdout]    --> src/lib.rs:47:15
[INFO] [stdout]     |
[INFO] [stdout]  47 |         match try!($e) {
[INFO] [stdout]     |               ^^^
[INFO] [stdout] ...
[INFO] [stdout] 322 |         self.path = Some(complete!(parse_token(&mut bytes)));
[INFO] [stdout]     |                          ---------------------------------- in this macro invocation
[INFO] [stdout]     |
[INFO] [stdout]     = note: this warning originates in the macro `complete` (in Nightly builds, run with -Z macro-backtrace for more info)
[INFO] [stdout] 
[INFO] [stdout] 
[INFO] [stdout] warning: use of deprecated macro `try`: use the `?` operator instead
[INFO] [stdout]    --> src/lib.rs:47:15
[INFO] [stdout]     |
[INFO] [stdout]  47 |         match try!($e) {
[INFO] [stdout]     |               ^^^
[INFO] [stdout] ...
[INFO] [stdout] 323 |         self.version = Some(complete!(parse_version(&mut bytes)));
[INFO] [stdout]     |                             ------------------------------------ in this macro invocation
[INFO] [stdout]     |
[INFO] [stdout]     = note: this warning originates in the macro `complete` (in Nightly builds, run with -Z macro-backtrace for more info)
[INFO] [stdout] 
[INFO] [stdout] 
[INFO] [stdout] warning: use of deprecated macro `try`: use the `?` operator instead
[INFO] [stdout]    --> src/lib.rs:47:15
[INFO] [stdout]     |
[INFO] [stdout]  47 |         match try!($e) {
[INFO] [stdout]     |               ^^^
[INFO] [stdout] ...
[INFO] [stdout] 327 |         let headers_len = complete!(parse_headers_iter(&mut self.headers, &mut bytes));
[INFO] [stdout]     |                           ------------------------------------------------------------ in this macro invocation
[INFO] [stdout]     |
[INFO] [stdout]     = note: this warning originates in the macro `complete` (in Nightly builds, run with -Z macro-backtrace for more info)
[INFO] [stdout] 
[INFO] [stdout] 
[INFO] [stdout] warning: use of deprecated macro `try`: use the `?` operator instead
[INFO] [stdout]    --> src/lib.rs:47:15
[INFO] [stdout]     |
[INFO] [stdout]  47 |         match try!($e) {
[INFO] [stdout]     |               ^^^
[INFO] [stdout] ...
[INFO] [stdout] 397 |         complete!(skip_empty_lines(&mut bytes));
[INFO] [stdout]     |         --------------------------------------- in this macro invocation
[INFO] [stdout]     |
[INFO] [stdout]     = note: this warning originates in the macro `complete` (in Nightly builds, run with -Z macro-backtrace for more info)
[INFO] [stdout] 
[INFO] [stdout] 
[INFO] [stdout] warning: use of deprecated macro `try`: use the `?` operator instead
[INFO] [stdout]    --> src/lib.rs:47:15
[INFO] [stdout]     |
[INFO] [stdout]  47 |         match try!($e) {
[INFO] [stdout]     |               ^^^
[INFO] [stdout] ...
[INFO] [stdout] 398 |         self.version = Some(complete!(parse_version(&mut bytes)));
[INFO] [stdout]     |                             ------------------------------------ in this macro invocation
[INFO] [stdout]     |
[INFO] [stdout]     = note: this warning originates in the macro `complete` (in Nightly builds, run with -Z macro-backtrace for more info)
[INFO] [stdout] 
[INFO] [stdout] 
[INFO] [stdout] warning: use of deprecated macro `try`: use the `?` operator instead
[INFO] [stdout]    --> src/lib.rs:47:15
[INFO] [stdout]     |
[INFO] [stdout]  47 |         match try!($e) {
[INFO] [stdout]     |               ^^^
[INFO] [stdout] ...
[INFO] [stdout] 400 |         self.code = Some(complete!(parse_code(&mut bytes)));
[INFO] [stdout]     |                          --------------------------------- in this macro invocation
[INFO] [stdout]     |
[INFO] [stdout]     = note: this warning originates in the macro `complete` (in Nightly builds, run with -Z macro-backtrace for more info)
[INFO] [stdout] 
[INFO] [stdout] 
[INFO] [stdout] warning: use of deprecated macro `try`: use the `?` operator instead
[INFO] [stdout]    --> src/lib.rs:47:15
[INFO] [stdout]     |
[INFO] [stdout]  47 |         match try!($e) {
[INFO] [stdout]     |               ^^^
[INFO] [stdout] ...
[INFO] [stdout] 414 |                 self.reason = Some(complete!(parse_reason(&mut bytes)));
[INFO] [stdout]     |                                    ----------------------------------- in this macro invocation
[INFO] [stdout]     |
[INFO] [stdout]     = note: this warning originates in the macro `complete` (in Nightly builds, run with -Z macro-backtrace for more info)
[INFO] [stdout] 
[INFO] [stdout] 
[INFO] [stdout] warning: use of deprecated macro `try`: use the `?` operator instead
[INFO] [stdout]    --> src/lib.rs:47:15
[INFO] [stdout]     |
[INFO] [stdout]  47 |         match try!($e) {
[INFO] [stdout]     |               ^^^
[INFO] [stdout] ...
[INFO] [stdout] 426 |         let headers_len = complete!(parse_headers_iter(&mut self.headers, &mut bytes));
[INFO] [stdout]     |                           ------------------------------------------------------------ in this macro invocation
[INFO] [stdout]     |
[INFO] [stdout]     = note: this warning originates in the macro `complete` (in Nightly builds, run with -Z macro-backtrace for more info)
[INFO] [stdout] 
[INFO] [stdout] 
[INFO] [stdout] warning: `...` range patterns are deprecated
[INFO] [stdout]    --> src/lib.rs:638:48
[INFO] [stdout]     |
[INFO] [stdout] 638 |     let hundreds = expect!(bytes.next() == b'0'...b'9' => Err(Error::Status));
[INFO] [stdout]     |                                                ^^^ help: use `..=` for an inclusive range
[INFO] [stdout]     |
[INFO] [stdout]     = warning: this is accepted in the current edition (Rust 2015) but is a hard error in Rust 2021!
[INFO] [stdout]     = note: for more information, see <https://doc.rust-lang.org/edition-guide/rust-2021/warnings-promoted-to-error.html>
[INFO] [stdout]     = note: `#[warn(ellipsis_inclusive_range_patterns)]` implied by `#[warn(warnings)]`
[INFO] [stdout] 
[INFO] [stdout] 
[INFO] [stdout] warning: `...` range patterns are deprecated
[INFO] [stdout]    --> src/lib.rs:639:44
[INFO] [stdout]     |
[INFO] [stdout] 639 |     let tens = expect!(bytes.next() == b'0'...b'9' => Err(Error::Status));
[INFO] [stdout]     |                                            ^^^ help: use `..=` for an inclusive range
[INFO] [stdout]     |
[INFO] [stdout]     = warning: this is accepted in the current edition (Rust 2015) but is a hard error in Rust 2021!
[INFO] [stdout]     = note: for more information, see <https://doc.rust-lang.org/edition-guide/rust-2021/warnings-promoted-to-error.html>
[INFO] [stdout] 
[INFO] [stdout] 
[INFO] [stdout] warning: `...` range patterns are deprecated
[INFO] [stdout]    --> src/lib.rs:640:44
[INFO] [stdout]     |
[INFO] [stdout] 640 |     let ones = expect!(bytes.next() == b'0'...b'9' => Err(Error::Status));
[INFO] [stdout]     |                                            ^^^ help: use `..=` for an inclusive range
[INFO] [stdout]     |
[INFO] [stdout]     = warning: this is accepted in the current edition (Rust 2015) but is a hard error in Rust 2021!
[INFO] [stdout]     = note: for more information, see <https://doc.rust-lang.org/edition-guide/rust-2021/warnings-promoted-to-error.html>
[INFO] [stdout] 
[INFO] [stdout] 
[INFO] [stdout] warning: use of deprecated macro `try`: use the `?` operator instead
[INFO] [stdout]    --> src/lib.rs:47:15
[INFO] [stdout]     |
[INFO] [stdout]  47 |         match try!($e) {
[INFO] [stdout]     |               ^^^
[INFO] [stdout] ...
[INFO] [stdout] 668 |     let pos = complete!(parse_headers_iter(&mut dst, &mut iter));
[INFO] [stdout]     |               -------------------------------------------------- in this macro invocation
[INFO] [stdout]     |
[INFO] [stdout]     = note: this warning originates in the macro `complete` (in Nightly builds, run with -Z macro-backtrace for more info)
[INFO] [stdout] 
[INFO] [stdout] 
[INFO] [stdout] warning: `...` range patterns are deprecated
[INFO] [stdout]    --> src/lib.rs:810:17
[INFO] [stdout]     |
[INFO] [stdout] 810 |             b'0'...b'9' if in_chunk_size => {
[INFO] [stdout]     |                 ^^^ help: use `..=` for an inclusive range
[INFO] [stdout]     |
[INFO] [stdout]     = warning: this is accepted in the current edition (Rust 2015) but is a hard error in Rust 2021!
[INFO] [stdout]     = note: for more information, see <https://doc.rust-lang.org/edition-guide/rust-2021/warnings-promoted-to-error.html>
[INFO] [stdout] 
[INFO] [stdout] 
[INFO] [stdout] warning: `...` range patterns are deprecated
[INFO] [stdout]    --> src/lib.rs:818:17
[INFO] [stdout]     |
[INFO] [stdout] 818 |             b'a'...b'f' if in_chunk_size => {
[INFO] [stdout]     |                 ^^^ help: use `..=` for an inclusive range
[INFO] [stdout]     |
[INFO] [stdout]     = warning: this is accepted in the current edition (Rust 2015) but is a hard error in Rust 2021!
[INFO] [stdout]     = note: for more information, see <https://doc.rust-lang.org/edition-guide/rust-2021/warnings-promoted-to-error.html>
[INFO] [stdout] 
[INFO] [stdout] 
[INFO] [stdout] warning: `...` range patterns are deprecated
[INFO] [stdout]    --> src/lib.rs:826:17
[INFO] [stdout]     |
[INFO] [stdout] 826 |             b'A'...b'F' if in_chunk_size => {
[INFO] [stdout]     |                 ^^^ help: use `..=` for an inclusive range
[INFO] [stdout]     |
[INFO] [stdout]     = warning: this is accepted in the current edition (Rust 2015) but is a hard error in Rust 2021!
[INFO] [stdout]     = note: for more information, see <https://doc.rust-lang.org/edition-guide/rust-2021/warnings-promoted-to-error.html>
[INFO] [stdout] 
[INFO] [stdout] 
[INFO] [stdout] warning: use of deprecated constant `std::u64::MAX`: replaced by the `MAX` associated constant on this type
[INFO] [stdout]    --> src/test.rs:278:101
[INFO] [stdout]     |
[INFO] [stdout] 278 |         assert_eq!(parse_chunk_size(b"ffffffffffffffff\r\n"), Ok(Status::Complete((18, ::core::u64::MAX))));
[INFO] [stdout]     |                                                                                                     ^^^
[INFO] [stdout] 
[INFO] [stdout] 
[INFO] [stdout] warning: use of deprecated method `std::error::Error::description`: use the Display impl or to_string()
[INFO] [stdout]    --> src/test.rs:290:41
[INFO] [stdout]     |
[INFO] [stdout] 290 |         assert_eq!(err.to_string(), err.description());
[INFO] [stdout]     |                                         ^^^^^^^^^^^
[INFO] [stdout] 
[INFO] [stdout] 
[INFO] [stderr]     Finished `release` profile [optimized] target(s) in 0.98s
[INFO] running `Command { std: "docker" "inspect" "9bf411768bd9089826fa8dc2cca4a188e5d292fc8cfc4cdaa71ae5383facafcd", kill_on_drop: false }`
[INFO] running `Command { std: "docker" "exec" "-e" "SOURCE_DIR=/opt/rustwide/workdir" "-e" "CARGO_HOME=/opt/rustwide/cargo-home" "-e" "RUSTUP_HOME=/opt/rustwide/rustup-home" "-e" "CARGO_TARGET_DIR=/opt/rustwide/target" "-e" "CARGO_INCREMENTAL=0" "-e" "RUST_BACKTRACE=full" "-e" "RUSTFLAGS=--cap-lints=warn" "-e" "RUSTDOCFLAGS=--cap-lints=warn" "-w" "/opt/rustwide/workdir" "--user" "0:0" "9bf411768bd9089826fa8dc2cca4a188e5d292fc8cfc4cdaa71ae5383facafcd" "/opt/rustwide/cargo-home/bin/cargo" "+1.99.0-beta.8" "test" "--frozen" "--release", kill_on_drop: false }`
[INFO] [stderr] warning: Cargo.toml: `package.edition` is unspecified, defaulting to `2015` while the latest is `2024`
[INFO] [stderr] warning: `icaparse` (manifest) generated 1 warning
[INFO] [stderr] warning: unused import: `super::*`
[INFO] [stderr]   --> src/test.rs:1:5
[INFO] [stderr]    |
[INFO] [stderr]  1 | use super::*;
[INFO] [stderr]    |     ^^^^^^^^
[INFO] [stderr]    |
[INFO] [stderr] help: if this is a test module, consider adding a `#[cfg(test)]` to the containing module
[INFO] [stderr]   --> src/lib.rs:22:1
[INFO] [stderr]    |
[INFO] [stderr] 22 | mod test;
[INFO] [stderr]    | ^^^^^^^^^
[INFO] [stderr]    = note: `#[warn(unused_imports)]` (part of `#[warn(unused)]`) on by default
[INFO] [stderr] 
[INFO] [stderr] warning: use of deprecated macro `try`: use the `?` operator instead
[INFO] [stderr]    --> src/lib.rs:47:15
[INFO] [stderr]     |
[INFO] [stderr]  47 |         match try!($e) {
[INFO] [stderr]     |               ^^^
[INFO] [stderr] ...
[INFO] [stderr] 320 |         complete!(skip_empty_lines(&mut bytes));
[INFO] [stderr]     |         --------------------------------------- in this macro invocation
[INFO] [stderr]     |
[INFO] [stderr]     = note: `#[warn(deprecated)]` on by default
[INFO] [stderr]     = note: this warning originates in the macro `complete` (in Nightly builds, run with -Z macro-backtrace for more info)
[INFO] [stderr] 
[INFO] [stderr] warning: use of deprecated macro `try`: use the `?` operator instead
[INFO] [stderr]    --> src/lib.rs:47:15
[INFO] [stderr]     |
[INFO] [stderr]  47 |         match try!($e) {
[INFO] [stderr]     |               ^^^
[INFO] [stderr] ...
[INFO] [stderr] 321 |         self.method = Some(complete!(parse_token(&mut bytes)));
[INFO] [stderr]     |                            ---------------------------------- in this macro invocation
[INFO] [stderr]     |
[INFO] [stderr]     = note: this warning originates in the macro `complete` (in Nightly builds, run with -Z macro-backtrace for more info)
[INFO] [stderr] 
[INFO] [stderr] warning: use of deprecated macro `try`: use the `?` operator instead
[INFO] [stderr]    --> src/lib.rs:47:15
[INFO] [stderr]     |
[INFO] [stderr]  47 |         match try!($e) {
[INFO] [stderr]     |               ^^^
[INFO] [stderr] ...
[INFO] [stderr] 322 |         self.path = Some(complete!(parse_token(&mut bytes)));
[INFO] [stderr]     |                          ---------------------------------- in this macro invocation
[INFO] [stderr]     |
[INFO] [stderr]     = note: this warning originates in the macro `complete` (in Nightly builds, run with -Z macro-backtrace for more info)
[INFO] [stderr] 
[INFO] [stderr] warning: use of deprecated macro `try`: use the `?` operator instead
[INFO] [stderr]    --> src/lib.rs:47:15
[INFO] [stderr]     |
[INFO] [stderr]  47 |         match try!($e) {
[INFO] [stderr]     |               ^^^
[INFO] [stderr] ...
[INFO] [stderr] 323 |         self.version = Some(complete!(parse_version(&mut bytes)));
[INFO] [stderr]     |                             ------------------------------------ in this macro invocation
[INFO] [stderr]     |
[INFO] [stderr]     = note: this warning originates in the macro `complete` (in Nightly builds, run with -Z macro-backtrace for more info)
[INFO] [stderr] 
[INFO] [stderr] warning: use of deprecated macro `try`: use the `?` operator instead
[INFO] [stderr]    --> src/lib.rs:47:15
[INFO] [stderr]     |
[INFO] [stderr]  47 |         match try!($e) {
[INFO] [stderr]     |               ^^^
[INFO] [stderr] ...
[INFO] [stderr] 327 |         let headers_len = complete!(parse_headers_iter(&mut self.headers, &mut bytes));
[INFO] [stderr]     |                           ------------------------------------------------------------ in this macro invocation
[INFO] [stderr]     |
[INFO] [stderr]     = note: this warning originates in the macro `complete` (in Nightly builds, run with -Z macro-backtrace for more info)
[INFO] [stderr] 
[INFO] [stderr] warning: use of deprecated macro `try`: use the `?` operator instead
[INFO] [stderr]    --> src/lib.rs:47:15
[INFO] [stderr]     |
[INFO] [stderr]  47 |         match try!($e) {
[INFO] [stderr]     |               ^^^
[INFO] [stderr] ...
[INFO] [stderr] 397 |         complete!(skip_empty_lines(&mut bytes));
[INFO] [stderr]     |         --------------------------------------- in this macro invocation
[INFO] [stderr]     |
[INFO] [stderr]     = note: this warning originates in the macro `complete` (in Nightly builds, run with -Z macro-backtrace for more info)
[INFO] [stderr] 
[INFO] [stderr] warning: use of deprecated macro `try`: use the `?` operator instead
[INFO] [stderr]    --> src/lib.rs:47:15
[INFO] [stderr]     |
[INFO] [stderr]  47 |         match try!($e) {
[INFO] [stderr]     |               ^^^
[INFO] [stderr] ...
[INFO] [stderr] 398 |         self.version = Some(complete!(parse_version(&mut bytes)));
[INFO] [stderr]     |                             ------------------------------------ in this macro invocation
[INFO] [stderr]     |
[INFO] [stderr]     = note: this warning originates in the macro `complete` (in Nightly builds, run with -Z macro-backtrace for more info)
[INFO] [stderr] 
[INFO] [stderr] warning: use of deprecated macro `try`: use the `?` operator instead
[INFO] [stderr]    --> src/lib.rs:47:15
[INFO] [stderr]     |
[INFO] [stderr]  47 |         match try!($e) {
[INFO] [stderr]     |               ^^^
[INFO] [stderr] ...
[INFO] [stderr] 400 |         self.code = Some(complete!(parse_code(&mut bytes)));
[INFO] [stderr]     |                          --------------------------------- in this macro invocation
[INFO] [stderr]     |
[INFO] [stderr]     = note: this warning originates in the macro `complete` (in Nightly builds, run with -Z macro-backtrace for more info)
[INFO] [stderr] 
[INFO] [stderr] warning: use of deprecated macro `try`: use the `?` operator instead
[INFO] [stderr]    --> src/lib.rs:47:15
[INFO] [stderr]     |
[INFO] [stderr]  47 |         match try!($e) {
[INFO] [stderr]     |               ^^^
[INFO] [stderr] ...
[INFO] [stderr] 414 |                 self.reason = Some(complete!(parse_reason(&mut bytes)));
[INFO] [stderr]     |                                    ----------------------------------- in this macro invocation
[INFO] [stderr]     |
[INFO] [stderr]     = note: this warning originates in the macro `complete` (in Nightly builds, run with -Z macro-backtrace for more info)
[INFO] [stderr] 
[INFO] [stderr] warning: use of deprecated macro `try`: use the `?` operator instead
[INFO] [stderr]    --> src/lib.rs:47:15
[INFO] [stderr]     |
[INFO] [stderr]  47 |         match try!($e) {
[INFO] [stderr]     |               ^^^
[INFO] [stderr] ...
[INFO] [stderr] 426 |         let headers_len = complete!(parse_headers_iter(&mut self.headers, &mut bytes));
[INFO] [stderr]     |                           ------------------------------------------------------------ in this macro invocation
[INFO] [stderr]     |
[INFO] [stderr]     = note: this warning originates in the macro `complete` (in Nightly builds, run with -Z macro-backtrace for more info)
[INFO] [stderr] 
[INFO] [stderr] warning: `...` range patterns are deprecated
[INFO] [stderr]    --> src/lib.rs:638:48
[INFO] [stderr]     |
[INFO] [stderr] 638 |     let hundreds = expect!(bytes.next() == b'0'...b'9' => Err(Error::Status));
[INFO] [stderr]     |                                                ^^^ help: use `..=` for an inclusive range
[INFO] [stderr]     |
[INFO] [stderr]     = warning: this is accepted in the current edition (Rust 2015) but is a hard error in Rust 2021!
[INFO] [stderr]     = note: for more information, see <https://doc.rust-lang.org/edition-guide/rust-2021/warnings-promoted-to-error.html>
[INFO] [stderr]     = note: `#[warn(ellipsis_inclusive_range_patterns)]` (part of `#[warn(rust_2021_compatibility)]`) on by default
[INFO] [stderr] 
[INFO] [stderr] warning: `...` range patterns are deprecated
[INFO] [stderr]    --> src/lib.rs:639:44
[INFO] [stderr]     |
[INFO] [stderr] 639 |     let tens = expect!(bytes.next() == b'0'...b'9' => Err(Error::Status));
[INFO] [stderr]     |                                            ^^^ help: use `..=` for an inclusive range
[INFO] [stderr]     |
[INFO] [stderr]     = warning: this is accepted in the current edition (Rust 2015) but is a hard error in Rust 2021!
[INFO] [stderr]     = note: for more information, see <https://doc.rust-lang.org/edition-guide/rust-2021/warnings-promoted-to-error.html>
[INFO] [stderr] 
[INFO] [stderr] warning: `...` range patterns are deprecated
[INFO] [stderr]    --> src/lib.rs:640:44
[INFO] [stderr]     |
[INFO] [stderr] 640 |     let ones = expect!(bytes.next() == b'0'...b'9' => Err(Error::Status));
[INFO] [stderr]     |                                            ^^^ help: use `..=` for an inclusive range
[INFO] [stderr]     |
[INFO] [stderr]     = warning: this is accepted in the current edition (Rust 2015) but is a hard error in Rust 2021!
[INFO] [stderr]     = note: for more information, see <https://doc.rust-lang.org/edition-guide/rust-2021/warnings-promoted-to-error.html>
[INFO] [stderr] 
[INFO] [stderr] warning: use of deprecated macro `try`: use the `?` operator instead
[INFO] [stderr]    --> src/lib.rs:47:15
[INFO] [stderr]     |
[INFO] [stderr]  47 |         match try!($e) {
[INFO] [stderr]     |               ^^^
[INFO] [stderr] ...
[INFO] [stderr] 668 |     let pos = complete!(parse_headers_iter(&mut dst, &mut iter));
[INFO] [stderr]     |               -------------------------------------------------- in this macro invocation
[INFO] [stderr]     |
[INFO] [stderr]     = note: this warning originates in the macro `complete` (in Nightly builds, run with -Z macro-backtrace for more info)
[INFO] [stderr] 
[INFO] [stderr] warning: `...` range patterns are deprecated
[INFO] [stderr]    --> src/lib.rs:810:17
[INFO] [stderr]     |
[INFO] [stderr] 810 |             b'0'...b'9' if in_chunk_size => {
[INFO] [stderr]     |                 ^^^ help: use `..=` for an inclusive range
[INFO] [stderr]     |
[INFO] [stderr]     = warning: this is accepted in the current edition (Rust 2015) but is a hard error in Rust 2021!
[INFO] [stderr]     = note: for more information, see <https://doc.rust-lang.org/edition-guide/rust-2021/warnings-promoted-to-error.html>
[INFO] [stderr] 
[INFO] [stderr] warning: `...` range patterns are deprecated
[INFO] [stderr]    --> src/lib.rs:818:17
[INFO] [stderr]     |
[INFO] [stderr] 818 |             b'a'...b'f' if in_chunk_size => {
[INFO] [stderr]     |                 ^^^ help: use `..=` for an inclusive range
[INFO] [stderr]     |
[INFO] [stderr]     = warning: this is accepted in the current edition (Rust 2015) but is a hard error in Rust 2021!
[INFO] [stderr]     = note: for more information, see <https://doc.rust-lang.org/edition-guide/rust-2021/warnings-promoted-to-error.html>
[INFO] [stderr] 
[INFO] [stderr] warning: `...` range patterns are deprecated
[INFO] [stderr]    --> src/lib.rs:826:17
[INFO] [stderr]     |
[INFO] [stderr] 826 |             b'A'...b'F' if in_chunk_size => {
[INFO] [stderr]     |                 ^^^ help: use `..=` for an inclusive range
[INFO] [stderr]     |
[INFO] [stderr]     = warning: this is accepted in the current edition (Rust 2015) but is a hard error in Rust 2021!
[INFO] [stderr]     = note: for more information, see <https://doc.rust-lang.org/edition-guide/rust-2021/warnings-promoted-to-error.html>
[INFO] [stderr] 
[INFO] [stderr] warning: `icaparse` (lib) generated 18 warnings (run `cargo fix --lib -p icaparse` to apply 7 suggestions)
[INFO] [stderr] warning: use of deprecated macro `try`: use the `?` operator instead
[INFO] [stderr]    --> src/lib.rs:47:15
[INFO] [stderr]     |
[INFO] [stderr]  47 |         match try!($e) {
[INFO] [stderr]     |               ^^^
[INFO] [stderr] ...
[INFO] [stderr] 320 |         complete!(skip_empty_lines(&mut bytes));
[INFO] [stderr]     |         --------------------------------------- in this macro invocation
[INFO] [stderr]     |
[INFO] [stderr] note: the lint level is defined here
[INFO] [stderr]    --> src/lib.rs:2:24
[INFO] [stderr]     |
[INFO] [stderr]   2 | #![cfg_attr(test, deny(warnings))]
[INFO] [stderr]     |                        ^^^^^^^^
[INFO] [stderr]     = note: `#[warn(deprecated)]` implied by `#[warn(warnings)]`
[INFO] [stderr]     = note: this warning originates in the macro `complete` (in Nightly builds, run with -Z macro-backtrace for more info)
[INFO] [stderr] 
[INFO] [stderr] warning: `...` range patterns are deprecated
[INFO] [stderr]    --> src/lib.rs:638:48
[INFO] [stderr]     |
[INFO] [stderr] 638 |     let hundreds = expect!(bytes.next() == b'0'...b'9' => Err(Error::Status));
[INFO] [stderr]     |                                                ^^^ help: use `..=` for an inclusive range
[INFO] [stderr]     |
[INFO] [stderr]     = warning: this is accepted in the current edition (Rust 2015) but is a hard error in Rust 2021!
[INFO] [stderr]     = note: for more information, see <https://doc.rust-lang.org/edition-guide/rust-2021/warnings-promoted-to-error.html>
[INFO] [stderr]     = note: `#[warn(ellipsis_inclusive_range_patterns)]` implied by `#[warn(warnings)]`
[INFO] [stderr] 
[INFO] [stderr] warning: use of deprecated constant `std::u64::MAX`: replaced by the `MAX` associated constant on this type
[INFO] [stderr]    --> src/test.rs:278:101
[INFO] [stderr]     |
[INFO] [stderr] 278 |         assert_eq!(parse_chunk_size(b"ffffffffffffffff\r\n"), Ok(Status::Complete((18, ::core::u64::MAX))));
[INFO] [stderr]     |                                                                                                     ^^^
[INFO] [stderr] 
[INFO] [stderr] warning: use of deprecated method `std::error::Error::description`: use the Display impl or to_string()
[INFO] [stderr]    --> src/test.rs:290:41
[INFO] [stderr]     |
[INFO] [stderr] 290 |         assert_eq!(err.to_string(), err.description());
[INFO] [stderr]     |                                         ^^^^^^^^^^^
[INFO] [stderr] 
[INFO] [stderr] warning: `icaparse` (lib test) generated 19 warnings (15 duplicates) (run `cargo fix --lib -p icaparse --tests` to apply 1 suggestion)
[INFO] [stderr]     Finished `release` profile [optimized] target(s) in 0.02s
[INFO] [stderr]      Running unittests src/lib.rs (/opt/rustwide/target/release/deps/icaparse-6d22b850719b5f0e)
[INFO] [stdout] 
[INFO] [stdout] running 23 tests
[INFO] [stdout] test test::test::test_request_headers_max ... ok
[INFO] [stdout] test test::test::test_basic_respmod ... ok
[INFO] [stdout] test test::test::test_chunk_size ... ok
[INFO] [stdout] test test::test::test_full_respmod ... ok
[INFO] [stdout] test test::test::test_request_empty_lines_prefix ... FAILED
[INFO] [stdout] test test::test::test_response_reason_missing ... FAILED
[INFO] [stdout] test test::test::test_request_newlines ... ok
[INFO] [stdout] test test::test::test_response_reason_with_space_and_tab ... FAILED
[INFO] [stdout] test test::test::test_request_multibyte ... FAILED
[INFO] [stdout] test test::test::test_request_with_invalid_token_delimiter ... ok
[INFO] [stdout] test test::test::test_icap_options ... ok
[INFO] [stdout] test test::test::test_response_reason_missing_no_space ... FAILED
[INFO] [stdout] test test::test::test_response_reason_with_obsolete_text_byte ... ok
[INFO] [stdout] test test::test::test_response_reason_with_nul_byte ... ok
[INFO] [stdout] test test::test::test_request_simple ... FAILED
[INFO] [stdout] test test::test::test_response_code_missing_space ... ok
[INFO] [stdout] test test::test::test_response_empty_lines_prefix_lf_only ... ok
[INFO] [stdout] test test::test::test_response_simple ... FAILED
[INFO] [stdout] test test::test::test_response_newlines ... ok
[INFO] [stdout] test test::test::test_request_partial ... ok
[INFO] [stdout] test test::test::test_response_version_missing_space ... ok
[INFO] [stdout] test test::test::test_shrink ... ok
[INFO] [stdout] test test::test::test_std_error ... ok
[INFO] [stdout] 
[INFO] [stdout] failures:
[INFO] [stdout] 
[INFO] [stdout] ---- test::test::test_request_empty_lines_prefix stdout ----
[INFO] [stdout] 
[INFO] [stdout] thread 'test::test::test_request_empty_lines_prefix' (160) panicked at src/test.rs:153:13:
[INFO] [stdout] assertion `left == right` failed
[INFO] [stdout]   left: 0
[INFO] [stdout]  right: 1
[INFO] [stdout] stack backtrace:
[INFO] [stdout]    0:     0x64e35a12c511 - <<std[70759c8f55707aa4]::sys::backtrace::BacktraceLock>::print::DisplayBacktrace as core[df12db4294e9bfd3]::fmt::Display>::fmt
[INFO] [stdout]    1:     0x64e35a14092a - core[df12db4294e9bfd3]::fmt::write
[INFO] [stdout]    2:     0x64e35a1309ac - <alloc[2182bb758b4b3781]::vec::Vec<u8> as core[df12db4294e9bfd3]::io::write::Write>::write_fmt
[INFO] [stdout]    3:     0x64e35a108b06 - std[70759c8f55707aa4]::panicking::default_hook::{closure#0}
[INFO] [stdout]    4:     0x64e35a124c79 - std[70759c8f55707aa4]::panicking::default_hook
[INFO] [stdout]    5:     0x64e35a0c1100 - test[9d35eded1c95d3be]::test_main_inner::<test[9d35eded1c95d3be]::test_main_static::{closure#0}>::{closure#0}
[INFO] [stdout]    6:     0x64e35a124e32 - std[70759c8f55707aa4]::panicking::panic_with_hook
[INFO] [stdout]    7:     0x64e35a108bb2 - std[70759c8f55707aa4]::panicking::panic_handler::{closure#0}
[INFO] [stdout]    8:     0x64e35a101939 - std[70759c8f55707aa4]::sys::backtrace::__rust_end_short_backtrace::<std[70759c8f55707aa4]::panicking::panic_handler::{closure#0}, !>
[INFO] [stdout]    9:     0x64e35a1097ad - __rustc[8fa7c3cbc660c2b3]::rust_begin_unwind
[INFO] [stdout]   10:     0x64e35a14105c - core[df12db4294e9bfd3]::panicking::panic_fmt
[INFO] [stdout]   11:     0x64e35a140f73 - core[df12db4294e9bfd3]::panicking::assert_failed_inner
[INFO] [stdout]   12:     0x64e35a0b3155 - core[df12db4294e9bfd3]::panicking::assert_failed::<u8, u8>
[INFO] [stdout]   13:     0x64e35a0ae808 - icaparse[8c1dcf1958c71c9]::test::test::test_request_empty_lines_prefix
[INFO] [stdout]   14:     0x64e35a0b1049 - <icaparse[8c1dcf1958c71c9]::test::test::test_request_empty_lines_prefix::{closure#0} as core[df12db4294e9bfd3]::ops::function::FnOnce<()>>::call_once
[INFO] [stdout]   15:     0x64e35a0b43eb - test[9d35eded1c95d3be]::__rust_begin_short_backtrace::<core[df12db4294e9bfd3]::result::Result<(), alloc[2182bb758b4b3781]::string::String>, fn() -> core[df12db4294e9bfd3]::result::Result<(), alloc[2182bb758b4b3781]::string::String>>
[INFO] [stdout]   16:     0x64e35a0c1a55 - test[9d35eded1c95d3be]::run_test::{closure#0}
[INFO] [stdout]   17:     0x64e35a0bb314 - std[70759c8f55707aa4]::sys::backtrace::__rust_begin_short_backtrace::<test[9d35eded1c95d3be]::run_test::{closure#1}, ()>
[INFO] [stdout]   18:     0x64e35a0c4bb2 - <std[70759c8f55707aa4]::thread::lifecycle::spawn_unchecked<test[9d35eded1c95d3be]::run_test::{closure#1}, ()>::{closure#1} as core[df12db4294e9bfd3]::ops::function::FnOnce<()>>::call_once::{shim:vtable#0}
[INFO] [stdout]   19:     0x64e35a12bde9 - <std[70759c8f55707aa4]::sys::thread::unix::Thread>::new::thread_start
[INFO] [stdout]   20:     0x7bfbeb4dcdfa - <unknown>
[INFO] [stdout]   21:     0x7bfbeb5703d4 - clone
[INFO] [stdout]   22:                0x0 - <unknown>
[INFO] [stdout] 
[INFO] [stdout] ---- test::test::test_response_reason_missing stdout ----
[INFO] [stdout] 
[INFO] [stdout] thread 'test::test::test_response_reason_missing' (170) panicked at src/test.rs:205:13:
[INFO] [stdout] assertion `left == right` failed
[INFO] [stdout]   left: 0
[INFO] [stdout]  right: 1
[INFO] [stdout] stack backtrace:
[INFO] [stdout]    0:     0x64e35a12c511 - <<std[70759c8f55707aa4]::sys::backtrace::BacktraceLock>::print::DisplayBacktrace as core[df12db4294e9bfd3]::fmt::Display>::fmt
[INFO] [stdout]    1:     0x64e35a14092a - core[df12db4294e9bfd3]::fmt::write
[INFO] [stdout]    2:     0x64e35a1309ac - <alloc[2182bb758b4b3781]::vec::Vec<u8> as core[df12db4294e9bfd3]::io::write::Write>::write_fmt
[INFO] [stdout]    3:     0x64e35a108b06 - std[70759c8f55707aa4]::panicking::default_hook::{closure#0}
[INFO] [stdout]    4:     0x64e35a124c79 - std[70759c8f55707aa4]::panicking::default_hook
[INFO] [stdout]    5:     0x64e35a0c1100 - test[9d35eded1c95d3be]::test_main_inner::<test[9d35eded1c95d3be]::test_main_static::{closure#0}>::{closure#0}
[INFO] [stdout]    6:     0x64e35a124e32 - std[70759c8f55707aa4]::panicking::panic_with_hook
[INFO] [stdout]    7:     0x64e35a108bb2 - std[70759c8f55707aa4]::panicking::panic_handler::{closure#0}
[INFO] [stdout]    8:     0x64e35a101939 - std[70759c8f55707aa4]::sys::backtrace::__rust_end_short_backtrace::<std[70759c8f55707aa4]::panicking::panic_handler::{closure#0}, !>
[INFO] [stdout]    9:     0x64e35a1097ad - __rustc[8fa7c3cbc660c2b3]::rust_begin_unwind
[INFO] [stdout]   10:     0x64e35a14105c - core[df12db4294e9bfd3]::panicking::panic_fmt
[INFO] [stdout]   11:     0x64e35a140f73 - core[df12db4294e9bfd3]::panicking::assert_failed_inner
[INFO] [stdout]   12:     0x64e35a0b3155 - core[df12db4294e9bfd3]::panicking::assert_failed::<u8, u8>
[INFO] [stdout]   13:     0x64e35a0ae444 - icaparse[8c1dcf1958c71c9]::test::test::test_response_reason_missing
[INFO] [stdout]   14:     0x64e35a0b1029 - <icaparse[8c1dcf1958c71c9]::test::test::test_response_reason_missing::{closure#0} as core[df12db4294e9bfd3]::ops::function::FnOnce<()>>::call_once
[INFO] [stdout]   15:     0x64e35a0b43eb - test[9d35eded1c95d3be]::__rust_begin_short_backtrace::<core[df12db4294e9bfd3]::result::Result<(), alloc[2182bb758b4b3781]::string::String>, fn() -> core[df12db4294e9bfd3]::result::Result<(), alloc[2182bb758b4b3781]::string::String>>
[INFO] [stdout]   16:     0x64e35a0c1a55 - test[9d35eded1c95d3be]::run_test::{closure#0}
[INFO] [stdout]   17:     0x64e35a0bb314 - std[70759c8f55707aa4]::sys::backtrace::__rust_begin_short_backtrace::<test[9d35eded1c95d3be]::run_test::{closure#1}, ()>
[INFO] [stdout]   18:     0x64e35a0c4bb2 - <std[70759c8f55707aa4]::thread::lifecycle::spawn_unchecked<test[9d35eded1c95d3be]::run_test::{closure#1}, ()>::{closure#1} as core[df12db4294e9bfd3]::ops::function::FnOnce<()>>::call_once::{shim:vtable#0}
[INFO] [stdout]   19:     0x64e35a12bde9 - <std[70759c8f55707aa4]::sys::thread::unix::Thread>::new::thread_start
[INFO] [stdout]   20:     0x7bfbeb4dcdfa - <unknown>
[INFO] [stdout]   21:     0x7bfbeb5703d4 - clone
[INFO] [stdout]   22:                0x0 - <unknown>
[INFO] [stdout] 
[INFO] [stdout] ---- test::test::test_response_reason_with_space_and_tab stdout ----
[INFO] [stdout] 
[INFO] [stdout] thread 'test::test::test_response_reason_with_space_and_tab' (174) panicked at src/test.rs:225:13:
[INFO] [stdout] assertion `left == right` failed
[INFO] [stdout]   left: 0
[INFO] [stdout]  right: 1
[INFO] [stdout] stack backtrace:
[INFO] [stdout]    0:     0x64e35a12c511 - <<std[70759c8f55707aa4]::sys::backtrace::BacktraceLock>::print::DisplayBacktrace as core[df12db4294e9bfd3]::fmt::Display>::fmt
[INFO] [stdout]    1:     0x64e35a14092a - core[df12db4294e9bfd3]::fmt::write
[INFO] [stdout]    2:     0x64e35a1309ac - <alloc[2182bb758b4b3781]::vec::Vec<u8> as core[df12db4294e9bfd3]::io::write::Write>::write_fmt
[INFO] [stdout]    3:     0x64e35a108b06 - std[70759c8f55707aa4]::panicking::default_hook::{closure#0}
[INFO] [stdout]    4:     0x64e35a124c79 - std[70759c8f55707aa4]::panicking::default_hook
[INFO] [stdout]    5:     0x64e35a0c1100 - test[9d35eded1c95d3be]::test_main_inner::<test[9d35eded1c95d3be]::test_main_static::{closure#0}>::{closure#0}
[INFO] [stdout]    6:     0x64e35a124e32 - std[70759c8f55707aa4]::panicking::panic_with_hook
[INFO] [stdout]    7:     0x64e35a108bb2 - std[70759c8f55707aa4]::panicking::panic_handler::{closure#0}
[INFO] [stdout]    8:     0x64e35a101939 - std[70759c8f55707aa4]::sys::backtrace::__rust_end_short_backtrace::<std[70759c8f55707aa4]::panicking::panic_handler::{closure#0}, !>
[INFO] [stdout]    9:     0x64e35a1097ad - __rustc[8fa7c3cbc660c2b3]::rust_begin_unwind
[INFO] [stdout]   10:     0x64e35a14105c - core[df12db4294e9bfd3]::panicking::panic_fmt
[INFO] [stdout]   11:     0x64e35a140f73 - core[df12db4294e9bfd3]::panicking::assert_failed_inner
[INFO] [stdout]   12:     0x64e35a0b3155 - core[df12db4294e9bfd3]::panicking::assert_failed::<u8, u8>
[INFO] [stdout]   13:     0x64e35a0aebf6 - icaparse[8c1dcf1958c71c9]::test::test::test_response_reason_with_space_and_tab
[INFO] [stdout]   14:     0x64e35a0b1309 - <icaparse[8c1dcf1958c71c9]::test::test::test_response_reason_with_space_and_tab::{closure#0} as core[df12db4294e9bfd3]::ops::function::FnOnce<()>>::call_once
[INFO] [stdout]   15:     0x64e35a0b43eb - test[9d35eded1c95d3be]::__rust_begin_short_backtrace::<core[df12db4294e9bfd3]::result::Result<(), alloc[2182bb758b4b3781]::string::String>, fn() -> core[df12db4294e9bfd3]::result::Result<(), alloc[2182bb758b4b3781]::string::String>>
[INFO] [stdout]   16:     0x64e35a0c1a55 - test[9d35eded1c95d3be]::run_test::{closure#0}
[INFO] [stdout]   17:     0x64e35a0bb314 - std[70759c8f55707aa4]::sys::backtrace::__rust_begin_short_backtrace::<test[9d35eded1c95d3be]::run_test::{closure#1}, ()>
[INFO] [stdout]   18:     0x64e35a0c4bb2 - <std[70759c8f55707aa4]::thread::lifecycle::spawn_unchecked<test[9d35eded1c95d3be]::run_test::{closure#1}, ()>::{closure#1} as core[df12db4294e9bfd3]::ops::function::FnOnce<()>>::call_once::{shim:vtable#0}
[INFO] [stdout]   19:     0x64e35a12bde9 - <std[70759c8f55707aa4]::sys::thread::unix::Thread>::new::thread_start
[INFO] [stdout]   20:     0x7bfbeb4dcdfa - <unknown>
[INFO] [stdout]   21:     0x7bfbeb5703d4 - clone
[INFO] [stdout]   22:                0x0 - <unknown>
[INFO] [stdout] 
[INFO] [stdout] ---- test::test::test_request_multibyte stdout ----
[INFO] [stdout] 
[INFO] [stdout] thread 'test::test::test_request_multibyte' (162) panicked at src/test.rs:126:13:
[INFO] [stdout] assertion `left == right` failed
[INFO] [stdout]   left: 0
[INFO] [stdout]  right: 1
[INFO] [stdout] stack backtrace:
[INFO] [stdout]    0:     0x64e35a12c511 - <<std[70759c8f55707aa4]::sys::backtrace::BacktraceLock>::print::DisplayBacktrace as core[df12db4294e9bfd3]::fmt::Display>::fmt
[INFO] [stdout]    1:     0x64e35a14092a - core[df12db4294e9bfd3]::fmt::write
[INFO] [stdout]    2:     0x64e35a1309ac - <alloc[2182bb758b4b3781]::vec::Vec<u8> as core[df12db4294e9bfd3]::io::write::Write>::write_fmt
[INFO] [stdout]    3:     0x64e35a108b06 - std[70759c8f55707aa4]::panicking::default_hook::{closure#0}
[INFO] [stdout]    4:     0x64e35a124c79 - std[70759c8f55707aa4]::panicking::default_hook
[INFO] [stdout]    5:     0x64e35a0c1100 - test[9d35eded1c95d3be]::test_main_inner::<test[9d35eded1c95d3be]::test_main_static::{closure#0}>::{closure#0}
[INFO] [stdout]    6:     0x64e35a124e32 - std[70759c8f55707aa4]::panicking::panic_with_hook
[INFO] [stdout]    7:     0x64e35a108bb2 - std[70759c8f55707aa4]::panicking::panic_handler::{closure#0}
[INFO] [stdout]    8:     0x64e35a101939 - std[70759c8f55707aa4]::sys::backtrace::__rust_end_short_backtrace::<std[70759c8f55707aa4]::panicking::panic_handler::{closure#0}, !>
[INFO] [stdout]    9:     0x64e35a1097ad - __rustc[8fa7c3cbc660c2b3]::rust_begin_unwind
[INFO] [stdout]   10:     0x64e35a14105c - core[df12db4294e9bfd3]::panicking::panic_fmt
[INFO] [stdout]   11:     0x64e35a140f73 - core[df12db4294e9bfd3]::panicking::assert_failed_inner
[INFO] [stdout]   12:     0x64e35a0b3155 - core[df12db4294e9bfd3]::panicking::assert_failed::<u8, u8>
[INFO] [stdout]   13:     0x64e35a0adf93 - icaparse[8c1dcf1958c71c9]::test::test::test_request_multibyte
[INFO] [stdout]   14:     0x64e35a0b0ef9 - <icaparse[8c1dcf1958c71c9]::test::test::test_request_multibyte::{closure#0} as core[df12db4294e9bfd3]::ops::function::FnOnce<()>>::call_once
[INFO] [stdout]   15:     0x64e35a0b43eb - test[9d35eded1c95d3be]::__rust_begin_short_backtrace::<core[df12db4294e9bfd3]::result::Result<(), alloc[2182bb758b4b3781]::string::String>, fn() -> core[df12db4294e9bfd3]::result::Result<(), alloc[2182bb758b4b3781]::string::String>>
[INFO] [stdout]   16:     0x64e35a0c1a55 - test[9d35eded1c95d3be]::run_test::{closure#0}
[INFO] [stdout]   17:     0x64e35a0bb314 - std[70759c8f55707aa4]::sys::backtrace::__rust_begin_short_backtrace::<test[9d35eded1c95d3be]::run_test::{closure#1}, ()>
[INFO] [stdout]   18:     0x64e35a0c4bb2 - <std[70759c8f55707aa4]::thread::lifecycle::spawn_unchecked<test[9d35eded1c95d3be]::run_test::{closure#1}, ()>::{closure#1} as core[df12db4294e9bfd3]::ops::function::FnOnce<()>>::call_once::{shim:vtable#0}
[INFO] [stdout]   19:     0x64e35a12bde9 - <std[70759c8f55707aa4]::sys::thread::unix::Thread>::new::thread_start
[INFO] [stdout]   20:     0x7bfbeb4dcdfa - <unknown>
[INFO] [stdout]   21:     0x7bfbeb5703d4 - clone
[INFO] [stdout]   22:                0x0 - <unknown>
[INFO] [stdout] 
[INFO] [stdout] ---- test::test::test_response_reason_missing_no_space stdout ----
[INFO] [stdout] 
[INFO] [stdout] thread 'test::test::test_response_reason_missing_no_space' (171) panicked at src/test.rs:215:13:
[INFO] [stdout] assertion `left == right` failed
[INFO] [stdout]   left: 0
[INFO] [stdout]  right: 1
[INFO] [stdout] stack backtrace:
[INFO] [stdout]    0:     0x64e35a12c511 - <<std[70759c8f55707aa4]::sys::backtrace::BacktraceLock>::print::DisplayBacktrace as core[df12db4294e9bfd3]::fmt::Display>::fmt
[INFO] [stdout]    1:     0x64e35a14092a - core[df12db4294e9bfd3]::fmt::write
[INFO] [stdout]    2:     0x64e35a1309ac - <alloc[2182bb758b4b3781]::vec::Vec<u8> as core[df12db4294e9bfd3]::io::write::Write>::write_fmt
[INFO] [stdout]    3:     0x64e35a108b06 - std[70759c8f55707aa4]::panicking::default_hook::{closure#0}
[INFO] [stdout]    4:     0x64e35a124c79 - std[70759c8f55707aa4]::panicking::default_hook
[INFO] [stdout]    5:     0x64e35a0c1100 - test[9d35eded1c95d3be]::test_main_inner::<test[9d35eded1c95d3be]::test_main_static::{closure#0}>::{closure#0}
[INFO] [stdout]    6:     0x64e35a124e32 - std[70759c8f55707aa4]::panicking::panic_with_hook
[INFO] [stdout]    7:     0x64e35a108bb2 - std[70759c8f55707aa4]::panicking::panic_handler::{closure#0}
[INFO] [stdout]    8:     0x64e35a101939 - std[70759c8f55707aa4]::sys::backtrace::__rust_end_short_backtrace::<std[70759c8f55707aa4]::panicking::panic_handler::{closure#0}, !>
[INFO] [stdout]    9:     0x64e35a1097ad - __rustc[8fa7c3cbc660c2b3]::rust_begin_unwind
[INFO] [stdout]   10:     0x64e35a14105c - core[df12db4294e9bfd3]::panicking::panic_fmt
[INFO] [stdout]   11:     0x64e35a140f73 - core[df12db4294e9bfd3]::panicking::assert_failed_inner
[INFO] [stdout]   12:     0x64e35a0b3155 - core[df12db4294e9bfd3]::panicking::assert_failed::<u8, u8>
[INFO] [stdout]   13:     0x64e35a0ae9d4 - icaparse[8c1dcf1958c71c9]::test::test::test_response_reason_missing_no_space
[INFO] [stdout]   14:     0x64e35a0b12e9 - <icaparse[8c1dcf1958c71c9]::test::test::test_response_reason_missing_no_space::{closure#0} as core[df12db4294e9bfd3]::ops::function::FnOnce<()>>::call_once
[INFO] [stdout]   15:     0x64e35a0b43eb - test[9d35eded1c95d3be]::__rust_begin_short_backtrace::<core[df12db4294e9bfd3]::result::Result<(), alloc[2182bb758b4b3781]::string::String>, fn() -> core[df12db4294e9bfd3]::result::Result<(), alloc[2182bb758b4b3781]::string::String>>
[INFO] [stdout]   16:     0x64e35a0c1a55 - test[9d35eded1c95d3be]::run_test::{closure#0}
[INFO] [stdout]   17:     0x64e35a0bb314 - std[70759c8f55707aa4]::sys::backtrace::__rust_begin_short_backtrace::<test[9d35eded1c95d3be]::run_test::{closure#1}, ()>
[INFO] [stdout]   18:     0x64e35a0c4bb2 - <std[70759c8f55707aa4]::thread::lifecycle::spawn_unchecked<test[9d35eded1c95d3be]::run_test::{closure#1}, ()>::{closure#1} as core[df12db4294e9bfd3]::ops::function::FnOnce<()>>::call_once::{shim:vtable#0}
[INFO] [stdout]   19:     0x64e35a12bde9 - <std[70759c8f55707aa4]::sys::thread::unix::Thread>::new::thread_start
[INFO] [stdout]   20:     0x7bfbeb4dcdfa - <unknown>
[INFO] [stdout]   21:     0x7bfbeb5703d4 - clone
[INFO] [stdout]   22:                0x0 - <unknown>
[INFO] [stdout] 
[INFO] [stdout] ---- test::test::test_request_simple stdout ----
[INFO] [stdout] 
[INFO] [stdout] thread 'test::test::test_request_simple' (165) panicked at src/test.rs:47:13:
[INFO] [stdout] assertion `left == right` failed
[INFO] [stdout]   left: 0
[INFO] [stdout]  right: 1
[INFO] [stdout] stack backtrace:
[INFO] [stdout]    0:     0x64e35a12c511 - <<std[70759c8f55707aa4]::sys::backtrace::BacktraceLock>::print::DisplayBacktrace as core[df12db4294e9bfd3]::fmt::Display>::fmt
[INFO] [stdout]    1:     0x64e35a14092a - core[df12db4294e9bfd3]::fmt::write
[INFO] [stdout]    2:     0x64e35a1309ac - <alloc[2182bb758b4b3781]::vec::Vec<u8> as core[df12db4294e9bfd3]::io::write::Write>::write_fmt
[INFO] [stdout]    3:     0x64e35a108b06 - std[70759c8f55707aa4]::panicking::default_hook::{closure#0}
[INFO] [stdout]    4:     0x64e35a124c79 - std[70759c8f55707aa4]::panicking::default_hook
[INFO] [stdout]    5:     0x64e35a0c1100 - test[9d35eded1c95d3be]::test_main_inner::<test[9d35eded1c95d3be]::test_main_static::{closure#0}>::{closure#0}
[INFO] [stdout]    6:     0x64e35a124e32 - std[70759c8f55707aa4]::panicking::panic_with_hook
[INFO] [stdout]    7:     0x64e35a108bb2 - std[70759c8f55707aa4]::panicking::panic_handler::{closure#0}
[INFO] [stdout]    8:     0x64e35a101939 - std[70759c8f55707aa4]::sys::backtrace::__rust_end_short_backtrace::<std[70759c8f55707aa4]::panicking::panic_handler::{closure#0}, !>
[INFO] [stdout]    9:     0x64e35a1097ad - __rustc[8fa7c3cbc660c2b3]::rust_begin_unwind
[INFO] [stdout]   10:     0x64e35a14105c - core[df12db4294e9bfd3]::panicking::panic_fmt
[INFO] [stdout]   11:     0x64e35a140f73 - core[df12db4294e9bfd3]::panicking::assert_failed_inner
[INFO] [stdout]   12:     0x64e35a0b3155 - core[df12db4294e9bfd3]::panicking::assert_failed::<u8, u8>
[INFO] [stdout]   13:     0x64e35a0ad4b8 - icaparse[8c1dcf1958c71c9]::test::test::test_request_simple
[INFO] [stdout]   14:     0x64e35a0b0e79 - <icaparse[8c1dcf1958c71c9]::test::test::test_request_simple::{closure#0} as core[df12db4294e9bfd3]::ops::function::FnOnce<()>>::call_once
[INFO] [stdout]   15:     0x64e35a0b43eb - test[9d35eded1c95d3be]::__rust_begin_short_backtrace::<core[df12db4294e9bfd3]::result::Result<(), alloc[2182bb758b4b3781]::string::String>, fn() -> core[df12db4294e9bfd3]::result::Result<(), alloc[2182bb758b4b3781]::string::String>>
[INFO] [stdout]   16:     0x64e35a0c1a55 - test[9d35eded1c95d3be]::run_test::{closure#0}
[INFO] [stdout]   17:     0x64e35a0bb314 - std[70759c8f55707aa4]::sys::backtrace::__rust_begin_short_backtrace::<test[9d35eded1c95d3be]::run_test::{closure#1}, ()>
[INFO] [stdout]   18:     0x64e35a0c4bb2 - <std[70759c8f55707aa4]::thread::lifecycle::spawn_unchecked<test[9d35eded1c95d3be]::run_test::{closure#1}, ()>::{closure#1} as core[df12db4294e9bfd3]::ops::function::FnOnce<()>>::call_once::{shim:vtable#0}
[INFO] [stdout]   19:     0x64e35a12bde9 - <std[70759c8f55707aa4]::sys::thread::unix::Thread>::new::thread_start
[INFO] [stdout]   20:     0x7bfbeb4dcdfa - <unknown>
[INFO] [stdout]   21:     0x7bfbeb5703d4 - clone
[INFO] [stdout]   22:                0x0 - <unknown>
[INFO] [stdout] 
[INFO] [stdout] ---- test::test::test_response_simple stdout ----
[INFO] [stdout] 
[INFO] [stdout] thread 'test::test::test_response_simple' (175) panicked at src/test.rs:189:13:
[INFO] [stdout] assertion `left == right` failed
[INFO] [stdout]   left: 0
[INFO] [stdout]  right: 1
[INFO] [stdout] stack backtrace:
[INFO] [stdout]    0:     0x64e35a12c511 - <<std[70759c8f55707aa4]::sys::backtrace::BacktraceLock>::print::DisplayBacktrace as core[df12db4294e9bfd3]::fmt::Display>::fmt
[INFO] [stdout]    1:     0x64e35a14092a - core[df12db4294e9bfd3]::fmt::write
[INFO] [stdout]    2:     0x64e35a1309ac - <alloc[2182bb758b4b3781]::vec::Vec<u8> as core[df12db4294e9bfd3]::io::write::Write>::write_fmt
[INFO] [stdout]    3:     0x64e35a108b06 - std[70759c8f55707aa4]::panicking::default_hook::{closure#0}
[INFO] [stdout]    4:     0x64e35a124c79 - std[70759c8f55707aa4]::panicking::default_hook
[INFO] [stdout]    5:     0x64e35a0c1100 - test[9d35eded1c95d3be]::test_main_inner::<test[9d35eded1c95d3be]::test_main_static::{closure#0}>::{closure#0}
[INFO] [stdout]    6:     0x64e35a124e32 - std[70759c8f55707aa4]::panicking::panic_with_hook
[INFO] [stdout]    7:     0x64e35a108bb2 - std[70759c8f55707aa4]::panicking::panic_handler::{closure#0}
[INFO] [stdout]    8:     0x64e35a101939 - std[70759c8f55707aa4]::sys::backtrace::__rust_end_short_backtrace::<std[70759c8f55707aa4]::panicking::panic_handler::{closure#0}, !>
[INFO] [stdout]    9:     0x64e35a1097ad - __rustc[8fa7c3cbc660c2b3]::rust_begin_unwind
[INFO] [stdout]   10:     0x64e35a14105c - core[df12db4294e9bfd3]::panicking::panic_fmt
[INFO] [stdout]   11:     0x64e35a140f73 - core[df12db4294e9bfd3]::panicking::assert_failed_inner
[INFO] [stdout]   12:     0x64e35a0b3155 - core[df12db4294e9bfd3]::panicking::assert_failed::<u8, u8>
[INFO] [stdout]   13:     0x64e35a0ad8a4 - icaparse[8c1dcf1958c71c9]::test::test::test_response_simple
[INFO] [stdout]   14:     0x64e35a0b0eb9 - <icaparse[8c1dcf1958c71c9]::test::test::test_response_simple::{closure#0} as core[df12db4294e9bfd3]::ops::function::FnOnce<()>>::call_once
[INFO] [stdout]   15:     0x64e35a0b43eb - test[9d35eded1c95d3be]::__rust_begin_short_backtrace::<core[df12db4294e9bfd3]::result::Result<(), alloc[2182bb758b4b3781]::string::String>, fn() -> core[df12db4294e9bfd3]::result::Result<(), alloc[2182bb758b4b3781]::string::String>>
[INFO] [stdout]   16:     0x64e35a0c1a55 - test[9d35eded1c95d3be]::run_test::{closure#0}
[INFO] [stdout]   17:     0x64e35a0bb314 - std[70759c8f55707aa4]::sys::backtrace::__rust_begin_short_backtrace::<test[9d35eded1c95d3be]::run_test::{closure#1}, ()>
[INFO] [stdout]   18:     0x64e35a0c4bb2 - <std[70759c8f55707aa4]::thread::lifecycle::spawn_unchecked<test[9d35eded1c95d3be]::run_test::{closure#1}, ()>::{closure#1} as core[df12db4294e9bfd3]::ops::function::FnOnce<()>>::call_once::{shim:vtable#0}
[INFO] [stdout]   19:     0x64e35a12bde9 - <std[70759c8f55707aa4]::sys::thread::unix::Thread>::new::thread_start
[INFO] [stdout]   20:     0x7bfbeb4dcdfa - <unknown>
[INFO] [stdout]   21:     0x7bfbeb5703d4 - clone
[INFO] [stdout]   22:                0x0 - <unknown>
[INFO] [stdout] 
[INFO] [stdout] 
[INFO] [stdout] failures:
[INFO] [stdout]     test::test::test_request_empty_lines_prefix
[INFO] [stdout]     test::test::test_request_multibyte
[INFO] [stdout]     test::test::test_request_simple
[INFO] [stdout]     test::test::test_response_reason_missing
[INFO] [stdout]     test::test::test_response_reason_missing_no_space
[INFO] [stdout]     test::test::test_response_reason_with_space_and_tab
[INFO] [stdout]     test::test::test_response_simple
[INFO] [stdout] 
[INFO] [stdout] test result: FAILED. 16 passed; 7 failed; 0 ignored; 0 measured; 0 filtered out; finished in 0.01s
[INFO] [stdout] 
[INFO] [stderr] error: test failed, to rerun pass `--lib`
[INFO] running `Command { std: "docker" "inspect" "9bf411768bd9089826fa8dc2cca4a188e5d292fc8cfc4cdaa71ae5383facafcd", kill_on_drop: false }`
[INFO] running `Command { std: "docker" "rm" "-f" "9bf411768bd9089826fa8dc2cca4a188e5d292fc8cfc4cdaa71ae5383facafcd", kill_on_drop: false }`
[INFO] [stdout] 9bf411768bd9089826fa8dc2cca4a188e5d292fc8cfc4cdaa71ae5383facafcd
