[INFO] fetching crate icap-rs 0.3.0...
[INFO] testing icap-rs-0.3.0 against 1.100.0-beta.1+cargoflags=--release for beta-release-1.100-2
[INFO] extracting crate icap-rs 0.3.0 into /workspace/builds/worker-2-tc2/source
[INFO] started tweaking crates.io crate icap-rs 0.3.0
[INFO] removed 0 missing examples
[INFO] removed 0 missing tests
[INFO] finished tweaking crates.io crate icap-rs 0.3.0
[INFO] tweaked toml for crates.io crate icap-rs 0.3.0 written to /workspace/builds/worker-2-tc2/source/Cargo.toml
[INFO] validating manifest of crates.io crate icap-rs 0.3.0 on toolchain 1.100.0-beta.1
[INFO] running `Command { std: CARGO_HOME="/workspace/cargo-home" RUSTUP_HOME="/workspace/rustup-home" "/workspace/cargo-home/bin/cargo" "+1.100.0-beta.1" "metadata" "--manifest-path" "Cargo.toml" "--no-deps", kill_on_drop: false }`
[INFO] crate crates.io crate icap-rs 0.3.0 already has a lockfile, it will not be regenerated
[INFO] running `Command { std: CARGO_HOME="/workspace/cargo-home" RUSTUP_HOME="/workspace/rustup-home" "/workspace/cargo-home/bin/cargo" "+1.100.0-beta.1" "fetch" "--manifest-path" "Cargo.toml", kill_on_drop: false }`
[INFO] running `Command { std: "docker" "create" "-v" "/var/lib/crater-agent-workspace/builds/worker-2-tc2/source:/opt/rustwide/workdir:ro,Z" "-v" "/var/lib/crater-agent-workspace/builds/worker-2-tc2/target:/opt/rustwide/target:rw,Z" "-v" "/var/lib/crater-agent-workspace/cargo-home:/opt/rustwide/cargo-home:ro,Z" "-v" "/var/lib/crater-agent-workspace/rustup-home:/opt/rustwide/rustup-home:ro,Z" "-m" "1610612736" "--network" "none" "ghcr.io/rust-lang/crates-build-env/linux@sha256:77db811e55d90add9212f6832c23229e3de5f1c1f9905e8cb07319ea15df73ac" "sleep" "infinity", kill_on_drop: false }`
[INFO] [stdout] 107b2b125743f7962f536bdfa7afbcee03ad2355bdb5769a98809a9d1b380c8f
[INFO] running `Command { std: "docker" "start" "107b2b125743f7962f536bdfa7afbcee03ad2355bdb5769a98809a9d1b380c8f", kill_on_drop: false }`
[INFO] running `Command { std: "docker" "inspect" "107b2b125743f7962f536bdfa7afbcee03ad2355bdb5769a98809a9d1b380c8f", kill_on_drop: false }`
[INFO] running `Command { std: "docker" "exec" "-e" "SOURCE_DIR=/opt/rustwide/workdir" "-e" "CARGO_HOME=/opt/rustwide/cargo-home" "-e" "RUSTUP_HOME=/opt/rustwide/rustup-home" "-e" "CARGO_TARGET_DIR=/opt/rustwide/target" "-w" "/opt/rustwide/workdir" "--user" "0:0" "107b2b125743f7962f536bdfa7afbcee03ad2355bdb5769a98809a9d1b380c8f" "/opt/rustwide/cargo-home/bin/cargo" "+1.100.0-beta.1" "metadata" "--no-deps" "--format-version=1", kill_on_drop: false }`
[INFO] running `Command { std: "docker" "inspect" "107b2b125743f7962f536bdfa7afbcee03ad2355bdb5769a98809a9d1b380c8f", kill_on_drop: false }`
[INFO] running `Command { std: "docker" "exec" "-e" "SOURCE_DIR=/opt/rustwide/workdir" "-e" "CARGO_HOME=/opt/rustwide/cargo-home" "-e" "RUSTUP_HOME=/opt/rustwide/rustup-home" "-e" "CARGO_TARGET_DIR=/opt/rustwide/target" "-e" "CARGO_INCREMENTAL=0" "-e" "RUST_BACKTRACE=full" "-e" "RUSTFLAGS=--cap-lints=warn" "-e" "RUSTDOCFLAGS=--cap-lints=warn" "-w" "/opt/rustwide/workdir" "--user" "0:0" "107b2b125743f7962f536bdfa7afbcee03ad2355bdb5769a98809a9d1b380c8f" "/opt/rustwide/cargo-home/bin/cargo" "+1.100.0-beta.1" "build" "--frozen" "--message-format=json" "--release", kill_on_drop: false }`
[INFO] [stderr]    Compiling syn v2.0.117
[INFO] [stderr]    Compiling smallvec v1.15.1
[INFO] [stderr]    Compiling bytes v1.11.1
[INFO] [stderr]    Compiling futures-core v0.3.32
[INFO] [stderr]    Compiling futures-sink v0.3.32
[INFO] [stderr]    Compiling memchr v2.8.1
[INFO] [stderr]    Compiling socket2 v0.6.4
[INFO] [stderr]    Compiling mio v1.2.1
[INFO] [stderr]    Compiling parking_lot_core v0.9.12
[INFO] [stderr]    Compiling parking_lot v0.12.5
[INFO] [stderr]    Compiling http v1.4.1
[INFO] [stderr]    Compiling futures-macro v0.3.32
[INFO] [stderr]    Compiling tokio-macros v2.7.0
[INFO] [stderr]    Compiling tracing-attributes v0.1.31
[INFO] [stderr]    Compiling thiserror-impl v2.0.18
[INFO] [stderr]    Compiling async-trait v0.1.89
[INFO] [stderr]    Compiling tokio v1.52.3
[INFO] [stderr]    Compiling tracing v0.1.44
[INFO] [stderr]    Compiling futures-util v0.3.32
[INFO] [stderr]    Compiling thiserror v2.0.18
[INFO] [stderr]    Compiling tokio-util v0.7.18
[INFO] [stderr]    Compiling icap-rs v0.3.0 (/opt/rustwide/workdir)
[INFO] [stderr] warning: unused dependency `async-trait`
[INFO] [stderr]   --> Cargo.toml:17:15
[INFO] [stderr]    |
[INFO] [stderr] 17 | [dependencies.async-trait]
[INFO] [stderr]    |               ^^^^^^^^^^^^
[INFO] [stderr]    |
[INFO] [stderr]    = note: `cargo::unused_dependencies` is set to `warn` by default
[INFO] [stderr] help: consider removing the dependency on `async-trait`
[INFO] [stderr] warning: `icap-rs` (manifest) generated 1 warning
[INFO] [stderr]     Finished `release` profile [optimized] target(s) in 28.09s
[INFO] running `Command { std: "docker" "inspect" "107b2b125743f7962f536bdfa7afbcee03ad2355bdb5769a98809a9d1b380c8f", kill_on_drop: false }`
[INFO] running `Command { std: "docker" "exec" "-e" "SOURCE_DIR=/opt/rustwide/workdir" "-e" "CARGO_HOME=/opt/rustwide/cargo-home" "-e" "RUSTUP_HOME=/opt/rustwide/rustup-home" "-e" "CARGO_TARGET_DIR=/opt/rustwide/target" "-e" "CARGO_INCREMENTAL=0" "-e" "RUST_BACKTRACE=full" "-e" "RUSTFLAGS=--cap-lints=warn" "-e" "RUSTDOCFLAGS=--cap-lints=warn" "-w" "/opt/rustwide/workdir" "--user" "0:0" "107b2b125743f7962f536bdfa7afbcee03ad2355bdb5769a98809a9d1b380c8f" "/opt/rustwide/cargo-home/bin/cargo" "+1.100.0-beta.1" "test" "--frozen" "--no-run" "--message-format=json" "--release", kill_on_drop: false }`
[INFO] [stderr]    Compiling zerocopy v0.8.50
[INFO] [stderr]    Compiling memchr v2.8.1
[INFO] [stderr]    Compiling serde v1.0.228
[INFO] [stderr]    Compiling cc v1.2.63
[INFO] [stderr]    Compiling winnow v1.0.3
[INFO] [stderr]    Compiling syn v2.0.117
[INFO] [stderr]    Compiling num-traits v0.2.19
[INFO] [stderr]    Compiling regex-syntax v0.8.10
[INFO] [stderr]    Compiling rstest_macros v0.26.1
[INFO] [stderr]    Compiling plotters-backend v0.3.7
[INFO] [stderr]    Compiling ciborium-io v0.2.2
[INFO] [stderr]    Compiling serde_json v1.0.150
[INFO] [stderr]    Compiling time v0.3.47
[INFO] [stderr]    Compiling clap_builder v4.6.0
[INFO] [stderr]    Compiling itertools v0.13.0
[INFO] [stderr]    Compiling getrandom v0.2.17
[INFO] [stderr]    Compiling zeroize v1.8.2
[INFO] [stderr]    Compiling plotters-svg v0.3.7
[INFO] [stderr]    Compiling base64 v0.22.1
[INFO] [stderr]    Compiling relative-path v1.9.3
[INFO] [stderr]    Compiling glob v0.3.3
[INFO] [stderr]    Compiling cfg-if v1.0.4
[INFO] [stderr]    Compiling cast v0.3.0
[INFO] [stderr]    Compiling log v0.4.30
[INFO] [stderr]    Compiling pem v3.0.6
[INFO] [stderr]    Compiling yasna v0.6.0
[INFO] [stderr]    Compiling tracing-log v0.2.0
[INFO] [stderr]    Compiling rustls-pki-types v1.14.1
[INFO] [stderr]    Compiling sharded-slab v0.1.7
[INFO] [stderr]    Compiling aho-corasick v1.1.4
[INFO] [stderr]    Compiling rayon v1.12.0
[INFO] [stderr]    Compiling toml_parser v1.1.2+spec-1.1.0
[INFO] [stderr]    Compiling page_size v0.6.0
[INFO] [stderr]    Compiling thread_local v1.1.9
[INFO] [stderr]    Compiling alloca v0.4.0
[INFO] [stderr]    Compiling ring v0.17.14
[INFO] [stderr]    Compiling plotters v0.3.7
[INFO] [stderr]    Compiling oorandom v11.1.5
[INFO] [stderr]    Compiling nu-ansi-term v0.50.3
[INFO] [stderr]    Compiling toml_edit v0.25.12+spec-1.1.0
[INFO] [stderr]    Compiling anes v0.1.6
[INFO] [stderr]    Compiling tracing-subscriber v0.3.23
[INFO] [stderr]    Compiling regex-automata v0.4.14
[INFO] [stderr]    Compiling proc-macro-crate v3.5.0
[INFO] [stderr]    Compiling criterion-plot v0.8.2
[INFO] [stderr]    Compiling clap v4.6.1
[INFO] [stderr]    Compiling zerocopy-derive v0.8.50
[INFO] [stderr]    Compiling futures-macro v0.3.32
[INFO] [stderr]    Compiling serde_derive v1.0.228
[INFO] [stderr]    Compiling tokio-macros v2.7.0
[INFO] [stderr]    Compiling tracing-attributes v0.1.31
[INFO] [stderr]    Compiling thiserror-impl v2.0.18
[INFO] [stderr]    Compiling async-trait v0.1.89
[INFO] [stderr]    Compiling tokio v1.52.3
[INFO] [stderr]    Compiling futures-util v0.3.32
[INFO] [stderr]    Compiling regex v1.12.3
[INFO] [stderr]    Compiling thiserror v2.0.18
[INFO] [stderr]    Compiling tracing v0.1.44
[INFO] [stderr]    Compiling tinytemplate v1.2.1
[INFO] [stderr]    Compiling rstest v0.26.1
[INFO] [stderr]    Compiling half v2.7.1
[INFO] [stderr]    Compiling ciborium-ll v0.2.2
[INFO] [stderr]    Compiling ciborium v0.2.2
[INFO] [stderr]    Compiling tokio-util v0.7.18
[INFO] [stderr]    Compiling criterion v0.8.2
[INFO] [stderr]    Compiling icap-rs v0.3.0 (/opt/rustwide/workdir)
[INFO] [stderr]    Compiling rcgen v0.14.8
[INFO] [stderr] warning: unused dependency `async-trait`
[INFO] [stderr]   --> Cargo.toml:17:15
[INFO] [stderr]    |
[INFO] [stderr] 17 | [dependencies.async-trait]
[INFO] [stderr]    |               ^^^^^^^^^^^^
[INFO] [stderr]    |
[INFO] [stderr]    = note: `cargo::unused_dependencies` is set to `warn` by default
[INFO] [stderr] help: consider removing the dependency on `async-trait`
[INFO] [stderr] warning: `icap-rs` (manifest) generated 1 warning
[INFO] [stderr]     Finished `release` profile [optimized] target(s) in 2m 49s
[INFO] running `Command { std: "docker" "inspect" "107b2b125743f7962f536bdfa7afbcee03ad2355bdb5769a98809a9d1b380c8f", kill_on_drop: false }`
[INFO] running `Command { std: "docker" "exec" "-e" "SOURCE_DIR=/opt/rustwide/workdir" "-e" "CARGO_HOME=/opt/rustwide/cargo-home" "-e" "RUSTUP_HOME=/opt/rustwide/rustup-home" "-e" "CARGO_TARGET_DIR=/opt/rustwide/target" "-e" "CARGO_INCREMENTAL=0" "-e" "RUST_BACKTRACE=full" "-e" "RUSTFLAGS=--cap-lints=warn" "-e" "RUSTDOCFLAGS=--cap-lints=warn" "-w" "/opt/rustwide/workdir" "--user" "0:0" "107b2b125743f7962f536bdfa7afbcee03ad2355bdb5769a98809a9d1b380c8f" "/opt/rustwide/cargo-home/bin/cargo" "+1.100.0-beta.1" "test" "--frozen" "--release", kill_on_drop: false }`
[INFO] [stderr] warning: unused dependency `async-trait`
[INFO] [stderr]   --> Cargo.toml:17:15
[INFO] [stderr]    |
[INFO] [stderr] 17 | [dependencies.async-trait]
[INFO] [stderr]    |               ^^^^^^^^^^^^
[INFO] [stderr]    |
[INFO] [stderr]    = note: `cargo::unused_dependencies` is set to `warn` by default
[INFO] [stderr] help: consider removing the dependency on `async-trait`
[INFO] [stderr] warning: `icap-rs` (manifest) generated 1 warning
[INFO] [stderr]     Finished `release` profile [optimized] target(s) in 0.29s
[INFO] [stderr]      Running unittests src/lib.rs (/opt/rustwide/target/release/build/icap-rs/ac6ba18a1c31493c/out/icap_rs-ac6ba18a1c31493c)
[INFO] [stdout] 
[INFO] [stdout] running 214 tests
[INFO] [stdout] test client::options_cache::tests::missing_options_ttl_header_returns_none ... ok
[INFO] [stdout] test client::options_cache::tests::positive_ttl_is_parsed ... ok
[INFO] [stdout] test client::options_cache::tests::zero_ttl_returns_none ... ok
[INFO] [stdout] test client::tests::build_preview::case_2 ... ok
[INFO] [stdout] test client::tests::build_preview::case_6 ... ok
[INFO] [stdout] test client::tests::content_type_to_extension::case_03 ... ok
[INFO] [stdout] test client::tests::content_type_to_extension::case_07 ... ok
[INFO] [stdout] test client::tests::content_type_to_extension::case_08 ... ok
[INFO] [stdout] test client::tests::append_to_allow_no_duplicates ... ok
[INFO] [stdout] test client::tests::content_type_to_extension::case_05 ... ok
[INFO] [stdout] test client::tests::build_preview::case_4 ... ok
[INFO] [stdout] test client::tests::content_type_to_extension::case_10 ... ok
[INFO] [stdout] test client::tests::content_type_to_extension::case_04 ... ok
[INFO] [stdout] test client::tests::content_type_to_extension::case_11 ... ok
[INFO] [stdout] test client::tests::content_type_to_extension::case_12 ... ok
[INFO] [stdout] test client::tests::build_preview::case_1 ... ok
[INFO] [stdout] test client::tests::content_type_to_extension::case_13 ... ok
[INFO] [stdout] test client::tests::content_type_to_extension::case_16 ... ok
[INFO] [stdout] test client::tests::content_type_to_extension::case_02 ... ok
[INFO] [stdout] test client::tests::content_type_to_extension::case_09 ... ok
[INFO] [stdout] test client::tests::build_preview::case_3 ... ok
[INFO] [stdout] test client::tests::build_preview::case_5 ... ok
[INFO] [stdout] test client::tests::content_type_to_extension::case_01 ... ok
[INFO] [stdout] test client::tests::content_type_to_extension::case_15 ... ok
[INFO] [stdout] test client::tests::error_404_headers_then_eof_before_double_crlf ... ok
[INFO] [stdout] test client::tests::error_404_with_headers_and_double_crlf ... ok
[INFO] [stdout] test client::tests::content_type_to_extension::case_06 ... ok
[INFO] [stdout] test client::options_cache::tests::non_numeric_ttl_returns_none ... ok
[INFO] [stdout] test client::tests::mismatched_embedded_message_is_rejected_before_serialization ... ok
[INFO] [stdout] test client::tests::content_type_to_extension::case_14 ... ok
[INFO] [stdout] test client::tests::options_and_host_header::case_1 ... ok
[INFO] [stdout] test client::tests::options_and_host_header::case_2 ... ok
[INFO] [stdout] test client::tests::parse_authority_cases::case_1 ... ok
[INFO] [stdout] test client::tests::parse_authority_cases::case_2 ... ok
[INFO] [stdout] test client::tests::parse_authority_cases::case_3 ... ok
[INFO] [stdout] test client::tests::parse_authority_cases::case_4 ... ok
[INFO] [stdout] test client::tests::parse_authority_cases::case_5 ... ok
[INFO] [stdout] test client::tests::reqmod_wire_variants::case_1_preview0 ... ok
[INFO] [stdout] test client::tests::parse_authority_cases::case_7 ... ok
[INFO] [stdout] test client::tests::reqmod_wire_variants::case_2_preview0_ieof ... ok
[INFO] [stdout] test client::tests::preview_zero_wire_for_buffered_body_has_single_preview_marker ... ok
[INFO] [stdout] test client::tests::rfc_streaming_preview0_final_response_skips_body_upload ... ok
[INFO] [stdout] test client::tests::rfc_streaming_preview0_ieof_sends_ieof_and_reads_final_response ... ok
[INFO] [stdout] test client::tests::parse_authority_cases::case_6 ... ok
[INFO] [stdout] test client::tests::reqmod_header_only_uses_null_body_offset ... ok
[INFO] [stdout] test client::tests::reqmod_with_embedded_and_preview_offsets ... ok
[INFO] [stdout] test client::tests::rfc_streaming_preview_empty_reader_sends_ieof ... ok
[INFO] [stdout] test client::tests::send_raw_delivers_verbatim_bytes_and_parses_response ... ok
[INFO] [stdout] test client::tests::rfc_streaming_preview_final_response_skips_remainder_upload ... ok
[INFO] [stdout] test client::tests::send_raw_str_is_equivalent_to_send_raw ... ok
[INFO] [stdout] test client::tests::rfc_streaming_preview_marks_ieof_when_reader_ends_inside_preview ... ok
[INFO] [stdout] test client::tests::try_user_agent_rejects_invalid_header_value ... ok
[INFO] [stdout] test error::tests::http_builder_conversion_preserves_source_error ... ok
[INFO] [stdout] test error::tests::timeout_helpers_set_kind ... ok
[INFO] [stdout] test error::tests::to_icap_result_wraps_in_external ... ok
[INFO] [stdout] test protocol::encapsulated::tests::parse_encapsulated_value_rejects_invalid_tokens ... ok
[INFO] [stdout] test protocol::encapsulated::tests::parse_encapsulated_value_rejects_non_monotonic_offsets ... ok
[INFO] [stdout] test protocol::encapsulated::tests::parse_encapsulated_value_variants ... ok
[INFO] [stdout] test protocol::istag::tests::validate_istag_cases::case_01 ... ok
[INFO] [stdout] test protocol::istag::tests::validate_istag_cases::case_03 ... ok
[INFO] [stdout] test protocol::istag::tests::validate_istag_cases::case_04 ... ok
[INFO] [stdout] test protocol::istag::tests::validate_istag_cases::case_05 ... ok
[INFO] [stdout] test protocol::istag::tests::validate_istag_cases::case_06 ... ok
[INFO] [stdout] test error::tests::classifiers_agree_with_variant ... ok
[INFO] [stdout] test error::tests::header_value_conversion_routes_through_protocol ... ok
[INFO] [stdout] test protocol::istag::tests::validate_istag_cases::case_02 ... ok
[INFO] [stdout] test client::tests::rfc_streaming_without_preview_sends_body_before_reading_response ... ok
[INFO] [stdout] test protocol::istag::tests::validate_istag_cases::case_08 ... ok
[INFO] [stdout] test protocol::istag::tests::validate_istag_cases::case_09 ... ok
[INFO] [stdout] test protocol::istag::tests::validate_istag_cases::case_11 ... ok
[INFO] [stdout] test protocol::istag::tests::validate_istag_cases::case_12 ... ok
[INFO] [stdout] test protocol::istag::tests::validate_istag_cases::case_13 ... ok
[INFO] [stdout] test protocol::istag::tests::validate_istag_cases::case_14 ... ok
[INFO] [stdout] test protocol::istag::tests::validate_istag_cases::case_15 ... ok
[INFO] [stdout] test protocol::istag::tests::validate_istag_cases::case_16 ... ok
[INFO] [stdout] test protocol::istag::tests::validate_istag_cases::case_07 ... ok
[INFO] [stdout] test request::tests::builder_creates_basic_requests ... ok
[INFO] [stdout] test request::tests::builder_embeds_http_heads_without_buffered_body ... ok
[INFO] [stdout] test request::tests::builder_embeds_http_req_and_resp ... ok
[INFO] [stdout] test request::tests::builder_flags_preview_allow ... ok
[INFO] [stdout] test request::tests::builder_sets_and_overrides_headers ... ok
[INFO] [stdout] test request::tests::compatibility_mode_accepts_options_without_encapsulated ... ok
[INFO] [stdout] test protocol::istag::tests::validate_istag_cases::case_10 ... ok
[INFO] [stdout] test request::tests::default_parser_requires_encapsulated_for_options ... ok
[INFO] [stdout] test request::tests::duplicate_encapsulated_part_is_rejected ... ok
[INFO] [stdout] test request::tests::host_header_is_required ... ok
[INFO] [stdout] test request::tests::method_from_str_is_case_insensitive::case_1 ... ok
[INFO] [stdout] test request::tests::headers_are_case_insensitive_allow_parsed_with_whitespace ... ok
[INFO] [stdout] test request::tests::method_from_str_is_case_insensitive::case_2 ... ok
[INFO] [stdout] test request::tests::default_parser_accepts_options_with_null_body ... ok
[INFO] [stdout] test request::tests::normalize_service_path_cases::case_02 ... ok
[INFO] [stdout] test request::tests::normalize_service_path_cases::case_04 ... ok
[INFO] [stdout] test request::tests::invalid_encapsulated_token_is_rejected ... ok
[INFO] [stdout] test request::tests::encapsulated_is_required_for_request ... ok
[INFO] [stdout] test request::tests::normalize_service_path_cases::case_06 ... ok
[INFO] [stdout] test request::tests::method_from_str_is_case_insensitive::case_3 ... ok
[INFO] [stdout] test request::tests::normalize_service_path_cases::case_05 ... ok
[INFO] [stdout] test request::tests::normalize_service_path_cases::case_03 ... ok
[INFO] [stdout] test request::tests::method_from_str_unknown_panics - should panic ... ok
[INFO] [stdout] test request::tests::normalize_service_path_cases::case_10 ... ok
[INFO] [stdout] test request::tests::normalize_service_path_cases::case_01 ... ok
[INFO] [stdout] test request::tests::normalize_service_path_cases::case_11 ... ok
[INFO] [stdout] test request::tests::normalize_service_path_cases::case_07 ... ok
[INFO] [stdout] test request::tests::normalize_service_path_cases::case_08 ... ok
[INFO] [stdout] test request::tests::null_body_must_not_be_combined_with_body_tokens ... ok
[INFO] [stdout] test request::tests::normalize_service_path_cases::case_09 ... ok
[INFO] [stdout] test request::tests::options_request_rejects_embedded_http_parts ... ok
[INFO] [stdout] test request::tests::parse_minimal_options_with_null_body ... ok
[INFO] [stdout] test request::tests::parse_preview_not_a_number_is_rejected ... ok
[INFO] [stdout] test request::tests::normalize_service_path_cases::case_12 ... ok
[INFO] [stdout] test request::tests::normalize_service_path_cases::case_13 ... ok
[INFO] [stdout] test request::tests::parse_ignores_malformed_header_line_without_colon ... ok
[INFO] [stdout] test request::tests::parse_reqmod_with_embedded_http_request_and_body ... ok
[INFO] [stdout] test request::tests::preview_zero_does_not_imply_ieof ... ok
[INFO] [stdout] test request::tests::rejects_respmod_with_http_request_start_line ... ok
[INFO] [stdout] test request::tests::reqmod_rejects_response_oriented_encapsulated_parts ... ok
[INFO] [stdout] test request::tests::parse_reqmod_with_allow_and_preview ... ok
[INFO] [stdout] test request::tests::respmod_rejects_request_body_encapsulated_part ... ok
[INFO] [stdout] test request::tests::service_is_full_path_of_icap_uri::case_1 ... ok
[INFO] [stdout] test request::tests::parse_reqmod_body_uses_req_body_offset ... ok
[INFO] [stdout] test request::tests::service_is_full_path_of_icap_uri::case_2 ... ok
[INFO] [stdout] test request::tests::service_is_full_path_of_icap_uri::case_3 ... ok
[INFO] [stdout] test request::tests::try_icap_header_rejects_invalid_header_input ... ok
[INFO] [stdout] test client::tests::error_404_split_headers_are_preserved ... ok
[INFO] [stdout] test request::tests::rejects_incomplete_embedded_http_headers ... ok
[INFO] [stdout] test request::tests::rejects_respmod_with_invalid_status_code ... ok
[INFO] [stdout] test request::tests::validate_for_send_rejects_incoherent_request_shapes ... ok
[INFO] [stdout] test request::tests::validated_embedded_builders_reject_method_mismatch ... ok
[INFO] [stdout] test request::tests::version_must_be_icap_1_0_in_request ... ok
[INFO] [stdout] test response::response_wire_parser_tests::encapsulated_required_for_200 ... ok
[INFO] [stdout] test response::response_wire_parser_tests::header_lookup_is_case_insensitive ... ok
[INFO] [stdout] test response::response_wire_parser_tests::allows_empty_reason_phrase ... ok
[INFO] [stdout] test response::response_wire_parser_tests::duplicate_encapsulated_parts_are_rejected ... ok
[INFO] [stdout] test response::response_wire_parser_tests::encapsulated_offsets_must_be_monotonic_and_in_range ... ok
[INFO] [stdout] test request::tests::try_new_rejects_unknown_method_without_panic ... ok
[INFO] [stdout] test response::response_wire_parser_tests::istag_required_for_2xx ... ok
[INFO] [stdout] test response::response_wire_parser_tests::istag_validate_cases::case_01 ... ok
[INFO] [stdout] test response::response_wire_parser_tests::istag_validate_cases::case_04 ... ok
[INFO] [stdout] test response::response_wire_parser_tests::invalid_encapsulated_tokens_are_rejected ... ok
[INFO] [stdout] test response::response_wire_parser_tests::istag_validate_cases::case_05 ... ok
[INFO] [stdout] test response::response_wire_parser_tests::istag_validate_cases::case_07 ... ok
[INFO] [stdout] test response::response_wire_parser_tests::istag_validate_cases::case_08 ... ok
[INFO] [stdout] test response::response_wire_parser_tests::istag_validate_cases::case_09 ... ok
[INFO] [stdout] test response::response_wire_parser_tests::istag_validate_cases::case_11 ... ok
[INFO] [stdout] test response::response_wire_parser_tests::istag_validate_cases::case_13 ... ok
[INFO] [stdout] test response::response_wire_parser_tests::error_on_incomplete_headers ... ok
[INFO] [stdout] test response::response_wire_parser_tests::istag_validate_cases::case_02 ... ok
[INFO] [stdout] test response::response_wire_parser_tests::istag_may_be_absent_in_404 ... ok
[INFO] [stdout] test response::response_wire_parser_tests::istag_validate_cases::case_12 ... ok
[INFO] [stdout] test response::response_wire_parser_tests::no_duplicate_encapsulated_headers ... ok
[INFO] [stdout] test response::response_wire_parser_tests::istag_validate_cases::case_15 ... ok
[INFO] [stdout] test response::response_wire_parser_tests::istag_validate_cases::case_16 ... ok
[INFO] [stdout] test response::response_wire_parser_tests::istag_validate_cases::case_14 ... ok
[INFO] [stdout] test response::response_wire_parser_tests::ok_minimal_200_with_res_hdr_skeleton ... ok
[INFO] [stdout] test response::response_wire_parser_tests::supports_multiword_reason_phrase ... ok
[INFO] [stdout] test response::response_wire_parser_tests::istag_validate_cases::case_06 ... ok
[INFO] [stdout] test response::response_wire_parser_tests::supports_100_continue ... ok
[INFO] [stdout] test response::response_wire_parser_tests::supports_404_not_found ... ok
[INFO] [stdout] test response::response_wire_parser_tests::istag_validate_cases::case_10 ... ok
[INFO] [stdout] test response::response_wire_parser_tests::rfc_204_must_not_have_body_bytes ... ok
[INFO] [stdout] test response::tests::add_header_istag_accepts_valid_value ... ok
[INFO] [stdout] test response::tests::parse_accepts_c_icap_204_without_encapsulated ... ok
[INFO] [stdout] test response::tests::parse_errors_on_invalid_status_code_token ... ok
[INFO] [stdout] test response::tests::parse_rejects_legacy_unchunked_entity_body_after_body_offset ... ok
[INFO] [stdout] test response::tests::parse_errors_on_empty ... ok
[INFO] [stdout] test response::response_wire_parser_tests::version_must_be_icap_1_0 ... ok
[INFO] [stdout] test response::tests::add_header_istag_rejects_invalid_but_does_not_panic ... ok
[INFO] [stdout] test response::tests::parse_rfc_wire_dechunks_embedded_http_entity_body ... ok
[INFO] [stdout] test response::tests::response_add_get_remove_header ... ok
[INFO] [stdout] test response::response_wire_parser_tests::valid_minimal_204 ... ok
[INFO] [stdout] test response::tests::status_line_has_single_reason ... ok
[INFO] [stdout] test response::tests::success_shortcuts_set_status_and_istag ... ok
[INFO] [stdout] test response::tests::to_raw_206_serializes_use_original_body_zero_chunk_extension ... ok
[INFO] [stdout] test response::tests::to_raw_autogenerates_encapsulated_for_404_without_body ... ok
[INFO] [stdout] test response::tests::to_raw_autogenerates_opt_body_for_non_http_body_on_error ... ok
[INFO] [stdout] test response::tests::last_duplicate_header_wins ... ok
[INFO] [stdout] test response::tests::to_raw_ok_when_istag_is_valid ... ok
[INFO] [stdout] test response::tests::parse_rejects_use_original_body_on_200 ... ok
[INFO] [stdout] test response::tests::success_shortcuts_validate_istag ... ok
[INFO] [stdout] test response::tests::try_add_header_rejects_invalid_header_input ... ok
[INFO] [stdout] test response::tests::parse_206_extracts_use_original_body_offset ... ok
[INFO] [stdout] test response::response_wire_parser_tests::istag_validate_cases::case_03 ... ok
[INFO] [stdout] test response::tests::to_raw_chunks_only_embedded_http_entity_body ... ok
[INFO] [stdout] test response::tests::to_raw_errors_if_istag_missing ... ok
[INFO] [stdout] test response::tests::try_set_istag_quotes_base64_like_token_for_wire ... ok
[INFO] [stdout] test response::tests::try_set_istag_preserves_already_quoted_value ... ok
[INFO] [stdout] test response::tests::try_add_header_rejects_invalid_istag ... ok
[INFO] [stdout] test server::options::tests::typed_allow_helpers_advertise_no_modification_capabilities ... ok
[INFO] [stdout] test client::tests::continue_timeout_applies_to_preview_decision ... ok
[INFO] [stdout] test client::tests::error_404_single_crlf_kept_open_times_out ... ok
[INFO] [stdout] test server::tests::build_errors_when_default_service_is_unknown ... ok
[INFO] [stdout] test server::tests::build_errors_when_service_options_are_invalid ... ok
[INFO] [stdout] test server::tests::build_errors_when_service_options_are_missing ... ok
[INFO] [stdout] test server::options::tests::typed_allow_helpers_do_not_duplicate_capabilities ... ok
[INFO] [stdout] test server::tests::route_accepts_methods_case_insensitive::case_1 ... ok
[INFO] [stdout] test server::tests::build_errors_when_alias_target_is_unknown ... ok
[INFO] [stdout] test server::tests::panics_when_overlapping_multiple_methods::case_1 ... ok
[INFO] [stdout] test server::tests::route_panics_on_duplicate_method_same_service::case_1 ... ok
[INFO] [stdout] test server::tests::route_accepts_mixed_enum_and_string ... ok
[INFO] [stdout] test server::tests::route_allows_different_methods_same_service ... ok
[INFO] [stdout] test server::tests::route_panics_on_options::case_1 ... ok
[INFO] [stdout] test server::tests::panics_when_overlapping_multiple_methods::case_2 ... ok
[INFO] [stdout] test server::tests::route_panics_on_duplicate_method_same_service::case_2 ... ok
[INFO] [stdout] test client::tests::rfc_streaming_preview0_sends_body_after_100_continue ... ok
[INFO] [stdout] test server::tests::route_panics_on_options::case_2 ... ok
[INFO] [stdout] test server::tests::route_accepts_methods_case_insensitive::case_3 ... ok
[INFO] [stdout] test server::tests::route_accepts_methods_case_insensitive::case_2 ... ok
[INFO] [stdout] test client::tests::rfc_streaming_preview_sends_remainder_after_100_continue ... ok
[INFO] [stdout] test server::tests::route_panics_on_unknown_method::case_1 ... ok
[INFO] [stdout] test server::tests::route_panics_on_unknown_method::case_2 ... ok
[INFO] [stdout] test server::tests::route_panics_on_options::case_3 ... ok
[INFO] [stdout] test client::tests::non_error_200_single_crlf_kept_open_times_out ... ok
[INFO] [stdout] test client::tests::write_timeout_applies_to_streaming_body_chunks ... ok
[INFO] [stdout] test client::tests::timeout_caps_whole_send_operation ... ok
[INFO] [stdout] 
[INFO] [stdout] test result: ok. 214 passed; 0 failed; 0 ignored; 0 measured; 0 filtered out; finished in 0.08s
[INFO] [stdout] 
[INFO] [stderr]      Running tests/client_graceful_shutdown.rs (/opt/rustwide/target/release/build/icap-rs/aa98439b0f5387ca/out/client_graceful_shutdown-aa98439b0f5387ca)
[INFO] [stdout] 
[INFO] [stdout] running 6 tests
[INFO] [stdout] test rfc4_2_keep_alive_policy_omits_connection_close_header ... ok
[INFO] [stdout] test rfc4_2_client_does_not_reuse_connection_after_server_sends_connection_close ... ok
[INFO] [stdout] test rfc4_2_wire_bytes_include_connection_close_for_close_policy ... ok
[INFO] [stdout] test rfc4_2_wire_bytes_omit_connection_close_for_keep_alive_policy ... ok
[INFO] [stdout] test rfc4_2_server_closes_connection_after_client_connection_close ... ok
[INFO] [stdout] test rfc4_2_close_policy_sends_connection_close_header ... ok
[INFO] [stderr]      Running tests/client_keep_alive.rs (/opt/rustwide/target/release/build/icap-rs/d2cfca96574534b6/out/client_keep_alive-d2cfca96574534b6)
[INFO] [stdout] 
[INFO] [stdout] test result: ok. 6 passed; 0 failed; 0 ignored; 0 measured; 0 filtered out; finished in 0.01s
[INFO] [stdout] 
[INFO] [stdout] 
[INFO] [stdout] running 1 test
[INFO] [stderr]      Running tests/client_timeout.rs (/opt/rustwide/target/release/build/icap-rs/5987cd13c7e05492/out/client_timeout-5987cd13c7e05492)
[INFO] [stdout] test keep_alive_reuses_single_connection_for_multiple_requests ... ok
[INFO] [stdout] 
[INFO] [stdout] test result: ok. 1 passed; 0 failed; 0 ignored; 0 measured; 0 filtered out; finished in 0.00s
[INFO] [stdout] 
[INFO] [stdout] 
[INFO] [stdout] running 3 tests
[INFO] [stdout] test no_timeout_allows_fast_server ... ok
[INFO] [stdout] test small_timeout_but_server_responds_in_time ... ok
[INFO] [stdout] test timeout_fires_when_server_is_too_slow ... ok
[INFO] [stderr]      Running tests/early_response.rs (/opt/rustwide/target/release/build/icap-rs/7651c6f02758cf32/out/early_response-7651c6f02758cf32)
[INFO] [stdout] 
[INFO] [stdout] test result: ok. 3 passed; 0 failed; 0 ignored; 0 measured; 0 filtered out; finished in 1.01s
[INFO] [stdout] 
[INFO] [stdout] 
[INFO] [stdout] running 2 tests
[INFO] [stdout] test not_found_404_for_unknown_service ... ok
[INFO] [stderr] error: test failed, to rerun pass `--test early_response`
[INFO] [stdout] test early_503_when_conn_limit_exceeded ... FAILED
[INFO] [stdout] 
[INFO] [stdout] failures:
[INFO] [stdout] 
[INFO] [stdout] ---- early_503_when_conn_limit_exceeded stdout ----
[INFO] [stdout] 
[INFO] [stdout] thread 'early_503_when_conn_limit_exceeded' (3565) panicked at tests/early_response.rs:105:5:
[INFO] [stdout] assertion `left == right` failed: expected early 503 produced by server accept loop
[INFO] [stdout]   left: 200
[INFO] [stdout]  right: 503
[INFO] [stdout] stack backtrace:
[INFO] [stdout]    0:     0x597f70df95a1 - <<std[617be2ca0a6fd877]::sys::backtrace::BacktraceLock>::print::DisplayBacktrace as core[a373ad73a504971]::fmt::Display>::fmt
[INFO] [stdout]    1:     0x597f70e0fd2a - core[a373ad73a504971]::fmt::write
[INFO] [stdout]    2:     0x597f70dfdf2c - <alloc[2e1b2a31b91974c5]::vec::Vec<u8> as core[a373ad73a504971]::io::write::Write>::write_fmt
[INFO] [stdout]    3:     0x597f70dd4996 - std[617be2ca0a6fd877]::panicking::default_hook::{closure#0}
[INFO] [stdout]    4:     0x597f70df1369 - std[617be2ca0a6fd877]::panicking::default_hook
[INFO] [stdout]    5:     0x597f70d2d8b0 - test[aada8e7e76ba119b]::test_main_inner::{closure#0}
[INFO] [stdout]    6:     0x597f70df1692 - std[617be2ca0a6fd877]::panicking::panic_with_hook
[INFO] [stdout]    7:     0x597f70dd4a42 - std[617be2ca0a6fd877]::panicking::panic_handler::{closure#0}
[INFO] [stdout]    8:     0x597f70dcd6a9 - std[617be2ca0a6fd877]::sys::backtrace::__rust_end_short_backtrace::<std[617be2ca0a6fd877]::panicking::panic_handler::{closure#0}, !>
[INFO] [stdout]    9:     0x597f70dd583d - __rustc[ea4f61d10b84890b]::rust_begin_unwind
[INFO] [stdout]   10:     0x597f70e1048c - core[a373ad73a504971]::panicking::panic_fmt
[INFO] [stdout]   11:     0x597f70e10403 - core[a373ad73a504971]::panicking::assert_failed_inner
[INFO] [stdout]   12:     0x597f70d1f05e - core[a373ad73a504971]::panicking::assert_failed::<http[3957109095b53495]::status::StatusCode, http[3957109095b53495]::status::StatusCode>
[INFO] [stdout]   13:     0x597f70d08f59 - early_response[6bb9e502647ce45e]::early_503_when_conn_limit_exceeded::{closure#0}
[INFO] [stdout]   14:     0x597f70d1bb3a - <tokio[46aa34e2c38bee4c]::runtime::park::CachedParkThread>::block_on::<core[a373ad73a504971]::pin::Pin<&mut dyn core[a373ad73a504971]::future::future::Future<Output = ()>>>
[INFO] [stdout]   15:     0x597f70d1f180 - tokio[46aa34e2c38bee4c]::runtime::context::runtime::enter_runtime::<<tokio[46aa34e2c38bee4c]::runtime::scheduler::multi_thread::MultiThread>::block_on<core[a373ad73a504971]::pin::Pin<&mut dyn core[a373ad73a504971]::future::future::Future<Output = ()>>>::{closure#0}, ()>
[INFO] [stdout]   16:     0x597f70d133e7 - <tokio[46aa34e2c38bee4c]::runtime::runtime::Runtime>::block_on::<core[a373ad73a504971]::pin::Pin<&mut dyn core[a373ad73a504971]::future::future::Future<Output = ()>>>
[INFO] [stdout]   17:     0x597f70d09ac2 - <early_response[6bb9e502647ce45e]::early_503_when_conn_limit_exceeded::{closure#0} as core[a373ad73a504971]::ops::function::FnOnce<()>>::call_once
[INFO] [stdout]   18:     0x597f70d20cfb - test[aada8e7e76ba119b]::__rust_begin_short_backtrace::<core[a373ad73a504971]::result::Result<(), alloc[2e1b2a31b91974c5]::string::String>, fn() -> core[a373ad73a504971]::result::Result<(), alloc[2e1b2a31b91974c5]::string::String>>
[INFO] [stdout]   19:     0x597f70d2ded5 - test[aada8e7e76ba119b]::run_test::{closure#0}
[INFO] [stdout]   20:     0x597f70d277c4 - std[617be2ca0a6fd877]::sys::backtrace::__rust_begin_short_backtrace::<test[aada8e7e76ba119b]::run_test::{closure#1}, ()>
[INFO] [stdout]   21:     0x597f70d30f62 - <std[617be2ca0a6fd877]::thread::lifecycle::spawn_unchecked<test[aada8e7e76ba119b]::run_test::{closure#1}, ()>::{closure#1} as core[a373ad73a504971]::ops::function::FnOnce<()>>::call_once::{shim:vtable#0}
[INFO] [stdout]   22:     0x597f70df87ff - <std[617be2ca0a6fd877]::sys::thread::unix::Thread>::new::thread_start
[INFO] [stdout]   23:     0x7a913731ddfa - <unknown>
[INFO] [stdout]   24:     0x7a91373b13d4 - clone
[INFO] [stdout]   25:                0x0 - <unknown>
[INFO] [stdout] 
[INFO] [stdout] 
[INFO] [stdout] failures:
[INFO] [stdout]     early_503_when_conn_limit_exceeded
[INFO] [stdout] 
[INFO] [stdout] test result: FAILED. 1 passed; 1 failed; 0 ignored; 0 measured; 0 filtered out; finished in 1.02s
[INFO] [stdout] 
[INFO] running `Command { std: "docker" "inspect" "107b2b125743f7962f536bdfa7afbcee03ad2355bdb5769a98809a9d1b380c8f", kill_on_drop: false }`
[INFO] running `Command { std: "docker" "rm" "-f" "107b2b125743f7962f536bdfa7afbcee03ad2355bdb5769a98809a9d1b380c8f", kill_on_drop: false }`
[INFO] [stdout] 107b2b125743f7962f536bdfa7afbcee03ad2355bdb5769a98809a9d1b380c8f
