[INFO] fetching crate ic_tx 0.0.1...
[INFO] testing ic_tx-0.0.1 against 1.99.0-beta.8+cargoflags=--release for beta-release-1.100-2
[INFO] extracting crate ic_tx 0.0.1 into /workspace/builds/worker-2-tc1/source
[INFO] started tweaking crates.io crate ic_tx 0.0.1
[INFO] finished tweaking crates.io crate ic_tx 0.0.1
[INFO] tweaked toml for crates.io crate ic_tx 0.0.1 written to /workspace/builds/worker-2-tc1/source/Cargo.toml
[INFO] validating manifest of crates.io crate ic_tx 0.0.1 on toolchain 1.99.0-beta.8
[INFO] running `Command { std: CARGO_HOME="/workspace/cargo-home" RUSTUP_HOME="/workspace/rustup-home" "/workspace/cargo-home/bin/cargo" "+1.99.0-beta.8" "metadata" "--manifest-path" "Cargo.toml" "--no-deps", kill_on_drop: false }`
[INFO] running `Command { std: CARGO_HOME="/workspace/cargo-home" RUSTUP_HOME="/workspace/rustup-home" "/workspace/cargo-home/bin/cargo" "+1.99.0-beta.8" "generate-lockfile" "--manifest-path" "Cargo.toml", kill_on_drop: false }`
[INFO] [stderr]     Updating crates.io index
[INFO] [stderr]      Locking 107 packages to highest compatible versions
[INFO] [stderr]       Adding candid v0.8.4 (available: v0.10.38)
[INFO] [stderr]       Adding generic-array v0.14.7 (available: v0.14.9)
[INFO] [stderr]       Adding thiserror v1.0.69 (available: v2.0.21)
[INFO] running `Command { std: CARGO_HOME="/workspace/cargo-home" RUSTUP_HOME="/workspace/rustup-home" "/workspace/cargo-home/bin/cargo" "+1.99.0-beta.8" "fetch" "--manifest-path" "Cargo.toml", kill_on_drop: false }`
[INFO] [stderr]  Downloading crates ...
[INFO] [stderr]   Downloaded logos-derive v0.12.1
[INFO] [stderr]   Downloaded leb128 v0.2.7
[INFO] [stderr]   Downloaded logos v0.12.1
[INFO] [stderr]   Downloaded pretty v0.10.0
[INFO] [stderr]   Downloaded candid v0.8.4
[INFO] [stderr]   Downloaded lalrpop-util v0.19.12
[INFO] [stderr]   Downloaded lalrpop v0.19.12
[INFO] [stderr]   Downloaded candid_derive v0.5.0
[INFO] [stderr]   Downloaded binread v2.2.0
[INFO] [stderr]   Downloaded binread_derive v2.1.0
[INFO] running `Command { std: "docker" "create" "-v" "/var/lib/crater-agent-workspace/builds/worker-2-tc1/source:/opt/rustwide/workdir:ro,Z" "-v" "/var/lib/crater-agent-workspace/builds/worker-2-tc1/target:/opt/rustwide/target:rw,Z" "-v" "/var/lib/crater-agent-workspace/cargo-home:/opt/rustwide/cargo-home:ro,Z" "-v" "/var/lib/crater-agent-workspace/rustup-home:/opt/rustwide/rustup-home:ro,Z" "-m" "1610612736" "--network" "none" "ghcr.io/rust-lang/crates-build-env/linux@sha256:77db811e55d90add9212f6832c23229e3de5f1c1f9905e8cb07319ea15df73ac" "sleep" "infinity", kill_on_drop: false }`
[INFO] [stdout] efa90813848cba14c4695a635524e336f084aadee35f760190c00a14a30592f5
[INFO] running `Command { std: "docker" "start" "efa90813848cba14c4695a635524e336f084aadee35f760190c00a14a30592f5", kill_on_drop: false }`
[INFO] running `Command { std: "docker" "inspect" "efa90813848cba14c4695a635524e336f084aadee35f760190c00a14a30592f5", kill_on_drop: false }`
[INFO] running `Command { std: "docker" "exec" "-e" "SOURCE_DIR=/opt/rustwide/workdir" "-e" "CARGO_HOME=/opt/rustwide/cargo-home" "-e" "RUSTUP_HOME=/opt/rustwide/rustup-home" "-e" "CARGO_TARGET_DIR=/opt/rustwide/target" "-w" "/opt/rustwide/workdir" "--user" "0:0" "efa90813848cba14c4695a635524e336f084aadee35f760190c00a14a30592f5" "/opt/rustwide/cargo-home/bin/cargo" "+1.99.0-beta.8" "metadata" "--no-deps" "--format-version=1", kill_on_drop: false }`
[INFO] running `Command { std: "docker" "inspect" "efa90813848cba14c4695a635524e336f084aadee35f760190c00a14a30592f5", kill_on_drop: false }`
[INFO] running `Command { std: "docker" "exec" "-e" "SOURCE_DIR=/opt/rustwide/workdir" "-e" "CARGO_HOME=/opt/rustwide/cargo-home" "-e" "RUSTUP_HOME=/opt/rustwide/rustup-home" "-e" "CARGO_TARGET_DIR=/opt/rustwide/target" "-e" "CARGO_INCREMENTAL=0" "-e" "RUST_BACKTRACE=full" "-e" "RUSTFLAGS=--cap-lints=warn" "-e" "RUSTDOCFLAGS=--cap-lints=warn" "-w" "/opt/rustwide/workdir" "--user" "0:0" "efa90813848cba14c4695a635524e336f084aadee35f760190c00a14a30592f5" "/opt/rustwide/cargo-home/bin/cargo" "+1.99.0-beta.8" "build" "--frozen" "--message-format=json" "--release", kill_on_drop: false }`
[INFO] [stderr]    Compiling ic_tx v0.0.1 (/opt/rustwide/workdir)
[INFO] [stderr]     Finished `release` profile [optimized] target(s) in 0.33s
[INFO] running `Command { std: "docker" "inspect" "efa90813848cba14c4695a635524e336f084aadee35f760190c00a14a30592f5", kill_on_drop: false }`
[INFO] running `Command { std: "docker" "exec" "-e" "SOURCE_DIR=/opt/rustwide/workdir" "-e" "CARGO_HOME=/opt/rustwide/cargo-home" "-e" "RUSTUP_HOME=/opt/rustwide/rustup-home" "-e" "CARGO_TARGET_DIR=/opt/rustwide/target" "-e" "CARGO_INCREMENTAL=0" "-e" "RUST_BACKTRACE=full" "-e" "RUSTFLAGS=--cap-lints=warn" "-e" "RUSTDOCFLAGS=--cap-lints=warn" "-w" "/opt/rustwide/workdir" "--user" "0:0" "efa90813848cba14c4695a635524e336f084aadee35f760190c00a14a30592f5" "/opt/rustwide/cargo-home/bin/cargo" "+1.99.0-beta.8" "test" "--frozen" "--no-run" "--message-format=json" "--release", kill_on_drop: false }`
[INFO] [stderr]    Compiling ic_tx v0.0.1 (/opt/rustwide/workdir)
[INFO] [stderr]     Finished `release` profile [optimized] target(s) in 1.11s
[INFO] running `Command { std: "docker" "inspect" "efa90813848cba14c4695a635524e336f084aadee35f760190c00a14a30592f5", kill_on_drop: false }`
[INFO] running `Command { std: "docker" "exec" "-e" "SOURCE_DIR=/opt/rustwide/workdir" "-e" "CARGO_HOME=/opt/rustwide/cargo-home" "-e" "RUSTUP_HOME=/opt/rustwide/rustup-home" "-e" "CARGO_TARGET_DIR=/opt/rustwide/target" "-e" "CARGO_INCREMENTAL=0" "-e" "RUST_BACKTRACE=full" "-e" "RUSTFLAGS=--cap-lints=warn" "-e" "RUSTDOCFLAGS=--cap-lints=warn" "-w" "/opt/rustwide/workdir" "--user" "0:0" "efa90813848cba14c4695a635524e336f084aadee35f760190c00a14a30592f5" "/opt/rustwide/cargo-home/bin/cargo" "+1.99.0-beta.8" "test" "--frozen" "--release", kill_on_drop: false }`
[INFO] [stderr]     Finished `release` profile [optimized] target(s) in 0.05s
[INFO] [stderr]      Running unittests src/lib.rs (/opt/rustwide/target/release/deps/ic_tx-a056043a51d181b4)
[INFO] [stdout] 
[INFO] [stdout] running 30 tests
[INFO] [stdout] test backend::hashmap::test::delete_should_delete_a_model ... ok
[INFO] [stdout] test backend::hashmap::test::fetch_version_should_fail_if_missing ... ok
[INFO] [stdout] test backend::hashmap::test::update_should_fail_if_key_does_not_exists ... ok
[INFO] [stdout] test backend::hashmap::test::save_should_save_a_model ... ok
[INFO] [stdout] test backend::hashmap::test::update_should_fail_if_version_mismatch ... ok
[INFO] [stdout] test model::test::model_should_impl_debug_if_data_is_debug ... ok
[INFO] [stdout] test model::test::new_model_should_impl_debug_if_data_is_debug ... ok
[INFO] [stdout] test backend::hashmap::test::fetch_option_version_should_return_none_if_missing ... ok
[INFO] [stdout] test tx::test::commit_should_fail_if_concurrent_creation ... ok
[INFO] [stdout] test backend::hashmap::test::update_should_update_a_model ... ok
[INFO] [stdout] test backend::hashmap::test::fetch_option_one_should_return_none_if_missing ... ok
[INFO] [stdout] test backend::hashmap::test::should_return_the_version ... ok
[INFO] [stdout] test backend::hashmap::test::save_should_fail_if_key_exists ... ok
[INFO] [stdout] test backend::hashmap::test::delete_option_should_delete_a_model ... ok
[INFO] [stdout] test tx::test::update_should_fail_if_version_mismatch ... ok
[INFO] [stdout] test backend::hashmap::test::fetch_one_should_fail_if_missing ... ok
[INFO] [stdout] test tx::test::update_should_update_a_model ... ok
[INFO] [stdout] test tx::test::commit_should_fail_if_concurrent_delete ... ok
[INFO] [stdout] test tx::test::delete_should_delete_a_model ... FAILED
[INFO] [stdout] test tx::test::delete_option_should_delete_a_model ... FAILED
[INFO] [stdout] test tx::test::fetch_one_should_fail_if_missing ... ok
[INFO] [stdout] test model::test::should_build_new_model_version ... ok
[INFO] [stdout] test tx::test::save_should_save_a_model ... ok
[INFO] [stdout] test tx::test::fetch_option_one_should_return_none_if_missing ... ok
[INFO] [stdout] test tx::test::save_should_fail_if_key_exists ... ok
[INFO] [stdout] test tx::test::update_should_fail_if_key_does_not_exists ... ok
[INFO] [stdout] test tx::test::should_commit_a_tx ... ok
[INFO] [stdout] test tx::test::should_rollback_a_tx ... ok
[INFO] [stdout] test tx::test::commit_should_panic_if_failure - should panic ... ok
[INFO] [stdout] test tx::test::commit_should_fail_if_concurrent_update ... ok
[INFO] [stdout] 
[INFO] [stdout] failures:
[INFO] [stdout] 
[INFO] [stdout] ---- tx::test::delete_should_delete_a_model stdout ----
[INFO] [stdout] 
[INFO] [stdout] thread 'tx::test::delete_should_delete_a_model' (170) panicked at src/tx.rs:596:9:
[INFO] [stdout] assertion failed: delete_result_2.is_err()
[INFO] [stdout] stack backtrace:
[INFO] [stdout]    0:     0x61a24a2581e1 - <<std[70759c8f55707aa4]::sys::backtrace::BacktraceLock>::print::DisplayBacktrace as core[df12db4294e9bfd3]::fmt::Display>::fmt
[INFO] [stdout]    1:     0x61a24a26c56a - core[df12db4294e9bfd3]::fmt::write
[INFO] [stdout]    2:     0x61a24a25c67c - <alloc[2182bb758b4b3781]::vec::Vec<u8> as core[df12db4294e9bfd3]::io::write::Write>::write_fmt
[INFO] [stdout]    3:     0x61a24a2347d6 - std[70759c8f55707aa4]::panicking::default_hook::{closure#0}
[INFO] [stdout]    4:     0x61a24a250949 - std[70759c8f55707aa4]::panicking::default_hook
[INFO] [stdout]    5:     0x61a24a1ecdd0 - test[9d35eded1c95d3be]::test_main_inner::<test[9d35eded1c95d3be]::test_main_static::{closure#0}>::{closure#0}
[INFO] [stdout]    6:     0x61a24a250b02 - std[70759c8f55707aa4]::panicking::panic_with_hook
[INFO] [stdout]    7:     0x61a24a2348b4 - std[70759c8f55707aa4]::panicking::panic_handler::{closure#0}
[INFO] [stdout]    8:     0x61a24a22d609 - std[70759c8f55707aa4]::sys::backtrace::__rust_end_short_backtrace::<std[70759c8f55707aa4]::panicking::panic_handler::{closure#0}, !>
[INFO] [stdout]    9:     0x61a24a23547d - __rustc[8fa7c3cbc660c2b3]::rust_begin_unwind
[INFO] [stdout]   10:     0x61a24a26cccc - core[df12db4294e9bfd3]::panicking::panic_fmt
[INFO] [stdout]   11:     0x61a24a26cc92 - core[df12db4294e9bfd3]::panicking::panic
[INFO] [stdout]   12:     0x61a24a1d94ff - ic_tx[8cd2976ad22f16db]::tx::test::delete_should_delete_a_model
[INFO] [stdout]   13:     0x61a24a1dfa99 - <ic_tx[8cd2976ad22f16db]::tx::test::delete_should_delete_a_model::{closure#0} as core[df12db4294e9bfd3]::ops::function::FnOnce<()>>::call_once
[INFO] [stdout]   14:     0x61a24a1e00bb - test[9d35eded1c95d3be]::__rust_begin_short_backtrace::<core[df12db4294e9bfd3]::result::Result<(), alloc[2182bb758b4b3781]::string::String>, fn() -> core[df12db4294e9bfd3]::result::Result<(), alloc[2182bb758b4b3781]::string::String>>
[INFO] [stdout]   15:     0x61a24a1ed725 - test[9d35eded1c95d3be]::run_test::{closure#0}
[INFO] [stdout]   16:     0x61a24a1e6fe4 - std[70759c8f55707aa4]::sys::backtrace::__rust_begin_short_backtrace::<test[9d35eded1c95d3be]::run_test::{closure#1}, ()>
[INFO] [stdout]   17:     0x61a24a1f0882 - <std[70759c8f55707aa4]::thread::lifecycle::spawn_unchecked<test[9d35eded1c95d3be]::run_test::{closure#1}, ()>::{closure#1} as core[df12db4294e9bfd3]::ops::function::FnOnce<()>>::call_once::{shim:vtable#0}
[INFO] [stdout]   18:     0x61a24a257ab9 - <std[70759c8f55707aa4]::sys::thread::unix::Thread>::new::thread_start
[INFO] [stdout]   19:     0x78acbfda4dfa - <unknown>
[INFO] [stdout]   20:     0x78acbfe383d4 - clone
[INFO] [stdout]   21:                0x0 - <unknown>
[INFO] [stdout] 
[INFO] [stdout] ---- tx::test::delete_option_should_delete_a_model stdout ----
[INFO] [stdout] 
[INFO] [stdout] thread 'tx::test::delete_option_should_delete_a_model' (169) panicked at src/tx.rs:632:9:
[INFO] [stdout] assertion failed: !delete_result_2.is_ok()
[INFO] [stdout] stack backtrace:
[INFO] [stdout]    0:     0x61a24a2581e1 - <<std[70759c8f55707aa4]::sys::backtrace::BacktraceLock>::print::DisplayBacktrace as core[df12db4294e9bfd3]::fmt::Display>::fmt
[INFO] [stdout]    1:     0x61a24a26c56a - core[df12db4294e9bfd3]::fmt::write
[INFO] [stdout]    2:     0x61a24a25c67c - <alloc[2182bb758b4b3781]::vec::Vec<u8> as core[df12db4294e9bfd3]::io::write::Write>::write_fmt
[INFO] [stdout]    3:     0x61a24a2347d6 - std[70759c8f55707aa4]::panicking::default_hook::{closure#0}
[INFO] [stdout]    4:     0x61a24a250949 - std[70759c8f55707aa4]::panicking::default_hook
[INFO] [stdout]    5:     0x61a24a1ecdd0 - test[9d35eded1c95d3be]::test_main_inner::<test[9d35eded1c95d3be]::test_main_static::{closure#0}>::{closure#0}
[INFO] [stdout]    6:     0x61a24a250b02 - std[70759c8f55707aa4]::panicking::panic_with_hook
[INFO] [stdout]    7:     0x61a24a2348b4 - std[70759c8f55707aa4]::panicking::panic_handler::{closure#0}
[INFO] [stdout]    8:     0x61a24a22d609 - std[70759c8f55707aa4]::sys::backtrace::__rust_end_short_backtrace::<std[70759c8f55707aa4]::panicking::panic_handler::{closure#0}, !>
[INFO] [stdout]    9:     0x61a24a23547d - __rustc[8fa7c3cbc660c2b3]::rust_begin_unwind
[INFO] [stdout]   10:     0x61a24a26cccc - core[df12db4294e9bfd3]::panicking::panic_fmt
[INFO] [stdout]   11:     0x61a24a26cc92 - core[df12db4294e9bfd3]::panicking::panic
[INFO] [stdout]   12:     0x61a24a1dabee - ic_tx[8cd2976ad22f16db]::tx::test::delete_option_should_delete_a_model
[INFO] [stdout]   13:     0x61a24a1dfb19 - <ic_tx[8cd2976ad22f16db]::tx::test::delete_option_should_delete_a_model::{closure#0} as core[df12db4294e9bfd3]::ops::function::FnOnce<()>>::call_once
[INFO] [stdout]   14:     0x61a24a1e00bb - test[9d35eded1c95d3be]::__rust_begin_short_backtrace::<core[df12db4294e9bfd3]::result::Result<(), alloc[2182bb758b4b3781]::string::String>, fn() -> core[df12db4294e9bfd3]::result::Result<(), alloc[2182bb758b4b3781]::string::String>>
[INFO] [stdout]   15:     0x61a24a1ed725 - test[9d35eded1c95d3be]::run_test::{closure#0}
[INFO] [stdout]   16:     0x61a24a1e6fe4 - std[70759c8f55707aa4]::sys::backtrace::__rust_begin_short_backtrace::<test[9d35eded1c95d3be]::run_test::{closure#1}, ()>
[INFO] [stdout]   17:     0x61a24a1f0882 - <std[70759c8f55707aa4]::thread::lifecycle::spawn_unchecked<test[9d35eded1c95d3be]::run_test::{closure#1}, ()>::{closure#1} as core[df12db4294e9bfd3]::ops::function::FnOnce<()>>::call_once::{shim:vtable#0}
[INFO] [stdout]   18:     0x61a24a257ab9 - <std[70759c8f55707aa4]::sys::thread::unix::Thread>::new::thread_start
[INFO] [stdout]   19:     0x78acbfda4dfa - <unknown>
[INFO] [stdout]   20:     0x78acbfe383d4 - clone
[INFO] [stdout]   21:                0x0 - <unknown>
[INFO] [stdout] 
[INFO] [stdout] 
[INFO] [stdout] failures:
[INFO] [stdout]     tx::test::delete_option_should_delete_a_model
[INFO] [stdout]     tx::test::delete_should_delete_a_model
[INFO] [stderr] error: test failed, to rerun pass `--lib`
[INFO] [stdout] 
[INFO] [stdout] test result: FAILED. 28 passed; 2 failed; 0 ignored; 0 measured; 0 filtered out; finished in 0.01s
[INFO] [stdout] 
[INFO] running `Command { std: "docker" "inspect" "efa90813848cba14c4695a635524e336f084aadee35f760190c00a14a30592f5", kill_on_drop: false }`
[INFO] running `Command { std: "docker" "rm" "-f" "efa90813848cba14c4695a635524e336f084aadee35f760190c00a14a30592f5", kill_on_drop: false }`
[INFO] [stdout] efa90813848cba14c4695a635524e336f084aadee35f760190c00a14a30592f5
