[INFO] fetching crate ic_mple_pocket_ic 0.19.0...
[INFO] testing ic_mple_pocket_ic-0.19.0 against 1.99.0-beta.8+cargoflags=--release for beta-release-1.100-2
[INFO] extracting crate ic_mple_pocket_ic 0.19.0 into /workspace/builds/worker-7-tc1/source
[INFO] started tweaking crates.io crate ic_mple_pocket_ic 0.19.0
[INFO] finished tweaking crates.io crate ic_mple_pocket_ic 0.19.0
[INFO] tweaked toml for crates.io crate ic_mple_pocket_ic 0.19.0 written to /workspace/builds/worker-7-tc1/source/Cargo.toml
[INFO] validating manifest of crates.io crate ic_mple_pocket_ic 0.19.0 on toolchain 1.99.0-beta.8
[INFO] running `Command { std: CARGO_HOME="/workspace/cargo-home" RUSTUP_HOME="/workspace/rustup-home" "/workspace/cargo-home/bin/cargo" "+1.99.0-beta.8" "metadata" "--manifest-path" "Cargo.toml" "--no-deps", kill_on_drop: false }`
[INFO] crate crates.io crate ic_mple_pocket_ic 0.19.0 already has a lockfile, it will not be regenerated
[INFO] running `Command { std: CARGO_HOME="/workspace/cargo-home" RUSTUP_HOME="/workspace/rustup-home" "/workspace/cargo-home/bin/cargo" "+1.99.0-beta.8" "fetch" "--manifest-path" "Cargo.toml", kill_on_drop: false }`
[INFO] [stderr]     Updating crates.io index
[INFO] [stderr]  Downloading crates ...
[INFO] [stderr]   Downloaded slog v2.8.2
[INFO] [stderr]   Downloaded erased-serde v0.3.31
[INFO] [stderr]   Downloaded ic-transport-types v0.45.0
[INFO] [stderr]   Downloaded wslpath v0.0.2
[INFO] [stderr]   Downloaded pretty v0.12.5
[INFO] [stderr]   Downloaded ic-management-canister-types v0.5.0
[INFO] [stderr]   Downloaded ic_principal v0.1.5
[INFO] [stderr]   Downloaded candid_derive v0.10.34
[INFO] [stderr]   Downloaded ic-certification v3.2.0
[INFO] [stderr]   Downloaded candid v0.10.34
[INFO] [stderr]   Downloaded pocket-ic v15.0.0
[INFO] running `Command { std: "docker" "create" "-v" "/var/lib/crater-agent-workspace/builds/worker-7-tc1/source:/opt/rustwide/workdir:ro,Z" "-v" "/var/lib/crater-agent-workspace/builds/worker-7-tc1/target:/opt/rustwide/target:rw,Z" "-v" "/var/lib/crater-agent-workspace/cargo-home:/opt/rustwide/cargo-home:ro,Z" "-v" "/var/lib/crater-agent-workspace/rustup-home:/opt/rustwide/rustup-home:ro,Z" "-m" "1610612736" "--network" "none" "ghcr.io/rust-lang/crates-build-env/linux@sha256:77db811e55d90add9212f6832c23229e3de5f1c1f9905e8cb07319ea15df73ac" "sleep" "infinity", kill_on_drop: false }`
[INFO] [stdout] d46f5def5e11bea1dc3ddec3dcad57c9e71def3e043205834b6b07e9f1d55e2c
[INFO] running `Command { std: "docker" "start" "d46f5def5e11bea1dc3ddec3dcad57c9e71def3e043205834b6b07e9f1d55e2c", kill_on_drop: false }`
[INFO] running `Command { std: "docker" "inspect" "d46f5def5e11bea1dc3ddec3dcad57c9e71def3e043205834b6b07e9f1d55e2c", kill_on_drop: false }`
[INFO] running `Command { std: "docker" "exec" "-e" "SOURCE_DIR=/opt/rustwide/workdir" "-e" "CARGO_HOME=/opt/rustwide/cargo-home" "-e" "RUSTUP_HOME=/opt/rustwide/rustup-home" "-e" "CARGO_TARGET_DIR=/opt/rustwide/target" "-w" "/opt/rustwide/workdir" "--user" "0:0" "d46f5def5e11bea1dc3ddec3dcad57c9e71def3e043205834b6b07e9f1d55e2c" "/opt/rustwide/cargo-home/bin/cargo" "+1.99.0-beta.8" "metadata" "--no-deps" "--format-version=1", kill_on_drop: false }`
[INFO] running `Command { std: "docker" "inspect" "d46f5def5e11bea1dc3ddec3dcad57c9e71def3e043205834b6b07e9f1d55e2c", kill_on_drop: false }`
[INFO] running `Command { std: "docker" "exec" "-e" "SOURCE_DIR=/opt/rustwide/workdir" "-e" "CARGO_HOME=/opt/rustwide/cargo-home" "-e" "RUSTUP_HOME=/opt/rustwide/rustup-home" "-e" "CARGO_TARGET_DIR=/opt/rustwide/target" "-e" "CARGO_INCREMENTAL=0" "-e" "RUST_BACKTRACE=full" "-e" "RUSTFLAGS=--cap-lints=warn" "-e" "RUSTDOCFLAGS=--cap-lints=warn" "-w" "/opt/rustwide/workdir" "--user" "0:0" "d46f5def5e11bea1dc3ddec3dcad57c9e71def3e043205834b6b07e9f1d55e2c" "/opt/rustwide/cargo-home/bin/cargo" "+1.99.0-beta.8" "build" "--frozen" "--message-format=json" "--release", kill_on_drop: false }`
[INFO] [stderr]    Compiling proc-macro2 v1.0.107
[INFO] [stderr]    Compiling portable-atomic v1.14.0
[INFO] [stderr]    Compiling futures-core v0.3.33
[INFO] [stderr]    Compiling futures-sink v0.3.33
[INFO] [stderr]    Compiling generic-array v0.14.9
[INFO] [stderr]    Compiling cc v1.4.0
[INFO] [stderr]    Compiling aws-lc-rs v1.17.3
[INFO] [stderr]    Compiling object v0.37.3
[INFO] [stderr]    Compiling getrandom v0.4.3
[INFO] [stderr]    Compiling futures-task v0.3.33
[INFO] [stderr]    Compiling futures-io v0.3.33
[INFO] [stderr]    Compiling thiserror v2.0.19
[INFO] [stderr]    Compiling rustls v0.23.43
[INFO] [stderr]    Compiling zerocopy v0.8.55
[INFO] [stderr]    Compiling log v0.4.33
[INFO] [stderr]    Compiling binrw_derive v0.15.2
[INFO] [stderr]    Compiling futures-channel v0.3.33
[INFO] [stderr]    Compiling flate2 v1.1.9
[INFO] [stderr]    Compiling compression-core v0.4.32
[INFO] [stderr]    Compiling either v1.17.0
[INFO] [stderr]    Compiling binrw v0.15.2
[INFO] [stderr]    Compiling rustls-native-certs v0.8.4
[INFO] [stderr]    Compiling chacha20 v0.10.1
[INFO] [stderr]    Compiling sync_wrapper v1.0.2
[INFO] [stderr]    Compiling crossbeam-channel v0.5.16
[INFO] [stderr]    Compiling num-integer v0.1.46
[INFO] [stderr]    Compiling serde_bytes v0.11.19
[INFO] [stderr]    Compiling crossbeam-epoch v0.9.20
[INFO] [stderr]    Compiling bytemuck v1.25.2
[INFO] [stderr]    Compiling array-init v2.1.0
[INFO] [stderr]    Compiling compression-codecs v0.4.38
[INFO] [stderr]    Compiling typed-arena v2.0.2
[INFO] [stderr]    Compiling regex-syntax v0.8.11
[INFO] [stderr]    Compiling arrayvec v0.5.2
[INFO] [stderr]    Compiling rand v0.10.2
[INFO] [stderr]    Compiling http-body-util v0.1.4
[INFO] [stderr]    Compiling leb128 v0.2.7
[INFO] [stderr]    Compiling time v0.3.54
[INFO] [stderr]    Compiling uuid v1.24.0
[INFO] [stderr]    Compiling slog v2.8.2
[INFO] [stderr]    Compiling thread_local v1.1.10
[INFO] [stderr]    Compiling quote v1.0.47
[INFO] [stderr]    Compiling pretty v0.12.5
[INFO] [stderr]    Compiling half v1.8.3
[INFO] [stderr]    Compiling schemars v0.8.22
[INFO] [stderr]    Compiling instant v0.1.13
[INFO] [stderr]    Compiling crypto-common v0.1.6
[INFO] [stderr]    Compiling block-buffer v0.10.4
[INFO] [stderr]    Compiling syn v3.0.3
[INFO] [stderr]    Compiling syn v2.0.119
[INFO] [stderr]    Compiling symlink v0.1.0
[INFO] [stderr]    Compiling semver v1.0.28
[INFO] [stderr]    Compiling digest v0.10.7
[INFO] [stderr]    Compiling cmake v0.1.58
[INFO] [stderr]    Compiling once_cell v1.21.4
[INFO] [stderr]    Compiling moka v0.12.15
[INFO] [stderr]    Compiling sha2 v0.10.9
[INFO] [stderr]    Compiling tracing-core v0.1.36
[INFO] [stderr]    Compiling tempfile v3.27.0
[INFO] [stderr]    Compiling aws-lc-sys v0.43.0
[INFO] [stderr]    Compiling ring v0.17.14
[INFO] [stderr]    Compiling stacker v0.1.24
[INFO] [stderr]    Compiling tracing-log v0.2.0
[INFO] [stderr]    Compiling regex-automata v0.4.16
[INFO] [stderr]    Compiling ar_archive_writer v0.5.2
[INFO] [stderr]    Compiling psm v0.1.31
[INFO] [stderr]    Compiling serde_derive v1.0.229
[INFO] [stderr]    Compiling displaydoc v0.2.7
[INFO] [stderr]    Compiling tokio-macros v2.7.2
[INFO] [stderr]    Compiling thiserror-impl v2.0.19
[INFO] [stderr]    Compiling async-trait v0.1.91
[INFO] [stderr]    Compiling serde_repr v0.1.21
[INFO] [stderr]    Compiling matchers v0.2.0
[INFO] [stderr]    Compiling tokio v1.53.1
[INFO] [stderr]    Compiling synstructure v0.13.2
[INFO] [stderr]    Compiling ppv-lite86 v0.2.21
[INFO] [stderr]    Compiling serde_derive_internals v0.29.1
[INFO] [stderr]    Compiling rand_chacha v0.3.1
[INFO] [stderr]    Compiling zerofrom-derive v0.1.7
[INFO] [stderr]    Compiling yoke-derive v0.8.2
[INFO] [stderr]    Compiling zerovec-derive v0.11.3
[INFO] [stderr]    Compiling tracing-attributes v0.1.31
[INFO] [stderr]    Compiling futures-macro v0.3.33
[INFO] [stderr]    Compiling thiserror-impl v1.0.69
[INFO] [stderr]    Compiling candid_derive v0.10.34
[INFO] [stderr]    Compiling schemars_derive v0.8.22
[INFO] [stderr]    Compiling strum_macros v0.26.4
[INFO] [stderr]    Compiling rand v0.8.7
[INFO] [stderr]    Compiling zerofrom v0.1.8
[INFO] [stderr]    Compiling futures-util v0.3.33
[INFO] [stderr]    Compiling serde v1.0.229
[INFO] [stderr]    Compiling yoke v0.8.3
[INFO] [stderr]    Compiling zerotrie v0.2.4
[INFO] [stderr]    Compiling zerovec v0.11.6
[INFO] [stderr]    Compiling tracing v0.1.44
[INFO] [stderr]    Compiling thiserror v1.0.69
[INFO] [stderr]    Compiling ipnet v2.12.0
[INFO] [stderr]    Compiling hex v0.4.3
[INFO] [stderr]    Compiling num-bigint v0.4.8
[INFO] [stderr]    Compiling ic_principal v0.1.5
[INFO] [stderr]    Compiling prefix-trie v0.8.4
[INFO] [stderr]    Compiling tinystr v0.8.3
[INFO] [stderr]    Compiling potential_utf v0.1.5
[INFO] [stderr]    Compiling tracing-serde v0.2.0
[INFO] [stderr]    Compiling ic-certification v3.2.0
[INFO] [stderr]    Compiling tracing-subscriber v0.3.23
[INFO] [stderr]    Compiling icu_collections v2.2.0
[INFO] [stderr]    Compiling erased-serde v0.3.31
[INFO] [stderr]    Compiling icu_locale_core v2.2.0
[INFO] [stderr]    Compiling serde_urlencoded v0.7.1
[INFO] [stderr]    Compiling serde_cbor v0.11.2
[INFO] [stderr]    Compiling strum v0.26.3
[INFO] [stderr]    Compiling backoff v0.4.0
[INFO] [stderr]    Compiling icu_provider v2.2.0
[INFO] [stderr]    Compiling icu_properties v2.2.0
[INFO] [stderr]    Compiling icu_normalizer v2.2.0
[INFO] [stderr]    Compiling tracing-appender v0.2.5
[INFO] [stderr]    Compiling tokio-util v0.7.19
[INFO] [stderr]    Compiling async-compression v0.4.43
[INFO] [stderr]    Compiling h2 v0.4.15
[INFO] [stderr]    Compiling tower v0.5.3
[INFO] [stderr]    Compiling idna_adapter v1.2.2
[INFO] [stderr]    Compiling candid v0.10.34
[INFO] [stderr]    Compiling idna v1.1.0
[INFO] [stderr]    Compiling url v2.5.8
[INFO] [stderr]    Compiling tower-http v0.6.11
[INFO] [stderr]    Compiling hickory-proto v0.26.1
[INFO] [stderr]    Compiling hyper v1.11.0
[INFO] [stderr]    Compiling ic-transport-types v0.45.0
[INFO] [stderr]    Compiling ic-management-canister-types v0.5.0
[INFO] [stderr]    Compiling hyper-util v0.1.20
[INFO] [stderr]    Compiling hickory-net v0.26.1
[INFO] [stderr]    Compiling hickory-resolver v0.26.1
[INFO] [stderr]    Compiling rustls-webpki v0.103.13
[INFO] [stderr]    Compiling tokio-rustls v0.26.4
[INFO] [stderr]    Compiling rustls-platform-verifier v0.7.0
[INFO] [stderr]    Compiling hyper-rustls v0.27.9
[INFO] [stderr]    Compiling reqwest v0.12.28
[INFO] [stderr]    Compiling reqwest v0.13.4
[INFO] [stderr]    Compiling pocket-ic v15.0.0
[INFO] [stderr]    Compiling ic_mple_pocket_ic v0.19.0 (/opt/rustwide/workdir)
[INFO] [stderr]     Finished `release` profile [optimized] target(s) in 4m 00s
[INFO] running `Command { std: "docker" "inspect" "d46f5def5e11bea1dc3ddec3dcad57c9e71def3e043205834b6b07e9f1d55e2c", kill_on_drop: false }`
[INFO] running `Command { std: "docker" "exec" "-e" "SOURCE_DIR=/opt/rustwide/workdir" "-e" "CARGO_HOME=/opt/rustwide/cargo-home" "-e" "RUSTUP_HOME=/opt/rustwide/rustup-home" "-e" "CARGO_TARGET_DIR=/opt/rustwide/target" "-e" "CARGO_INCREMENTAL=0" "-e" "RUST_BACKTRACE=full" "-e" "RUSTFLAGS=--cap-lints=warn" "-e" "RUSTDOCFLAGS=--cap-lints=warn" "-w" "/opt/rustwide/workdir" "--user" "0:0" "d46f5def5e11bea1dc3ddec3dcad57c9e71def3e043205834b6b07e9f1d55e2c" "/opt/rustwide/cargo-home/bin/cargo" "+1.99.0-beta.8" "test" "--frozen" "--no-run" "--message-format=json" "--release", kill_on_drop: false }`
[INFO] [stderr]    Compiling ic_mple_pocket_ic v0.19.0 (/opt/rustwide/workdir)
[INFO] [stderr]     Finished `release` profile [optimized] target(s) in 2.52s
[INFO] running `Command { std: "docker" "inspect" "d46f5def5e11bea1dc3ddec3dcad57c9e71def3e043205834b6b07e9f1d55e2c", kill_on_drop: false }`
[INFO] running `Command { std: "docker" "exec" "-e" "SOURCE_DIR=/opt/rustwide/workdir" "-e" "CARGO_HOME=/opt/rustwide/cargo-home" "-e" "RUSTUP_HOME=/opt/rustwide/rustup-home" "-e" "CARGO_TARGET_DIR=/opt/rustwide/target" "-e" "CARGO_INCREMENTAL=0" "-e" "RUST_BACKTRACE=full" "-e" "RUSTFLAGS=--cap-lints=warn" "-e" "RUSTDOCFLAGS=--cap-lints=warn" "-w" "/opt/rustwide/workdir" "--user" "0:0" "d46f5def5e11bea1dc3ddec3dcad57c9e71def3e043205834b6b07e9f1d55e2c" "/opt/rustwide/cargo-home/bin/cargo" "+1.99.0-beta.8" "test" "--frozen" "--release", kill_on_drop: false }`
[INFO] [stderr]     Finished `release` profile [optimized] target(s) in 0.27s
[INFO] [stderr]      Running unittests src/lib.rs (/opt/rustwide/target/release/deps/ic_mple_pocket_ic-796512305ddfbd08)
[INFO] [stdout] 
[INFO] [stdout] running 1 test
[INFO] [stderr] error: test failed, to rerun pass `--lib`
[INFO] [stdout] test should_initialize_pocket_ic ... FAILED
[INFO] [stdout] 
[INFO] [stdout] failures:
[INFO] [stdout] 
[INFO] [stdout] ---- should_initialize_pocket_ic stdout ----
[INFO] [stdout] [src/lib.rs:39:40] check_default_pocket_ic_binary_exist() = None
[INFO] [stdout] 
[INFO] [stdout] thread 'should_initialize_pocket_ic' (4325) panicked at src/lib.rs:120:14:
[INFO] [stdout] called `Result::unwrap()` on an `Err` value: reqwest::Error { kind: Request, url: "https://github.com/dfinity/pocketic/releases/download/15.0.0/pocket-ic-x86_64-linux.gz", source: hyper_util::client::legacy::Error(Connect, ConnectError("dns error", NoConnections)) }
[INFO] [stdout] stack backtrace:
[INFO] [stdout]    0:     0x572a4ad7e931 - <<std[70759c8f55707aa4]::sys::backtrace::BacktraceLock>::print::DisplayBacktrace as core[df12db4294e9bfd3]::fmt::Display>::fmt
[INFO] [stdout]    1:     0x572a4ad95d7a - core[df12db4294e9bfd3]::fmt::write
[INFO] [stdout]    2:     0x572a4ad838ec - <alloc[2182bb758b4b3781]::vec::Vec<u8> as core[df12db4294e9bfd3]::io::write::Write>::write_fmt
[INFO] [stdout]    3:     0x572a4ad57566 - std[70759c8f55707aa4]::panicking::default_hook::{closure#0}
[INFO] [stdout]    4:     0x572a4ad751d9 - std[70759c8f55707aa4]::panicking::default_hook
[INFO] [stdout]    5:     0x572a4a9c0990 - test[9d35eded1c95d3be]::test_main_inner::<test[9d35eded1c95d3be]::test_main_static::{closure#0}>::{closure#0}
[INFO] [stdout]    6:     0x572a4ad75502 - std[70759c8f55707aa4]::panicking::panic_with_hook
[INFO] [stdout]    7:     0x572a4ad57612 - std[70759c8f55707aa4]::panicking::panic_handler::{closure#0}
[INFO] [stdout]    8:     0x572a4ad4fdd9 - std[70759c8f55707aa4]::sys::backtrace::__rust_end_short_backtrace::<std[70759c8f55707aa4]::panicking::panic_handler::{closure#0}, !>
[INFO] [stdout]    9:     0x572a4ad5855d - __rustc[8fa7c3cbc660c2b3]::rust_begin_unwind
[INFO] [stdout]   10:     0x572a4ad964dc - core[df12db4294e9bfd3]::panicking::panic_fmt
[INFO] [stdout]   11:     0x572a4ad962b2 - core[df12db4294e9bfd3]::result::unwrap_failed
[INFO] [stdout]   12:     0x572a4a80fedf - ic_mple_pocket_ic[a982939416aba8f6]::should_initialize_pocket_ic::{closure#0}
[INFO] [stdout]   13:     0x572a4a811be3 - <tokio[baf7af12ccea1e5c]::runtime::scheduler::current_thread::Context>::enter::<core[df12db4294e9bfd3]::task::poll::Poll<()>, <tokio[baf7af12ccea1e5c]::runtime::scheduler::current_thread::CoreGuard>::block_on<core[df12db4294e9bfd3]::pin::Pin<&mut core[df12db4294e9bfd3]::pin::Pin<&mut dyn core[df12db4294e9bfd3]::future::future::Future<Output = ()>>>>::{closure#0}::{closure#0}>
[INFO] [stdout]   14:     0x572a4a813b4c - <tokio[baf7af12ccea1e5c]::runtime::context::scoped::Scoped<tokio[baf7af12ccea1e5c]::runtime::scheduler::Context>>::set::<<tokio[baf7af12ccea1e5c]::runtime::scheduler::current_thread::CoreGuard>::enter<<tokio[baf7af12ccea1e5c]::runtime::scheduler::current_thread::CoreGuard>::block_on<core[df12db4294e9bfd3]::pin::Pin<&mut core[df12db4294e9bfd3]::pin::Pin<&mut dyn core[df12db4294e9bfd3]::future::future::Future<Output = ()>>>>::{closure#0}, core[df12db4294e9bfd3]::option::Option<()>>::{closure#0}, (alloc[2182bb758b4b3781]::boxed::Box<tokio[baf7af12ccea1e5c]::runtime::scheduler::current_thread::Core>, core[df12db4294e9bfd3]::option::Option<()>)>
[INFO] [stdout]   15:     0x572a4a8118d0 - <tokio[baf7af12ccea1e5c]::runtime::scheduler::current_thread::CurrentThread>::block_on::<core[df12db4294e9bfd3]::pin::Pin<&mut dyn core[df12db4294e9bfd3]::future::future::Future<Output = ()>>>
[INFO] [stdout]   16:     0x572a4a818462 - <tokio[baf7af12ccea1e5c]::runtime::runtime::Runtime>::block_on::<core[df12db4294e9bfd3]::pin::Pin<&mut dyn core[df12db4294e9bfd3]::future::future::Future<Output = ()>>>
[INFO] [stdout]   17:     0x572a4a8109ce - <ic_mple_pocket_ic[a982939416aba8f6]::should_initialize_pocket_ic::{closure#0} as core[df12db4294e9bfd3]::ops::function::FnOnce<()>>::call_once
[INFO] [stdout]   18:     0x572a4a9b3c7b - test[9d35eded1c95d3be]::__rust_begin_short_backtrace::<core[df12db4294e9bfd3]::result::Result<(), alloc[2182bb758b4b3781]::string::String>, fn() -> core[df12db4294e9bfd3]::result::Result<(), alloc[2182bb758b4b3781]::string::String>>
[INFO] [stdout]   19:     0x572a4a9c12e5 - test[9d35eded1c95d3be]::run_test::{closure#0}
[INFO] [stdout]   20:     0x572a4a9baba4 - std[70759c8f55707aa4]::sys::backtrace::__rust_begin_short_backtrace::<test[9d35eded1c95d3be]::run_test::{closure#1}, ()>
[INFO] [stdout]   21:     0x572a4a9c4442 - <std[70759c8f55707aa4]::thread::lifecycle::spawn_unchecked<test[9d35eded1c95d3be]::run_test::{closure#1}, ()>::{closure#1} as core[df12db4294e9bfd3]::ops::function::FnOnce<()>>::call_once::{shim:vtable#0}
[INFO] [stdout]   22:     0x572a4ad7d949 - <std[70759c8f55707aa4]::sys::thread::unix::Thread>::new::thread_start
[INFO] [stdout]   23:     0x7b5952442dfa - <unknown>
[INFO] [stdout]   24:     0x7b59524d63d4 - clone
[INFO] [stdout]   25:                0x0 - <unknown>
[INFO] [stdout] 
[INFO] [stdout] 
[INFO] [stdout] failures:
[INFO] [stdout]     should_initialize_pocket_ic
[INFO] [stdout] 
[INFO] [stdout] test result: FAILED. 0 passed; 1 failed; 0 ignored; 0 measured; 0 filtered out; finished in 0.10s
[INFO] [stdout] 
[INFO] running `Command { std: "docker" "inspect" "d46f5def5e11bea1dc3ddec3dcad57c9e71def3e043205834b6b07e9f1d55e2c", kill_on_drop: false }`
[INFO] running `Command { std: "docker" "rm" "-f" "d46f5def5e11bea1dc3ddec3dcad57c9e71def3e043205834b6b07e9f1d55e2c", kill_on_drop: false }`
[INFO] [stdout] d46f5def5e11bea1dc3ddec3dcad57c9e71def3e043205834b6b07e9f1d55e2c
