[INFO] fetching crate ic-ontology 0.3.0...
[INFO] testing ic-ontology-0.3.0 against 1.100.0-beta.1+cargoflags=--release for beta-release-1.100-2
[INFO] extracting crate ic-ontology 0.3.0 into /workspace/builds/worker-1-tc2/source
[INFO] started tweaking crates.io crate ic-ontology 0.3.0
[INFO] finished tweaking crates.io crate ic-ontology 0.3.0
[INFO] tweaked toml for crates.io crate ic-ontology 0.3.0 written to /workspace/builds/worker-1-tc2/source/Cargo.toml
[INFO] validating manifest of crates.io crate ic-ontology 0.3.0 on toolchain 1.100.0-beta.1
[INFO] running `Command { std: CARGO_HOME="/workspace/cargo-home" RUSTUP_HOME="/workspace/rustup-home" "/workspace/cargo-home/bin/cargo" "+1.100.0-beta.1" "metadata" "--manifest-path" "Cargo.toml" "--no-deps", kill_on_drop: false }`
[INFO] crate crates.io crate ic-ontology 0.3.0 already has a lockfile, it will not be regenerated
[INFO] running `Command { std: CARGO_HOME="/workspace/cargo-home" RUSTUP_HOME="/workspace/rustup-home" "/workspace/cargo-home/bin/cargo" "+1.100.0-beta.1" "fetch" "--manifest-path" "Cargo.toml", kill_on_drop: false }`
[INFO] running `Command { std: "docker" "create" "-v" "/var/lib/crater-agent-workspace/builds/worker-1-tc2/source:/opt/rustwide/workdir:ro,Z" "-v" "/var/lib/crater-agent-workspace/builds/worker-1-tc2/target:/opt/rustwide/target:rw,Z" "-v" "/var/lib/crater-agent-workspace/cargo-home:/opt/rustwide/cargo-home:ro,Z" "-v" "/var/lib/crater-agent-workspace/rustup-home:/opt/rustwide/rustup-home:ro,Z" "-m" "1610612736" "--network" "none" "ghcr.io/rust-lang/crates-build-env/linux@sha256:77db811e55d90add9212f6832c23229e3de5f1c1f9905e8cb07319ea15df73ac" "sleep" "infinity", kill_on_drop: false }`
[INFO] [stdout] 144c4c12d7c4a5f6ffe18d767add8dbfe037973d69439ec953a4c5589cf53cac
[INFO] running `Command { std: "docker" "start" "144c4c12d7c4a5f6ffe18d767add8dbfe037973d69439ec953a4c5589cf53cac", kill_on_drop: false }`
[INFO] running `Command { std: "docker" "inspect" "144c4c12d7c4a5f6ffe18d767add8dbfe037973d69439ec953a4c5589cf53cac", kill_on_drop: false }`
[INFO] running `Command { std: "docker" "exec" "-e" "SOURCE_DIR=/opt/rustwide/workdir" "-e" "CARGO_HOME=/opt/rustwide/cargo-home" "-e" "RUSTUP_HOME=/opt/rustwide/rustup-home" "-e" "CARGO_TARGET_DIR=/opt/rustwide/target" "-w" "/opt/rustwide/workdir" "--user" "0:0" "144c4c12d7c4a5f6ffe18d767add8dbfe037973d69439ec953a4c5589cf53cac" "/opt/rustwide/cargo-home/bin/cargo" "+1.100.0-beta.1" "metadata" "--no-deps" "--format-version=1", kill_on_drop: false }`
[INFO] running `Command { std: "docker" "inspect" "144c4c12d7c4a5f6ffe18d767add8dbfe037973d69439ec953a4c5589cf53cac", kill_on_drop: false }`
[INFO] running `Command { std: "docker" "exec" "-e" "SOURCE_DIR=/opt/rustwide/workdir" "-e" "CARGO_HOME=/opt/rustwide/cargo-home" "-e" "RUSTUP_HOME=/opt/rustwide/rustup-home" "-e" "CARGO_TARGET_DIR=/opt/rustwide/target" "-e" "CARGO_INCREMENTAL=0" "-e" "RUST_BACKTRACE=full" "-e" "RUSTFLAGS=--cap-lints=warn" "-e" "RUSTDOCFLAGS=--cap-lints=warn" "-w" "/opt/rustwide/workdir" "--user" "0:0" "144c4c12d7c4a5f6ffe18d767add8dbfe037973d69439ec953a4c5589cf53cac" "/opt/rustwide/cargo-home/bin/cargo" "+1.100.0-beta.1" "build" "--frozen" "--message-format=json" "--release", kill_on_drop: false }`
[INFO] [stderr]    Compiling ic-core v0.3.0
[INFO] [stderr]    Compiling ic-ontology v0.3.0 (/opt/rustwide/workdir)
[INFO] [stderr]     Finished `release` profile [optimized] target(s) in 2.57s
[INFO] running `Command { std: "docker" "inspect" "144c4c12d7c4a5f6ffe18d767add8dbfe037973d69439ec953a4c5589cf53cac", kill_on_drop: false }`
[INFO] running `Command { std: "docker" "exec" "-e" "SOURCE_DIR=/opt/rustwide/workdir" "-e" "CARGO_HOME=/opt/rustwide/cargo-home" "-e" "RUSTUP_HOME=/opt/rustwide/rustup-home" "-e" "CARGO_TARGET_DIR=/opt/rustwide/target" "-e" "CARGO_INCREMENTAL=0" "-e" "RUST_BACKTRACE=full" "-e" "RUSTFLAGS=--cap-lints=warn" "-e" "RUSTDOCFLAGS=--cap-lints=warn" "-w" "/opt/rustwide/workdir" "--user" "0:0" "144c4c12d7c4a5f6ffe18d767add8dbfe037973d69439ec953a4c5589cf53cac" "/opt/rustwide/cargo-home/bin/cargo" "+1.100.0-beta.1" "test" "--frozen" "--no-run" "--message-format=json" "--release", kill_on_drop: false }`
[INFO] [stderr]    Compiling ic-ontology v0.3.0 (/opt/rustwide/workdir)
[INFO] [stderr]     Finished `release` profile [optimized] target(s) in 6.32s
[INFO] running `Command { std: "docker" "inspect" "144c4c12d7c4a5f6ffe18d767add8dbfe037973d69439ec953a4c5589cf53cac", kill_on_drop: false }`
[INFO] running `Command { std: "docker" "exec" "-e" "SOURCE_DIR=/opt/rustwide/workdir" "-e" "CARGO_HOME=/opt/rustwide/cargo-home" "-e" "RUSTUP_HOME=/opt/rustwide/rustup-home" "-e" "CARGO_TARGET_DIR=/opt/rustwide/target" "-e" "CARGO_INCREMENTAL=0" "-e" "RUST_BACKTRACE=full" "-e" "RUSTFLAGS=--cap-lints=warn" "-e" "RUSTDOCFLAGS=--cap-lints=warn" "-w" "/opt/rustwide/workdir" "--user" "0:0" "144c4c12d7c4a5f6ffe18d767add8dbfe037973d69439ec953a4c5589cf53cac" "/opt/rustwide/cargo-home/bin/cargo" "+1.100.0-beta.1" "test" "--frozen" "--release", kill_on_drop: false }`
[INFO] [stderr]     Finished `release` profile [optimized] target(s) in 0.02s
[INFO] [stderr]      Running unittests src/lib.rs (/opt/rustwide/target/release/build/ic-ontology/9011bd96d26d7b0a/out/ic_ontology-9011bd96d26d7b0a)
[INFO] [stdout] 
[INFO] [stdout] running 93 tests
[INFO] [stdout] test errors::tests::what_is_retryable_is_what_may_pass_next_time ... ok
[INFO] [stdout] test export::tests::escaping_handles_the_characters_that_break_json ... ok
[INFO] [stdout] test errors::tests::catalog_is_complete_and_unique ... ok
[INFO] [stdout] test export::tests::identifiers_survive_both_serializations_intact ... ok
[INFO] [stdout] test errors::tests::every_error_kind_is_documented ... ok
[INFO] [stdout] test errors::tests::authentication_failure_is_not_retryable_or_correctable ... ok
[INFO] [stdout] test export::tests::markdown_lists_every_entry ... ok
[INFO] [stdout] test export::tests::json_export_is_well_formed ... ok
[INFO] [stdout] test export::tests::json_ld_export_is_well_formed_and_typed ... ok
[INFO] [stdout] test export::tests::schema_enumerates_every_vocabulary_term ... ok
[INFO] [stdout] test export::tests::json_schema_is_well_formed ... ok
[INFO] [stdout] test frameworks::tests::identifiers_are_unique_and_described ... ok
[INFO] [stdout] test export::tests::turtle_export_declares_every_entry ... ok
[INFO] [stdout] test export::tests::multiline_examples_do_not_break_the_json ... ok
[INFO] [stdout] test frameworks::tests::nothing_here_claims_validation ... ok
[INFO] [stdout] test frameworks::tests::algorithm_scoping_includes_library_wide_controls ... ok
[INFO] [stdout] test frameworks::tests::evidence_points_at_real_files ... FAILED
[INFO] [stdout] test frameworks::tests::the_fips_validation_practice_is_unmet_and_says_why ... ok
[INFO] [stdout] test frameworks::tests::prose_has_no_embedded_whitespace_runs ... ok
[INFO] [stdout] test frameworks::tests::references_resolve ... ok
[INFO] [stdout] test frameworks::tests::the_sp_800_53_validation_controls_are_unmet ... ok
[INFO] [stdout] test profile::tests::choose_answers_from_the_suite_or_not_at_all ... ok
[INFO] [stdout] test profile::tests::every_member_is_a_registry_entry_and_approved ... ok
[INFO] [stdout] test profile::tests::the_profile_does_not_claim_fitness ... ok
[INFO] [stdout] test query::tests::authenticated_encryption_query_finds_the_aeads ... ok
[INFO] [stdout] test query::tests::availability_filter_excludes_what_is_not_implemented ... ok
[INFO] [stdout] test frameworks::tests::every_framework_is_covered ... ok
[INFO] [stdout] test query::tests::lookup_handles_ids_names_and_aliases ... ok
[INFO] [stdout] test frameworks::tests::the_cve_posture_is_not_an_assurance ... ok
[INFO] [stdout] test profile::tests::cnsa_2_0_permits_what_it_names_and_nothing_classical ... ok
[INFO] [stdout] test query::tests::purpose_limit_does_not_silently_drop_filters ... ok
[INFO] [stdout] test query::tests::relations_traverse_both_directions ... ok
[INFO] [stdout] test export::tests::the_two_rdf_exports_agree_on_every_iri ... ok
[INFO] [stdout] test query::tests::strength_filter_is_inclusive_at_the_boundary ... ok
[INFO] [stdout] test registry::tests::aeads_all_state_what_nonce_reuse_costs ... ok
[INFO] [stdout] test registry::tests::available_entries_name_a_rust_path_and_example ... ok
[INFO] [stdout] test registry::tests::cipher_modes_state_their_integrity ... ok
[INFO] [stdout] test query::tests::empty_query_matches_everything ... ok
[INFO] [stdout] test registry::tests::every_entry_has_a_summary_and_purpose ... ok
[INFO] [stdout] test query::tests::family_filter_groups_related_entries ... ok
[INFO] [stdout] test query::tests::fips_filter_excludes_unapproved_algorithms ... ok
[INFO] [stdout] test registry::tests::identifiers_are_unique_and_sorted_within_classes ... ok
[INFO] [stdout] test registry::tests::experimental_entries_name_their_code_and_their_caveat ... ok
[INFO] [stdout] test registry::tests::the_worst_constraint_is_the_worst_one ... ok
[INFO] [stdout] test query::tests::quantum_filter_removes_classical_asymmetric_schemes ... ok
[INFO] [stdout] test rules::tests::ids_are_unique_and_every_field_is_filled ... ok
[INFO] [stdout] test registry::tests::broken_algorithms_are_marked_and_not_implemented ... ok
[INFO] [stdout] test registry::tests::registry_covers_every_class ... ok
[INFO] [stdout] test registry::tests::every_edge_points_at_a_known_entry_or_family ... ok
[INFO] [stdout] test registry::tests::unavailable_entries_explain_themselves ... ok
[INFO] [stdout] test select::tests::a_policy_nothing_satisfies_is_declined_not_approximated ... ok
[INFO] [stdout] test runtime::tests::unknown_capability_is_false_not_a_panic ... ok
[INFO] [stdout] test select::tests::a_post_quantum_policy_now_has_answers ... ok
[INFO] [stdout] test select::tests::every_intent_resolves_under_the_default_policy ... ok
[INFO] [stdout] test runtime::tests::implemented_capabilities_report_true ... ok
[INFO] [stdout] test runtime::tests::unimplemented_capabilities_report_false ... ok
[INFO] [stdout] test select::tests::fips_policy_never_substitutes_an_unapproved_scheme ... ok
[INFO] [stdout] test runtime::tests::capabilities_are_unique_and_documented ... ok
[INFO] [stdout] test runtime::tests::capability_notes_read_as_prose ... ok
[INFO] [stdout] test select::tests::default_policy_prefers_curve25519_but_offers_the_approved_option ... ok
[INFO] [stdout] test rules::tests::most_severe_first ... ok
[INFO] [stdout] test runtime::tests::backend_matches_the_cpu ... ok
[INFO] [stdout] test select::tests::no_recommendation_is_weaker_than_the_policy_that_asked_for_it ... ok
[INFO] [stdout] test select::tests::the_detected_policies_only_override_the_hardware_flag ... ok
[INFO] [stdout] test select::tests::without_aes_hardware_chacha_wins ... ok
[INFO] [stdout] test select::tests::symmetric_intents_survive_a_post_quantum_policy ... ok
[INFO] [stdout] test select::tests::password_hashing_tracks_the_policy ... ok
[INFO] [stdout] test select::tests::fips_policy_selects_aes_gcm_over_chacha ... ok
[INFO] [stdout] test select::tests::recommendations_carry_the_constraints_that_matter ... ok
[INFO] [stdout] test standards::tests::documents_are_described ... ok
[INFO] [stdout] test select::tests::with_aes_hardware_the_ranking_flips ... ok
[INFO] [stdout] test standards::tests::every_cited_standard_is_in_the_knowledgebase ... ok
[INFO] [stdout] test standards::tests::every_met_requirement_points_at_code_that_exists ... FAILED
[INFO] [stdout] test standards::tests::every_standard_is_cited_or_marked_as_context ... ok
[INFO] [stdout] test select::tests::recommended_algorithms_are_always_actually_available ... ok
[INFO] [stdout] test select::tests::intent_ids_roundtrip ... ok
[INFO] [stdout] test standards::tests::nothing_available_rests_only_on_a_withdrawn_document ... ok
[INFO] [stdout] test standards::tests::identifiers_are_unique ... ok
[INFO] [stdout] test standards::tests::prose_has_no_embedded_whitespace_runs ... ok
[INFO] [stdout] test tests::every_available_entry_names_a_real_module_path ... ok
[INFO] [stdout] test types::tests::case_insensitive_name_matching ... ok
[INFO] [stdout] test types::tests::approved_mode_policy_is_explicit ... ok
[INFO] [stdout] test standards::tests::locators_follow_the_publisher_scheme ... ok
[INFO] [stdout] test standards::tests::lookup_works_the_way_callers_will_use_it ... ok
[INFO] [stdout] test standards::tests::requirement_targets_resolve ... ok
[INFO] [stdout] test standards::tests::supersession_links_resolve ... ok
[INFO] [stdout] test standards::tests::the_knowledgebase_does_not_claim_validation ... ok
[INFO] [stdout] test types::tests::quantum_strength_models_grover_and_shor ... ok
[INFO] [stdout] test types::tests::class_ids_roundtrip ... ok
[INFO] [stdout] test types::tests::purpose_ids_roundtrip ... ok
[INFO] [stdout] test types::tests::the_variant_lists_are_complete ... ok
[INFO] [stdout] test types::tests::severity_orders_critical_first ... ok
[INFO] [stdout] test types::tests::severity_is_ordered_worst_first ... ok
[INFO] [stdout] 
[INFO] [stdout] failures:
[INFO] [stdout] 
[INFO] [stdout] ---- frameworks::tests::evidence_points_at_real_files stdout ----
[INFO] [stdout] 
[INFO] [stdout] thread 'frameworks::tests::evidence_points_at_real_files' (195) panicked at src/frameworks.rs:691:9:
[INFO] [stdout] could not find the workspace root
[INFO] [stdout] stack backtrace:
[INFO] [stdout]    0:     0x5e032a1b1b31 - <<std[617be2ca0a6fd877]::sys::backtrace::BacktraceLock>::print::DisplayBacktrace as core[a373ad73a504971]::fmt::Display>::fmt
[INFO] [stdout]    1:     0x5e032a1c650a - core[a373ad73a504971]::fmt::write
[INFO] [stdout]    2:     0x5e032a1b5d4c - <alloc[2e1b2a31b91974c5]::vec::Vec<u8> as core[a373ad73a504971]::io::write::Write>::write_fmt
[INFO] [stdout]    3:     0x5e032a18d986 - std[617be2ca0a6fd877]::panicking::default_hook::{closure#0}
[INFO] [stdout]    4:     0x5e032a1a9e69 - std[617be2ca0a6fd877]::panicking::default_hook
[INFO] [stdout]    5:     0x5e032a145d10 - test[aada8e7e76ba119b]::test_main_inner::{closure#0}
[INFO] [stdout]    6:     0x5e032a1aa022 - std[617be2ca0a6fd877]::panicking::panic_with_hook
[INFO] [stdout]    7:     0x5e032a18da64 - std[617be2ca0a6fd877]::panicking::panic_handler::{closure#0}
[INFO] [stdout]    8:     0x5e032a1865b9 - std[617be2ca0a6fd877]::sys::backtrace::__rust_end_short_backtrace::<std[617be2ca0a6fd877]::panicking::panic_handler::{closure#0}, !>
[INFO] [stdout]    9:     0x5e032a18e63d - __rustc[ea4f61d10b84890b]::rust_begin_unwind
[INFO] [stdout]   10:     0x5e032a1c6c3c - core[a373ad73a504971]::panicking::panic_fmt
[INFO] [stdout]   11:     0x5e032a12772b - <ic_ontology[26c8eb922b963c96]::frameworks::tests::evidence_points_at_real_files::{closure#0} as core[a373ad73a504971]::ops::function::FnOnce<()>>::call_once
[INFO] [stdout]   12:     0x5e032a13915b - test[aada8e7e76ba119b]::__rust_begin_short_backtrace::<core[a373ad73a504971]::result::Result<(), alloc[2e1b2a31b91974c5]::string::String>, fn() -> core[a373ad73a504971]::result::Result<(), alloc[2e1b2a31b91974c5]::string::String>>
[INFO] [stdout]   13:     0x5e032a146335 - test[aada8e7e76ba119b]::run_test::{closure#0}
[INFO] [stdout]   14:     0x5e032a13fc24 - std[617be2ca0a6fd877]::sys::backtrace::__rust_begin_short_backtrace::<test[aada8e7e76ba119b]::run_test::{closure#1}, ()>
[INFO] [stdout]   15:     0x5e032a1493c2 - <std[617be2ca0a6fd877]::thread::lifecycle::spawn_unchecked<test[aada8e7e76ba119b]::run_test::{closure#1}, ()>::{closure#1} as core[a373ad73a504971]::ops::function::FnOnce<()>>::call_once::{shim:vtable#0}
[INFO] [stdout]   16:     0x5e032a1b102f - <std[617be2ca0a6fd877]::sys::thread::unix::Thread>::new::thread_start
[INFO] [stdout]   17:     0x7e59e917fdfa - <unknown>
[INFO] [stdout]   18:     0x7e59e92133d4 - clone
[INFO] [stdout]   19:                0x0 - <unknown>
[INFO] [stdout] 
[INFO] [stdout] ---- standards::tests::every_met_requirement_points_at_code_that_exists stdout ----
[INFO] [stdout] 
[INFO] [stdout] thread 'standards::tests::every_met_requirement_points_at_code_that_exists' (253) panicked at src/standards.rs:1476:9:
[INFO] [stdout] could not find the workspace root
[INFO] [stdout] stack backtrace:
[INFO] [stdout]    0:     0x5e032a1b1b31 - <<std[617be2ca0a6fd877]::sys::backtrace::BacktraceLock>::print::DisplayBacktrace as core[a373ad73a504971]::fmt::Display>::fmt
[INFO] [stdout]    1:     0x5e032a1c650a - core[a373ad73a504971]::fmt::write
[INFO] [stdout]    2:     0x5e032a1b5d4c - <alloc[2e1b2a31b91974c5]::vec::Vec<u8> as core[a373ad73a504971]::io::write::Write>::write_fmt
[INFO] [stdout]    3:     0x5e032a18d986 - std[617be2ca0a6fd877]::panicking::default_hook::{closure#0}
[INFO] [stdout]    4:     0x5e032a1a9e69 - std[617be2ca0a6fd877]::panicking::default_hook
[INFO] [stdout]    5:     0x5e032a145d10 - test[aada8e7e76ba119b]::test_main_inner::{closure#0}
[INFO] [stdout]    6:     0x5e032a1aa022 - std[617be2ca0a6fd877]::panicking::panic_with_hook
[INFO] [stdout]    7:     0x5e032a18da64 - std[617be2ca0a6fd877]::panicking::panic_handler::{closure#0}
[INFO] [stdout]    8:     0x5e032a1865b9 - std[617be2ca0a6fd877]::sys::backtrace::__rust_end_short_backtrace::<std[617be2ca0a6fd877]::panicking::panic_handler::{closure#0}, !>
[INFO] [stdout]    9:     0x5e032a18e63d - __rustc[ea4f61d10b84890b]::rust_begin_unwind
[INFO] [stdout]   10:     0x5e032a1c6c3c - core[a373ad73a504971]::panicking::panic_fmt
[INFO] [stdout]   11:     0x5e032a11fc4d - <ic_ontology[26c8eb922b963c96]::standards::tests::every_met_requirement_points_at_code_that_exists::{closure#0} as core[a373ad73a504971]::ops::function::FnOnce<()>>::call_once
[INFO] [stdout]   12:     0x5e032a13915b - test[aada8e7e76ba119b]::__rust_begin_short_backtrace::<core[a373ad73a504971]::result::Result<(), alloc[2e1b2a31b91974c5]::string::String>, fn() -> core[a373ad73a504971]::result::Result<(), alloc[2e1b2a31b91974c5]::string::String>>
[INFO] [stdout]   13:     0x5e032a146335 - test[aada8e7e76ba119b]::run_test::{closure#0}
[INFO] [stdout]   14:     0x5e032a13fc24 - std[617be2ca0a6fd877]::sys::backtrace::__rust_begin_short_backtrace::<test[aada8e7e76ba119b]::run_test::{closure#1}, ()>
[INFO] [stdout]   15:     0x5e032a1493c2 - <std[617be2ca0a6fd877]::thread::lifecycle::spawn_unchecked<test[aada8e7e76ba119b]::run_test::{closure#1}, ()>::{closure#1} as core[a373ad73a504971]::ops::function::FnOnce<()>>::call_once::{shim:vtable#0}
[INFO] [stdout]   16:     0x5e032a1b102f - <std[617be2ca0a6fd877]::sys::thread::unix::Thread>::new::thread_start
[INFO] [stdout]   17:     0x7e59e917fdfa - <unknown>
[INFO] [stdout]   18:     0x7e59e92133d4 - clone
[INFO] [stdout]   19:                0x0 - <unknown>
[INFO] [stdout] 
[INFO] [stdout] 
[INFO] [stdout] failures:
[INFO] [stdout]     frameworks::tests::evidence_points_at_real_files
[INFO] [stdout]     standards::tests::every_met_requirement_points_at_code_that_exists
[INFO] [stdout] 
[INFO] [stdout] test result: FAILED. 91 passed; 2 failed; 0 ignored; 0 measured; 0 filtered out; finished in 0.04s
[INFO] [stdout] 
[INFO] [stderr] error: test failed, to rerun pass `--lib`
[INFO] running `Command { std: "docker" "inspect" "144c4c12d7c4a5f6ffe18d767add8dbfe037973d69439ec953a4c5589cf53cac", kill_on_drop: false }`
[INFO] running `Command { std: "docker" "rm" "-f" "144c4c12d7c4a5f6ffe18d767add8dbfe037973d69439ec953a4c5589cf53cac", kill_on_drop: false }`
[INFO] [stdout] 144c4c12d7c4a5f6ffe18d767add8dbfe037973d69439ec953a4c5589cf53cac
