[INFO] fetching crate ic-cli 0.3.0...
[INFO] testing ic-cli-0.3.0 against 1.99.0-beta.8+cargoflags=--release for beta-release-1.100-2
[INFO] extracting crate ic-cli 0.3.0 into /workspace/builds/worker-3-tc1/source
[INFO] started tweaking crates.io crate ic-cli 0.3.0
[INFO] finished tweaking crates.io crate ic-cli 0.3.0
[INFO] tweaked toml for crates.io crate ic-cli 0.3.0 written to /workspace/builds/worker-3-tc1/source/Cargo.toml
[INFO] validating manifest of crates.io crate ic-cli 0.3.0 on toolchain 1.99.0-beta.8
[INFO] running `Command { std: CARGO_HOME="/workspace/cargo-home" RUSTUP_HOME="/workspace/rustup-home" "/workspace/cargo-home/bin/cargo" "+1.99.0-beta.8" "metadata" "--manifest-path" "Cargo.toml" "--no-deps", kill_on_drop: false }`
[INFO] crate crates.io crate ic-cli 0.3.0 already has a lockfile, it will not be regenerated
[INFO] running `Command { std: CARGO_HOME="/workspace/cargo-home" RUSTUP_HOME="/workspace/rustup-home" "/workspace/cargo-home/bin/cargo" "+1.99.0-beta.8" "fetch" "--manifest-path" "Cargo.toml", kill_on_drop: false }`
[INFO] [stderr]     Blocking waiting for file lock on package cache
[INFO] [stderr]     Updating crates.io index
[INFO] [stderr]     Blocking waiting for file lock on package cache
[INFO] [stderr]  Downloading crates ...
[INFO] [stderr]   Downloaded ic-mac v0.3.0
[INFO] [stderr]   Downloaded ic-core v0.3.0
[INFO] [stderr]   Downloaded ic-json v0.3.0
[INFO] [stderr]   Downloaded ic-hash v0.3.0
[INFO] [stderr]   Downloaded ic-lms v0.3.0
[INFO] [stderr]   Downloaded ic-slhdsa v0.3.0
[INFO] [stderr]   Downloaded ic-drbg v0.3.0
[INFO] [stderr]   Downloaded ic-hpke v0.3.0
[INFO] [stderr]   Downloaded ic-sig v0.3.0
[INFO] [stderr]   Downloaded ic-fips v0.3.0
[INFO] [stderr]   Downloaded ic-mldsa v0.3.0
[INFO] [stderr]   Downloaded ic-kdf v0.3.0
[INFO] [stderr]   Downloaded ic-rsa v0.3.0
[INFO] [stderr]   Downloaded ic-mlkem v0.3.0
[INFO] [stderr]   Downloaded ic-pkix v0.3.0
[INFO] [stderr]   Downloaded ic-ontology v0.3.0
[INFO] [stderr]   Downloaded ironcrypto v0.3.0
[INFO] [stderr]   Downloaded ic-cipher v0.3.0
[INFO] [stderr]   Downloaded ic-ec v0.3.0
[INFO] running `Command { std: "docker" "create" "-v" "/var/lib/crater-agent-workspace/builds/worker-3-tc1/source:/opt/rustwide/workdir:ro,Z" "-v" "/var/lib/crater-agent-workspace/builds/worker-3-tc1/target:/opt/rustwide/target:rw,Z" "-v" "/var/lib/crater-agent-workspace/cargo-home:/opt/rustwide/cargo-home:ro,Z" "-v" "/var/lib/crater-agent-workspace/rustup-home:/opt/rustwide/rustup-home:ro,Z" "-m" "1610612736" "--network" "none" "ghcr.io/rust-lang/crates-build-env/linux@sha256:77db811e55d90add9212f6832c23229e3de5f1c1f9905e8cb07319ea15df73ac" "sleep" "infinity", kill_on_drop: false }`
[INFO] [stdout] 04537cafb85ea496515b449c5ccd68c227a0e60702aa3b59d3342367247d7b22
[INFO] running `Command { std: "docker" "start" "04537cafb85ea496515b449c5ccd68c227a0e60702aa3b59d3342367247d7b22", kill_on_drop: false }`
[INFO] running `Command { std: "docker" "inspect" "04537cafb85ea496515b449c5ccd68c227a0e60702aa3b59d3342367247d7b22", kill_on_drop: false }`
[INFO] running `Command { std: "docker" "exec" "-e" "SOURCE_DIR=/opt/rustwide/workdir" "-e" "CARGO_HOME=/opt/rustwide/cargo-home" "-e" "RUSTUP_HOME=/opt/rustwide/rustup-home" "-e" "CARGO_TARGET_DIR=/opt/rustwide/target" "-w" "/opt/rustwide/workdir" "--user" "0:0" "04537cafb85ea496515b449c5ccd68c227a0e60702aa3b59d3342367247d7b22" "/opt/rustwide/cargo-home/bin/cargo" "+1.99.0-beta.8" "metadata" "--no-deps" "--format-version=1", kill_on_drop: false }`
[INFO] running `Command { std: "docker" "inspect" "04537cafb85ea496515b449c5ccd68c227a0e60702aa3b59d3342367247d7b22", kill_on_drop: false }`
[INFO] running `Command { std: "docker" "exec" "-e" "SOURCE_DIR=/opt/rustwide/workdir" "-e" "CARGO_HOME=/opt/rustwide/cargo-home" "-e" "RUSTUP_HOME=/opt/rustwide/rustup-home" "-e" "CARGO_TARGET_DIR=/opt/rustwide/target" "-e" "CARGO_INCREMENTAL=0" "-e" "RUST_BACKTRACE=full" "-e" "RUSTFLAGS=--cap-lints=warn" "-e" "RUSTDOCFLAGS=--cap-lints=warn" "-w" "/opt/rustwide/workdir" "--user" "0:0" "04537cafb85ea496515b449c5ccd68c227a0e60702aa3b59d3342367247d7b22" "/opt/rustwide/cargo-home/bin/cargo" "+1.99.0-beta.8" "build" "--frozen" "--message-format=json" "--release", kill_on_drop: false }`
[INFO] [stderr]    Compiling ic-core v0.3.0
[INFO] [stderr]    Compiling ic-json v0.3.0
[INFO] [stderr]    Compiling ic-hash v0.3.0
[INFO] [stderr]    Compiling ic-cipher v0.3.0
[INFO] [stderr]    Compiling ic-pkix v0.3.0
[INFO] [stderr]    Compiling ic-ontology v0.3.0
[INFO] [stderr]    Compiling ic-lms v0.3.0
[INFO] [stderr]    Compiling ic-rsa v0.3.0
[INFO] [stderr]    Compiling ic-mldsa v0.3.0
[INFO] [stderr]    Compiling ic-mlkem v0.3.0
[INFO] [stderr]    Compiling ic-mac v0.3.0
[INFO] [stderr]    Compiling ic-ec v0.3.0
[INFO] [stderr]    Compiling ic-slhdsa v0.3.0
[INFO] [stderr]    Compiling ic-kdf v0.3.0
[INFO] [stderr]    Compiling ic-drbg v0.3.0
[INFO] [stderr]    Compiling ic-hpke v0.3.0
[INFO] [stderr]    Compiling ic-sig v0.3.0
[INFO] [stderr]    Compiling ic-fips v0.3.0
[INFO] [stderr]    Compiling ironcrypto v0.3.0
[INFO] [stderr]    Compiling ic-cli v0.3.0 (/opt/rustwide/workdir)
[INFO] [stderr]     Finished `release` profile [optimized] target(s) in 28.79s
[INFO] running `Command { std: "docker" "inspect" "04537cafb85ea496515b449c5ccd68c227a0e60702aa3b59d3342367247d7b22", kill_on_drop: false }`
[INFO] running `Command { std: "docker" "exec" "-e" "SOURCE_DIR=/opt/rustwide/workdir" "-e" "CARGO_HOME=/opt/rustwide/cargo-home" "-e" "RUSTUP_HOME=/opt/rustwide/rustup-home" "-e" "CARGO_TARGET_DIR=/opt/rustwide/target" "-e" "CARGO_INCREMENTAL=0" "-e" "RUST_BACKTRACE=full" "-e" "RUSTFLAGS=--cap-lints=warn" "-e" "RUSTDOCFLAGS=--cap-lints=warn" "-w" "/opt/rustwide/workdir" "--user" "0:0" "04537cafb85ea496515b449c5ccd68c227a0e60702aa3b59d3342367247d7b22" "/opt/rustwide/cargo-home/bin/cargo" "+1.99.0-beta.8" "test" "--frozen" "--no-run" "--message-format=json" "--release", kill_on_drop: false }`
[INFO] [stderr]    Compiling ic-cli v0.3.0 (/opt/rustwide/workdir)
[INFO] [stderr]     Finished `release` profile [optimized] target(s) in 9.08s
[INFO] running `Command { std: "docker" "inspect" "04537cafb85ea496515b449c5ccd68c227a0e60702aa3b59d3342367247d7b22", kill_on_drop: false }`
[INFO] running `Command { std: "docker" "exec" "-e" "SOURCE_DIR=/opt/rustwide/workdir" "-e" "CARGO_HOME=/opt/rustwide/cargo-home" "-e" "RUSTUP_HOME=/opt/rustwide/rustup-home" "-e" "CARGO_TARGET_DIR=/opt/rustwide/target" "-e" "CARGO_INCREMENTAL=0" "-e" "RUST_BACKTRACE=full" "-e" "RUSTFLAGS=--cap-lints=warn" "-e" "RUSTDOCFLAGS=--cap-lints=warn" "-w" "/opt/rustwide/workdir" "--user" "0:0" "04537cafb85ea496515b449c5ccd68c227a0e60702aa3b59d3342367247d7b22" "/opt/rustwide/cargo-home/bin/cargo" "+1.99.0-beta.8" "test" "--frozen" "--release", kill_on_drop: false }`
[INFO] [stderr]     Finished `release` profile [optimized] target(s) in 0.04s
[INFO] [stderr]      Running unittests src/main.rs (/opt/rustwide/target/release/deps/ic-efe8c937f4cad48e)
[INFO] [stdout] 
[INFO] [stdout] running 94 tests
[INFO] [stdout] test lint::tests::correct_code_is_left_alone ... ok
[INFO] [stdout] test lint::tests::each_misuse_is_found ... ok
[INFO] [stdout] test lint::tests::test_code_is_skipped_unless_asked_for ... ok
[INFO] [stdout] test lint::tests::cbc_is_accepted_where_the_file_authenticates ... ok
[INFO] [stdout] test lint::tests::a_line_reports_each_rule_once ... ok
[INFO] [stdout] test lint::tests::the_report_states_its_limits ... ok
[INFO] [stdout] test lint::tests::every_checked_id_is_a_rule_and_findings_name_them ... ok
[INFO] [stdout] test mcp::tests::derive_matches_rfc5869_and_bounds_its_length ... ok
[INFO] [stdout] test mcp::serve_tests::empty_input_terminates ... ok
[INFO] [stdout] test mcp::tests::every_response_is_valid_json ... ok
[INFO] [stdout] test mcp::tests::recommend_tool_declines_rather_than_substituting ... ok
[INFO] [stdout] test mcp::tests::capabilities_tool_denies_validation ... ok
[INFO] [stdout] test mcp::tests::a_nonce_without_protocol_nonce_is_refused ... ok
[INFO] [stdout] test mcp::tests::seal_tool_encrypts_and_authenticates ... ok
[INFO] [stdout] test mcp::tests::ontology_tools_work ... ok
[INFO] [stdout] test mcp::tests::seal_draws_a_nonce_of_the_algorithms_length ... ok
[INFO] [stdout] test mcp::tests::descriptions_read_as_prose ... ok
[INFO] [stdout] test mcp::tests::recommend_tool_returns_a_choice ... ok
[INFO] [stdout] test mcp::tests::initialize_reports_protocol_and_server_info ... ok
[INFO] [stdout] test mcp::tests::lint_tool_reports_findings_with_their_rules_and_limits ... ok
[INFO] [stdout] test mcp::tests::notifications_are_not_answered ... ok
[INFO] [stdout] test mcp::tests::open_inverts_seal_and_refuses_a_bad_tag ... ok
[INFO] [stdout] test mcp::tests::primitive_tools_produce_correct_values ... ok
[INFO] [stdout] test mcp::serve_tests::a_message_within_the_bound_is_served ... ok
[INFO] [stdout] test mcp::tests::response_keys_are_camel_case ... ok
[INFO] [stdout] test mcp::tests::tool_failures_are_reported_in_band ... ok
[INFO] [stdout] test lint::tests::lookalikes_from_real_code_are_left_alone ... ok
[INFO] [stdout] test mcp::tests::the_detail_view_shows_both_directions ... ok
[INFO] [stdout] test ops::key_tests::a_pem_public_key_is_identified ... ok
[INFO] [stdout] test ops::key_tests::a_private_key_is_reported_as_private ... ok
[INFO] [stdout] test mcp::tests::the_standards_tool_returns_obligations_with_evidence ... ok
[INFO] [stdout] test mcp::tests::tools_list_is_complete_and_well_formed ... ok
[INFO] [stdout] test mcp::tests::unknown_methods_and_tools_produce_protocol_errors ... ok
[INFO] [stdout] test mcp::tests::the_controls_tool_surfaces_what_is_not_satisfied ... ok
[INFO] [stdout] test mcp::totality_tests::the_protocol_layer_returns_on_anything ... ok
[INFO] [stdout] test mcp::tests::the_cli_and_this_server_agree ... ok
[INFO] [stdout] test ops::key_tests::a_bare_der_key_is_identified ... ok
[INFO] [stdout] test mcp::tests::the_requirements_tool_reports_totals_and_filters ... ok
[INFO] [stdout] test ops::key_tests::an_rsa_key_reports_its_size_but_not_a_padding ... ok
[INFO] [stdout] test ops::key_tests::rubbish_is_an_error_not_a_guess ... ok
[INFO] [stdout] test ops::tests::list_filters_and_rejects_unknown_vocabulary ... ok
[INFO] [stdout] test ops::tests::random_respects_its_bounds ... ok
[INFO] [stdout] test ops::tests::capabilities_do_not_overclaim ... ok
[INFO] [stdout] test ops::tests::digest_matches_the_library ... ok
[INFO] [stdout] test ops::key_tests::inspecting_a_private_key_reveals_nothing_secret ... ok
[INFO] [stdout] test ops::key_tests::unknown_algorithms_report_a_dotted_oid ... ok
[INFO] [stdout] test ops::tests::recommend_json_reports_availability_honestly ... ok
[INFO] [stdout] test ops::tests::seal_produces_a_ciphertext_and_tag ... ok
[INFO] [stdout] test sbom::tests::ci_and_the_local_gate_run_the_same_checks ... FAILED
[INFO] [stdout] test sbom::tests::no_crate_documents_a_status_the_ontology_contradicts ... FAILED
[INFO] [stdout] test ops::tests::the_controls_export_has_the_shape_its_schema_names ... ok
[INFO] [stdout] test sbom::tests::every_std_feature_reaches_every_dependency_that_has_one ... FAILED
[INFO] [stdout] test ops::tests::error_catalog_is_exported ... ok
[INFO] [stdout] test ops::tests::hmac_matches_the_library ... ok
[INFO] [stdout] test ops::key_tests::modulus_bits_counts_from_the_top_set_bit ... ok
[INFO] [stdout] test sbom::tests::components_are_complete ... ok
[INFO] [stdout] test sbom::tests::every_crate_publishes_together ... FAILED
[INFO] [stdout] test tests::a_flag_is_not_mistaken_for_an_option_value ... ok
[INFO] [stdout] test tests::capabilities_is_honest_in_both_shapes ... ok
[INFO] [stdout] test tests::documented_output_is_what_the_commands_print ... FAILED
[INFO] [stdout] test sbom::tests::the_document_carries_its_own_caveats ... ok
[INFO] [stdout] test tests::errors_command_lists_the_vocabulary ... ok
[INFO] [stdout] test sbom::tests::the_declared_licence_is_the_workspace_licence ... FAILED
[INFO] [stdout] test tests::help_and_version_are_available ... ok
[INFO] [stdout] test sbom::tests::the_bill_of_materials_matches_the_workspace ... FAILED
[INFO] [stdout] test tests::every_valued_flag_is_declared ... ok
[INFO] [stdout] test tests::ontology_list_filters ... ok
[INFO] [stdout] test sbom::tests::the_document_is_well_formed_cyclonedx ... ok
[INFO] [stdout] test sbom::tests::the_document_is_reproducible ... ok
[INFO] [stdout] test tests::ontology_show_renders_constraints_and_examples ... ok
[INFO] [stdout] test ops::tests::entry_json_round_trips_through_the_parser ... ok
[INFO] [stdout] test tests::option_parsing_handles_flags_and_values ... ok
[INFO] [stdout] test tests::recommend_declines_rather_than_substituting ... ok
[INFO] [stdout] test tests::random_produces_the_requested_length ... ok
[INFO] [stdout] test tests::seal_requires_its_arguments ... ok
[INFO] [stdout] test tests::recommend_renders_both_shapes ... ok
[INFO] [stdout] test tests::unknown_commands_fail_with_guidance ... ok
[INFO] [stdout] test timing::tests::the_report_states_whether_the_control_passed ... ok
[INFO] [stdout] test ops::tests::digest_rejects_non_hashes_with_a_useful_message ... ok
[INFO] [stdout] test timing::tests::unknown_targets_are_reported ... ok
[INFO] [stdout] test tests::exported_json_parses ... ok
[INFO] [stdout] test timing::tests::known_differences_are_few_and_justified ... ok
[INFO] [stdout] test tests::ontology_export_produces_every_format ... ok
[INFO] [stdout] test timing::tests::the_statistic_matches_its_definition ... ok
[INFO] [stdout] test tests::the_published_schema_accepts_the_published_json ... ok
[INFO] [stdout] test ops::tests::selftest_report_is_complete ... ok
[INFO] [stdout] test mcp::tests::selftest_tool_reports_all_passing ... ok
[INFO] [stdout] test mcp::tests::the_required_list_is_the_one_the_handler_enforces ... ok
[INFO] [stdout] test tests::selftest_reports_results ... ok
[INFO] [stdout] test mcp::serve_tests::an_oversized_message_is_refused_and_the_next_one_still_answered ... ok
[INFO] [stdout] test timing::tests::the_positive_control_detects_its_own_leak ... ok
[INFO] [stdout] test mcp::tests::verify_answers_valid_or_invalid_and_errors_only_on_malformed_input ... ok
[INFO] [stdout] test timing::tests::every_target_runs_and_is_described ... ok
[INFO] [stderr] error: test failed, to rerun pass `--bin ic`
[INFO] [stdout] test mcp::totality_tests::every_tool_returns_on_hostile_arguments ... ok
[INFO] [stdout] 
[INFO] [stdout] failures:
[INFO] [stdout] 
[INFO] [stdout] ---- sbom::tests::ci_and_the_local_gate_run_the_same_checks stdout ----
[INFO] [stdout] 
[INFO] [stdout] thread 'sbom::tests::ci_and_the_local_gate_run_the_same_checks' (591) panicked at src/sbom.rs:263:9:
[INFO] [stdout] could not find the workspace root
[INFO] [stdout] stack backtrace:
[INFO] [stdout]    0:     0x61eebe1acec1 - <<std[70759c8f55707aa4]::sys::backtrace::BacktraceLock>::print::DisplayBacktrace as core[df12db4294e9bfd3]::fmt::Display>::fmt
[INFO] [stdout]    1:     0x61eebe1c44ba - core[df12db4294e9bfd3]::fmt::write
[INFO] [stdout]    2:     0x61eebe1b19fc - <alloc[2182bb758b4b3781]::vec::Vec<u8> as core[df12db4294e9bfd3]::io::write::Write>::write_fmt
[INFO] [stdout]    3:     0x61eebe188306 - std[70759c8f55707aa4]::panicking::default_hook::{closure#0}
[INFO] [stdout]    4:     0x61eebe1a4e49 - std[70759c8f55707aa4]::panicking::default_hook
[INFO] [stdout]    5:     0x61eebdf9fa40 - test[9d35eded1c95d3be]::test_main_inner::<test[9d35eded1c95d3be]::test_main_static::{closure#0}>::{closure#0}
[INFO] [stdout]    6:     0x61eebe1a5172 - std[70759c8f55707aa4]::panicking::panic_with_hook
[INFO] [stdout]    7:     0x61eebe1883e4 - std[70759c8f55707aa4]::panicking::panic_handler::{closure#0}
[INFO] [stdout]    8:     0x61eebe180cf9 - std[70759c8f55707aa4]::sys::backtrace::__rust_end_short_backtrace::<std[70759c8f55707aa4]::panicking::panic_handler::{closure#0}, !>
[INFO] [stdout]    9:     0x61eebe18902d - __rustc[8fa7c3cbc660c2b3]::rust_begin_unwind
[INFO] [stdout]   10:     0x61eebe1c4bec - core[df12db4294e9bfd3]::panicking::panic_fmt
[INFO] [stdout]   11:     0x61eebdf6efe9 - ic[dd728fced8dda557]::sbom::tests::workspace_root
[INFO] [stdout]   12:     0x61eebdf70d6e - ic[dd728fced8dda557]::sbom::tests::ci_and_the_local_gate_run_the_same_checks
[INFO] [stdout]   13:     0x61eebdf2af99 - <ic[dd728fced8dda557]::sbom::tests::ci_and_the_local_gate_run_the_same_checks::{closure#0} as core[df12db4294e9bfd3]::ops::function::FnOnce<()>>::call_once
[INFO] [stdout]   14:     0x61eebdf92d2b - test[9d35eded1c95d3be]::__rust_begin_short_backtrace::<core[df12db4294e9bfd3]::result::Result<(), alloc[2182bb758b4b3781]::string::String>, fn() -> core[df12db4294e9bfd3]::result::Result<(), alloc[2182bb758b4b3781]::string::String>>
[INFO] [stdout]   15:     0x61eebdfa0395 - test[9d35eded1c95d3be]::run_test::{closure#0}
[INFO] [stdout]   16:     0x61eebdf99c54 - std[70759c8f55707aa4]::sys::backtrace::__rust_begin_short_backtrace::<test[9d35eded1c95d3be]::run_test::{closure#1}, ()>
[INFO] [stdout]   17:     0x61eebdfa34f2 - <std[70759c8f55707aa4]::thread::lifecycle::spawn_unchecked<test[9d35eded1c95d3be]::run_test::{closure#1}, ()>::{closure#1} as core[df12db4294e9bfd3]::ops::function::FnOnce<()>>::call_once::{shim:vtable#0}
[INFO] [stdout]   18:     0x61eebe1ac419 - <std[70759c8f55707aa4]::sys::thread::unix::Thread>::new::thread_start
[INFO] [stdout]   19:     0x715308262dfa - <unknown>
[INFO] [stdout]   20:     0x7153082f63d4 - clone
[INFO] [stdout]   21:                0x0 - <unknown>
[INFO] [stdout] 
[INFO] [stdout] ---- sbom::tests::no_crate_documents_a_status_the_ontology_contradicts stdout ----
[INFO] [stdout] 
[INFO] [stdout] thread 'sbom::tests::no_crate_documents_a_status_the_ontology_contradicts' (595) panicked at src/sbom.rs:263:9:
[INFO] [stdout] could not find the workspace root
[INFO] [stdout] stack backtrace:
[INFO] [stdout]    0:     0x61eebe1acec1 - <<std[70759c8f55707aa4]::sys::backtrace::BacktraceLock>::print::DisplayBacktrace as core[df12db4294e9bfd3]::fmt::Display>::fmt
[INFO] [stdout]    1:     0x61eebe1c44ba - core[df12db4294e9bfd3]::fmt::write
[INFO] [stdout]    2:     0x61eebe1b19fc - <alloc[2182bb758b4b3781]::vec::Vec<u8> as core[df12db4294e9bfd3]::io::write::Write>::write_fmt
[INFO] [stdout]    3:     0x61eebe188306 - std[70759c8f55707aa4]::panicking::default_hook::{closure#0}
[INFO] [stdout]    4:     0x61eebe1a4e49 - std[70759c8f55707aa4]::panicking::default_hook
[INFO] [stdout]    5:     0x61eebdf9fa40 - test[9d35eded1c95d3be]::test_main_inner::<test[9d35eded1c95d3be]::test_main_static::{closure#0}>::{closure#0}
[INFO] [stdout]    6:     0x61eebe1a5172 - std[70759c8f55707aa4]::panicking::panic_with_hook
[INFO] [stdout]    7:     0x61eebe1883e4 - std[70759c8f55707aa4]::panicking::panic_handler::{closure#0}
[INFO] [stdout]    8:     0x61eebe180cf9 - std[70759c8f55707aa4]::sys::backtrace::__rust_end_short_backtrace::<std[70759c8f55707aa4]::panicking::panic_handler::{closure#0}, !>
[INFO] [stdout]    9:     0x61eebe18902d - __rustc[8fa7c3cbc660c2b3]::rust_begin_unwind
[INFO] [stdout]   10:     0x61eebe1c4bec - core[df12db4294e9bfd3]::panicking::panic_fmt
[INFO] [stdout]   11:     0x61eebdf6efe9 - ic[dd728fced8dda557]::sbom::tests::workspace_root
[INFO] [stdout]   12:     0x61eebdf71f7e - ic[dd728fced8dda557]::sbom::tests::no_crate_documents_a_status_the_ontology_contradicts
[INFO] [stdout]   13:     0x61eebdf2aff9 - <ic[dd728fced8dda557]::sbom::tests::no_crate_documents_a_status_the_ontology_contradicts::{closure#0} as core[df12db4294e9bfd3]::ops::function::FnOnce<()>>::call_once
[INFO] [stdout]   14:     0x61eebdf92d2b - test[9d35eded1c95d3be]::__rust_begin_short_backtrace::<core[df12db4294e9bfd3]::result::Result<(), alloc[2182bb758b4b3781]::string::String>, fn() -> core[df12db4294e9bfd3]::result::Result<(), alloc[2182bb758b4b3781]::string::String>>
[INFO] [stdout]   15:     0x61eebdfa0395 - test[9d35eded1c95d3be]::run_test::{closure#0}
[INFO] [stdout]   16:     0x61eebdf99c54 - std[70759c8f55707aa4]::sys::backtrace::__rust_begin_short_backtrace::<test[9d35eded1c95d3be]::run_test::{closure#1}, ()>
[INFO] [stdout]   17:     0x61eebdfa34f2 - <std[70759c8f55707aa4]::thread::lifecycle::spawn_unchecked<test[9d35eded1c95d3be]::run_test::{closure#1}, ()>::{closure#1} as core[df12db4294e9bfd3]::ops::function::FnOnce<()>>::call_once::{shim:vtable#0}
[INFO] [stdout]   18:     0x61eebe1ac419 - <std[70759c8f55707aa4]::sys::thread::unix::Thread>::new::thread_start
[INFO] [stdout]   19:     0x715308262dfa - <unknown>
[INFO] [stdout]   20:     0x7153082f63d4 - clone
[INFO] [stdout]   21:                0x0 - <unknown>
[INFO] [stdout] 
[INFO] [stdout] ---- sbom::tests::every_std_feature_reaches_every_dependency_that_has_one stdout ----
[INFO] [stdout] 
[INFO] [stdout] thread 'sbom::tests::every_std_feature_reaches_every_dependency_that_has_one' (594) panicked at src/sbom.rs:263:9:
[INFO] [stdout] could not find the workspace root
[INFO] [stdout] stack backtrace:
[INFO] [stdout]    0:     0x61eebe1acec1 - <<std[70759c8f55707aa4]::sys::backtrace::BacktraceLock>::print::DisplayBacktrace as core[df12db4294e9bfd3]::fmt::Display>::fmt
[INFO] [stdout]    1:     0x61eebe1c44ba - core[df12db4294e9bfd3]::fmt::write
[INFO] [stdout]    2:     0x61eebe1b19fc - <alloc[2182bb758b4b3781]::vec::Vec<u8> as core[df12db4294e9bfd3]::io::write::Write>::write_fmt
[INFO] [stdout]    3:     0x61eebe188306 - std[70759c8f55707aa4]::panicking::default_hook::{closure#0}
[INFO] [stdout]    4:     0x61eebe1a4e49 - std[70759c8f55707aa4]::panicking::default_hook
[INFO] [stdout]    5:     0x61eebdf9fa40 - test[9d35eded1c95d3be]::test_main_inner::<test[9d35eded1c95d3be]::test_main_static::{closure#0}>::{closure#0}
[INFO] [stdout]    6:     0x61eebe1a5172 - std[70759c8f55707aa4]::panicking::panic_with_hook
[INFO] [stdout]    7:     0x61eebe1883e4 - std[70759c8f55707aa4]::panicking::panic_handler::{closure#0}
[INFO] [stdout]    8:     0x61eebe180cf9 - std[70759c8f55707aa4]::sys::backtrace::__rust_end_short_backtrace::<std[70759c8f55707aa4]::panicking::panic_handler::{closure#0}, !>
[INFO] [stdout]    9:     0x61eebe18902d - __rustc[8fa7c3cbc660c2b3]::rust_begin_unwind
[INFO] [stdout]   10:     0x61eebe1c4bec - core[df12db4294e9bfd3]::panicking::panic_fmt
[INFO] [stdout]   11:     0x61eebdf6efe9 - ic[dd728fced8dda557]::sbom::tests::workspace_root
[INFO] [stdout]   12:     0x61eebdf738c1 - ic[dd728fced8dda557]::sbom::tests::every_std_feature_reaches_every_dependency_that_has_one
[INFO] [stdout]   13:     0x61eebdf2b019 - <ic[dd728fced8dda557]::sbom::tests::every_std_feature_reaches_every_dependency_that_has_one::{closure#0} as core[df12db4294e9bfd3]::ops::function::FnOnce<()>>::call_once
[INFO] [stdout]   14:     0x61eebdf92d2b - test[9d35eded1c95d3be]::__rust_begin_short_backtrace::<core[df12db4294e9bfd3]::result::Result<(), alloc[2182bb758b4b3781]::string::String>, fn() -> core[df12db4294e9bfd3]::result::Result<(), alloc[2182bb758b4b3781]::string::String>>
[INFO] [stdout]   15:     0x61eebdfa0395 - test[9d35eded1c95d3be]::run_test::{closure#0}
[INFO] [stdout]   16:     0x61eebdf99c54 - std[70759c8f55707aa4]::sys::backtrace::__rust_begin_short_backtrace::<test[9d35eded1c95d3be]::run_test::{closure#1}, ()>
[INFO] [stdout]   17:     0x61eebdfa34f2 - <std[70759c8f55707aa4]::thread::lifecycle::spawn_unchecked<test[9d35eded1c95d3be]::run_test::{closure#1}, ()>::{closure#1} as core[df12db4294e9bfd3]::ops::function::FnOnce<()>>::call_once::{shim:vtable#0}
[INFO] [stdout]   18:     0x61eebe1ac419 - <std[70759c8f55707aa4]::sys::thread::unix::Thread>::new::thread_start
[INFO] [stdout]   19:     0x715308262dfa - <unknown>
[INFO] [stdout]   20:     0x7153082f63d4 - clone
[INFO] [stdout]   21:                0x0 - <unknown>
[INFO] [stdout] 
[INFO] [stdout] ---- sbom::tests::every_crate_publishes_together stdout ----
[INFO] [stdout] 
[INFO] [stdout] thread 'sbom::tests::every_crate_publishes_together' (593) panicked at src/sbom.rs:263:9:
[INFO] [stdout] could not find the workspace root
[INFO] [stdout] stack backtrace:
[INFO] [stdout]    0:     0x61eebe1acec1 - <<std[70759c8f55707aa4]::sys::backtrace::BacktraceLock>::print::DisplayBacktrace as core[df12db4294e9bfd3]::fmt::Display>::fmt
[INFO] [stdout]    1:     0x61eebe1c44ba - core[df12db4294e9bfd3]::fmt::write
[INFO] [stdout]    2:     0x61eebe1b19fc - <alloc[2182bb758b4b3781]::vec::Vec<u8> as core[df12db4294e9bfd3]::io::write::Write>::write_fmt
[INFO] [stdout]    3:     0x61eebe188306 - std[70759c8f55707aa4]::panicking::default_hook::{closure#0}
[INFO] [stdout]    4:     0x61eebe1a4e49 - std[70759c8f55707aa4]::panicking::default_hook
[INFO] [stdout]    5:     0x61eebdf9fa40 - test[9d35eded1c95d3be]::test_main_inner::<test[9d35eded1c95d3be]::test_main_static::{closure#0}>::{closure#0}
[INFO] [stdout]    6:     0x61eebe1a5172 - std[70759c8f55707aa4]::panicking::panic_with_hook
[INFO] [stdout]    7:     0x61eebe1883e4 - std[70759c8f55707aa4]::panicking::panic_handler::{closure#0}
[INFO] [stdout]    8:     0x61eebe180cf9 - std[70759c8f55707aa4]::sys::backtrace::__rust_end_short_backtrace::<std[70759c8f55707aa4]::panicking::panic_handler::{closure#0}, !>
[INFO] [stdout]    9:     0x61eebe18902d - __rustc[8fa7c3cbc660c2b3]::rust_begin_unwind
[INFO] [stdout]   10:     0x61eebe1c4bec - core[df12db4294e9bfd3]::panicking::panic_fmt
[INFO] [stdout]   11:     0x61eebdf6efe9 - ic[dd728fced8dda557]::sbom::tests::workspace_root
[INFO] [stdout]   12:     0x61eebdf6fe5e - ic[dd728fced8dda557]::sbom::tests::every_crate_publishes_together
[INFO] [stdout]   13:     0x61eebdf2af39 - <ic[dd728fced8dda557]::sbom::tests::every_crate_publishes_together::{closure#0} as core[df12db4294e9bfd3]::ops::function::FnOnce<()>>::call_once
[INFO] [stdout]   14:     0x61eebdf92d2b - test[9d35eded1c95d3be]::__rust_begin_short_backtrace::<core[df12db4294e9bfd3]::result::Result<(), alloc[2182bb758b4b3781]::string::String>, fn() -> core[df12db4294e9bfd3]::result::Result<(), alloc[2182bb758b4b3781]::string::String>>
[INFO] [stdout]   15:     0x61eebdfa0395 - test[9d35eded1c95d3be]::run_test::{closure#0}
[INFO] [stdout]   16:     0x61eebdf99c54 - std[70759c8f55707aa4]::sys::backtrace::__rust_begin_short_backtrace::<test[9d35eded1c95d3be]::run_test::{closure#1}, ()>
[INFO] [stdout]   17:     0x61eebdfa34f2 - <std[70759c8f55707aa4]::thread::lifecycle::spawn_unchecked<test[9d35eded1c95d3be]::run_test::{closure#1}, ()>::{closure#1} as core[df12db4294e9bfd3]::ops::function::FnOnce<()>>::call_once::{shim:vtable#0}
[INFO] [stdout]   18:     0x61eebe1ac419 - <std[70759c8f55707aa4]::sys::thread::unix::Thread>::new::thread_start
[INFO] [stdout]   19:     0x715308262dfa - <unknown>
[INFO] [stdout]   20:     0x7153082f63d4 - clone
[INFO] [stdout]   21:                0x0 - <unknown>
[INFO] [stdout] 
[INFO] [stdout] ---- tests::documented_output_is_what_the_commands_print stdout ----
[INFO] [stdout] 
[INFO] [stdout] thread 'tests::documented_output_is_what_the_commands_print' (607) panicked at src/main.rs:1531:17:
[INFO] [stdout] workspace root not found
[INFO] [stdout] stack backtrace:
[INFO] [stdout]    0:     0x61eebe1acec1 - <<std[70759c8f55707aa4]::sys::backtrace::BacktraceLock>::print::DisplayBacktrace as core[df12db4294e9bfd3]::fmt::Display>::fmt
[INFO] [stdout]    1:     0x61eebe1c44ba - core[df12db4294e9bfd3]::fmt::write
[INFO] [stdout]    2:     0x61eebe1b19fc - <alloc[2182bb758b4b3781]::vec::Vec<u8> as core[df12db4294e9bfd3]::io::write::Write>::write_fmt
[INFO] [stdout]    3:     0x61eebe188306 - std[70759c8f55707aa4]::panicking::default_hook::{closure#0}
[INFO] [stdout]    4:     0x61eebe1a4e49 - std[70759c8f55707aa4]::panicking::default_hook
[INFO] [stdout]    5:     0x61eebdf9fa40 - test[9d35eded1c95d3be]::test_main_inner::<test[9d35eded1c95d3be]::test_main_static::{closure#0}>::{closure#0}
[INFO] [stdout]    6:     0x61eebe1a5172 - std[70759c8f55707aa4]::panicking::panic_with_hook
[INFO] [stdout]    7:     0x61eebe1883e4 - std[70759c8f55707aa4]::panicking::panic_handler::{closure#0}
[INFO] [stdout]    8:     0x61eebe180cf9 - std[70759c8f55707aa4]::sys::backtrace::__rust_end_short_backtrace::<std[70759c8f55707aa4]::panicking::panic_handler::{closure#0}, !>
[INFO] [stdout]    9:     0x61eebe18902d - __rustc[8fa7c3cbc660c2b3]::rust_begin_unwind
[INFO] [stdout]   10:     0x61eebe1c4bec - core[df12db4294e9bfd3]::panicking::panic_fmt
[INFO] [stdout]   11:     0x61eebdf7abe9 - ic[dd728fced8dda557]::tests::documented_output_is_what_the_commands_print
[INFO] [stdout]   12:     0x61eebdf2a739 - <ic[dd728fced8dda557]::tests::documented_output_is_what_the_commands_print::{closure#0} as core[df12db4294e9bfd3]::ops::function::FnOnce<()>>::call_once
[INFO] [stdout]   13:     0x61eebdf92d2b - test[9d35eded1c95d3be]::__rust_begin_short_backtrace::<core[df12db4294e9bfd3]::result::Result<(), alloc[2182bb758b4b3781]::string::String>, fn() -> core[df12db4294e9bfd3]::result::Result<(), alloc[2182bb758b4b3781]::string::String>>
[INFO] [stdout]   14:     0x61eebdfa0395 - test[9d35eded1c95d3be]::run_test::{closure#0}
[INFO] [stdout]   15:     0x61eebdf99c54 - std[70759c8f55707aa4]::sys::backtrace::__rust_begin_short_backtrace::<test[9d35eded1c95d3be]::run_test::{closure#1}, ()>
[INFO] [stdout]   16:     0x61eebdfa34f2 - <std[70759c8f55707aa4]::thread::lifecycle::spawn_unchecked<test[9d35eded1c95d3be]::run_test::{closure#1}, ()>::{closure#1} as core[df12db4294e9bfd3]::ops::function::FnOnce<()>>::call_once::{shim:vtable#0}
[INFO] [stdout]   17:     0x61eebe1ac419 - <std[70759c8f55707aa4]::sys::thread::unix::Thread>::new::thread_start
[INFO] [stdout]   18:     0x715308262dfa - <unknown>
[INFO] [stdout]   19:     0x7153082f63d4 - clone
[INFO] [stdout]   20:                0x0 - <unknown>
[INFO] [stdout] 
[INFO] [stdout] ---- sbom::tests::the_declared_licence_is_the_workspace_licence stdout ----
[INFO] [stdout] 
[INFO] [stdout] thread 'sbom::tests::the_declared_licence_is_the_workspace_licence' (601) panicked at src/sbom.rs:263:9:
[INFO] [stdout] could not find the workspace root
[INFO] [stdout] stack backtrace:
[INFO] [stdout]    0:     0x61eebe1acec1 - <<std[70759c8f55707aa4]::sys::backtrace::BacktraceLock>::print::DisplayBacktrace as core[df12db4294e9bfd3]::fmt::Display>::fmt
[INFO] [stdout]    1:     0x61eebe1c44ba - core[df12db4294e9bfd3]::fmt::write
[INFO] [stdout]    2:     0x61eebe1b19fc - <alloc[2182bb758b4b3781]::vec::Vec<u8> as core[df12db4294e9bfd3]::io::write::Write>::write_fmt
[INFO] [stdout]    3:     0x61eebe188306 - std[70759c8f55707aa4]::panicking::default_hook::{closure#0}
[INFO] [stdout]    4:     0x61eebe1a4e49 - std[70759c8f55707aa4]::panicking::default_hook
[INFO] [stdout]    5:     0x61eebdf9fa40 - test[9d35eded1c95d3be]::test_main_inner::<test[9d35eded1c95d3be]::test_main_static::{closure#0}>::{closure#0}
[INFO] [stdout]    6:     0x61eebe1a5172 - std[70759c8f55707aa4]::panicking::panic_with_hook
[INFO] [stdout]    7:     0x61eebe1883e4 - std[70759c8f55707aa4]::panicking::panic_handler::{closure#0}
[INFO] [stdout]    8:     0x61eebe180cf9 - std[70759c8f55707aa4]::sys::backtrace::__rust_end_short_backtrace::<std[70759c8f55707aa4]::panicking::panic_handler::{closure#0}, !>
[INFO] [stdout]    9:     0x61eebe18902d - __rustc[8fa7c3cbc660c2b3]::rust_begin_unwind
[INFO] [stdout]   10:     0x61eebe1c4bec - core[df12db4294e9bfd3]::panicking::panic_fmt
[INFO] [stdout]   11:     0x61eebdf6efe9 - ic[dd728fced8dda557]::sbom::tests::workspace_root
[INFO] [stdout]   12:     0x61eebdf6e888 - ic[dd728fced8dda557]::sbom::tests::manifest_field
[INFO] [stdout]   13:     0x61eebdf71b74 - ic[dd728fced8dda557]::sbom::tests::the_declared_licence_is_the_workspace_licence
[INFO] [stdout]   14:     0x61eebdf2afd9 - <ic[dd728fced8dda557]::sbom::tests::the_declared_licence_is_the_workspace_licence::{closure#0} as core[df12db4294e9bfd3]::ops::function::FnOnce<()>>::call_once
[INFO] [stdout]   15:     0x61eebdf92d2b - test[9d35eded1c95d3be]::__rust_begin_short_backtrace::<core[df12db4294e9bfd3]::result::Result<(), alloc[2182bb758b4b3781]::string::String>, fn() -> core[df12db4294e9bfd3]::result::Result<(), alloc[2182bb758b4b3781]::string::String>>
[INFO] [stdout]   16:     0x61eebdfa0395 - test[9d35eded1c95d3be]::run_test::{closure#0}
[INFO] [stdout]   17:     0x61eebdf99c54 - std[70759c8f55707aa4]::sys::backtrace::__rust_begin_short_backtrace::<test[9d35eded1c95d3be]::run_test::{closure#1}, ()>
[INFO] [stdout]   18:     0x61eebdfa34f2 - <std[70759c8f55707aa4]::thread::lifecycle::spawn_unchecked<test[9d35eded1c95d3be]::run_test::{closure#1}, ()>::{closure#1} as core[df12db4294e9bfd3]::ops::function::FnOnce<()>>::call_once::{shim:vtable#0}
[INFO] [stdout]   19:     0x61eebe1ac419 - <std[70759c8f55707aa4]::sys::thread::unix::Thread>::new::thread_start
[INFO] [stdout]   20:     0x715308262dfa - <unknown>
[INFO] [stdout]   21:     0x7153082f63d4 - clone
[INFO] [stdout]   22:                0x0 - <unknown>
[INFO] [stdout] 
[INFO] [stdout] ---- sbom::tests::the_bill_of_materials_matches_the_workspace stdout ----
[INFO] [stdout] 
[INFO] [stdout] thread 'sbom::tests::the_bill_of_materials_matches_the_workspace' (600) panicked at src/sbom.rs:263:9:
[INFO] [stdout] could not find the workspace root
[INFO] [stdout] stack backtrace:
[INFO] [stdout]    0:     0x61eebe1acec1 - <<std[70759c8f55707aa4]::sys::backtrace::BacktraceLock>::print::DisplayBacktrace as core[df12db4294e9bfd3]::fmt::Display>::fmt
[INFO] [stdout]    1:     0x61eebe1c44ba - core[df12db4294e9bfd3]::fmt::write
[INFO] [stdout]    2:     0x61eebe1b19fc - <alloc[2182bb758b4b3781]::vec::Vec<u8> as core[df12db4294e9bfd3]::io::write::Write>::write_fmt
[INFO] [stdout]    3:     0x61eebe188306 - std[70759c8f55707aa4]::panicking::default_hook::{closure#0}
[INFO] [stdout]    4:     0x61eebe1a4e49 - std[70759c8f55707aa4]::panicking::default_hook
[INFO] [stdout]    5:     0x61eebdf9fa40 - test[9d35eded1c95d3be]::test_main_inner::<test[9d35eded1c95d3be]::test_main_static::{closure#0}>::{closure#0}
[INFO] [stdout]    6:     0x61eebe1a5172 - std[70759c8f55707aa4]::panicking::panic_with_hook
[INFO] [stdout]    7:     0x61eebe1883e4 - std[70759c8f55707aa4]::panicking::panic_handler::{closure#0}
[INFO] [stdout]    8:     0x61eebe180cf9 - std[70759c8f55707aa4]::sys::backtrace::__rust_end_short_backtrace::<std[70759c8f55707aa4]::panicking::panic_handler::{closure#0}, !>
[INFO] [stdout]    9:     0x61eebe18902d - __rustc[8fa7c3cbc660c2b3]::rust_begin_unwind
[INFO] [stdout]   10:     0x61eebe1c4bec - core[df12db4294e9bfd3]::panicking::panic_fmt
[INFO] [stdout]   11:     0x61eebdf6efe9 - ic[dd728fced8dda557]::sbom::tests::workspace_root
[INFO] [stdout]   12:     0x61eebdf6f09e - ic[dd728fced8dda557]::sbom::tests::manifest_members
[INFO] [stdout]   13:     0x61eebdf71808 - ic[dd728fced8dda557]::sbom::tests::the_bill_of_materials_matches_the_workspace
[INFO] [stdout]   14:     0x61eebdf2afb9 - <ic[dd728fced8dda557]::sbom::tests::the_bill_of_materials_matches_the_workspace::{closure#0} as core[df12db4294e9bfd3]::ops::function::FnOnce<()>>::call_once
[INFO] [stdout]   15:     0x61eebdf92d2b - test[9d35eded1c95d3be]::__rust_begin_short_backtrace::<core[df12db4294e9bfd3]::result::Result<(), alloc[2182bb758b4b3781]::string::String>, fn() -> core[df12db4294e9bfd3]::result::Result<(), alloc[2182bb758b4b3781]::string::String>>
[INFO] [stdout]   16:     0x61eebdfa0395 - test[9d35eded1c95d3be]::run_test::{closure#0}
[INFO] [stdout]   17:     0x61eebdf99c54 - std[70759c8f55707aa4]::sys::backtrace::__rust_begin_short_backtrace::<test[9d35eded1c95d3be]::run_test::{closure#1}, ()>
[INFO] [stdout]   18:     0x61eebdfa34f2 - <std[70759c8f55707aa4]::thread::lifecycle::spawn_unchecked<test[9d35eded1c95d3be]::run_test::{closure#1}, ()>::{closure#1} as core[df12db4294e9bfd3]::ops::function::FnOnce<()>>::call_once::{shim:vtable#0}
[INFO] [stdout]   19:     0x61eebe1ac419 - <std[70759c8f55707aa4]::sys::thread::unix::Thread>::new::thread_start
[INFO] [stdout]   20:     0x715308262dfa - <unknown>
[INFO] [stdout]   21:     0x7153082f63d4 - clone
[INFO] [stdout]   22:                0x0 - <unknown>
[INFO] [stdout] 
[INFO] [stdout] 
[INFO] [stdout] failures:
[INFO] [stdout]     sbom::tests::ci_and_the_local_gate_run_the_same_checks
[INFO] [stdout]     sbom::tests::every_crate_publishes_together
[INFO] [stdout]     sbom::tests::every_std_feature_reaches_every_dependency_that_has_one
[INFO] [stdout]     sbom::tests::no_crate_documents_a_status_the_ontology_contradicts
[INFO] [stdout]     sbom::tests::the_bill_of_materials_matches_the_workspace
[INFO] [stdout]     sbom::tests::the_declared_licence_is_the_workspace_licence
[INFO] [stdout]     tests::documented_output_is_what_the_commands_print
[INFO] [stdout] 
[INFO] [stdout] test result: FAILED. 87 passed; 7 failed; 0 ignored; 0 measured; 0 filtered out; finished in 1.09s
[INFO] [stdout] 
[INFO] running `Command { std: "docker" "inspect" "04537cafb85ea496515b449c5ccd68c227a0e60702aa3b59d3342367247d7b22", kill_on_drop: false }`
[INFO] running `Command { std: "docker" "rm" "-f" "04537cafb85ea496515b449c5ccd68c227a0e60702aa3b59d3342367247d7b22", kill_on_drop: false }`
[INFO] [stdout] 04537cafb85ea496515b449c5ccd68c227a0e60702aa3b59d3342367247d7b22
