[INFO] fetching crate iata_bcbp 1.0.0...
[INFO] testing iata_bcbp-1.0.0 against 1.99.0-beta.8+cargoflags=--release for beta-release-1.100-2
[INFO] extracting crate iata_bcbp 1.0.0 into /workspace/builds/worker-3-tc1/source
[INFO] started tweaking crates.io crate iata_bcbp 1.0.0
[INFO] finished tweaking crates.io crate iata_bcbp 1.0.0
[INFO] tweaked toml for crates.io crate iata_bcbp 1.0.0 written to /workspace/builds/worker-3-tc1/source/Cargo.toml
[INFO] validating manifest of crates.io crate iata_bcbp 1.0.0 on toolchain 1.99.0-beta.8
[INFO] running `Command { std: CARGO_HOME="/workspace/cargo-home" RUSTUP_HOME="/workspace/rustup-home" "/workspace/cargo-home/bin/cargo" "+1.99.0-beta.8" "metadata" "--manifest-path" "Cargo.toml" "--no-deps", kill_on_drop: false }`
[INFO] running `Command { std: CARGO_HOME="/workspace/cargo-home" RUSTUP_HOME="/workspace/rustup-home" "/workspace/cargo-home/bin/cargo" "+1.99.0-beta.8" "generate-lockfile" "--manifest-path" "Cargo.toml", kill_on_drop: false }`
[INFO] [stderr]     Updating crates.io index
[INFO] [stderr]      Locking 11 packages to highest compatible versions
[INFO] [stderr]       Adding arrayvec v0.4.12 (available: v0.7.8)
[INFO] [stderr]       Adding nom v5.1.3 (available: v8.0.0)
[INFO] running `Command { std: CARGO_HOME="/workspace/cargo-home" RUSTUP_HOME="/workspace/rustup-home" "/workspace/cargo-home/bin/cargo" "+1.99.0-beta.8" "fetch" "--manifest-path" "Cargo.toml", kill_on_drop: false }`
[INFO] running `Command { std: "docker" "create" "-v" "/var/lib/crater-agent-workspace/builds/worker-3-tc1/source:/opt/rustwide/workdir:ro,Z" "-v" "/var/lib/crater-agent-workspace/builds/worker-3-tc1/target:/opt/rustwide/target:rw,Z" "-v" "/var/lib/crater-agent-workspace/cargo-home:/opt/rustwide/cargo-home:ro,Z" "-v" "/var/lib/crater-agent-workspace/rustup-home:/opt/rustwide/rustup-home:ro,Z" "-m" "1610612736" "--network" "none" "ghcr.io/rust-lang/crates-build-env/linux@sha256:77db811e55d90add9212f6832c23229e3de5f1c1f9905e8cb07319ea15df73ac" "sleep" "infinity", kill_on_drop: false }`
[INFO] [stdout] 1b27c9a7db87f936c4ce46a757bc834206117a073cceb71844724134ea702426
[INFO] running `Command { std: "docker" "start" "1b27c9a7db87f936c4ce46a757bc834206117a073cceb71844724134ea702426", kill_on_drop: false }`
[INFO] running `Command { std: "docker" "inspect" "1b27c9a7db87f936c4ce46a757bc834206117a073cceb71844724134ea702426", kill_on_drop: false }`
[INFO] running `Command { std: "docker" "exec" "-e" "SOURCE_DIR=/opt/rustwide/workdir" "-e" "CARGO_HOME=/opt/rustwide/cargo-home" "-e" "RUSTUP_HOME=/opt/rustwide/rustup-home" "-e" "CARGO_TARGET_DIR=/opt/rustwide/target" "-w" "/opt/rustwide/workdir" "--user" "0:0" "1b27c9a7db87f936c4ce46a757bc834206117a073cceb71844724134ea702426" "/opt/rustwide/cargo-home/bin/cargo" "+1.99.0-beta.8" "metadata" "--no-deps" "--format-version=1", kill_on_drop: false }`
[INFO] running `Command { std: "docker" "inspect" "1b27c9a7db87f936c4ce46a757bc834206117a073cceb71844724134ea702426", kill_on_drop: false }`
[INFO] running `Command { std: "docker" "exec" "-e" "SOURCE_DIR=/opt/rustwide/workdir" "-e" "CARGO_HOME=/opt/rustwide/cargo-home" "-e" "RUSTUP_HOME=/opt/rustwide/rustup-home" "-e" "CARGO_TARGET_DIR=/opt/rustwide/target" "-e" "CARGO_INCREMENTAL=0" "-e" "RUST_BACKTRACE=full" "-e" "RUSTFLAGS=--cap-lints=warn" "-e" "RUSTDOCFLAGS=--cap-lints=warn" "-w" "/opt/rustwide/workdir" "--user" "0:0" "1b27c9a7db87f936c4ce46a757bc834206117a073cceb71844724134ea702426" "/opt/rustwide/cargo-home/bin/cargo" "+1.99.0-beta.8" "build" "--frozen" "--message-format=json" "--release", kill_on_drop: false }`
[INFO] [stderr]    Compiling lexical-core v0.7.6
[INFO] [stderr]    Compiling nom v5.1.3
[INFO] [stderr]    Compiling arrayvec v0.5.2
[INFO] [stderr]    Compiling arrayvec v0.4.12
[INFO] [stderr]    Compiling nodrop v0.1.14
[INFO] [stderr]    Compiling memchr v2.8.3
[INFO] [stderr]    Compiling iata_bcbp v1.0.0 (/opt/rustwide/workdir)
[INFO] [stderr]     Finished `release` profile [optimized] target(s) in 5.26s
[INFO] running `Command { std: "docker" "inspect" "1b27c9a7db87f936c4ce46a757bc834206117a073cceb71844724134ea702426", kill_on_drop: false }`
[INFO] running `Command { std: "docker" "exec" "-e" "SOURCE_DIR=/opt/rustwide/workdir" "-e" "CARGO_HOME=/opt/rustwide/cargo-home" "-e" "RUSTUP_HOME=/opt/rustwide/rustup-home" "-e" "CARGO_TARGET_DIR=/opt/rustwide/target" "-e" "CARGO_INCREMENTAL=0" "-e" "RUST_BACKTRACE=full" "-e" "RUSTFLAGS=--cap-lints=warn" "-e" "RUSTDOCFLAGS=--cap-lints=warn" "-w" "/opt/rustwide/workdir" "--user" "0:0" "1b27c9a7db87f936c4ce46a757bc834206117a073cceb71844724134ea702426" "/opt/rustwide/cargo-home/bin/cargo" "+1.99.0-beta.8" "test" "--frozen" "--no-run" "--message-format=json" "--release", kill_on_drop: false }`
[INFO] [stderr]    Compiling iata_bcbp v1.0.0 (/opt/rustwide/workdir)
[INFO] [stderr]     Finished `release` profile [optimized] target(s) in 1.60s
[INFO] running `Command { std: "docker" "inspect" "1b27c9a7db87f936c4ce46a757bc834206117a073cceb71844724134ea702426", kill_on_drop: false }`
[INFO] running `Command { std: "docker" "exec" "-e" "SOURCE_DIR=/opt/rustwide/workdir" "-e" "CARGO_HOME=/opt/rustwide/cargo-home" "-e" "RUSTUP_HOME=/opt/rustwide/rustup-home" "-e" "CARGO_TARGET_DIR=/opt/rustwide/target" "-e" "CARGO_INCREMENTAL=0" "-e" "RUST_BACKTRACE=full" "-e" "RUSTFLAGS=--cap-lints=warn" "-e" "RUSTDOCFLAGS=--cap-lints=warn" "-w" "/opt/rustwide/workdir" "--user" "0:0" "1b27c9a7db87f936c4ce46a757bc834206117a073cceb71844724134ea702426" "/opt/rustwide/cargo-home/bin/cargo" "+1.99.0-beta.8" "test" "--frozen" "--release", kill_on_drop: false }`
[INFO] [stderr]     Finished `release` profile [optimized] target(s) in 0.06s
[INFO] [stderr]      Running unittests src/lib.rs (/opt/rustwide/target/release/deps/iata_bcbp-4223ec5902a4feff)
[INFO] [stdout] 
[INFO] [stdout] running 0 tests
[INFO] [stdout] 
[INFO] [stdout] test result: ok. 0 passed; 0 failed; 0 ignored; 0 measured; 0 filtered out; finished in 0.00s
[INFO] [stdout] 
[INFO] [stderr]      Running tests/iata_792_b.rs (/opt/rustwide/target/release/deps/iata_792_b-c50ab3e160725e3f)
[INFO] [stdout] 
[INFO] [stdout] running 6 tests
[INFO] [stdout] test appendix_b_1_2_kl_home_printed_boarding_pass ... ok
[INFO] [stdout] test appendix_b_1_1_lh_home_printed_boarding_pass ... ok
[INFO] [stdout] test appendix_b_2_1_bcbp_printed_at_a_kiosk_ua_ua_kiosk ... ok
[INFO] [stdout] test example_2_m2_multiple_legs ... ok
[INFO] [stdout] test example_1_m1_using_mandatory_elements_and_security_fields ... ok
[INFO] [stdout] test appendix_b_3_1_mobile_bcbp_lh_lufthansa_mobile_bcbp ... ok
[INFO] [stdout] 
[INFO] [stdout] test result: ok. 6 passed; 0 failed; 0 ignored; 0 measured; 0 filtered out; finished in 0.00s
[INFO] [stdout] 
[INFO] [stderr]      Running tests/invalid_input.rs (/opt/rustwide/target/release/deps/invalid_input-a470264f473a5815)
[INFO] [stdout] 
[INFO] [stdout] running 8 tests
[INFO] [stdout] test invalid_characters ... ok
[INFO] [stdout] test trailing_characters ... ok
[INFO] [stdout] test unexpected_end_of_input ... FAILED
[INFO] [stdout] test subsection_too_long ... FAILED
[INFO] [stdout] test invalid_start_of_version_number ... FAILED
[INFO] [stdout] test unsupported_format ... ok
[INFO] [stdout] test invalid_start_of_security_data ... FAILED
[INFO] [stdout] test expected_integer ... FAILED
[INFO] [stdout] 
[INFO] [stdout] failures:
[INFO] [stdout] 
[INFO] [stdout] ---- unexpected_end_of_input stdout ----
[INFO] [stdout] 
[INFO] [stdout] thread 'unexpected_end_of_input' (420) panicked at tests/invalid_input.rs:152:5:
[INFO] [stdout] assertion `left == right` failed
[INFO] [stdout]   left: Err(ParseFailed("0: at line 1, in Eof:\nM2DESMARAIS/LUC       EABC123 YULFRAAC 0834 226F001A0025 14D>6181WW6225BAC 00141234560032A0141234567890 1AC AC 1234567890123    20KYLX58ZDEF456 FRAGVALH 3664 227C012C0002 12E2A0140987654321 1AC AC 1234567890123    2PCNWQ^101\n                                                                                                                                                                                                                                ^\n\n"))
[INFO] [stdout]  right: Err(ParseFailed("0: at line 0, in Eof:\nM2DESMARAIS/LUC       EABC123 YULFRAAC 0834 226F001A0025 14D>6181WW6225BAC 00141234560032A0141234567890 1AC AC 1234567890123    20KYLX58ZDEF456 FRAGVALH 3664 227C012C0002 12E2A0140987654321 1AC AC 1234567890123    2PCNWQ^101\n                                                                                                                                                                                                                                ^\n\n"))
[INFO] [stdout] stack backtrace:
[INFO] [stdout]    0:     0x5bc3cde40a81 - <<std[70759c8f55707aa4]::sys::backtrace::BacktraceLock>::print::DisplayBacktrace as core[df12db4294e9bfd3]::fmt::Display>::fmt
[INFO] [stdout]    1:     0x5bc3cde54f6a - core[df12db4294e9bfd3]::fmt::write
[INFO] [stdout]    2:     0x5bc3cde44f1c - <alloc[2182bb758b4b3781]::vec::Vec<u8> as core[df12db4294e9bfd3]::io::write::Write>::write_fmt
[INFO] [stdout]    3:     0x5bc3cde1d076 - std[70759c8f55707aa4]::panicking::default_hook::{closure#0}
[INFO] [stdout]    4:     0x5bc3cde391e9 - std[70759c8f55707aa4]::panicking::default_hook
[INFO] [stdout]    5:     0x5bc3cddcef10 - test[9d35eded1c95d3be]::test_main_inner::<test[9d35eded1c95d3be]::test_main_static::{closure#0}>::{closure#0}
[INFO] [stdout]    6:     0x5bc3cde393a2 - std[70759c8f55707aa4]::panicking::panic_with_hook
[INFO] [stdout]    7:     0x5bc3cde1d122 - std[70759c8f55707aa4]::panicking::panic_handler::{closure#0}
[INFO] [stdout]    8:     0x5bc3cde15ea9 - std[70759c8f55707aa4]::sys::backtrace::__rust_end_short_backtrace::<std[70759c8f55707aa4]::panicking::panic_handler::{closure#0}, !>
[INFO] [stdout]    9:     0x5bc3cde1dd1d - __rustc[8fa7c3cbc660c2b3]::rust_begin_unwind
[INFO] [stdout]   10:     0x5bc3cde5569c - core[df12db4294e9bfd3]::panicking::panic_fmt
[INFO] [stdout]   11:     0x5bc3cde555b3 - core[df12db4294e9bfd3]::panicking::assert_failed_inner
[INFO] [stdout]   12:     0x5bc3cddbeb86 - core[df12db4294e9bfd3]::panicking::assert_failed::<core[df12db4294e9bfd3]::result::Result<iata_bcbp[ca6bd11a6058238f]::bcbp::Bcbp, iata_bcbp[ca6bd11a6058238f]::error::Error>, core[df12db4294e9bfd3]::result::Result<iata_bcbp[ca6bd11a6058238f]::bcbp::Bcbp, iata_bcbp[ca6bd11a6058238f]::error::Error>>
[INFO] [stdout]   13:     0x5bc3cddc1fec - <invalid_input[87c07b4d7684a019]::unexpected_end_of_input::{closure#0} as core[df12db4294e9bfd3]::ops::function::FnOnce<()>>::call_once
[INFO] [stdout]   14:     0x5bc3cddc21fb - test[9d35eded1c95d3be]::__rust_begin_short_backtrace::<core[df12db4294e9bfd3]::result::Result<(), alloc[2182bb758b4b3781]::string::String>, fn() -> core[df12db4294e9bfd3]::result::Result<(), alloc[2182bb758b4b3781]::string::String>>
[INFO] [stdout]   15:     0x5bc3cddcf865 - test[9d35eded1c95d3be]::run_test::{closure#0}
[INFO] [stdout]   16:     0x5bc3cddc9124 - std[70759c8f55707aa4]::sys::backtrace::__rust_begin_short_backtrace::<test[9d35eded1c95d3be]::run_test::{closure#1}, ()>
[INFO] [stdout]   17:     0x5bc3cddd29c2 - <std[70759c8f55707aa4]::thread::lifecycle::spawn_unchecked<test[9d35eded1c95d3be]::run_test::{closure#1}, ()>::{closure#1} as core[df12db4294e9bfd3]::ops::function::FnOnce<()>>::call_once::{shim:vtable#0}
[INFO] [stdout]   18:     0x5bc3cde40359 - <std[70759c8f55707aa4]::sys::thread::unix::Thread>::new::thread_start
[INFO] [stdout]   19:     0x7685a19badfa - <unknown>
[INFO] [stdout]   20:     0x7685a1a4e3d4 - clone
[INFO] [stdout]   21:                0x0 - <unknown>
[INFO] [stdout] 
[INFO] [stdout] ---- subsection_too_long stdout ----
[INFO] [stdout] 
[INFO] [stdout] thread 'subsection_too_long' (418) panicked at tests/invalid_input.rs:137:5:
[INFO] [stdout] assertion `left == right` failed
[INFO] [stdout]   left: Err(ParseFailed("0: at line 1, in Eof:\nM2DESMARAIS/LUC       EABC123 YULFRAAC 0834 226F001A0025 1FF>6181WW6225BAC 00141234560032A0141234567890 1AC AC 1234567890123    20KYLX58ZDEF456 FRAGVALH 3664 227C012C0002 12E2A0140987654321 1AC AC 1234567890123    2PCNWQ^100\n                                                            ^\n\n"))
[INFO] [stdout]  right: Err(ParseFailed("0: at line 0, in Eof:\nM2DESMARAIS/LUC       EABC123 YULFRAAC 0834 226F001A0025 1FF>6181WW6225BAC 00141234560032A0141234567890 1AC AC 1234567890123    20KYLX58ZDEF456 FRAGVALH 3664 227C012C0002 12E2A0140987654321 1AC AC 1234567890123    2PCNWQ^100\n                                                            ^\n\n"))
[INFO] [stdout] stack backtrace:
[INFO] [stdout]    0:     0x5bc3cde40a81 - <<std[70759c8f55707aa4]::sys::backtrace::BacktraceLock>::print::DisplayBacktrace as core[df12db4294e9bfd3]::fmt::Display>::fmt
[INFO] [stdout]    1:     0x5bc3cde54f6a - core[df12db4294e9bfd3]::fmt::write
[INFO] [stdout]    2:     0x5bc3cde44f1c - <alloc[2182bb758b4b3781]::vec::Vec<u8> as core[df12db4294e9bfd3]::io::write::Write>::write_fmt
[INFO] [stdout]    3:     0x5bc3cde1d076 - std[70759c8f55707aa4]::panicking::default_hook::{closure#0}
[INFO] [stdout]    4:     0x5bc3cde391e9 - std[70759c8f55707aa4]::panicking::default_hook
[INFO] [stdout]    5:     0x5bc3cddcef10 - test[9d35eded1c95d3be]::test_main_inner::<test[9d35eded1c95d3be]::test_main_static::{closure#0}>::{closure#0}
[INFO] [stdout]    6:     0x5bc3cde393a2 - std[70759c8f55707aa4]::panicking::panic_with_hook
[INFO] [stdout]    7:     0x5bc3cde1d122 - std[70759c8f55707aa4]::panicking::panic_handler::{closure#0}
[INFO] [stdout]    8:     0x5bc3cde15ea9 - std[70759c8f55707aa4]::sys::backtrace::__rust_end_short_backtrace::<std[70759c8f55707aa4]::panicking::panic_handler::{closure#0}, !>
[INFO] [stdout]    9:     0x5bc3cde1dd1d - __rustc[8fa7c3cbc660c2b3]::rust_begin_unwind
[INFO] [stdout]   10:     0x5bc3cde5569c - core[df12db4294e9bfd3]::panicking::panic_fmt
[INFO] [stdout]   11:     0x5bc3cde555b3 - core[df12db4294e9bfd3]::panicking::assert_failed_inner
[INFO] [stdout]   12:     0x5bc3cddbeb86 - core[df12db4294e9bfd3]::panicking::assert_failed::<core[df12db4294e9bfd3]::result::Result<iata_bcbp[ca6bd11a6058238f]::bcbp::Bcbp, iata_bcbp[ca6bd11a6058238f]::error::Error>, core[df12db4294e9bfd3]::result::Result<iata_bcbp[ca6bd11a6058238f]::bcbp::Bcbp, iata_bcbp[ca6bd11a6058238f]::error::Error>>
[INFO] [stdout]   13:     0x5bc3cddbeef3 - invalid_input[87c07b4d7684a019]::subsection_too_long
[INFO] [stdout]   14:     0x5bc3cddc18e9 - <invalid_input[87c07b4d7684a019]::subsection_too_long::{closure#0} as core[df12db4294e9bfd3]::ops::function::FnOnce<()>>::call_once
[INFO] [stdout]   15:     0x5bc3cddc21fb - test[9d35eded1c95d3be]::__rust_begin_short_backtrace::<core[df12db4294e9bfd3]::result::Result<(), alloc[2182bb758b4b3781]::string::String>, fn() -> core[df12db4294e9bfd3]::result::Result<(), alloc[2182bb758b4b3781]::string::String>>
[INFO] [stdout]   16:     0x5bc3cddcf865 - test[9d35eded1c95d3be]::run_test::{closure#0}
[INFO] [stdout]   17:     0x5bc3cddc9124 - std[70759c8f55707aa4]::sys::backtrace::__rust_begin_short_backtrace::<test[9d35eded1c95d3be]::run_test::{closure#1}, ()>
[INFO] [stdout]   18:     0x5bc3cddd29c2 - <std[70759c8f55707aa4]::thread::lifecycle::spawn_unchecked<test[9d35eded1c95d3be]::run_test::{closure#1}, ()>::{closure#1} as core[df12db4294e9bfd3]::ops::function::FnOnce<()>>::call_once::{shim:vtable#0}
[INFO] [stdout]   19:     0x5bc3cde40359 - <std[70759c8f55707aa4]::sys::thread::unix::Thread>::new::thread_start
[INFO] [stdout]   20:     0x7685a19badfa - <unknown>
[INFO] [stdout]   21:     0x7685a1a4e3d4 - clone
[INFO] [stdout]   22:                0x0 - <unknown>
[INFO] [stdout] 
[INFO] [stdout] ---- invalid_start_of_version_number stdout ----
[INFO] [stdout] 
[INFO] [stdout] thread 'invalid_start_of_version_number' (417) panicked at tests/invalid_input.rs:82:5:
[INFO] [stdout] assertion `left == right` failed
[INFO] [stdout]   left: Err(ParseFailed("0: at line 1:\nM2DESMARAIS/LUC       EABC123 YULFRAAC 0834 226F001A0025 14D+6181WW6225BAC 00141234560032A0141234567890 1AC AC 1234567890123    20KYLX58ZDEF456 FRAGVALH 3664 227C012C0002 12E2A0140987654321 1AC AC 1234567890123    2PCNWQ^100\n                                                            ^\nexpected '>', found +\n\n1: at line 1, in Beginning of Version Number:\nM2DESMARAIS/LUC       EABC123 YULFRAAC 0834 226F001A0025 14D+6181WW6225BAC 00141234560032A0141234567890 1AC AC 1234567890123    20KYLX58ZDEF456 FRAGVALH 3664 227C012C0002 12E2A0140987654321 1AC AC 1234567890123    2PCNWQ^100\n                                                            ^\n\n"))
[INFO] [stdout]  right: Err(ParseFailed("0: at line 0:\nM2DESMARAIS/LUC       EABC123 YULFRAAC 0834 226F001A0025 14D+6181WW6225BAC 00141234560032A0141234567890 1AC AC 1234567890123    20KYLX58ZDEF456 FRAGVALH 3664 227C012C0002 12E2A0140987654321 1AC AC 1234567890123    2PCNWQ^100\n                                                            ^\nexpected '>', found +\n\n1: at line 0, in Beginning of Version Number:\nM2DESMARAIS/LUC       EABC123 YULFRAAC 0834 226F001A0025 14D+6181WW6225BAC 00141234560032A0141234567890 1AC AC 1234567890123    20KYLX58ZDEF456 FRAGVALH 3664 227C012C0002 12E2A0140987654321 1AC AC 1234567890123    2PCNWQ^100\n                                                            ^\n\n"))
[INFO] [stdout] stack backtrace:
[INFO] [stdout]    0:     0x5bc3cde40a81 - <<std[70759c8f55707aa4]::sys::backtrace::BacktraceLock>::print::DisplayBacktrace as core[df12db4294e9bfd3]::fmt::Display>::fmt
[INFO] [stdout]    1:     0x5bc3cde54f6a - core[df12db4294e9bfd3]::fmt::write
[INFO] [stdout]    2:     0x5bc3cde44f1c - <alloc[2182bb758b4b3781]::vec::Vec<u8> as core[df12db4294e9bfd3]::io::write::Write>::write_fmt
[INFO] [stdout]    3:     0x5bc3cde1d076 - std[70759c8f55707aa4]::panicking::default_hook::{closure#0}
[INFO] [stdout]    4:     0x5bc3cde391e9 - std[70759c8f55707aa4]::panicking::default_hook
[INFO] [stdout]    5:     0x5bc3cddcef10 - test[9d35eded1c95d3be]::test_main_inner::<test[9d35eded1c95d3be]::test_main_static::{closure#0}>::{closure#0}
[INFO] [stdout]    6:     0x5bc3cde393a2 - std[70759c8f55707aa4]::panicking::panic_with_hook
[INFO] [stdout]    7:     0x5bc3cde1d122 - std[70759c8f55707aa4]::panicking::panic_handler::{closure#0}
[INFO] [stdout]    8:     0x5bc3cde15ea9 - std[70759c8f55707aa4]::sys::backtrace::__rust_end_short_backtrace::<std[70759c8f55707aa4]::panicking::panic_handler::{closure#0}, !>
[INFO] [stdout]    9:     0x5bc3cde1dd1d - __rustc[8fa7c3cbc660c2b3]::rust_begin_unwind
[INFO] [stdout]   10:     0x5bc3cde5569c - core[df12db4294e9bfd3]::panicking::panic_fmt
[INFO] [stdout]   11:     0x5bc3cde555b3 - core[df12db4294e9bfd3]::panicking::assert_failed_inner
[INFO] [stdout]   12:     0x5bc3cddbeb86 - core[df12db4294e9bfd3]::panicking::assert_failed::<core[df12db4294e9bfd3]::result::Result<iata_bcbp[ca6bd11a6058238f]::bcbp::Bcbp, iata_bcbp[ca6bd11a6058238f]::error::Error>, core[df12db4294e9bfd3]::result::Result<iata_bcbp[ca6bd11a6058238f]::bcbp::Bcbp, iata_bcbp[ca6bd11a6058238f]::error::Error>>
[INFO] [stdout]   13:     0x5bc3cddbf91b - invalid_input[87c07b4d7684a019]::invalid_start_of_version_number
[INFO] [stdout]   14:     0x5bc3cddc2189 - <invalid_input[87c07b4d7684a019]::invalid_start_of_version_number::{closure#0} as core[df12db4294e9bfd3]::ops::function::FnOnce<()>>::call_once
[INFO] [stdout]   15:     0x5bc3cddc21fb - test[9d35eded1c95d3be]::__rust_begin_short_backtrace::<core[df12db4294e9bfd3]::result::Result<(), alloc[2182bb758b4b3781]::string::String>, fn() -> core[df12db4294e9bfd3]::result::Result<(), alloc[2182bb758b4b3781]::string::String>>
[INFO] [stdout]   16:     0x5bc3cddcf865 - test[9d35eded1c95d3be]::run_test::{closure#0}
[INFO] [stdout]   17:     0x5bc3cddc9124 - std[70759c8f55707aa4]::sys::backtrace::__rust_begin_short_backtrace::<test[9d35eded1c95d3be]::run_test::{closure#1}, ()>
[INFO] [stdout]   18:     0x5bc3cddd29c2 - <std[70759c8f55707aa4]::thread::lifecycle::spawn_unchecked<test[9d35eded1c95d3be]::run_test::{closure#1}, ()>::{closure#1} as core[df12db4294e9bfd3]::ops::function::FnOnce<()>>::call_once::{shim:vtable#0}
[INFO] [stdout]   19:     0x5bc3cde40359 - <std[70759c8f55707aa4]::sys::thread::unix::Thread>::new::thread_start
[INFO] [stdout]   20:     0x7685a19badfa - <unknown>
[INFO] [stdout]   21:     0x7685a1a4e3d4 - clone
[INFO] [stdout]   22:                0x0 - <unknown>
[INFO] [stdout] 
[INFO] [stdout] ---- invalid_start_of_security_data stdout ----
[INFO] [stdout] 
[INFO] [stdout] thread 'invalid_start_of_security_data' (416) panicked at tests/invalid_input.rs:62:5:
[INFO] [stdout] assertion `left == right` failed
[INFO] [stdout]   left: Err(ParseFailed("0: at line 1:\nM1DESMARAIS/LUC       EABC123 YULFRAAC 0834 326J001A0025 100+100\n                                                            ^\nexpected '^', found +\n\n1: at line 1, in Beginning of Security Data:\nM1DESMARAIS/LUC       EABC123 YULFRAAC 0834 326J001A0025 100+100\n                                                            ^\n\n"))
[INFO] [stdout]  right: Err(ParseFailed("0: at line 0:\nM1DESMARAIS/LUC       EABC123 YULFRAAC 0834 326J001A0025 100+100\n                                                            ^\nexpected '^', found +\n\n1: at line 0, in Beginning of Security Data:\nM1DESMARAIS/LUC       EABC123 YULFRAAC 0834 326J001A0025 100+100\n                                                            ^\n\n"))
[INFO] [stdout] stack backtrace:
[INFO] [stdout]    0:     0x5bc3cde40a81 - <<std[70759c8f55707aa4]::sys::backtrace::BacktraceLock>::print::DisplayBacktrace as core[df12db4294e9bfd3]::fmt::Display>::fmt
[INFO] [stdout]    1:     0x5bc3cde54f6a - core[df12db4294e9bfd3]::fmt::write
[INFO] [stdout]    2:     0x5bc3cde44f1c - <alloc[2182bb758b4b3781]::vec::Vec<u8> as core[df12db4294e9bfd3]::io::write::Write>::write_fmt
[INFO] [stdout]    3:     0x5bc3cde1d076 - std[70759c8f55707aa4]::panicking::default_hook::{closure#0}
[INFO] [stdout]    4:     0x5bc3cde391e9 - std[70759c8f55707aa4]::panicking::default_hook
[INFO] [stdout]    5:     0x5bc3cddcef10 - test[9d35eded1c95d3be]::test_main_inner::<test[9d35eded1c95d3be]::test_main_static::{closure#0}>::{closure#0}
[INFO] [stdout]    6:     0x5bc3cde393a2 - std[70759c8f55707aa4]::panicking::panic_with_hook
[INFO] [stdout]    7:     0x5bc3cde1d122 - std[70759c8f55707aa4]::panicking::panic_handler::{closure#0}
[INFO] [stdout]    8:     0x5bc3cde15ea9 - std[70759c8f55707aa4]::sys::backtrace::__rust_end_short_backtrace::<std[70759c8f55707aa4]::panicking::panic_handler::{closure#0}, !>
[INFO] [stdout]    9:     0x5bc3cde1dd1d - __rustc[8fa7c3cbc660c2b3]::rust_begin_unwind
[INFO] [stdout]   10:     0x5bc3cde5569c - core[df12db4294e9bfd3]::panicking::panic_fmt
[INFO] [stdout]   11:     0x5bc3cde555b3 - core[df12db4294e9bfd3]::panicking::assert_failed_inner
[INFO] [stdout]   12:     0x5bc3cddbeb86 - core[df12db4294e9bfd3]::panicking::assert_failed::<core[df12db4294e9bfd3]::result::Result<iata_bcbp[ca6bd11a6058238f]::bcbp::Bcbp, iata_bcbp[ca6bd11a6058238f]::error::Error>, core[df12db4294e9bfd3]::result::Result<iata_bcbp[ca6bd11a6058238f]::bcbp::Bcbp, iata_bcbp[ca6bd11a6058238f]::error::Error>>
[INFO] [stdout]   13:     0x5bc3cddbf403 - invalid_input[87c07b4d7684a019]::invalid_start_of_security_data
[INFO] [stdout]   14:     0x5bc3cddc2169 - <invalid_input[87c07b4d7684a019]::invalid_start_of_security_data::{closure#0} as core[df12db4294e9bfd3]::ops::function::FnOnce<()>>::call_once
[INFO] [stdout]   15:     0x5bc3cddc21fb - test[9d35eded1c95d3be]::__rust_begin_short_backtrace::<core[df12db4294e9bfd3]::result::Result<(), alloc[2182bb758b4b3781]::string::String>, fn() -> core[df12db4294e9bfd3]::result::Result<(), alloc[2182bb758b4b3781]::string::String>>
[INFO] [stdout]   16:     0x5bc3cddcf865 - test[9d35eded1c95d3be]::run_test::{closure#0}
[INFO] [stdout]   17:     0x5bc3cddc9124 - std[70759c8f55707aa4]::sys::backtrace::__rust_begin_short_backtrace::<test[9d35eded1c95d3be]::run_test::{closure#1}, ()>
[INFO] [stdout]   18:     0x5bc3cddd29c2 - <std[70759c8f55707aa4]::thread::lifecycle::spawn_unchecked<test[9d35eded1c95d3be]::run_test::{closure#1}, ()>::{closure#1} as core[df12db4294e9bfd3]::ops::function::FnOnce<()>>::call_once::{shim:vtable#0}
[INFO] [stdout]   19:     0x5bc3cde40359 - <std[70759c8f55707aa4]::sys::thread::unix::Thread>::new::thread_start
[INFO] [stdout]   20:     0x7685a19badfa - <unknown>
[INFO] [stdout]   21:     0x7685a1a4e3d4 - clone
[INFO] [stdout]   22:                0x0 - <unknown>
[INFO] [stdout] 
[INFO] [stdout] ---- expected_integer stdout ----
[INFO] [stdout] 
[INFO] [stdout] thread 'expected_integer' (414) panicked at tests/invalid_input.rs:102:5:
[INFO] [stdout] assertion `left == right` failed
[INFO] [stdout]   left: Err(ParseFailed("0: at line 1, in TakeWhileMN:\nMXDESMARAIS/LUC       EABC123 YULFRAAC 0834 326J001A0025 100^100+\n ^\n\n1: at line 1, in Number of Legs Encoded:\nMXDESMARAIS/LUC       EABC123 YULFRAAC 0834 326J001A0025 100^100+\n ^\n\n"))
[INFO] [stdout]  right: Err(ParseFailed("0: at line 0, in TakeWhileMN:\nMXDESMARAIS/LUC       EABC123 YULFRAAC 0834 326J001A0025 100^100+\n ^\n\n1: at line 0, in Number of Legs Encoded:\nMXDESMARAIS/LUC       EABC123 YULFRAAC 0834 326J001A0025 100^100+\n ^\n\n"))
[INFO] [stdout] stack backtrace:
[INFO] [stdout]    0:     0x5bc3cde40a81 - <<std[70759c8f55707aa4]::sys::backtrace::BacktraceLock>::print::DisplayBacktrace as core[df12db4294e9bfd3]::fmt::Display>::fmt
[INFO] [stdout]    1:     0x5bc3cde54f6a - core[df12db4294e9bfd3]::fmt::write
[INFO] [stdout]    2:     0x5bc3cde44f1c - <alloc[2182bb758b4b3781]::vec::Vec<u8> as core[df12db4294e9bfd3]::io::write::Write>::write_fmt
[INFO] [stdout]    3:     0x5bc3cde1d076 - std[70759c8f55707aa4]::panicking::default_hook::{closure#0}
[INFO] [stdout]    4:     0x5bc3cde391e9 - std[70759c8f55707aa4]::panicking::default_hook
[INFO] [stdout]    5:     0x5bc3cddcef10 - test[9d35eded1c95d3be]::test_main_inner::<test[9d35eded1c95d3be]::test_main_static::{closure#0}>::{closure#0}
[INFO] [stdout]    6:     0x5bc3cde393a2 - std[70759c8f55707aa4]::panicking::panic_with_hook
[INFO] [stdout]    7:     0x5bc3cde1d122 - std[70759c8f55707aa4]::panicking::panic_handler::{closure#0}
[INFO] [stdout]    8:     0x5bc3cde15ea9 - std[70759c8f55707aa4]::sys::backtrace::__rust_end_short_backtrace::<std[70759c8f55707aa4]::panicking::panic_handler::{closure#0}, !>
[INFO] [stdout]    9:     0x5bc3cde1dd1d - __rustc[8fa7c3cbc660c2b3]::rust_begin_unwind
[INFO] [stdout]   10:     0x5bc3cde5569c - core[df12db4294e9bfd3]::panicking::panic_fmt
[INFO] [stdout]   11:     0x5bc3cde555b3 - core[df12db4294e9bfd3]::panicking::assert_failed_inner
[INFO] [stdout]   12:     0x5bc3cddbeb86 - core[df12db4294e9bfd3]::panicking::assert_failed::<core[df12db4294e9bfd3]::result::Result<iata_bcbp[ca6bd11a6058238f]::bcbp::Bcbp, iata_bcbp[ca6bd11a6058238f]::error::Error>, core[df12db4294e9bfd3]::result::Result<iata_bcbp[ca6bd11a6058238f]::bcbp::Bcbp, iata_bcbp[ca6bd11a6058238f]::error::Error>>
[INFO] [stdout]   13:     0x5bc3cddc1311 - <invalid_input[87c07b4d7684a019]::expected_integer::{closure#0} as core[df12db4294e9bfd3]::ops::function::FnOnce<()>>::call_once
[INFO] [stdout]   14:     0x5bc3cddc21fb - test[9d35eded1c95d3be]::__rust_begin_short_backtrace::<core[df12db4294e9bfd3]::result::Result<(), alloc[2182bb758b4b3781]::string::String>, fn() -> core[df12db4294e9bfd3]::result::Result<(), alloc[2182bb758b4b3781]::string::String>>
[INFO] [stdout]   15:     0x5bc3cddcf865 - test[9d35eded1c95d3be]::run_test::{closure#0}
[INFO] [stdout]   16:     0x5bc3cddc9124 - std[70759c8f55707aa4]::sys::backtrace::__rust_begin_short_backtrace::<test[9d35eded1c95d3be]::run_test::{closure#1}, ()>
[INFO] [stdout]   17:     0x5bc3cddd29c2 - <std[70759c8f55707aa4]::thread::lifecycle::spawn_unchecked<test[9d35eded1c95d3be]::run_test::{closure#1}, ()>::{closure#1} as core[df12db4294e9bfd3]::ops::function::FnOnce<()>>::call_once::{shim:vtable#0}
[INFO] [stdout]   18:     0x5bc3cde40359 - <std[70759c8f55707aa4]::sys::thread::unix::Thread>::new::thread_start
[INFO] [stdout]   19:     0x7685a19badfa - <unknown>
[INFO] [stdout]   20:     0x7685a1a4e3d4 - clone
[INFO] [stdout]   21:                0x0 - <unknown>
[INFO] [stdout] 
[INFO] [stdout] 
[INFO] [stdout] failures:
[INFO] [stdout]     expected_integer
[INFO] [stdout]     invalid_start_of_security_data
[INFO] [stdout]     invalid_start_of_version_number
[INFO] [stdout]     subsection_too_long
[INFO] [stdout]     unexpected_end_of_input
[INFO] [stdout] 
[INFO] [stdout] test result: FAILED. 3 passed; 5 failed; 0 ignored; 0 measured; 0 filtered out; finished in 0.01s
[INFO] [stdout] 
[INFO] [stderr] error: test failed, to rerun pass `--test invalid_input`
[INFO] running `Command { std: "docker" "inspect" "1b27c9a7db87f936c4ce46a757bc834206117a073cceb71844724134ea702426", kill_on_drop: false }`
[INFO] running `Command { std: "docker" "rm" "-f" "1b27c9a7db87f936c4ce46a757bc834206117a073cceb71844724134ea702426", kill_on_drop: false }`
[INFO] [stdout] 1b27c9a7db87f936c4ce46a757bc834206117a073cceb71844724134ea702426
