[INFO] fetching crate iapiab 0.1.0...
[INFO] testing iapiab-0.1.0 against 1.99.0-beta.8+cargoflags=--release for beta-release-1.100-2
[INFO] extracting crate iapiab 0.1.0 into /workspace/builds/worker-2-tc1/source
[INFO] started tweaking crates.io crate iapiab 0.1.0
[INFO] finished tweaking crates.io crate iapiab 0.1.0
[INFO] tweaked toml for crates.io crate iapiab 0.1.0 written to /workspace/builds/worker-2-tc1/source/Cargo.toml
[INFO] validating manifest of crates.io crate iapiab 0.1.0 on toolchain 1.99.0-beta.8
[INFO] running `Command { std: CARGO_HOME="/workspace/cargo-home" RUSTUP_HOME="/workspace/rustup-home" "/workspace/cargo-home/bin/cargo" "+1.99.0-beta.8" "metadata" "--manifest-path" "Cargo.toml" "--no-deps", kill_on_drop: false }`
[INFO] running `Command { std: CARGO_HOME="/workspace/cargo-home" RUSTUP_HOME="/workspace/rustup-home" "/workspace/cargo-home/bin/cargo" "+1.99.0-beta.8" "generate-lockfile" "--manifest-path" "Cargo.toml", kill_on_drop: false }`
[INFO] [stderr]     Updating crates.io index
[INFO] [stderr]      Locking 251 packages to highest compatible versions
[INFO] [stderr]       Adding base64 v0.13.1 (available: v0.23.1)
[INFO] [stderr]       Adding google-androidpublisher3 v2.0.8+20210401 (available: v7.0.0+20251216)
[INFO] [stderr]       Adding hyper v0.14.32 (available: v1.12.0)
[INFO] [stderr]       Adding hyper-rustls v0.22.1 (available: v0.27.10)
[INFO] [stderr]       Adding memchr v2.3.4 (available: v2.8.3)
[INFO] [stderr]       Adding regex v1.8.4 (available: v1.13.1)
[INFO] [stderr]       Adding reqwest v0.11.27 (available: v0.13.5)
[INFO] [stderr]       Adding rsa v0.4.1 (available: v0.9.10)
[INFO] [stderr]       Adding sha-1 v0.9.8 (available: v0.10.1)
[INFO] [stderr]       Adding thiserror v1.0.69 (available: v2.0.21)
[INFO] [stderr]       Adding x509-parser v0.9.2 (available: v0.18.1)
[INFO] [stderr]       Adding yup-oauth2 v5.1.0 (available: v12.1.2)
[INFO] [stderr]       Adding zeroize v1.3.0 (available: v1.9.1)
[INFO] running `Command { std: CARGO_HOME="/workspace/cargo-home" RUSTUP_HOME="/workspace/rustup-home" "/workspace/cargo-home/bin/cargo" "+1.99.0-beta.8" "fetch" "--manifest-path" "Cargo.toml", kill_on_drop: false }`
[INFO] [stderr]  Downloading crates ...
[INFO] [stderr]   Downloaded hyper-rustls v0.22.1
[INFO] [stderr]   Downloaded tokio-rustls v0.22.0
[INFO] [stderr]   Downloaded rustls-native-certs v0.5.0
[INFO] [stderr]   Downloaded yup-oauth2 v5.1.0
[INFO] [stderr]   Downloaded ct-logs v0.8.0
[INFO] [stderr]   Downloaded rusticata-macros v3.2.0
[INFO] [stderr]   Downloaded x509-parser v0.9.2
[INFO] [stderr]   Downloaded nom v6.2.2
[INFO] [stderr]   Downloaded oid-registry v0.1.5
[INFO] [stderr]   Downloaded der-oid-macro v0.4.0
[INFO] [stderr]   Downloaded der-parser v5.1.2
[INFO] [stderr]   Downloaded rsa v0.4.1
[INFO] [stderr]   Downloaded lexical-core v0.7.6
[INFO] [stderr]   Downloaded pem v0.8.3
[INFO] [stderr]   Downloaded num-bigint-dig v0.7.1
[INFO] [stderr]   Downloaded regex v1.8.4
[INFO] [stderr]   Downloaded google-androidpublisher3 v2.0.8+20210401
[INFO] running `Command { std: "docker" "create" "-v" "/var/lib/crater-agent-workspace/builds/worker-2-tc1/source:/opt/rustwide/workdir:ro,Z" "-v" "/var/lib/crater-agent-workspace/builds/worker-2-tc1/target:/opt/rustwide/target:rw,Z" "-v" "/var/lib/crater-agent-workspace/cargo-home:/opt/rustwide/cargo-home:ro,Z" "-v" "/var/lib/crater-agent-workspace/rustup-home:/opt/rustwide/rustup-home:ro,Z" "-m" "1610612736" "--network" "none" "ghcr.io/rust-lang/crates-build-env/linux@sha256:77db811e55d90add9212f6832c23229e3de5f1c1f9905e8cb07319ea15df73ac" "sleep" "infinity", kill_on_drop: false }`
[INFO] [stdout] a8e6f58c04ce45a9725fa30aaadd8941a1b35433ff5b016428fa4b301900d5c3
[INFO] running `Command { std: "docker" "start" "a8e6f58c04ce45a9725fa30aaadd8941a1b35433ff5b016428fa4b301900d5c3", kill_on_drop: false }`
[INFO] running `Command { std: "docker" "inspect" "a8e6f58c04ce45a9725fa30aaadd8941a1b35433ff5b016428fa4b301900d5c3", kill_on_drop: false }`
[INFO] running `Command { std: "docker" "exec" "-e" "SOURCE_DIR=/opt/rustwide/workdir" "-e" "CARGO_HOME=/opt/rustwide/cargo-home" "-e" "RUSTUP_HOME=/opt/rustwide/rustup-home" "-e" "CARGO_TARGET_DIR=/opt/rustwide/target" "-w" "/opt/rustwide/workdir" "--user" "0:0" "a8e6f58c04ce45a9725fa30aaadd8941a1b35433ff5b016428fa4b301900d5c3" "/opt/rustwide/cargo-home/bin/cargo" "+1.99.0-beta.8" "metadata" "--no-deps" "--format-version=1", kill_on_drop: false }`
[INFO] running `Command { std: "docker" "inspect" "a8e6f58c04ce45a9725fa30aaadd8941a1b35433ff5b016428fa4b301900d5c3", kill_on_drop: false }`
[INFO] running `Command { std: "docker" "exec" "-e" "SOURCE_DIR=/opt/rustwide/workdir" "-e" "CARGO_HOME=/opt/rustwide/cargo-home" "-e" "RUSTUP_HOME=/opt/rustwide/rustup-home" "-e" "CARGO_TARGET_DIR=/opt/rustwide/target" "-e" "CARGO_INCREMENTAL=0" "-e" "RUST_BACKTRACE=full" "-e" "RUSTFLAGS=--cap-lints=warn" "-e" "RUSTDOCFLAGS=--cap-lints=warn" "-w" "/opt/rustwide/workdir" "--user" "0:0" "a8e6f58c04ce45a9725fa30aaadd8941a1b35433ff5b016428fa4b301900d5c3" "/opt/rustwide/cargo-home/bin/cargo" "+1.99.0-beta.8" "build" "--frozen" "--message-format=json" "--release", kill_on_drop: false }`
[INFO] [stderr]    Compiling memchr v2.3.4
[INFO] [stderr]    Compiling syn v2.0.119
[INFO] [stderr]    Compiling radium v0.5.3
[INFO] [stderr]    Compiling ring v0.16.20
[INFO] [stderr]    Compiling tokio-macros v2.7.2
[INFO] [stderr]    Compiling lexical-core v0.7.6
[INFO] [stderr]    Compiling futures-macro v0.3.34
[INFO] [stderr]    Compiling parking_lot_core v0.9.12
[INFO] [stderr]    Compiling nom v6.2.2
[INFO] [stderr]    Compiling serde v1.0.229
[INFO] [stderr]    Compiling num-integer v0.1.47
[INFO] [stderr]    Compiling libm v0.2.16
[INFO] [stderr]    Compiling num-traits v0.2.19
[INFO] [stderr]    Compiling generic-array v0.14.9
[INFO] [stderr]    Compiling arrayvec v0.5.2
[INFO] [stderr]    Compiling ryu v1.0.23
[INFO] [stderr]    Compiling parking_lot v0.12.5
[INFO] [stderr]    Compiling wyz v0.2.0
[INFO] [stderr]    Compiling funty v1.1.0
[INFO] [stderr]    Compiling bitflags v1.3.2
[INFO] [stderr]    Compiling tap v1.0.1
[INFO] [stderr]    Compiling bitvec v0.19.6
[INFO] [stderr]    Compiling num-bigint v0.4.8
[INFO] [stderr]    Compiling native-tls v0.2.18
[INFO] [stderr]    Compiling spin v0.9.9
[INFO] [stderr]    Compiling unicode-normalization v0.1.26
[INFO] [stderr]    Compiling tokio v1.53.3
[INFO] [stderr]    Compiling lazy_static v1.5.1
[INFO] [stderr]    Compiling serde_json v1.0.154
[INFO] [stderr]    Compiling url v2.5.8
[INFO] [stderr]    Compiling num-bigint-dig v0.7.1
[INFO] [stderr]    Compiling chrono v0.4.45
[INFO] [stderr]    Compiling oid-registry v0.1.5
[INFO] [stderr]    Compiling unicode-bidi v0.3.18
[INFO] [stderr]    Compiling futures-util v0.3.34
[INFO] [stderr]    Compiling matches v0.1.10
[INFO] [stderr]    Compiling regex-syntax v0.7.5
[INFO] [stderr]    Compiling idna v0.1.5
[INFO] [stderr]    Compiling rand v0.8.8
[INFO] [stderr]    Compiling digest v0.9.0
[INFO] [stderr]    Compiling num-iter v0.1.46
[INFO] [stderr]    Compiling log v0.3.9
[INFO] [stderr]    Compiling percent-encoding v1.0.1
[INFO] [stderr]    Compiling mime v0.2.6
[INFO] [stderr]    Compiling url v1.7.2
[INFO] [stderr]    Compiling serde_urlencoded v0.7.1
[INFO] [stderr]    Compiling block-buffer v0.9.0
[INFO] [stderr]    Compiling sha-1 v0.9.8
[INFO] [stderr]    Compiling regex v1.8.4
[INFO] [stderr]    Compiling pem v0.8.3
[INFO] [stderr]    Compiling openssl-macros v0.1.1
[INFO] [stderr]    Compiling thiserror-impl v1.0.69
[INFO] [stderr]    Compiling zeroize_derive v1.5.0
[INFO] [stderr]    Compiling futures-executor v0.3.34
[INFO] [stderr]    Compiling openssl v0.10.81
[INFO] [stderr]    Compiling rusticata-macros v3.2.0
[INFO] [stderr]    Compiling futures v0.3.34
[INFO] [stderr]    Compiling zeroize v1.3.0
[INFO] [stderr]    Compiling der-oid-macro v0.4.0
[INFO] [stderr]    Compiling der-parser v5.1.2
[INFO] [stderr]    Compiling thiserror v1.0.69
[INFO] [stderr]    Compiling simple_asn1 v0.5.4
[INFO] [stderr]    Compiling rsa v0.4.1
[INFO] [stderr]    Compiling x509-parser v0.9.2
[INFO] [stderr]    Compiling sct v0.6.1
[INFO] [stderr]    Compiling webpki v0.21.4
[INFO] [stderr]    Compiling ct-logs v0.8.0
[INFO] [stderr]    Compiling rustls v0.19.1
[INFO] [stderr]    Compiling tokio-util v0.7.20
[INFO] [stderr]    Compiling h2 v0.3.27
[INFO] [stderr]    Compiling tokio-rustls v0.22.0
[INFO] [stderr]    Compiling rustls-native-certs v0.5.0
[INFO] [stderr]    Compiling tokio-native-tls v0.3.1
[INFO] [stderr]    Compiling hyper v0.14.32
[INFO] [stderr]    Compiling hyper-rustls v0.22.1
[INFO] [stderr]    Compiling hyper-tls v0.5.0
[INFO] [stderr]    Compiling yup-oauth2 v5.1.0
[INFO] [stderr]    Compiling reqwest v0.11.27
[INFO] [stderr]    Compiling google-androidpublisher3 v2.0.8+20210401
[INFO] [stderr]    Compiling iapiab v0.1.0 (/opt/rustwide/workdir)
[INFO] [stderr]     Finished `release` profile [optimized] target(s) in 1m 48s
[INFO] running `Command { std: "docker" "inspect" "a8e6f58c04ce45a9725fa30aaadd8941a1b35433ff5b016428fa4b301900d5c3", kill_on_drop: false }`
[INFO] running `Command { std: "docker" "exec" "-e" "SOURCE_DIR=/opt/rustwide/workdir" "-e" "CARGO_HOME=/opt/rustwide/cargo-home" "-e" "RUSTUP_HOME=/opt/rustwide/rustup-home" "-e" "CARGO_TARGET_DIR=/opt/rustwide/target" "-e" "CARGO_INCREMENTAL=0" "-e" "RUST_BACKTRACE=full" "-e" "RUSTFLAGS=--cap-lints=warn" "-e" "RUSTDOCFLAGS=--cap-lints=warn" "-w" "/opt/rustwide/workdir" "--user" "0:0" "a8e6f58c04ce45a9725fa30aaadd8941a1b35433ff5b016428fa4b301900d5c3" "/opt/rustwide/cargo-home/bin/cargo" "+1.99.0-beta.8" "test" "--frozen" "--no-run" "--message-format=json" "--release", kill_on_drop: false }`
[INFO] [stderr]    Compiling tokio-stream v0.1.19
[INFO] [stderr]    Compiling tokio-test v0.4.6
[INFO] [stderr]    Compiling iapiab v0.1.0 (/opt/rustwide/workdir)
[INFO] [stderr]     Finished `release` profile [optimized] target(s) in 17.89s
[INFO] running `Command { std: "docker" "inspect" "a8e6f58c04ce45a9725fa30aaadd8941a1b35433ff5b016428fa4b301900d5c3", kill_on_drop: false }`
[INFO] running `Command { std: "docker" "exec" "-e" "SOURCE_DIR=/opt/rustwide/workdir" "-e" "CARGO_HOME=/opt/rustwide/cargo-home" "-e" "RUSTUP_HOME=/opt/rustwide/rustup-home" "-e" "CARGO_TARGET_DIR=/opt/rustwide/target" "-e" "CARGO_INCREMENTAL=0" "-e" "RUST_BACKTRACE=full" "-e" "RUSTFLAGS=--cap-lints=warn" "-e" "RUSTDOCFLAGS=--cap-lints=warn" "-w" "/opt/rustwide/workdir" "--user" "0:0" "a8e6f58c04ce45a9725fa30aaadd8941a1b35433ff5b016428fa4b301900d5c3" "/opt/rustwide/cargo-home/bin/cargo" "+1.99.0-beta.8" "test" "--frozen" "--release", kill_on_drop: false }`
[INFO] [stderr]     Finished `release` profile [optimized] target(s) in 0.22s
[INFO] [stderr]      Running unittests src/lib.rs (/opt/rustwide/target/release/deps/iapiab-c627ccc5d81847f6)
[INFO] [stdout] 
[INFO] [stdout] running 14 tests
[INFO] [stdout] test tests::playstore_verify_signature_error ... ok
[INFO] [stdout] test tests::playstore_acknowledge_acknowledged ... FAILED
[INFO] [stdout] test tests::playstore_acknowledge_subscription_error ... FAILED
[INFO] [stdout] test tests::playstore_verify_error ... FAILED
[INFO] [stdout] test tests::playstore_rerify_subscription_error ... FAILED
[INFO] [stdout] test tests::playstore_refund_subscription_error ... FAILED
[INFO] [stdout] test tests::playstore_revoke_subscription_error ... FAILED
[INFO] [stdout] test tests::appstore_verify_success ... FAILED
[INFO] [stdout] test tests::playstore_verify_signature_success ... ok
[INFO] [stdout] test tests::playstore_acknowledge_error ... FAILED
[INFO] [stdout] test tests::playstore_verify_signature_pubkey_error ... ok
[INFO] [stdout] test tests::playstore_cancel_subscription_error ... FAILED
[INFO] [stdout] test tests::playstore_verify_success ... FAILED
[INFO] [stderr] error: test failed, to rerun pass `--lib`
[INFO] [stdout] test tests::appstore_verify_error ... FAILED
[INFO] [stdout] 
[INFO] [stdout] failures:
[INFO] [stdout] 
[INFO] [stdout] ---- tests::playstore_acknowledge_acknowledged stdout ----
[INFO] [stdout] 
[INFO] [stdout] thread 'tests::playstore_acknowledge_acknowledged' (2024) panicked at src/lib.rs:47:62:
[INFO] [stdout] called `Result::unwrap()` on an `Err` value: NotPresent
[INFO] [stdout] stack backtrace:
[INFO] [stdout]    0:     0x635293f94331 - <<std[70759c8f55707aa4]::sys::backtrace::BacktraceLock>::print::DisplayBacktrace as core[df12db4294e9bfd3]::fmt::Display>::fmt
[INFO] [stdout]    1:     0x635293fab3ca - core[df12db4294e9bfd3]::fmt::write
[INFO] [stdout]    2:     0x635293f98f7c - <alloc[2182bb758b4b3781]::vec::Vec<u8> as core[df12db4294e9bfd3]::io::write::Write>::write_fmt
[INFO] [stdout]    3:     0x635293f6ef86 - std[70759c8f55707aa4]::panicking::default_hook::{closure#0}
[INFO] [stdout]    4:     0x635293f8bd39 - std[70759c8f55707aa4]::panicking::default_hook
[INFO] [stdout]    5:     0x635293d4e0e0 - test[9d35eded1c95d3be]::test_main_inner::<test[9d35eded1c95d3be]::test_main_static::{closure#0}>::{closure#0}
[INFO] [stdout]    6:     0x635293f8c062 - std[70759c8f55707aa4]::panicking::panic_with_hook
[INFO] [stdout]    7:     0x635293f6f032 - std[70759c8f55707aa4]::panicking::panic_handler::{closure#0}
[INFO] [stdout]    8:     0x635293f67b49 - std[70759c8f55707aa4]::sys::backtrace::__rust_end_short_backtrace::<std[70759c8f55707aa4]::panicking::panic_handler::{closure#0}, !>
[INFO] [stdout]    9:     0x635293f6fe1d - __rustc[8fa7c3cbc660c2b3]::rust_begin_unwind
[INFO] [stdout]   10:     0x635293fabb2c - core[df12db4294e9bfd3]::panicking::panic_fmt
[INFO] [stdout]   11:     0x635293fab902 - core[df12db4294e9bfd3]::result::unwrap_failed
[INFO] [stdout]   12:     0x635293c0e39a - iapiab[df690f7c3354fd9e]::tests::create_iab_client::{closure#0}
[INFO] [stdout]   13:     0x635293c100ac - iapiab[df690f7c3354fd9e]::tests::playstore_acknowledge_acknowledged::{closure#0}
[INFO] [stdout]   14:     0x635293c68233 - <tokio[ac83fc85aa68e3d1]::runtime::scheduler::current_thread::Context>::enter::<core[df12db4294e9bfd3]::task::poll::Poll<()>, <tokio[ac83fc85aa68e3d1]::runtime::scheduler::current_thread::CoreGuard>::block_on<core[df12db4294e9bfd3]::pin::Pin<&mut core[df12db4294e9bfd3]::pin::Pin<&mut dyn core[df12db4294e9bfd3]::future::future::Future<Output = ()>>>>::{closure#0}::{closure#0}>
[INFO] [stdout]   15:     0x635293c8f04c - <tokio[ac83fc85aa68e3d1]::runtime::context::scoped::Scoped<tokio[ac83fc85aa68e3d1]::runtime::scheduler::Context>>::set::<<tokio[ac83fc85aa68e3d1]::runtime::scheduler::current_thread::CoreGuard>::enter<<tokio[ac83fc85aa68e3d1]::runtime::scheduler::current_thread::CoreGuard>::block_on<core[df12db4294e9bfd3]::pin::Pin<&mut core[df12db4294e9bfd3]::pin::Pin<&mut dyn core[df12db4294e9bfd3]::future::future::Future<Output = ()>>>>::{closure#0}, core[df12db4294e9bfd3]::option::Option<()>>::{closure#0}, (alloc[2182bb758b4b3781]::boxed::Box<tokio[ac83fc85aa68e3d1]::runtime::scheduler::current_thread::Core>, core[df12db4294e9bfd3]::option::Option<()>)>
[INFO] [stdout]   16:     0x635293c68ea7 - <tokio[ac83fc85aa68e3d1]::runtime::scheduler::current_thread::CoreGuard>::block_on::<core[df12db4294e9bfd3]::pin::Pin<&mut core[df12db4294e9bfd3]::pin::Pin<&mut dyn core[df12db4294e9bfd3]::future::future::Future<Output = ()>>>>
[INFO] [stdout]   17:     0x635293c576d6 - tokio[ac83fc85aa68e3d1]::runtime::context::runtime::enter_runtime::<<tokio[ac83fc85aa68e3d1]::runtime::scheduler::current_thread::CurrentThread>::block_on<core[df12db4294e9bfd3]::pin::Pin<&mut dyn core[df12db4294e9bfd3]::future::future::Future<Output = ()>>>::{closure#0}, ()>
[INFO] [stdout]   18:     0x635293c68115 - <tokio[ac83fc85aa68e3d1]::runtime::runtime::Runtime>::block_on::<core[df12db4294e9bfd3]::pin::Pin<&mut dyn core[df12db4294e9bfd3]::future::future::Future<Output = ()>>>
[INFO] [stdout]   19:     0x635293c1287b - iapiab[df690f7c3354fd9e]::tests::playstore_acknowledge_acknowledged
[INFO] [stdout]   20:     0x635293c4f109 - <iapiab[df690f7c3354fd9e]::tests::playstore_acknowledge_acknowledged::{closure#0} as core[df12db4294e9bfd3]::ops::function::FnOnce<()>>::call_once
[INFO] [stdout]   21:     0x635293d413cb - test[9d35eded1c95d3be]::__rust_begin_short_backtrace::<core[df12db4294e9bfd3]::result::Result<(), alloc[2182bb758b4b3781]::string::String>, fn() -> core[df12db4294e9bfd3]::result::Result<(), alloc[2182bb758b4b3781]::string::String>>
[INFO] [stdout]   22:     0x635293d4ea35 - test[9d35eded1c95d3be]::run_test::{closure#0}
[INFO] [stdout]   23:     0x635293d482f4 - std[70759c8f55707aa4]::sys::backtrace::__rust_begin_short_backtrace::<test[9d35eded1c95d3be]::run_test::{closure#1}, ()>
[INFO] [stdout]   24:     0x635293d51b92 - <std[70759c8f55707aa4]::thread::lifecycle::spawn_unchecked<test[9d35eded1c95d3be]::run_test::{closure#1}, ()>::{closure#1} as core[df12db4294e9bfd3]::ops::function::FnOnce<()>>::call_once::{shim:vtable#0}
[INFO] [stdout]   25:     0x635293f932e9 - <std[70759c8f55707aa4]::sys::thread::unix::Thread>::new::thread_start
[INFO] [stdout]   26:     0x7382d6366dfa - <unknown>
[INFO] [stdout]   27:     0x7382d63fa3d4 - clone
[INFO] [stdout]   28:                0x0 - <unknown>
[INFO] [stdout] 
[INFO] [stdout] ---- tests::playstore_acknowledge_subscription_error stdout ----
[INFO] [stdout] 
[INFO] [stdout] thread 'tests::playstore_acknowledge_subscription_error' (2026) panicked at src/lib.rs:47:62:
[INFO] [stdout] called `Result::unwrap()` on an `Err` value: NotPresent
[INFO] [stdout] stack backtrace:
[INFO] [stdout]    0:     0x635293f94331 - <<std[70759c8f55707aa4]::sys::backtrace::BacktraceLock>::print::DisplayBacktrace as core[df12db4294e9bfd3]::fmt::Display>::fmt
[INFO] [stdout]    1:     0x635293fab3ca - core[df12db4294e9bfd3]::fmt::write
[INFO] [stdout]    2:     0x635293f98f7c - <alloc[2182bb758b4b3781]::vec::Vec<u8> as core[df12db4294e9bfd3]::io::write::Write>::write_fmt
[INFO] [stdout]    3:     0x635293f6ef86 - std[70759c8f55707aa4]::panicking::default_hook::{closure#0}
[INFO] [stdout]    4:     0x635293f8bd39 - std[70759c8f55707aa4]::panicking::default_hook
[INFO] [stdout]    5:     0x635293d4e0e0 - test[9d35eded1c95d3be]::test_main_inner::<test[9d35eded1c95d3be]::test_main_static::{closure#0}>::{closure#0}
[INFO] [stdout]    6:     0x635293f8c062 - std[70759c8f55707aa4]::panicking::panic_with_hook
[INFO] [stdout]    7:     0x635293f6f032 - std[70759c8f55707aa4]::panicking::panic_handler::{closure#0}
[INFO] [stdout]    8:     0x635293f67b49 - std[70759c8f55707aa4]::sys::backtrace::__rust_end_short_backtrace::<std[70759c8f55707aa4]::panicking::panic_handler::{closure#0}, !>
[INFO] [stdout]    9:     0x635293f6fe1d - __rustc[8fa7c3cbc660c2b3]::rust_begin_unwind
[INFO] [stdout]   10:     0x635293fabb2c - core[df12db4294e9bfd3]::panicking::panic_fmt
[INFO] [stdout]   11:     0x635293fab902 - core[df12db4294e9bfd3]::result::unwrap_failed
[INFO] [stdout]   12:     0x635293c0e39a - iapiab[df690f7c3354fd9e]::tests::create_iab_client::{closure#0}
[INFO] [stdout]   13:     0x635293c114dc - iapiab[df690f7c3354fd9e]::tests::playstore_acknowledge_subscription_error::{closure#0}
[INFO] [stdout]   14:     0x635293c68233 - <tokio[ac83fc85aa68e3d1]::runtime::scheduler::current_thread::Context>::enter::<core[df12db4294e9bfd3]::task::poll::Poll<()>, <tokio[ac83fc85aa68e3d1]::runtime::scheduler::current_thread::CoreGuard>::block_on<core[df12db4294e9bfd3]::pin::Pin<&mut core[df12db4294e9bfd3]::pin::Pin<&mut dyn core[df12db4294e9bfd3]::future::future::Future<Output = ()>>>>::{closure#0}::{closure#0}>
[INFO] [stdout]   15:     0x635293c8f04c - <tokio[ac83fc85aa68e3d1]::runtime::context::scoped::Scoped<tokio[ac83fc85aa68e3d1]::runtime::scheduler::Context>>::set::<<tokio[ac83fc85aa68e3d1]::runtime::scheduler::current_thread::CoreGuard>::enter<<tokio[ac83fc85aa68e3d1]::runtime::scheduler::current_thread::CoreGuard>::block_on<core[df12db4294e9bfd3]::pin::Pin<&mut core[df12db4294e9bfd3]::pin::Pin<&mut dyn core[df12db4294e9bfd3]::future::future::Future<Output = ()>>>>::{closure#0}, core[df12db4294e9bfd3]::option::Option<()>>::{closure#0}, (alloc[2182bb758b4b3781]::boxed::Box<tokio[ac83fc85aa68e3d1]::runtime::scheduler::current_thread::Core>, core[df12db4294e9bfd3]::option::Option<()>)>
[INFO] [stdout]   16:     0x635293c68ea7 - <tokio[ac83fc85aa68e3d1]::runtime::scheduler::current_thread::CoreGuard>::block_on::<core[df12db4294e9bfd3]::pin::Pin<&mut core[df12db4294e9bfd3]::pin::Pin<&mut dyn core[df12db4294e9bfd3]::future::future::Future<Output = ()>>>>
[INFO] [stdout]   17:     0x635293c576d6 - tokio[ac83fc85aa68e3d1]::runtime::context::runtime::enter_runtime::<<tokio[ac83fc85aa68e3d1]::runtime::scheduler::current_thread::CurrentThread>::block_on<core[df12db4294e9bfd3]::pin::Pin<&mut dyn core[df12db4294e9bfd3]::future::future::Future<Output = ()>>>::{closure#0}, ()>
[INFO] [stdout]   18:     0x635293c68115 - <tokio[ac83fc85aa68e3d1]::runtime::runtime::Runtime>::block_on::<core[df12db4294e9bfd3]::pin::Pin<&mut dyn core[df12db4294e9bfd3]::future::future::Future<Output = ()>>>
[INFO] [stdout]   19:     0x635293c1316b - iapiab[df690f7c3354fd9e]::tests::playstore_acknowledge_subscription_error
[INFO] [stdout]   20:     0x635293c4f1e9 - <iapiab[df690f7c3354fd9e]::tests::playstore_acknowledge_subscription_error::{closure#0} as core[df12db4294e9bfd3]::ops::function::FnOnce<()>>::call_once
[INFO] [stdout]   21:     0x635293d413cb - test[9d35eded1c95d3be]::__rust_begin_short_backtrace::<core[df12db4294e9bfd3]::result::Result<(), alloc[2182bb758b4b3781]::string::String>, fn() -> core[df12db4294e9bfd3]::result::Result<(), alloc[2182bb758b4b3781]::string::String>>
[INFO] [stdout]   22:     0x635293d4ea35 - test[9d35eded1c95d3be]::run_test::{closure#0}
[INFO] [stdout]   23:     0x635293d482f4 - std[70759c8f55707aa4]::sys::backtrace::__rust_begin_short_backtrace::<test[9d35eded1c95d3be]::run_test::{closure#1}, ()>
[INFO] [stdout]   24:     0x635293d51b92 - <std[70759c8f55707aa4]::thread::lifecycle::spawn_unchecked<test[9d35eded1c95d3be]::run_test::{closure#1}, ()>::{closure#1} as core[df12db4294e9bfd3]::ops::function::FnOnce<()>>::call_once::{shim:vtable#0}
[INFO] [stdout]   25:     0x635293f932e9 - <std[70759c8f55707aa4]::sys::thread::unix::Thread>::new::thread_start
[INFO] [stdout]   26:     0x7382d6366dfa - <unknown>
[INFO] [stdout]   27:     0x7382d63fa3d4 - clone
[INFO] [stdout]   28:                0x0 - <unknown>
[INFO] [stdout] 
[INFO] [stdout] ---- tests::playstore_verify_error stdout ----
[INFO] [stdout] 
[INFO] [stdout] thread 'tests::playstore_verify_error' (2031) panicked at src/lib.rs:47:62:
[INFO] [stdout] called `Result::unwrap()` on an `Err` value: NotPresent
[INFO] [stdout] stack backtrace:
[INFO] [stdout]    0:     0x635293f94331 - <<std[70759c8f55707aa4]::sys::backtrace::BacktraceLock>::print::DisplayBacktrace as core[df12db4294e9bfd3]::fmt::Display>::fmt
[INFO] [stdout]    1:     0x635293fab3ca - core[df12db4294e9bfd3]::fmt::write
[INFO] [stdout]    2:     0x635293f98f7c - <alloc[2182bb758b4b3781]::vec::Vec<u8> as core[df12db4294e9bfd3]::io::write::Write>::write_fmt
[INFO] [stdout]    3:     0x635293f6ef86 - std[70759c8f55707aa4]::panicking::default_hook::{closure#0}
[INFO] [stdout]    4:     0x635293f8bd39 - std[70759c8f55707aa4]::panicking::default_hook
[INFO] [stdout]    5:     0x635293d4e0e0 - test[9d35eded1c95d3be]::test_main_inner::<test[9d35eded1c95d3be]::test_main_static::{closure#0}>::{closure#0}
[INFO] [stdout]    6:     0x635293f8c062 - std[70759c8f55707aa4]::panicking::panic_with_hook
[INFO] [stdout]    7:     0x635293f6f032 - std[70759c8f55707aa4]::panicking::panic_handler::{closure#0}
[INFO] [stdout]    8:     0x635293f67b49 - std[70759c8f55707aa4]::sys::backtrace::__rust_end_short_backtrace::<std[70759c8f55707aa4]::panicking::panic_handler::{closure#0}, !>
[INFO] [stdout]    9:     0x635293f6fe1d - __rustc[8fa7c3cbc660c2b3]::rust_begin_unwind
[INFO] [stdout]   10:     0x635293fabb2c - core[df12db4294e9bfd3]::panicking::panic_fmt
[INFO] [stdout]   11:     0x635293fab902 - core[df12db4294e9bfd3]::result::unwrap_failed
[INFO] [stdout]   12:     0x635293c0e39a - iapiab[df690f7c3354fd9e]::tests::create_iab_client::{closure#0}
[INFO] [stdout]   13:     0x635293c0ed5c - iapiab[df690f7c3354fd9e]::tests::playstore_verify_error::{closure#0}
[INFO] [stdout]   14:     0x635293c68233 - <tokio[ac83fc85aa68e3d1]::runtime::scheduler::current_thread::Context>::enter::<core[df12db4294e9bfd3]::task::poll::Poll<()>, <tokio[ac83fc85aa68e3d1]::runtime::scheduler::current_thread::CoreGuard>::block_on<core[df12db4294e9bfd3]::pin::Pin<&mut core[df12db4294e9bfd3]::pin::Pin<&mut dyn core[df12db4294e9bfd3]::future::future::Future<Output = ()>>>>::{closure#0}::{closure#0}>
[INFO] [stdout]   15:     0x635293c8f04c - <tokio[ac83fc85aa68e3d1]::runtime::context::scoped::Scoped<tokio[ac83fc85aa68e3d1]::runtime::scheduler::Context>>::set::<<tokio[ac83fc85aa68e3d1]::runtime::scheduler::current_thread::CoreGuard>::enter<<tokio[ac83fc85aa68e3d1]::runtime::scheduler::current_thread::CoreGuard>::block_on<core[df12db4294e9bfd3]::pin::Pin<&mut core[df12db4294e9bfd3]::pin::Pin<&mut dyn core[df12db4294e9bfd3]::future::future::Future<Output = ()>>>>::{closure#0}, core[df12db4294e9bfd3]::option::Option<()>>::{closure#0}, (alloc[2182bb758b4b3781]::boxed::Box<tokio[ac83fc85aa68e3d1]::runtime::scheduler::current_thread::Core>, core[df12db4294e9bfd3]::option::Option<()>)>
[INFO] [stdout]   16:     0x635293c68ea7 - <tokio[ac83fc85aa68e3d1]::runtime::scheduler::current_thread::CoreGuard>::block_on::<core[df12db4294e9bfd3]::pin::Pin<&mut core[df12db4294e9bfd3]::pin::Pin<&mut dyn core[df12db4294e9bfd3]::future::future::Future<Output = ()>>>>
[INFO] [stdout]   17:     0x635293c576d6 - tokio[ac83fc85aa68e3d1]::runtime::context::runtime::enter_runtime::<<tokio[ac83fc85aa68e3d1]::runtime::scheduler::current_thread::CurrentThread>::block_on<core[df12db4294e9bfd3]::pin::Pin<&mut dyn core[df12db4294e9bfd3]::future::future::Future<Output = ()>>>::{closure#0}, ()>
[INFO] [stdout]   18:     0x635293c68115 - <tokio[ac83fc85aa68e3d1]::runtime::runtime::Runtime>::block_on::<core[df12db4294e9bfd3]::pin::Pin<&mut dyn core[df12db4294e9bfd3]::future::future::Future<Output = ()>>>
[INFO] [stdout]   19:     0x635293c1220b - iapiab[df690f7c3354fd9e]::tests::playstore_verify_error
[INFO] [stdout]   20:     0x635293c4f069 - <iapiab[df690f7c3354fd9e]::tests::playstore_verify_error::{closure#0} as core[df12db4294e9bfd3]::ops::function::FnOnce<()>>::call_once
[INFO] [stdout]   21:     0x635293d413cb - test[9d35eded1c95d3be]::__rust_begin_short_backtrace::<core[df12db4294e9bfd3]::result::Result<(), alloc[2182bb758b4b3781]::string::String>, fn() -> core[df12db4294e9bfd3]::result::Result<(), alloc[2182bb758b4b3781]::string::String>>
[INFO] [stdout]   22:     0x635293d4ea35 - test[9d35eded1c95d3be]::run_test::{closure#0}
[INFO] [stdout]   23:     0x635293d482f4 - std[70759c8f55707aa4]::sys::backtrace::__rust_begin_short_backtrace::<test[9d35eded1c95d3be]::run_test::{closure#1}, ()>
[INFO] [stdout]   24:     0x635293d51b92 - <std[70759c8f55707aa4]::thread::lifecycle::spawn_unchecked<test[9d35eded1c95d3be]::run_test::{closure#1}, ()>::{closure#1} as core[df12db4294e9bfd3]::ops::function::FnOnce<()>>::call_once::{shim:vtable#0}
[INFO] [stdout]   25:     0x635293f932e9 - <std[70759c8f55707aa4]::sys::thread::unix::Thread>::new::thread_start
[INFO] [stdout]   26:     0x7382d6366dfa - <unknown>
[INFO] [stdout]   27:     0x7382d63fa3d4 - clone
[INFO] [stdout]   28:                0x0 - <unknown>
[INFO] [stdout] 
[INFO] [stdout] ---- tests::playstore_rerify_subscription_error stdout ----
[INFO] [stdout] 
[INFO] [stdout] thread 'tests::playstore_rerify_subscription_error' (2029) panicked at src/lib.rs:47:62:
[INFO] [stdout] called `Result::unwrap()` on an `Err` value: NotPresent
[INFO] [stdout] stack backtrace:
[INFO] [stdout]    0:     0x635293f94331 - <<std[70759c8f55707aa4]::sys::backtrace::BacktraceLock>::print::DisplayBacktrace as core[df12db4294e9bfd3]::fmt::Display>::fmt
[INFO] [stdout]    1:     0x635293fab3ca - core[df12db4294e9bfd3]::fmt::write
[INFO] [stdout]    2:     0x635293f98f7c - <alloc[2182bb758b4b3781]::vec::Vec<u8> as core[df12db4294e9bfd3]::io::write::Write>::write_fmt
[INFO] [stdout]    3:     0x635293f6ef86 - std[70759c8f55707aa4]::panicking::default_hook::{closure#0}
[INFO] [stdout]    4:     0x635293f8bd39 - std[70759c8f55707aa4]::panicking::default_hook
[INFO] [stdout]    5:     0x635293d4e0e0 - test[9d35eded1c95d3be]::test_main_inner::<test[9d35eded1c95d3be]::test_main_static::{closure#0}>::{closure#0}
[INFO] [stdout]    6:     0x635293f8c062 - std[70759c8f55707aa4]::panicking::panic_with_hook
[INFO] [stdout]    7:     0x635293f6f032 - std[70759c8f55707aa4]::panicking::panic_handler::{closure#0}
[INFO] [stdout]    8:     0x635293f67b49 - std[70759c8f55707aa4]::sys::backtrace::__rust_end_short_backtrace::<std[70759c8f55707aa4]::panicking::panic_handler::{closure#0}, !>
[INFO] [stdout]    9:     0x635293f6fe1d - __rustc[8fa7c3cbc660c2b3]::rust_begin_unwind
[INFO] [stdout]   10:     0x635293fabb2c - core[df12db4294e9bfd3]::panicking::panic_fmt
[INFO] [stdout]   11:     0x635293fab902 - core[df12db4294e9bfd3]::result::unwrap_failed
[INFO] [stdout]   12:     0x635293c0e39a - iapiab[df690f7c3354fd9e]::tests::create_iab_client::{closure#0}
[INFO] [stdout]   13:     0x635293c10adc - iapiab[df690f7c3354fd9e]::tests::playstore_rerify_subscription_error::{closure#0}
[INFO] [stdout]   14:     0x635293c68233 - <tokio[ac83fc85aa68e3d1]::runtime::scheduler::current_thread::Context>::enter::<core[df12db4294e9bfd3]::task::poll::Poll<()>, <tokio[ac83fc85aa68e3d1]::runtime::scheduler::current_thread::CoreGuard>::block_on<core[df12db4294e9bfd3]::pin::Pin<&mut core[df12db4294e9bfd3]::pin::Pin<&mut dyn core[df12db4294e9bfd3]::future::future::Future<Output = ()>>>>::{closure#0}::{closure#0}>
[INFO] [stdout]   15:     0x635293c8f04c - <tokio[ac83fc85aa68e3d1]::runtime::context::scoped::Scoped<tokio[ac83fc85aa68e3d1]::runtime::scheduler::Context>>::set::<<tokio[ac83fc85aa68e3d1]::runtime::scheduler::current_thread::CoreGuard>::enter<<tokio[ac83fc85aa68e3d1]::runtime::scheduler::current_thread::CoreGuard>::block_on<core[df12db4294e9bfd3]::pin::Pin<&mut core[df12db4294e9bfd3]::pin::Pin<&mut dyn core[df12db4294e9bfd3]::future::future::Future<Output = ()>>>>::{closure#0}, core[df12db4294e9bfd3]::option::Option<()>>::{closure#0}, (alloc[2182bb758b4b3781]::boxed::Box<tokio[ac83fc85aa68e3d1]::runtime::scheduler::current_thread::Core>, core[df12db4294e9bfd3]::option::Option<()>)>
[INFO] [stdout]   16:     0x635293c68ea7 - <tokio[ac83fc85aa68e3d1]::runtime::scheduler::current_thread::CoreGuard>::block_on::<core[df12db4294e9bfd3]::pin::Pin<&mut core[df12db4294e9bfd3]::pin::Pin<&mut dyn core[df12db4294e9bfd3]::future::future::Future<Output = ()>>>>
[INFO] [stdout]   17:     0x635293c576d6 - tokio[ac83fc85aa68e3d1]::runtime::context::runtime::enter_runtime::<<tokio[ac83fc85aa68e3d1]::runtime::scheduler::current_thread::CurrentThread>::block_on<core[df12db4294e9bfd3]::pin::Pin<&mut dyn core[df12db4294e9bfd3]::future::future::Future<Output = ()>>>::{closure#0}, ()>
[INFO] [stdout]   18:     0x635293c68115 - <tokio[ac83fc85aa68e3d1]::runtime::runtime::Runtime>::block_on::<core[df12db4294e9bfd3]::pin::Pin<&mut dyn core[df12db4294e9bfd3]::future::future::Future<Output = ()>>>
[INFO] [stdout]   19:     0x635293c12d9b - iapiab[df690f7c3354fd9e]::tests::playstore_rerify_subscription_error
[INFO] [stdout]   20:     0x635293c4f189 - <iapiab[df690f7c3354fd9e]::tests::playstore_rerify_subscription_error::{closure#0} as core[df12db4294e9bfd3]::ops::function::FnOnce<()>>::call_once
[INFO] [stdout]   21:     0x635293d413cb - test[9d35eded1c95d3be]::__rust_begin_short_backtrace::<core[df12db4294e9bfd3]::result::Result<(), alloc[2182bb758b4b3781]::string::String>, fn() -> core[df12db4294e9bfd3]::result::Result<(), alloc[2182bb758b4b3781]::string::String>>
[INFO] [stdout]   22:     0x635293d4ea35 - test[9d35eded1c95d3be]::run_test::{closure#0}
[INFO] [stdout]   23:     0x635293d482f4 - std[70759c8f55707aa4]::sys::backtrace::__rust_begin_short_backtrace::<test[9d35eded1c95d3be]::run_test::{closure#1}, ()>
[INFO] [stdout]   24:     0x635293d51b92 - <std[70759c8f55707aa4]::thread::lifecycle::spawn_unchecked<test[9d35eded1c95d3be]::run_test::{closure#1}, ()>::{closure#1} as core[df12db4294e9bfd3]::ops::function::FnOnce<()>>::call_once::{shim:vtable#0}
[INFO] [stdout]   25:     0x635293f932e9 - <std[70759c8f55707aa4]::sys::thread::unix::Thread>::new::thread_start
[INFO] [stdout]   26:     0x7382d6366dfa - <unknown>
[INFO] [stdout]   27:     0x7382d63fa3d4 - clone
[INFO] [stdout]   28:                0x0 - <unknown>
[INFO] [stdout] 
[INFO] [stdout] ---- tests::playstore_refund_subscription_error stdout ----
[INFO] [stdout] 
[INFO] [stdout] thread 'tests::playstore_refund_subscription_error' (2028) panicked at src/lib.rs:47:62:
[INFO] [stdout] called `Result::unwrap()` on an `Err` value: NotPresent
[INFO] [stdout] stack backtrace:
[INFO] [stdout]    0:     0x635293f94331 - <<std[70759c8f55707aa4]::sys::backtrace::BacktraceLock>::print::DisplayBacktrace as core[df12db4294e9bfd3]::fmt::Display>::fmt
[INFO] [stdout]    1:     0x635293fab3ca - core[df12db4294e9bfd3]::fmt::write
[INFO] [stdout]    2:     0x635293f98f7c - <alloc[2182bb758b4b3781]::vec::Vec<u8> as core[df12db4294e9bfd3]::io::write::Write>::write_fmt
[INFO] [stdout]    3:     0x635293f6ef86 - std[70759c8f55707aa4]::panicking::default_hook::{closure#0}
[INFO] [stdout]    4:     0x635293f8bd39 - std[70759c8f55707aa4]::panicking::default_hook
[INFO] [stdout]    5:     0x635293d4e0e0 - test[9d35eded1c95d3be]::test_main_inner::<test[9d35eded1c95d3be]::test_main_static::{closure#0}>::{closure#0}
[INFO] [stdout]    6:     0x635293f8c062 - std[70759c8f55707aa4]::panicking::panic_with_hook
[INFO] [stdout]    7:     0x635293f6f032 - std[70759c8f55707aa4]::panicking::panic_handler::{closure#0}
[INFO] [stdout]    8:     0x635293f67b49 - std[70759c8f55707aa4]::sys::backtrace::__rust_end_short_backtrace::<std[70759c8f55707aa4]::panicking::panic_handler::{closure#0}, !>
[INFO] [stdout]    9:     0x635293f6fe1d - __rustc[8fa7c3cbc660c2b3]::rust_begin_unwind
[INFO] [stdout]   10:     0x635293fabb2c - core[df12db4294e9bfd3]::panicking::panic_fmt
[INFO] [stdout]   11:     0x635293fab902 - core[df12db4294e9bfd3]::result::unwrap_failed
[INFO] [stdout]   12:     0x635293c0e39a - iapiab[df690f7c3354fd9e]::tests::create_iab_client::{closure#0}
[INFO] [stdout]   13:     0x635293c1089c - iapiab[df690f7c3354fd9e]::tests::playstore_refund_subscription_error::{closure#0}
[INFO] [stdout]   14:     0x635293c68233 - <tokio[ac83fc85aa68e3d1]::runtime::scheduler::current_thread::Context>::enter::<core[df12db4294e9bfd3]::task::poll::Poll<()>, <tokio[ac83fc85aa68e3d1]::runtime::scheduler::current_thread::CoreGuard>::block_on<core[df12db4294e9bfd3]::pin::Pin<&mut core[df12db4294e9bfd3]::pin::Pin<&mut dyn core[df12db4294e9bfd3]::future::future::Future<Output = ()>>>>::{closure#0}::{closure#0}>
[INFO] [stdout]   15:     0x635293c8f04c - <tokio[ac83fc85aa68e3d1]::runtime::context::scoped::Scoped<tokio[ac83fc85aa68e3d1]::runtime::scheduler::Context>>::set::<<tokio[ac83fc85aa68e3d1]::runtime::scheduler::current_thread::CoreGuard>::enter<<tokio[ac83fc85aa68e3d1]::runtime::scheduler::current_thread::CoreGuard>::block_on<core[df12db4294e9bfd3]::pin::Pin<&mut core[df12db4294e9bfd3]::pin::Pin<&mut dyn core[df12db4294e9bfd3]::future::future::Future<Output = ()>>>>::{closure#0}, core[df12db4294e9bfd3]::option::Option<()>>::{closure#0}, (alloc[2182bb758b4b3781]::boxed::Box<tokio[ac83fc85aa68e3d1]::runtime::scheduler::current_thread::Core>, core[df12db4294e9bfd3]::option::Option<()>)>
[INFO] [stdout]   16:     0x635293c68ea7 - <tokio[ac83fc85aa68e3d1]::runtime::scheduler::current_thread::CoreGuard>::block_on::<core[df12db4294e9bfd3]::pin::Pin<&mut core[df12db4294e9bfd3]::pin::Pin<&mut dyn core[df12db4294e9bfd3]::future::future::Future<Output = ()>>>>
[INFO] [stdout]   17:     0x635293c576d6 - tokio[ac83fc85aa68e3d1]::runtime::context::runtime::enter_runtime::<<tokio[ac83fc85aa68e3d1]::runtime::scheduler::current_thread::CurrentThread>::block_on<core[df12db4294e9bfd3]::pin::Pin<&mut dyn core[df12db4294e9bfd3]::future::future::Future<Output = ()>>>::{closure#0}, ()>
[INFO] [stdout]   18:     0x635293c68115 - <tokio[ac83fc85aa68e3d1]::runtime::runtime::Runtime>::block_on::<core[df12db4294e9bfd3]::pin::Pin<&mut dyn core[df12db4294e9bfd3]::future::future::Future<Output = ()>>>
[INFO] [stdout]   19:     0x635293c12c4b - iapiab[df690f7c3354fd9e]::tests::playstore_refund_subscription_error
[INFO] [stdout]   20:     0x635293c4f169 - <iapiab[df690f7c3354fd9e]::tests::playstore_refund_subscription_error::{closure#0} as core[df12db4294e9bfd3]::ops::function::FnOnce<()>>::call_once
[INFO] [stdout]   21:     0x635293d413cb - test[9d35eded1c95d3be]::__rust_begin_short_backtrace::<core[df12db4294e9bfd3]::result::Result<(), alloc[2182bb758b4b3781]::string::String>, fn() -> core[df12db4294e9bfd3]::result::Result<(), alloc[2182bb758b4b3781]::string::String>>
[INFO] [stdout]   22:     0x635293d4ea35 - test[9d35eded1c95d3be]::run_test::{closure#0}
[INFO] [stdout]   23:     0x635293d482f4 - std[70759c8f55707aa4]::sys::backtrace::__rust_begin_short_backtrace::<test[9d35eded1c95d3be]::run_test::{closure#1}, ()>
[INFO] [stdout]   24:     0x635293d51b92 - <std[70759c8f55707aa4]::thread::lifecycle::spawn_unchecked<test[9d35eded1c95d3be]::run_test::{closure#1}, ()>::{closure#1} as core[df12db4294e9bfd3]::ops::function::FnOnce<()>>::call_once::{shim:vtable#0}
[INFO] [stdout]   25:     0x635293f932e9 - <std[70759c8f55707aa4]::sys::thread::unix::Thread>::new::thread_start
[INFO] [stdout]   26:     0x7382d6366dfa - <unknown>
[INFO] [stdout]   27:     0x7382d63fa3d4 - clone
[INFO] [stdout]   28:                0x0 - <unknown>
[INFO] [stdout] 
[INFO] [stdout] ---- tests::playstore_revoke_subscription_error stdout ----
[INFO] [stdout] 
[INFO] [stdout] thread 'tests::playstore_revoke_subscription_error' (2030) panicked at src/lib.rs:47:62:
[INFO] [stdout] called `Result::unwrap()` on an `Err` value: NotPresent
[INFO] [stdout] stack backtrace:
[INFO] [stdout]    0:     0x635293f94331 - <<std[70759c8f55707aa4]::sys::backtrace::BacktraceLock>::print::DisplayBacktrace as core[df12db4294e9bfd3]::fmt::Display>::fmt
[INFO] [stdout]    1:     0x635293fab3ca - core[df12db4294e9bfd3]::fmt::write
[INFO] [stdout]    2:     0x635293f98f7c - <alloc[2182bb758b4b3781]::vec::Vec<u8> as core[df12db4294e9bfd3]::io::write::Write>::write_fmt
[INFO] [stdout]    3:     0x635293f6ef86 - std[70759c8f55707aa4]::panicking::default_hook::{closure#0}
[INFO] [stdout]    4:     0x635293f8bd39 - std[70759c8f55707aa4]::panicking::default_hook
[INFO] [stdout]    5:     0x635293d4e0e0 - test[9d35eded1c95d3be]::test_main_inner::<test[9d35eded1c95d3be]::test_main_static::{closure#0}>::{closure#0}
[INFO] [stdout]    6:     0x635293f8c062 - std[70759c8f55707aa4]::panicking::panic_with_hook
[INFO] [stdout]    7:     0x635293f6f032 - std[70759c8f55707aa4]::panicking::panic_handler::{closure#0}
[INFO] [stdout]    8:     0x635293f67b49 - std[70759c8f55707aa4]::sys::backtrace::__rust_end_short_backtrace::<std[70759c8f55707aa4]::panicking::panic_handler::{closure#0}, !>
[INFO] [stdout]    9:     0x635293f6fe1d - __rustc[8fa7c3cbc660c2b3]::rust_begin_unwind
[INFO] [stdout]   10:     0x635293fabb2c - core[df12db4294e9bfd3]::panicking::panic_fmt
[INFO] [stdout]   11:     0x635293fab902 - core[df12db4294e9bfd3]::result::unwrap_failed
[INFO] [stdout]   12:     0x635293c0e39a - iapiab[df690f7c3354fd9e]::tests::create_iab_client::{closure#0}
[INFO] [stdout]   13:     0x635293c1108c - iapiab[df690f7c3354fd9e]::tests::playstore_revoke_subscription_error::{closure#0}
[INFO] [stdout]   14:     0x635293c68233 - <tokio[ac83fc85aa68e3d1]::runtime::scheduler::current_thread::Context>::enter::<core[df12db4294e9bfd3]::task::poll::Poll<()>, <tokio[ac83fc85aa68e3d1]::runtime::scheduler::current_thread::CoreGuard>::block_on<core[df12db4294e9bfd3]::pin::Pin<&mut core[df12db4294e9bfd3]::pin::Pin<&mut dyn core[df12db4294e9bfd3]::future::future::Future<Output = ()>>>>::{closure#0}::{closure#0}>
[INFO] [stdout]   15:     0x635293c8f04c - <tokio[ac83fc85aa68e3d1]::runtime::context::scoped::Scoped<tokio[ac83fc85aa68e3d1]::runtime::scheduler::Context>>::set::<<tokio[ac83fc85aa68e3d1]::runtime::scheduler::current_thread::CoreGuard>::enter<<tokio[ac83fc85aa68e3d1]::runtime::scheduler::current_thread::CoreGuard>::block_on<core[df12db4294e9bfd3]::pin::Pin<&mut core[df12db4294e9bfd3]::pin::Pin<&mut dyn core[df12db4294e9bfd3]::future::future::Future<Output = ()>>>>::{closure#0}, core[df12db4294e9bfd3]::option::Option<()>>::{closure#0}, (alloc[2182bb758b4b3781]::boxed::Box<tokio[ac83fc85aa68e3d1]::runtime::scheduler::current_thread::Core>, core[df12db4294e9bfd3]::option::Option<()>)>
[INFO] [stdout]   16:     0x635293c68ea7 - <tokio[ac83fc85aa68e3d1]::runtime::scheduler::current_thread::CoreGuard>::block_on::<core[df12db4294e9bfd3]::pin::Pin<&mut core[df12db4294e9bfd3]::pin::Pin<&mut dyn core[df12db4294e9bfd3]::future::future::Future<Output = ()>>>>
[INFO] [stdout]   17:     0x635293c576d6 - tokio[ac83fc85aa68e3d1]::runtime::context::runtime::enter_runtime::<<tokio[ac83fc85aa68e3d1]::runtime::scheduler::current_thread::CurrentThread>::block_on<core[df12db4294e9bfd3]::pin::Pin<&mut dyn core[df12db4294e9bfd3]::future::future::Future<Output = ()>>>::{closure#0}, ()>
[INFO] [stdout]   18:     0x635293c68115 - <tokio[ac83fc85aa68e3d1]::runtime::runtime::Runtime>::block_on::<core[df12db4294e9bfd3]::pin::Pin<&mut dyn core[df12db4294e9bfd3]::future::future::Future<Output = ()>>>
[INFO] [stdout]   19:     0x635293c12eeb - iapiab[df690f7c3354fd9e]::tests::playstore_revoke_subscription_error
[INFO] [stdout]   20:     0x635293c4f1a9 - <iapiab[df690f7c3354fd9e]::tests::playstore_revoke_subscription_error::{closure#0} as core[df12db4294e9bfd3]::ops::function::FnOnce<()>>::call_once
[INFO] [stdout]   21:     0x635293d413cb - test[9d35eded1c95d3be]::__rust_begin_short_backtrace::<core[df12db4294e9bfd3]::result::Result<(), alloc[2182bb758b4b3781]::string::String>, fn() -> core[df12db4294e9bfd3]::result::Result<(), alloc[2182bb758b4b3781]::string::String>>
[INFO] [stdout]   22:     0x635293d4ea35 - test[9d35eded1c95d3be]::run_test::{closure#0}
[INFO] [stdout]   23:     0x635293d482f4 - std[70759c8f55707aa4]::sys::backtrace::__rust_begin_short_backtrace::<test[9d35eded1c95d3be]::run_test::{closure#1}, ()>
[INFO] [stdout]   24:     0x635293d51b92 - <std[70759c8f55707aa4]::thread::lifecycle::spawn_unchecked<test[9d35eded1c95d3be]::run_test::{closure#1}, ()>::{closure#1} as core[df12db4294e9bfd3]::ops::function::FnOnce<()>>::call_once::{shim:vtable#0}
[INFO] [stdout]   25:     0x635293f932e9 - <std[70759c8f55707aa4]::sys::thread::unix::Thread>::new::thread_start
[INFO] [stdout]   26:     0x7382d6366dfa - <unknown>
[INFO] [stdout]   27:     0x7382d63fa3d4 - clone
[INFO] [stdout]   28:                0x0 - <unknown>
[INFO] [stdout] 
[INFO] [stdout] ---- tests::appstore_verify_success stdout ----
[INFO] [stdout] 
[INFO] [stdout] thread 'tests::appstore_verify_success' (2023) panicked at src/lib.rs:15:65:
[INFO] [stdout] called `Result::unwrap()` on an `Err` value: NotPresent
[INFO] [stdout] stack backtrace:
[INFO] [stdout]    0:     0x635293f94331 - <<std[70759c8f55707aa4]::sys::backtrace::BacktraceLock>::print::DisplayBacktrace as core[df12db4294e9bfd3]::fmt::Display>::fmt
[INFO] [stdout]    1:     0x635293fab3ca - core[df12db4294e9bfd3]::fmt::write
[INFO] [stdout]    2:     0x635293f98f7c - <alloc[2182bb758b4b3781]::vec::Vec<u8> as core[df12db4294e9bfd3]::io::write::Write>::write_fmt
[INFO] [stdout]    3:     0x635293f6ef86 - std[70759c8f55707aa4]::panicking::default_hook::{closure#0}
[INFO] [stdout]    4:     0x635293f8bd39 - std[70759c8f55707aa4]::panicking::default_hook
[INFO] [stdout]    5:     0x635293d4e0e0 - test[9d35eded1c95d3be]::test_main_inner::<test[9d35eded1c95d3be]::test_main_static::{closure#0}>::{closure#0}
[INFO] [stdout]    6:     0x635293f8c062 - std[70759c8f55707aa4]::panicking::panic_with_hook
[INFO] [stdout]    7:     0x635293f6f032 - std[70759c8f55707aa4]::panicking::panic_handler::{closure#0}
[INFO] [stdout]    8:     0x635293f67b49 - std[70759c8f55707aa4]::sys::backtrace::__rust_end_short_backtrace::<std[70759c8f55707aa4]::panicking::panic_handler::{closure#0}, !>
[INFO] [stdout]    9:     0x635293f6fe1d - __rustc[8fa7c3cbc660c2b3]::rust_begin_unwind
[INFO] [stdout]   10:     0x635293fabb2c - core[df12db4294e9bfd3]::panicking::panic_fmt
[INFO] [stdout]   11:     0x635293fab902 - core[df12db4294e9bfd3]::result::unwrap_failed
[INFO] [stdout]   12:     0x635293c0f203 - iapiab[df690f7c3354fd9e]::tests::appstore_verify_success::{closure#0}
[INFO] [stdout]   13:     0x635293c68233 - <tokio[ac83fc85aa68e3d1]::runtime::scheduler::current_thread::Context>::enter::<core[df12db4294e9bfd3]::task::poll::Poll<()>, <tokio[ac83fc85aa68e3d1]::runtime::scheduler::current_thread::CoreGuard>::block_on<core[df12db4294e9bfd3]::pin::Pin<&mut core[df12db4294e9bfd3]::pin::Pin<&mut dyn core[df12db4294e9bfd3]::future::future::Future<Output = ()>>>>::{closure#0}::{closure#0}>
[INFO] [stdout]   14:     0x635293c8f04c - <tokio[ac83fc85aa68e3d1]::runtime::context::scoped::Scoped<tokio[ac83fc85aa68e3d1]::runtime::scheduler::Context>>::set::<<tokio[ac83fc85aa68e3d1]::runtime::scheduler::current_thread::CoreGuard>::enter<<tokio[ac83fc85aa68e3d1]::runtime::scheduler::current_thread::CoreGuard>::block_on<core[df12db4294e9bfd3]::pin::Pin<&mut core[df12db4294e9bfd3]::pin::Pin<&mut dyn core[df12db4294e9bfd3]::future::future::Future<Output = ()>>>>::{closure#0}, core[df12db4294e9bfd3]::option::Option<()>>::{closure#0}, (alloc[2182bb758b4b3781]::boxed::Box<tokio[ac83fc85aa68e3d1]::runtime::scheduler::current_thread::Core>, core[df12db4294e9bfd3]::option::Option<()>)>
[INFO] [stdout]   15:     0x635293c68ea7 - <tokio[ac83fc85aa68e3d1]::runtime::scheduler::current_thread::CoreGuard>::block_on::<core[df12db4294e9bfd3]::pin::Pin<&mut core[df12db4294e9bfd3]::pin::Pin<&mut dyn core[df12db4294e9bfd3]::future::future::Future<Output = ()>>>>
[INFO] [stdout]   16:     0x635293c576d6 - tokio[ac83fc85aa68e3d1]::runtime::context::runtime::enter_runtime::<<tokio[ac83fc85aa68e3d1]::runtime::scheduler::current_thread::CurrentThread>::block_on<core[df12db4294e9bfd3]::pin::Pin<&mut dyn core[df12db4294e9bfd3]::future::future::Future<Output = ()>>>::{closure#0}, ()>
[INFO] [stdout]   17:     0x635293c68115 - <tokio[ac83fc85aa68e3d1]::runtime::runtime::Runtime>::block_on::<core[df12db4294e9bfd3]::pin::Pin<&mut dyn core[df12db4294e9bfd3]::future::future::Future<Output = ()>>>
[INFO] [stdout]   18:     0x635293c1235b - iapiab[df690f7c3354fd9e]::tests::appstore_verify_success
[INFO] [stdout]   19:     0x635293c4f089 - <iapiab[df690f7c3354fd9e]::tests::appstore_verify_success::{closure#0} as core[df12db4294e9bfd3]::ops::function::FnOnce<()>>::call_once
[INFO] [stdout]   20:     0x635293d413cb - test[9d35eded1c95d3be]::__rust_begin_short_backtrace::<core[df12db4294e9bfd3]::result::Result<(), alloc[2182bb758b4b3781]::string::String>, fn() -> core[df12db4294e9bfd3]::result::Result<(), alloc[2182bb758b4b3781]::string::String>>
[INFO] [stdout]   21:     0x635293d4ea35 - test[9d35eded1c95d3be]::run_test::{closure#0}
[INFO] [stdout]   22:     0x635293d482f4 - std[70759c8f55707aa4]::sys::backtrace::__rust_begin_short_backtrace::<test[9d35eded1c95d3be]::run_test::{closure#1}, ()>
[INFO] [stdout]   23:     0x635293d51b92 - <std[70759c8f55707aa4]::thread::lifecycle::spawn_unchecked<test[9d35eded1c95d3be]::run_test::{closure#1}, ()>::{closure#1} as core[df12db4294e9bfd3]::ops::function::FnOnce<()>>::call_once::{shim:vtable#0}
[INFO] [stdout]   24:     0x635293f932e9 - <std[70759c8f55707aa4]::sys::thread::unix::Thread>::new::thread_start
[INFO] [stdout]   25:     0x7382d6366dfa - <unknown>
[INFO] [stdout]   26:     0x7382d63fa3d4 - clone
[INFO] [stdout]   27:                0x0 - <unknown>
[INFO] [stdout] 
[INFO] [stdout] ---- tests::playstore_acknowledge_error stdout ----
[INFO] [stdout] 
[INFO] [stdout] thread 'tests::playstore_acknowledge_error' (2025) panicked at src/lib.rs:47:62:
[INFO] [stdout] called `Result::unwrap()` on an `Err` value: NotPresent
[INFO] [stdout] stack backtrace:
[INFO] [stdout]    0:     0x635293f94331 - <<std[70759c8f55707aa4]::sys::backtrace::BacktraceLock>::print::DisplayBacktrace as core[df12db4294e9bfd3]::fmt::Display>::fmt
[INFO] [stdout]    1:     0x635293fab3ca - core[df12db4294e9bfd3]::fmt::write
[INFO] [stdout]    2:     0x635293f98f7c - <alloc[2182bb758b4b3781]::vec::Vec<u8> as core[df12db4294e9bfd3]::io::write::Write>::write_fmt
[INFO] [stdout]    3:     0x635293f6ef86 - std[70759c8f55707aa4]::panicking::default_hook::{closure#0}
[INFO] [stdout]    4:     0x635293f8bd39 - std[70759c8f55707aa4]::panicking::default_hook
[INFO] [stdout]    5:     0x635293d4e0e0 - test[9d35eded1c95d3be]::test_main_inner::<test[9d35eded1c95d3be]::test_main_static::{closure#0}>::{closure#0}
[INFO] [stdout]    6:     0x635293f8c062 - std[70759c8f55707aa4]::panicking::panic_with_hook
[INFO] [stdout]    7:     0x635293f6f032 - std[70759c8f55707aa4]::panicking::panic_handler::{closure#0}
[INFO] [stdout]    8:     0x635293f67b49 - std[70759c8f55707aa4]::sys::backtrace::__rust_end_short_backtrace::<std[70759c8f55707aa4]::panicking::panic_handler::{closure#0}, !>
[INFO] [stdout]    9:     0x635293f6fe1d - __rustc[8fa7c3cbc660c2b3]::rust_begin_unwind
[INFO] [stdout]   10:     0x635293fabb2c - core[df12db4294e9bfd3]::panicking::panic_fmt
[INFO] [stdout]   11:     0x635293fab902 - core[df12db4294e9bfd3]::result::unwrap_failed
[INFO] [stdout]   12:     0x635293c0e39a - iapiab[df690f7c3354fd9e]::tests::create_iab_client::{closure#0}
[INFO] [stdout]   13:     0x635293c0fc0c - iapiab[df690f7c3354fd9e]::tests::playstore_acknowledge_error::{closure#0}
[INFO] [stdout]   14:     0x635293c68233 - <tokio[ac83fc85aa68e3d1]::runtime::scheduler::current_thread::Context>::enter::<core[df12db4294e9bfd3]::task::poll::Poll<()>, <tokio[ac83fc85aa68e3d1]::runtime::scheduler::current_thread::CoreGuard>::block_on<core[df12db4294e9bfd3]::pin::Pin<&mut core[df12db4294e9bfd3]::pin::Pin<&mut dyn core[df12db4294e9bfd3]::future::future::Future<Output = ()>>>>::{closure#0}::{closure#0}>
[INFO] [stdout]   15:     0x635293c8f04c - <tokio[ac83fc85aa68e3d1]::runtime::context::scoped::Scoped<tokio[ac83fc85aa68e3d1]::runtime::scheduler::Context>>::set::<<tokio[ac83fc85aa68e3d1]::runtime::scheduler::current_thread::CoreGuard>::enter<<tokio[ac83fc85aa68e3d1]::runtime::scheduler::current_thread::CoreGuard>::block_on<core[df12db4294e9bfd3]::pin::Pin<&mut core[df12db4294e9bfd3]::pin::Pin<&mut dyn core[df12db4294e9bfd3]::future::future::Future<Output = ()>>>>::{closure#0}, core[df12db4294e9bfd3]::option::Option<()>>::{closure#0}, (alloc[2182bb758b4b3781]::boxed::Box<tokio[ac83fc85aa68e3d1]::runtime::scheduler::current_thread::Core>, core[df12db4294e9bfd3]::option::Option<()>)>
[INFO] [stdout]   16:     0x635293c68ea7 - <tokio[ac83fc85aa68e3d1]::runtime::scheduler::current_thread::CoreGuard>::block_on::<core[df12db4294e9bfd3]::pin::Pin<&mut core[df12db4294e9bfd3]::pin::Pin<&mut dyn core[df12db4294e9bfd3]::future::future::Future<Output = ()>>>>
[INFO] [stdout]   17:     0x635293c576d6 - tokio[ac83fc85aa68e3d1]::runtime::context::runtime::enter_runtime::<<tokio[ac83fc85aa68e3d1]::runtime::scheduler::current_thread::CurrentThread>::block_on<core[df12db4294e9bfd3]::pin::Pin<&mut dyn core[df12db4294e9bfd3]::future::future::Future<Output = ()>>>::{closure#0}, ()>
[INFO] [stdout]   18:     0x635293c68115 - <tokio[ac83fc85aa68e3d1]::runtime::runtime::Runtime>::block_on::<core[df12db4294e9bfd3]::pin::Pin<&mut dyn core[df12db4294e9bfd3]::future::future::Future<Output = ()>>>
[INFO] [stdout]   19:     0x635293c125fb - iapiab[df690f7c3354fd9e]::tests::playstore_acknowledge_error
[INFO] [stdout]   20:     0x635293c4f0c9 - <iapiab[df690f7c3354fd9e]::tests::playstore_acknowledge_error::{closure#0} as core[df12db4294e9bfd3]::ops::function::FnOnce<()>>::call_once
[INFO] [stdout]   21:     0x635293d413cb - test[9d35eded1c95d3be]::__rust_begin_short_backtrace::<core[df12db4294e9bfd3]::result::Result<(), alloc[2182bb758b4b3781]::string::String>, fn() -> core[df12db4294e9bfd3]::result::Result<(), alloc[2182bb758b4b3781]::string::String>>
[INFO] [stdout]   22:     0x635293d4ea35 - test[9d35eded1c95d3be]::run_test::{closure#0}
[INFO] [stdout]   23:     0x635293d482f4 - std[70759c8f55707aa4]::sys::backtrace::__rust_begin_short_backtrace::<test[9d35eded1c95d3be]::run_test::{closure#1}, ()>
[INFO] [stdout]   24:     0x635293d51b92 - <std[70759c8f55707aa4]::thread::lifecycle::spawn_unchecked<test[9d35eded1c95d3be]::run_test::{closure#1}, ()>::{closure#1} as core[df12db4294e9bfd3]::ops::function::FnOnce<()>>::call_once::{shim:vtable#0}
[INFO] [stdout]   25:     0x635293f932e9 - <std[70759c8f55707aa4]::sys::thread::unix::Thread>::new::thread_start
[INFO] [stdout]   26:     0x7382d6366dfa - <unknown>
[INFO] [stdout]   27:     0x7382d63fa3d4 - clone
[INFO] [stdout]   28:                0x0 - <unknown>
[INFO] [stdout] 
[INFO] [stdout] ---- tests::playstore_cancel_subscription_error stdout ----
[INFO] [stdout] 
[INFO] [stdout] thread 'tests::playstore_cancel_subscription_error' (2027) panicked at src/lib.rs:47:62:
[INFO] [stdout] called `Result::unwrap()` on an `Err` value: NotPresent
[INFO] [stdout] stack backtrace:
[INFO] [stdout]    0:     0x635293f94331 - <<std[70759c8f55707aa4]::sys::backtrace::BacktraceLock>::print::DisplayBacktrace as core[df12db4294e9bfd3]::fmt::Display>::fmt
[INFO] [stdout]    1:     0x635293fab3ca - core[df12db4294e9bfd3]::fmt::write
[INFO] [stdout]    2:     0x635293f98f7c - <alloc[2182bb758b4b3781]::vec::Vec<u8> as core[df12db4294e9bfd3]::io::write::Write>::write_fmt
[INFO] [stdout]    3:     0x635293f6ef86 - std[70759c8f55707aa4]::panicking::default_hook::{closure#0}
[INFO] [stdout]    4:     0x635293f8bd39 - std[70759c8f55707aa4]::panicking::default_hook
[INFO] [stdout]    5:     0x635293d4e0e0 - test[9d35eded1c95d3be]::test_main_inner::<test[9d35eded1c95d3be]::test_main_static::{closure#0}>::{closure#0}
[INFO] [stdout]    6:     0x635293f8c062 - std[70759c8f55707aa4]::panicking::panic_with_hook
[INFO] [stdout]    7:     0x635293f6f032 - std[70759c8f55707aa4]::panicking::panic_handler::{closure#0}
[INFO] [stdout]    8:     0x635293f67b49 - std[70759c8f55707aa4]::sys::backtrace::__rust_end_short_backtrace::<std[70759c8f55707aa4]::panicking::panic_handler::{closure#0}, !>
[INFO] [stdout]    9:     0x635293f6fe1d - __rustc[8fa7c3cbc660c2b3]::rust_begin_unwind
[INFO] [stdout]   10:     0x635293fabb2c - core[df12db4294e9bfd3]::panicking::panic_fmt
[INFO] [stdout]   11:     0x635293fab902 - core[df12db4294e9bfd3]::result::unwrap_failed
[INFO] [stdout]   12:     0x635293c0e39a - iapiab[df690f7c3354fd9e]::tests::create_iab_client::{closure#0}
[INFO] [stdout]   13:     0x635293c1065c - iapiab[df690f7c3354fd9e]::tests::playstore_cancel_subscription_error::{closure#0}
[INFO] [stdout]   14:     0x635293c68233 - <tokio[ac83fc85aa68e3d1]::runtime::scheduler::current_thread::Context>::enter::<core[df12db4294e9bfd3]::task::poll::Poll<()>, <tokio[ac83fc85aa68e3d1]::runtime::scheduler::current_thread::CoreGuard>::block_on<core[df12db4294e9bfd3]::pin::Pin<&mut core[df12db4294e9bfd3]::pin::Pin<&mut dyn core[df12db4294e9bfd3]::future::future::Future<Output = ()>>>>::{closure#0}::{closure#0}>
[INFO] [stdout]   15:     0x635293c8f04c - <tokio[ac83fc85aa68e3d1]::runtime::context::scoped::Scoped<tokio[ac83fc85aa68e3d1]::runtime::scheduler::Context>>::set::<<tokio[ac83fc85aa68e3d1]::runtime::scheduler::current_thread::CoreGuard>::enter<<tokio[ac83fc85aa68e3d1]::runtime::scheduler::current_thread::CoreGuard>::block_on<core[df12db4294e9bfd3]::pin::Pin<&mut core[df12db4294e9bfd3]::pin::Pin<&mut dyn core[df12db4294e9bfd3]::future::future::Future<Output = ()>>>>::{closure#0}, core[df12db4294e9bfd3]::option::Option<()>>::{closure#0}, (alloc[2182bb758b4b3781]::boxed::Box<tokio[ac83fc85aa68e3d1]::runtime::scheduler::current_thread::Core>, core[df12db4294e9bfd3]::option::Option<()>)>
[INFO] [stdout]   16:     0x635293c68ea7 - <tokio[ac83fc85aa68e3d1]::runtime::scheduler::current_thread::CoreGuard>::block_on::<core[df12db4294e9bfd3]::pin::Pin<&mut core[df12db4294e9bfd3]::pin::Pin<&mut dyn core[df12db4294e9bfd3]::future::future::Future<Output = ()>>>>
[INFO] [stdout]   17:     0x635293c576d6 - tokio[ac83fc85aa68e3d1]::runtime::context::runtime::enter_runtime::<<tokio[ac83fc85aa68e3d1]::runtime::scheduler::current_thread::CurrentThread>::block_on<core[df12db4294e9bfd3]::pin::Pin<&mut dyn core[df12db4294e9bfd3]::future::future::Future<Output = ()>>>::{closure#0}, ()>
[INFO] [stdout]   18:     0x635293c68115 - <tokio[ac83fc85aa68e3d1]::runtime::runtime::Runtime>::block_on::<core[df12db4294e9bfd3]::pin::Pin<&mut dyn core[df12db4294e9bfd3]::future::future::Future<Output = ()>>>
[INFO] [stdout]   19:     0x635293c12afb - iapiab[df690f7c3354fd9e]::tests::playstore_cancel_subscription_error
[INFO] [stdout]   20:     0x635293c4f149 - <iapiab[df690f7c3354fd9e]::tests::playstore_cancel_subscription_error::{closure#0} as core[df12db4294e9bfd3]::ops::function::FnOnce<()>>::call_once
[INFO] [stdout]   21:     0x635293d413cb - test[9d35eded1c95d3be]::__rust_begin_short_backtrace::<core[df12db4294e9bfd3]::result::Result<(), alloc[2182bb758b4b3781]::string::String>, fn() -> core[df12db4294e9bfd3]::result::Result<(), alloc[2182bb758b4b3781]::string::String>>
[INFO] [stdout]   22:     0x635293d4ea35 - test[9d35eded1c95d3be]::run_test::{closure#0}
[INFO] [stdout]   23:     0x635293d482f4 - std[70759c8f55707aa4]::sys::backtrace::__rust_begin_short_backtrace::<test[9d35eded1c95d3be]::run_test::{closure#1}, ()>
[INFO] [stdout]   24:     0x635293d51b92 - <std[70759c8f55707aa4]::thread::lifecycle::spawn_unchecked<test[9d35eded1c95d3be]::run_test::{closure#1}, ()>::{closure#1} as core[df12db4294e9bfd3]::ops::function::FnOnce<()>>::call_once::{shim:vtable#0}
[INFO] [stdout]   25:     0x635293f932e9 - <std[70759c8f55707aa4]::sys::thread::unix::Thread>::new::thread_start
[INFO] [stdout]   26:     0x7382d6366dfa - <unknown>
[INFO] [stdout]   27:     0x7382d63fa3d4 - clone
[INFO] [stdout]   28:                0x0 - <unknown>
[INFO] [stdout] 
[INFO] [stdout] ---- tests::playstore_verify_success stdout ----
[INFO] [stdout] 
[INFO] [stdout] thread 'tests::playstore_verify_success' (2035) panicked at src/lib.rs:47:62:
[INFO] [stdout] called `Result::unwrap()` on an `Err` value: NotPresent
[INFO] [stdout] stack backtrace:
[INFO] [stdout]    0:     0x635293f94331 - <<std[70759c8f55707aa4]::sys::backtrace::BacktraceLock>::print::DisplayBacktrace as core[df12db4294e9bfd3]::fmt::Display>::fmt
[INFO] [stdout]    1:     0x635293fab3ca - core[df12db4294e9bfd3]::fmt::write
[INFO] [stdout]    2:     0x635293f98f7c - <alloc[2182bb758b4b3781]::vec::Vec<u8> as core[df12db4294e9bfd3]::io::write::Write>::write_fmt
[INFO] [stdout]    3:     0x635293f6ef86 - std[70759c8f55707aa4]::panicking::default_hook::{closure#0}
[INFO] [stdout]    4:     0x635293f8bd39 - std[70759c8f55707aa4]::panicking::default_hook
[INFO] [stdout]    5:     0x635293d4e0e0 - test[9d35eded1c95d3be]::test_main_inner::<test[9d35eded1c95d3be]::test_main_static::{closure#0}>::{closure#0}
[INFO] [stdout]    6:     0x635293f8c062 - std[70759c8f55707aa4]::panicking::panic_with_hook
[INFO] [stdout]    7:     0x635293f6f032 - std[70759c8f55707aa4]::panicking::panic_handler::{closure#0}
[INFO] [stdout]    8:     0x635293f67b49 - std[70759c8f55707aa4]::sys::backtrace::__rust_end_short_backtrace::<std[70759c8f55707aa4]::panicking::panic_handler::{closure#0}, !>
[INFO] [stdout]    9:     0x635293f6fe1d - __rustc[8fa7c3cbc660c2b3]::rust_begin_unwind
[INFO] [stdout]   10:     0x635293fabb2c - core[df12db4294e9bfd3]::panicking::panic_fmt
[INFO] [stdout]   11:     0x635293fab902 - core[df12db4294e9bfd3]::result::unwrap_failed
[INFO] [stdout]   12:     0x635293c0e39a - iapiab[df690f7c3354fd9e]::tests::create_iab_client::{closure#0}
[INFO] [stdout]   13:     0x635293c0f39f - iapiab[df690f7c3354fd9e]::tests::playstore_verify_success::{closure#0}
[INFO] [stdout]   14:     0x635293c68233 - <tokio[ac83fc85aa68e3d1]::runtime::scheduler::current_thread::Context>::enter::<core[df12db4294e9bfd3]::task::poll::Poll<()>, <tokio[ac83fc85aa68e3d1]::runtime::scheduler::current_thread::CoreGuard>::block_on<core[df12db4294e9bfd3]::pin::Pin<&mut core[df12db4294e9bfd3]::pin::Pin<&mut dyn core[df12db4294e9bfd3]::future::future::Future<Output = ()>>>>::{closure#0}::{closure#0}>
[INFO] [stdout]   15:     0x635293c8f04c - <tokio[ac83fc85aa68e3d1]::runtime::context::scoped::Scoped<tokio[ac83fc85aa68e3d1]::runtime::scheduler::Context>>::set::<<tokio[ac83fc85aa68e3d1]::runtime::scheduler::current_thread::CoreGuard>::enter<<tokio[ac83fc85aa68e3d1]::runtime::scheduler::current_thread::CoreGuard>::block_on<core[df12db4294e9bfd3]::pin::Pin<&mut core[df12db4294e9bfd3]::pin::Pin<&mut dyn core[df12db4294e9bfd3]::future::future::Future<Output = ()>>>>::{closure#0}, core[df12db4294e9bfd3]::option::Option<()>>::{closure#0}, (alloc[2182bb758b4b3781]::boxed::Box<tokio[ac83fc85aa68e3d1]::runtime::scheduler::current_thread::Core>, core[df12db4294e9bfd3]::option::Option<()>)>
[INFO] [stdout]   16:     0x635293c68ea7 - <tokio[ac83fc85aa68e3d1]::runtime::scheduler::current_thread::CoreGuard>::block_on::<core[df12db4294e9bfd3]::pin::Pin<&mut core[df12db4294e9bfd3]::pin::Pin<&mut dyn core[df12db4294e9bfd3]::future::future::Future<Output = ()>>>>
[INFO] [stdout]   17:     0x635293c576d6 - tokio[ac83fc85aa68e3d1]::runtime::context::runtime::enter_runtime::<<tokio[ac83fc85aa68e3d1]::runtime::scheduler::current_thread::CurrentThread>::block_on<core[df12db4294e9bfd3]::pin::Pin<&mut dyn core[df12db4294e9bfd3]::future::future::Future<Output = ()>>>::{closure#0}, ()>
[INFO] [stdout]   18:     0x635293c68115 - <tokio[ac83fc85aa68e3d1]::runtime::runtime::Runtime>::block_on::<core[df12db4294e9bfd3]::pin::Pin<&mut dyn core[df12db4294e9bfd3]::future::future::Future<Output = ()>>>
[INFO] [stdout]   19:     0x635293c124ab - iapiab[df690f7c3354fd9e]::tests::playstore_verify_success
[INFO] [stdout]   20:     0x635293c4f0a9 - <iapiab[df690f7c3354fd9e]::tests::playstore_verify_success::{closure#0} as core[df12db4294e9bfd3]::ops::function::FnOnce<()>>::call_once
[INFO] [stdout]   21:     0x635293d413cb - test[9d35eded1c95d3be]::__rust_begin_short_backtrace::<core[df12db4294e9bfd3]::result::Result<(), alloc[2182bb758b4b3781]::string::String>, fn() -> core[df12db4294e9bfd3]::result::Result<(), alloc[2182bb758b4b3781]::string::String>>
[INFO] [stdout]   22:     0x635293d4ea35 - test[9d35eded1c95d3be]::run_test::{closure#0}
[INFO] [stdout]   23:     0x635293d482f4 - std[70759c8f55707aa4]::sys::backtrace::__rust_begin_short_backtrace::<test[9d35eded1c95d3be]::run_test::{closure#1}, ()>
[INFO] [stdout]   24:     0x635293d51b92 - <std[70759c8f55707aa4]::thread::lifecycle::spawn_unchecked<test[9d35eded1c95d3be]::run_test::{closure#1}, ()>::{closure#1} as core[df12db4294e9bfd3]::ops::function::FnOnce<()>>::call_once::{shim:vtable#0}
[INFO] [stdout]   25:     0x635293f932e9 - <std[70759c8f55707aa4]::sys::thread::unix::Thread>::new::thread_start
[INFO] [stdout]   26:     0x7382d6366dfa - <unknown>
[INFO] [stdout]   27:     0x7382d63fa3d4 - clone
[INFO] [stdout]   28:                0x0 - <unknown>
[INFO] [stdout] 
[INFO] [stdout] ---- tests::appstore_verify_error stdout ----
[INFO] [stdout] 
[INFO] [stdout] thread 'tests::appstore_verify_error' (2022) panicked at src/lib.rs:38:9:
[INFO] [stdout] assertion `left == right` failed
[INFO] [stdout]   left: false
[INFO] [stdout]  right: true
[INFO] [stdout] stack backtrace:
[INFO] [stdout]    0:     0x635293f94331 - <<std[70759c8f55707aa4]::sys::backtrace::BacktraceLock>::print::DisplayBacktrace as core[df12db4294e9bfd3]::fmt::Display>::fmt
[INFO] [stdout]    1:     0x635293fab3ca - core[df12db4294e9bfd3]::fmt::write
[INFO] [stdout]    2:     0x635293f98f7c - <alloc[2182bb758b4b3781]::vec::Vec<u8> as core[df12db4294e9bfd3]::io::write::Write>::write_fmt
[INFO] [stdout]    3:     0x635293f6ef86 - std[70759c8f55707aa4]::panicking::default_hook::{closure#0}
[INFO] [stdout]    4:     0x635293f8bd39 - std[70759c8f55707aa4]::panicking::default_hook
[INFO] [stdout]    5:     0x635293d4e0e0 - test[9d35eded1c95d3be]::test_main_inner::<test[9d35eded1c95d3be]::test_main_static::{closure#0}>::{closure#0}
[INFO] [stdout]    6:     0x635293f8c062 - std[70759c8f55707aa4]::panicking::panic_with_hook
[INFO] [stdout]    7:     0x635293f6f032 - std[70759c8f55707aa4]::panicking::panic_handler::{closure#0}
[INFO] [stdout]    8:     0x635293f67b49 - std[70759c8f55707aa4]::sys::backtrace::__rust_end_short_backtrace::<std[70759c8f55707aa4]::panicking::panic_handler::{closure#0}, !>
[INFO] [stdout]    9:     0x635293f6fe1d - __rustc[8fa7c3cbc660c2b3]::rust_begin_unwind
[INFO] [stdout]   10:     0x635293fabb2c - core[df12db4294e9bfd3]::panicking::panic_fmt
[INFO] [stdout]   11:     0x635293faba43 - core[df12db4294e9bfd3]::panicking::assert_failed_inner
[INFO] [stdout]   12:     0x635293c55bff - core[df12db4294e9bfd3]::panicking::assert_failed::<bool, bool>
[INFO] [stdout]   13:     0x635293c0ebb1 - iapiab[df690f7c3354fd9e]::tests::appstore_verify_error::{closure#0}
[INFO] [stdout]   14:     0x635293c68233 - <tokio[ac83fc85aa68e3d1]::runtime::scheduler::current_thread::Context>::enter::<core[df12db4294e9bfd3]::task::poll::Poll<()>, <tokio[ac83fc85aa68e3d1]::runtime::scheduler::current_thread::CoreGuard>::block_on<core[df12db4294e9bfd3]::pin::Pin<&mut core[df12db4294e9bfd3]::pin::Pin<&mut dyn core[df12db4294e9bfd3]::future::future::Future<Output = ()>>>>::{closure#0}::{closure#0}>
[INFO] [stdout]   15:     0x635293c8f04c - <tokio[ac83fc85aa68e3d1]::runtime::context::scoped::Scoped<tokio[ac83fc85aa68e3d1]::runtime::scheduler::Context>>::set::<<tokio[ac83fc85aa68e3d1]::runtime::scheduler::current_thread::CoreGuard>::enter<<tokio[ac83fc85aa68e3d1]::runtime::scheduler::current_thread::CoreGuard>::block_on<core[df12db4294e9bfd3]::pin::Pin<&mut core[df12db4294e9bfd3]::pin::Pin<&mut dyn core[df12db4294e9bfd3]::future::future::Future<Output = ()>>>>::{closure#0}, core[df12db4294e9bfd3]::option::Option<()>>::{closure#0}, (alloc[2182bb758b4b3781]::boxed::Box<tokio[ac83fc85aa68e3d1]::runtime::scheduler::current_thread::Core>, core[df12db4294e9bfd3]::option::Option<()>)>
[INFO] [stdout]   16:     0x635293c68ea7 - <tokio[ac83fc85aa68e3d1]::runtime::scheduler::current_thread::CoreGuard>::block_on::<core[df12db4294e9bfd3]::pin::Pin<&mut core[df12db4294e9bfd3]::pin::Pin<&mut dyn core[df12db4294e9bfd3]::future::future::Future<Output = ()>>>>
[INFO] [stdout]   17:     0x635293c576d6 - tokio[ac83fc85aa68e3d1]::runtime::context::runtime::enter_runtime::<<tokio[ac83fc85aa68e3d1]::runtime::scheduler::current_thread::CurrentThread>::block_on<core[df12db4294e9bfd3]::pin::Pin<&mut dyn core[df12db4294e9bfd3]::future::future::Future<Output = ()>>>::{closure#0}, ()>
[INFO] [stdout]   18:     0x635293c68115 - <tokio[ac83fc85aa68e3d1]::runtime::runtime::Runtime>::block_on::<core[df12db4294e9bfd3]::pin::Pin<&mut dyn core[df12db4294e9bfd3]::future::future::Future<Output = ()>>>
[INFO] [stdout]   19:     0x635293c120bb - iapiab[df690f7c3354fd9e]::tests::appstore_verify_error
[INFO] [stdout]   20:     0x635293c4f049 - <iapiab[df690f7c3354fd9e]::tests::appstore_verify_error::{closure#0} as core[df12db4294e9bfd3]::ops::function::FnOnce<()>>::call_once
[INFO] [stdout]   21:     0x635293d413cb - test[9d35eded1c95d3be]::__rust_begin_short_backtrace::<core[df12db4294e9bfd3]::result::Result<(), alloc[2182bb758b4b3781]::string::String>, fn() -> core[df12db4294e9bfd3]::result::Result<(), alloc[2182bb758b4b3781]::string::String>>
[INFO] [stdout]   22:     0x635293d4ea35 - test[9d35eded1c95d3be]::run_test::{closure#0}
[INFO] [stdout]   23:     0x635293d482f4 - std[70759c8f55707aa4]::sys::backtrace::__rust_begin_short_backtrace::<test[9d35eded1c95d3be]::run_test::{closure#1}, ()>
[INFO] [stdout]   24:     0x635293d51b92 - <std[70759c8f55707aa4]::thread::lifecycle::spawn_unchecked<test[9d35eded1c95d3be]::run_test::{closure#1}, ()>::{closure#1} as core[df12db4294e9bfd3]::ops::function::FnOnce<()>>::call_once::{shim:vtable#0}
[INFO] [stdout]   25:     0x635293f932e9 - <std[70759c8f55707aa4]::sys::thread::unix::Thread>::new::thread_start
[INFO] [stdout]   26:     0x7382d6366dfa - <unknown>
[INFO] [stdout]   27:     0x7382d63fa3d4 - clone
[INFO] [stdout]   28:                0x0 - <unknown>
[INFO] [stdout] 
[INFO] [stdout] 
[INFO] [stdout] failures:
[INFO] [stdout]     tests::appstore_verify_error
[INFO] [stdout]     tests::appstore_verify_success
[INFO] [stdout]     tests::playstore_acknowledge_acknowledged
[INFO] [stdout]     tests::playstore_acknowledge_error
[INFO] [stdout]     tests::playstore_acknowledge_subscription_error
[INFO] [stdout]     tests::playstore_cancel_subscription_error
[INFO] [stdout]     tests::playstore_refund_subscription_error
[INFO] [stdout]     tests::playstore_rerify_subscription_error
[INFO] [stdout]     tests::playstore_revoke_subscription_error
[INFO] [stdout]     tests::playstore_verify_error
[INFO] [stdout]     tests::playstore_verify_success
[INFO] [stdout] 
[INFO] [stdout] test result: FAILED. 3 passed; 11 failed; 0 ignored; 0 measured; 0 filtered out; finished in 0.10s
[INFO] [stdout] 
[INFO] running `Command { std: "docker" "inspect" "a8e6f58c04ce45a9725fa30aaadd8941a1b35433ff5b016428fa4b301900d5c3", kill_on_drop: false }`
[INFO] running `Command { std: "docker" "rm" "-f" "a8e6f58c04ce45a9725fa30aaadd8941a1b35433ff5b016428fa4b301900d5c3", kill_on_drop: false }`
[INFO] [stdout] a8e6f58c04ce45a9725fa30aaadd8941a1b35433ff5b016428fa4b301900d5c3
