[INFO] fetching crate ia-sandbox 0.4.0...
[INFO] testing ia-sandbox-0.4.0 against 1.100.0-beta.1+cargoflags=--release for beta-release-1.100-2
[INFO] extracting crate ia-sandbox 0.4.0 into /workspace/builds/worker-6-tc2/source
[INFO] started tweaking crates.io crate ia-sandbox 0.4.0
[INFO] removed 0 missing tests
[INFO] finished tweaking crates.io crate ia-sandbox 0.4.0
[INFO] tweaked toml for crates.io crate ia-sandbox 0.4.0 written to /workspace/builds/worker-6-tc2/source/Cargo.toml
[INFO] validating manifest of crates.io crate ia-sandbox 0.4.0 on toolchain 1.100.0-beta.1
[INFO] running `Command { std: CARGO_HOME="/workspace/cargo-home" RUSTUP_HOME="/workspace/rustup-home" "/workspace/cargo-home/bin/cargo" "+1.100.0-beta.1" "metadata" "--manifest-path" "Cargo.toml" "--no-deps", kill_on_drop: false }`
[INFO] crate crates.io crate ia-sandbox 0.4.0 already has a lockfile, it will not be regenerated
[INFO] running `Command { std: CARGO_HOME="/workspace/cargo-home" RUSTUP_HOME="/workspace/rustup-home" "/workspace/cargo-home/bin/cargo" "+1.100.0-beta.1" "fetch" "--manifest-path" "Cargo.toml", kill_on_drop: false }`
[INFO] [stderr] warning: `package.homepage` is redundant with `package.repository`
[INFO] [stderr]    --> Cargo.toml:135:12
[INFO] [stderr]     |
[INFO] [stderr] 135 | homepage = "https://gitlab.com/adrian.budau/ia-sandbox"
[INFO] [stderr]     |            ^^^^^^^^^^^^^^^^^^^^^^^^^^^^^^^^^^^^^^^^^^^^
[INFO] [stderr] ...
[INFO] [stderr] 140 | repository = "https://gitlab.com/adrian.budau/ia-sandbox"
[INFO] [stderr]     |              --------------------------------------------
[INFO] [stderr]     |
[INFO] [stderr]     = note: `cargo::redundant_homepage` is set to `warn` by default
[INFO] [stderr] help: consider removing `package.homepage`
[INFO] [stderr] warning: `ia-sandbox` (manifest) generated 1 warning
[INFO] running `Command { std: "docker" "create" "-v" "/var/lib/crater-agent-workspace/builds/worker-6-tc2/source:/opt/rustwide/workdir:ro,Z" "-v" "/var/lib/crater-agent-workspace/builds/worker-6-tc2/target:/opt/rustwide/target:rw,Z" "-v" "/var/lib/crater-agent-workspace/cargo-home:/opt/rustwide/cargo-home:ro,Z" "-v" "/var/lib/crater-agent-workspace/rustup-home:/opt/rustwide/rustup-home:ro,Z" "-m" "1610612736" "--network" "none" "ghcr.io/rust-lang/crates-build-env/linux@sha256:77db811e55d90add9212f6832c23229e3de5f1c1f9905e8cb07319ea15df73ac" "sleep" "infinity", kill_on_drop: false }`
[INFO] [stdout] ed87c8a294b9b05af667a2d5b195eaeb684e8cb3ba704a9022176ebec0e2eb0d
[INFO] running `Command { std: "docker" "start" "ed87c8a294b9b05af667a2d5b195eaeb684e8cb3ba704a9022176ebec0e2eb0d", kill_on_drop: false }`
[INFO] running `Command { std: "docker" "inspect" "ed87c8a294b9b05af667a2d5b195eaeb684e8cb3ba704a9022176ebec0e2eb0d", kill_on_drop: false }`
[INFO] running `Command { std: "docker" "exec" "-e" "SOURCE_DIR=/opt/rustwide/workdir" "-e" "CARGO_HOME=/opt/rustwide/cargo-home" "-e" "RUSTUP_HOME=/opt/rustwide/rustup-home" "-e" "CARGO_TARGET_DIR=/opt/rustwide/target" "-w" "/opt/rustwide/workdir" "--user" "0:0" "ed87c8a294b9b05af667a2d5b195eaeb684e8cb3ba704a9022176ebec0e2eb0d" "/opt/rustwide/cargo-home/bin/cargo" "+1.100.0-beta.1" "metadata" "--no-deps" "--format-version=1", kill_on_drop: false }`
[INFO] running `Command { std: "docker" "inspect" "ed87c8a294b9b05af667a2d5b195eaeb684e8cb3ba704a9022176ebec0e2eb0d", kill_on_drop: false }`
[INFO] running `Command { std: "docker" "exec" "-e" "SOURCE_DIR=/opt/rustwide/workdir" "-e" "CARGO_HOME=/opt/rustwide/cargo-home" "-e" "RUSTUP_HOME=/opt/rustwide/rustup-home" "-e" "CARGO_TARGET_DIR=/opt/rustwide/target" "-e" "CARGO_INCREMENTAL=0" "-e" "RUST_BACKTRACE=full" "-e" "RUSTFLAGS=--cap-lints=warn" "-e" "RUSTDOCFLAGS=--cap-lints=warn" "-w" "/opt/rustwide/workdir" "--user" "0:0" "ed87c8a294b9b05af667a2d5b195eaeb684e8cb3ba704a9022176ebec0e2eb0d" "/opt/rustwide/cargo-home/bin/cargo" "+1.100.0-beta.1" "build" "--frozen" "--message-format=json" "--release", kill_on_drop: false }`
[INFO] [stderr] warning: `package.homepage` is redundant with `package.repository`
[INFO] [stderr]    --> Cargo.toml:135:12
[INFO] [stderr]     |
[INFO] [stderr] 135 | homepage = "https://gitlab.com/adrian.budau/ia-sandbox"
[INFO] [stderr]     |            ^^^^^^^^^^^^^^^^^^^^^^^^^^^^^^^^^^^^^^^^^^^^
[INFO] [stderr] ...
[INFO] [stderr] 140 | repository = "https://gitlab.com/adrian.budau/ia-sandbox"
[INFO] [stderr]     |              --------------------------------------------
[INFO] [stderr]     |
[INFO] [stderr]     = note: `cargo::redundant_homepage` is set to `warn` by default
[INFO] [stderr] help: consider removing `package.homepage`
[INFO] [stderr] warning: `ia-sandbox` (manifest) generated 1 warning
[INFO] [stderr]    Compiling proc-macro2 v1.0.89
[INFO] [stderr]    Compiling unicode-ident v1.0.13
[INFO] [stderr]    Compiling serde v1.0.215
[INFO] [stderr]    Compiling rustix v0.38.40
[INFO] [stderr]    Compiling hashbrown v0.15.1
[INFO] [stderr]    Compiling libc v0.2.162
[INFO] [stderr]    Compiling winnow v0.6.20
[INFO] [stderr]    Compiling clap_lex v0.7.3
[INFO] [stderr]    Compiling serde_json v1.0.132
[INFO] [stderr]    Compiling thiserror v2.0.3
[INFO] [stderr]    Compiling anyhow v1.0.93
[INFO] [stderr]    Compiling memchr v2.7.4
[INFO] [stderr]    Compiling itoa v1.0.11
[INFO] [stderr]    Compiling indexmap v2.6.0
[INFO] [stderr]    Compiling quote v1.0.37
[INFO] [stderr]    Compiling capctl v0.2.4
[INFO] [stderr]    Compiling syn v2.0.87
[INFO] [stderr]    Compiling terminal_size v0.4.0
[INFO] [stderr]    Compiling clap_builder v4.5.21
[INFO] [stderr]    Compiling serde_derive v1.0.215
[INFO] [stderr]    Compiling thiserror-impl v2.0.3
[INFO] [stderr]    Compiling clap_derive v4.5.18
[INFO] [stderr]    Compiling clap v4.5.21
[INFO] [stderr]    Compiling toml_datetime v0.6.8
[INFO] [stderr]    Compiling serde_spanned v0.6.8
[INFO] [stderr]    Compiling humantime-serde v1.1.1
[INFO] [stderr]    Compiling bincode v1.3.3
[INFO] [stderr]    Compiling toml_edit v0.22.22
[INFO] [stderr]    Compiling toml v0.8.19
[INFO] [stderr]    Compiling ia-sandbox v0.4.0 (/opt/rustwide/workdir)
[INFO] [stderr]     Finished `release` profile [optimized] target(s) in 38.81s
[INFO] running `Command { std: "docker" "inspect" "ed87c8a294b9b05af667a2d5b195eaeb684e8cb3ba704a9022176ebec0e2eb0d", kill_on_drop: false }`
[INFO] running `Command { std: "docker" "exec" "-e" "SOURCE_DIR=/opt/rustwide/workdir" "-e" "CARGO_HOME=/opt/rustwide/cargo-home" "-e" "RUSTUP_HOME=/opt/rustwide/rustup-home" "-e" "CARGO_TARGET_DIR=/opt/rustwide/target" "-e" "CARGO_INCREMENTAL=0" "-e" "RUST_BACKTRACE=full" "-e" "RUSTFLAGS=--cap-lints=warn" "-e" "RUSTDOCFLAGS=--cap-lints=warn" "-w" "/opt/rustwide/workdir" "--user" "0:0" "ed87c8a294b9b05af667a2d5b195eaeb684e8cb3ba704a9022176ebec0e2eb0d" "/opt/rustwide/cargo-home/bin/cargo" "+1.100.0-beta.1" "test" "--frozen" "--no-run" "--message-format=json" "--release", kill_on_drop: false }`
[INFO] [stderr] warning: `package.homepage` is redundant with `package.repository`
[INFO] [stderr]    --> Cargo.toml:135:12
[INFO] [stderr]     |
[INFO] [stderr] 135 | homepage = "https://gitlab.com/adrian.budau/ia-sandbox"
[INFO] [stderr]     |            ^^^^^^^^^^^^^^^^^^^^^^^^^^^^^^^^^^^^^^^^^^^^
[INFO] [stderr] ...
[INFO] [stderr] 140 | repository = "https://gitlab.com/adrian.budau/ia-sandbox"
[INFO] [stderr]     |              --------------------------------------------
[INFO] [stderr]     |
[INFO] [stderr]     = note: `cargo::redundant_homepage` is set to `warn` by default
[INFO] [stderr] help: consider removing `package.homepage`
[INFO] [stderr] warning: `ia-sandbox` (manifest) generated 1 warning
[INFO] [stderr]    Compiling rustix v0.38.40
[INFO] [stderr]    Compiling once_cell v1.20.2
[INFO] [stderr]    Compiling fastrand v2.2.0
[INFO] [stderr]    Compiling terminal_size v0.4.0
[INFO] [stderr]    Compiling tempfile v3.14.0
[INFO] [stderr]    Compiling clap_builder v4.5.21
[INFO] [stderr]    Compiling clap v4.5.21
[INFO] [stderr]    Compiling ia-sandbox v0.4.0 (/opt/rustwide/workdir)
[INFO] [stdout] warning: hiding a lifetime that's elided elsewhere is confusing
[INFO] [stdout]   --> tests/utils/mod.rs:89:20
[INFO] [stdout]    |
[INFO] [stdout] 89 |         test_name: &str,
[INFO] [stdout]    |                    ^^^^ the lifetime is elided here
[INFO] [stdout] ...
[INFO] [stdout] 92 |     ) -> TestRunnerHelper {
[INFO] [stdout]    |          ^^^^^^^^^^^^^^^^ the same lifetime is hidden here
[INFO] [stdout]    |
[INFO] [stdout]    = help: the same lifetime is referred to in inconsistent ways, making the signature confusing
[INFO] [stdout]    = note: `#[warn(mismatched_lifetime_syntaxes)]` on by default
[INFO] [stdout] help: use `'_` for type paths
[INFO] [stdout]    |
[INFO] [stdout] 92 |     ) -> TestRunnerHelper<'_> {
[INFO] [stdout]    |                          ++++
[INFO] [stdout] 
[INFO] [stdout] 
[INFO] [stderr]     Finished `release` profile [optimized] target(s) in 19.50s
[INFO] running `Command { std: "docker" "inspect" "ed87c8a294b9b05af667a2d5b195eaeb684e8cb3ba704a9022176ebec0e2eb0d", kill_on_drop: false }`
[INFO] running `Command { std: "docker" "exec" "-e" "SOURCE_DIR=/opt/rustwide/workdir" "-e" "CARGO_HOME=/opt/rustwide/cargo-home" "-e" "RUSTUP_HOME=/opt/rustwide/rustup-home" "-e" "CARGO_TARGET_DIR=/opt/rustwide/target" "-e" "CARGO_INCREMENTAL=0" "-e" "RUST_BACKTRACE=full" "-e" "RUSTFLAGS=--cap-lints=warn" "-e" "RUSTDOCFLAGS=--cap-lints=warn" "-w" "/opt/rustwide/workdir" "--user" "0:0" "ed87c8a294b9b05af667a2d5b195eaeb684e8cb3ba704a9022176ebec0e2eb0d" "/opt/rustwide/cargo-home/bin/cargo" "+1.100.0-beta.1" "test" "--frozen" "--release", kill_on_drop: false }`
[INFO] [stderr] warning: `package.homepage` is redundant with `package.repository`
[INFO] [stderr]    --> Cargo.toml:135:12
[INFO] [stderr]     |
[INFO] [stderr] 135 | homepage = "https://gitlab.com/adrian.budau/ia-sandbox"
[INFO] [stderr]     |            ^^^^^^^^^^^^^^^^^^^^^^^^^^^^^^^^^^^^^^^^^^^^
[INFO] [stderr] ...
[INFO] [stderr] 140 | repository = "https://gitlab.com/adrian.budau/ia-sandbox"
[INFO] [stderr]     |              --------------------------------------------
[INFO] [stderr]     |
[INFO] [stderr]     = note: `cargo::redundant_homepage` is set to `warn` by default
[INFO] [stderr] help: consider removing `package.homepage`
[INFO] [stderr] warning: `ia-sandbox` (manifest) generated 1 warning
[INFO] [stderr] warning: hiding a lifetime that's elided elsewhere is confusing
[INFO] [stderr]   --> tests/utils/mod.rs:89:20
[INFO] [stderr]    |
[INFO] [stderr] 89 |         test_name: &str,
[INFO] [stderr]    |                    ^^^^ the lifetime is elided here
[INFO] [stderr] ...
[INFO] [stderr] 92 |     ) -> TestRunnerHelper {
[INFO] [stderr]    |          ^^^^^^^^^^^^^^^^ the same lifetime is hidden here
[INFO] [stderr]    |
[INFO] [stderr]    = help: the same lifetime is referred to in inconsistent ways, making the signature confusing
[INFO] [stderr]    = note: `#[warn(mismatched_lifetime_syntaxes)]` on by default
[INFO] [stderr] help: use `'_` for type paths
[INFO] [stderr]    |
[INFO] [stderr] 92 |     ) -> TestRunnerHelper<'_> {
[INFO] [stderr]    |                          ++++
[INFO] [stderr] 
[INFO] [stderr] warning: `ia-sandbox` (test "integration_test") generated 1 warning (run `cargo fix --test "integration_test" -p ia-sandbox` to apply 1 suggestion)
[INFO] [stderr]     Finished `release` profile [optimized] target(s) in 0.11s
[INFO] [stderr]      Running unittests src/lib.rs (/opt/rustwide/target/release/build/ia-sandbox/b9de9e5f260ebdd5/out/ia_sandbox-b9de9e5f260ebdd5)
[INFO] [stdout] 
[INFO] [stdout] running 0 tests
[INFO] [stdout] 
[INFO] [stdout] test result: ok. 0 passed; 0 failed; 0 ignored; 0 measured; 0 filtered out; finished in 0.00s
[INFO] [stdout] 
[INFO] [stderr]      Running unittests src/main.rs (/opt/rustwide/target/release/build/ia-sandbox/bdb3f355fb895de7/out/ia_sandbox-bdb3f355fb895de7)
[INFO] [stdout] 
[INFO] [stdout] running 0 tests
[INFO] [stdout] 
[INFO] [stdout] test result: ok. 0 passed; 0 failed; 0 ignored; 0 measured; 0 filtered out; finished in 0.00s
[INFO] [stdout] 
[INFO] [stderr]      Running tests/integration_test.rs (/opt/rustwide/target/release/build/ia-sandbox/bf76efb619c0a4fd/out/integration_test-bf76efb619c0a4fd)
[INFO] [stdout] 
[INFO] [stdout] running 20 tests
[INFO] [stderr] cp: cannot stat './target/debug/exit_with_input': No such file or directory
[INFO] [stderr] cp: cannot stat './target/debug/exit_with_env': No such file or directory
[INFO] [stderr] cp: cannot stat './target/debug/threads_allocate_20_megabytes': No such file or directory
[INFO] [stderr] cp: cannot stat './target/debug/write_then_read': No such file or directory
[INFO] [stderr] cp: cannot stat './target/debug/threads_loop_500_ms': No such file or directory
[INFO] [stderr] cp: cannot stat './target/debug/exit_with_last_argument': No such file or directory
[INFO] [stderr] cp: cannot stat './target/debug/hello_world': No such file or directory
[INFO] [stdout] test test_environment ... FAILED
[INFO] [stdout] test test_pids_limit_exceeded ... FAILED
[INFO] [stdout] test test_interactive ... FAILED
[INFO] [stdout] test test_arguments ... FAILED
[INFO] [stdout] test test_redirect_stdin ... FAILED
[INFO] [stdout] test test_threads_time_limit_exceeded ... FAILED
[INFO] [stderr] cp: cannot stat './target/debug/hello_world': No such file or directory
[INFO] [stdout] test test_threads_wall_time_limit_exceeded ... FAILED
[INFO] [stdout] test test_pivot_root ... FAILED
[INFO] [stdout] test test_unshare_net ... FAILED
[INFO] [stdout] test test_clear_usage ... FAILED
[INFO] [stdout] test test_exec_failed ... FAILED
[INFO] [stderr] cp: cannot stat './target/debug/threads_sleep_1_second': No such file or directory
[INFO] [stderr] cp: cannot stat './target/debug/hello_world': No such file or directory
[INFO] [stderr] cp: cannot stat './target/debug/hello_world': No such file or directory
[INFO] [stderr] cp: cannot stat './target/debug/threads_loop_500_ms': No such file or directory
[INFO] [stderr] cp: cannot stat './target/debug/exit_with_arg_file': No such file or directory
[INFO] [stderr] cp: cannot stat './target/debug/sleep_1_second': No such file or directory
[INFO] [stderr] cp: cannot stat './target/debug/allocate_20_megabytes': No such file or directory
[INFO] [stderr] cp: cannot stat './target/debug/hello_world': No such file or directory
[INFO] [stdout] test test_wall_time_limit_exceeded ... FAILED
[INFO] [stdout] test test_mount_directory ... FAILED
[INFO] [stdout] test test_memory_limit_exceeded ... FAILED
[INFO] [stdout] test test_redirect_stderr ... FAILED
[INFO] [stderr] cp: cp: cannot stat './target/debug/threads_allocate_20_megabytes': No such file or directory
[INFO] [stderr] cannot stat './target/debug/loop_500_ms': No such file or directory
[INFO] [stderr] cp: cannot stat './target/debug/hello_world': No such file or directory
[INFO] [stdout] test test_threads_memory_limit_exceeded ... FAILED
[INFO] [stdout] test test_time_limit_exceeded ... FAILED
[INFO] [stdout] test test_basic_sandbox ... FAILED
[INFO] [stderr] cp: cannot stat './target/debug/kill_with_signal_arg': No such file or directory
[INFO] [stdout] test test_killed_by_signal ... FAILED
[INFO] [stdout] test test_redirect_stdout ... FAILED
[INFO] [stdout] 
[INFO] [stdout] failures:
[INFO] [stdout] 
[INFO] [stdout] ---- test_environment stdout ----
[INFO] [stdout] 
[INFO] [stdout] thread 'test_environment' (1173) panicked at tests/utils/mod.rs:53:5:
[INFO] [stdout] assertion failed: Command::new("cp").arg(from.as_ref()).arg(to.as_ref()).status().expect("failed to copy").success()
[INFO] [stdout] stack backtrace:
[INFO] [stdout]    0:     0x618d659a2141 - <<std[617be2ca0a6fd877]::sys::backtrace::BacktraceLock>::print::DisplayBacktrace as core[a373ad73a504971]::fmt::Display>::fmt
[INFO] [stdout]    1:     0x618d659b670a - core[a373ad73a504971]::fmt::write
[INFO] [stdout]    2:     0x618d659a65fc - <alloc[2e1b2a31b91974c5]::vec::Vec<u8> as core[a373ad73a504971]::io::write::Write>::write_fmt
[INFO] [stdout]    3:     0x618d6597cdc6 - std[617be2ca0a6fd877]::panicking::default_hook::{closure#0}
[INFO] [stdout]    4:     0x618d65999fd9 - std[617be2ca0a6fd877]::panicking::default_hook
[INFO] [stdout]    5:     0x618d65923ac0 - test[aada8e7e76ba119b]::test_main_inner::{closure#0}
[INFO] [stdout]    6:     0x618d6599a192 - std[617be2ca0a6fd877]::panicking::panic_with_hook
[INFO] [stdout]    7:     0x618d6597cea4 - std[617be2ca0a6fd877]::panicking::panic_handler::{closure#0}
[INFO] [stdout]    8:     0x618d65975a69 - std[617be2ca0a6fd877]::sys::backtrace::__rust_end_short_backtrace::<std[617be2ca0a6fd877]::panicking::panic_handler::{closure#0}, !>
[INFO] [stdout]    9:     0x618d6597da7d - __rustc[ea4f61d10b84890b]::rust_begin_unwind
[INFO] [stdout]   10:     0x618d659b6e3c - core[a373ad73a504971]::panicking::panic_fmt
[INFO] [stdout]   11:     0x618d659b6e02 - core[a373ad73a504971]::panicking::panic
[INFO] [stdout]   12:     0x618d659143e8 - <integration_test[8e94bac43eebfe8a]::utils::TestRunnerHelper>::for_simple_exec::<&str>
[INFO] [stdout]   13:     0x618d6590cb3d - <integration_test[8e94bac43eebfe8a]::test_environment::{closure#0} as core[a373ad73a504971]::ops::function::FnOnce<()>>::call_once
[INFO] [stdout]   14:     0x618d65916f0b - test[aada8e7e76ba119b]::__rust_begin_short_backtrace::<core[a373ad73a504971]::result::Result<(), alloc[2e1b2a31b91974c5]::string::String>, fn() -> core[a373ad73a504971]::result::Result<(), alloc[2e1b2a31b91974c5]::string::String>>
[INFO] [stdout]   15:     0x618d659240e5 - test[aada8e7e76ba119b]::run_test::{closure#0}
[INFO] [stdout]   16:     0x618d6591d9d4 - std[617be2ca0a6fd877]::sys::backtrace::__rust_begin_short_backtrace::<test[aada8e7e76ba119b]::run_test::{closure#1}, ()>
[INFO] [stdout]   17:     0x618d65927172 - <std[617be2ca0a6fd877]::thread::lifecycle::spawn_unchecked<test[aada8e7e76ba119b]::run_test::{closure#1}, ()>::{closure#1} as core[a373ad73a504971]::ops::function::FnOnce<()>>::call_once::{shim:vtable#0}
[INFO] [stdout]   18:     0x618d659a199f - <std[617be2ca0a6fd877]::sys::thread::unix::Thread>::new::thread_start
[INFO] [stdout]   19:     0x7c376f61edfa - <unknown>
[INFO] [stdout]   20:     0x7c376f6b23d4 - clone
[INFO] [stdout]   21:                0x0 - <unknown>
[INFO] [stdout] 
[INFO] [stdout] ---- test_pids_limit_exceeded stdout ----
[INFO] [stdout] 
[INFO] [stdout] thread 'test_pids_limit_exceeded' (1181) panicked at tests/utils/mod.rs:53:5:
[INFO] [stdout] assertion failed: Command::new("cp").arg(from.as_ref()).arg(to.as_ref()).status().expect("failed to copy").success()
[INFO] [stdout] stack backtrace:
[INFO] [stdout]    0:     0x618d659a2141 - <<std[617be2ca0a6fd877]::sys::backtrace::BacktraceLock>::print::DisplayBacktrace as core[a373ad73a504971]::fmt::Display>::fmt
[INFO] [stdout]    1:     0x618d659b670a - core[a373ad73a504971]::fmt::write
[INFO] [stdout]    2:     0x618d659a65fc - <alloc[2e1b2a31b91974c5]::vec::Vec<u8> as core[a373ad73a504971]::io::write::Write>::write_fmt
[INFO] [stdout]    3:     0x618d6597cdc6 - std[617be2ca0a6fd877]::panicking::default_hook::{closure#0}
[INFO] [stdout]    4:     0x618d65999fd9 - std[617be2ca0a6fd877]::panicking::default_hook
[INFO] [stdout]    5:     0x618d65923ac0 - test[aada8e7e76ba119b]::test_main_inner::{closure#0}
[INFO] [stdout]    6:     0x618d6599a192 - std[617be2ca0a6fd877]::panicking::panic_with_hook
[INFO] [stdout]    7:     0x618d6597cea4 - std[617be2ca0a6fd877]::panicking::panic_handler::{closure#0}
[INFO] [stdout]    8:     0x618d65975a69 - std[617be2ca0a6fd877]::sys::backtrace::__rust_end_short_backtrace::<std[617be2ca0a6fd877]::panicking::panic_handler::{closure#0}, !>
[INFO] [stdout]    9:     0x618d6597da7d - __rustc[ea4f61d10b84890b]::rust_begin_unwind
[INFO] [stdout]   10:     0x618d659b6e3c - core[a373ad73a504971]::panicking::panic_fmt
[INFO] [stdout]   11:     0x618d659b6e02 - core[a373ad73a504971]::panicking::panic
[INFO] [stdout]   12:     0x618d659143e8 - <integration_test[8e94bac43eebfe8a]::utils::TestRunnerHelper>::for_simple_exec::<&str>
[INFO] [stdout]   13:     0x618d6590ffab - <integration_test[8e94bac43eebfe8a]::test_pids_limit_exceeded::{closure#0} as core[a373ad73a504971]::ops::function::FnOnce<()>>::call_once
[INFO] [stdout]   14:     0x618d65916f0b - test[aada8e7e76ba119b]::__rust_begin_short_backtrace::<core[a373ad73a504971]::result::Result<(), alloc[2e1b2a31b91974c5]::string::String>, fn() -> core[a373ad73a504971]::result::Result<(), alloc[2e1b2a31b91974c5]::string::String>>
[INFO] [stdout]   15:     0x618d659240e5 - test[aada8e7e76ba119b]::run_test::{closure#0}
[INFO] [stdout]   16:     0x618d6591d9d4 - std[617be2ca0a6fd877]::sys::backtrace::__rust_begin_short_backtrace::<test[aada8e7e76ba119b]::run_test::{closure#1}, ()>
[INFO] [stdout]   17:     0x618d65927172 - <std[617be2ca0a6fd877]::thread::lifecycle::spawn_unchecked<test[aada8e7e76ba119b]::run_test::{closure#1}, ()>::{closure#1} as core[a373ad73a504971]::ops::function::FnOnce<()>>::call_once::{shim:vtable#0}
[INFO] [stdout]   18:     0x618d659a199f - <std[617be2ca0a6fd877]::sys::thread::unix::Thread>::new::thread_start
[INFO] [stdout]   19:     0x7c376f61edfa - <unknown>
[INFO] [stdout]   20:     0x7c376f6b23d4 - clone
[INFO] [stdout]   21:                0x0 - <unknown>
[INFO] [stdout] 
[INFO] [stdout] ---- test_interactive stdout ----
[INFO] [stdout] 
[INFO] [stdout] thread 'test_interactive' (1175) panicked at tests/utils/mod.rs:53:5:
[INFO] [stdout] assertion failed: Command::new("cp").arg(from.as_ref()).arg(to.as_ref()).status().expect("failed to copy").success()
[INFO] [stdout] stack backtrace:
[INFO] [stdout]    0:     0x618d659a2141 - <<std[617be2ca0a6fd877]::sys::backtrace::BacktraceLock>::print::DisplayBacktrace as core[a373ad73a504971]::fmt::Display>::fmt
[INFO] [stdout]    1:     0x618d659b670a - core[a373ad73a504971]::fmt::write
[INFO] [stdout]    2:     0x618d659a65fc - <alloc[2e1b2a31b91974c5]::vec::Vec<u8> as core[a373ad73a504971]::io::write::Write>::write_fmt
[INFO] [stdout]    3:     0x618d6597cdc6 - std[617be2ca0a6fd877]::panicking::default_hook::{closure#0}
[INFO] [stdout]    4:     0x618d65999fd9 - std[617be2ca0a6fd877]::panicking::default_hook
[INFO] [stdout]    5:     0x618d65923ac0 - test[aada8e7e76ba119b]::test_main_inner::{closure#0}
[INFO] [stdout]    6:     0x618d6599a192 - std[617be2ca0a6fd877]::panicking::panic_with_hook
[INFO] [stdout]    7:     0x618d6597cea4 - std[617be2ca0a6fd877]::panicking::panic_handler::{closure#0}
[INFO] [stdout]    8:     0x618d65975a69 - std[617be2ca0a6fd877]::sys::backtrace::__rust_end_short_backtrace::<std[617be2ca0a6fd877]::panicking::panic_handler::{closure#0}, !>
[INFO] [stdout]    9:     0x618d6597da7d - __rustc[ea4f61d10b84890b]::rust_begin_unwind
[INFO] [stdout]   10:     0x618d659b6e3c - core[a373ad73a504971]::panicking::panic_fmt
[INFO] [stdout]   11:     0x618d659b6e02 - core[a373ad73a504971]::panicking::panic
[INFO] [stdout]   12:     0x618d659143e8 - <integration_test[8e94bac43eebfe8a]::utils::TestRunnerHelper>::for_simple_exec::<&str>
[INFO] [stdout]   13:     0x618d6590d43f - <integration_test[8e94bac43eebfe8a]::test_interactive::{closure#0} as core[a373ad73a504971]::ops::function::FnOnce<()>>::call_once
[INFO] [stdout]   14:     0x618d65916f0b - test[aada8e7e76ba119b]::__rust_begin_short_backtrace::<core[a373ad73a504971]::result::Result<(), alloc[2e1b2a31b91974c5]::string::String>, fn() -> core[a373ad73a504971]::result::Result<(), alloc[2e1b2a31b91974c5]::string::String>>
[INFO] [stdout]   15:     0x618d659240e5 - test[aada8e7e76ba119b]::run_test::{closure#0}
[INFO] [stdout]   16:     0x618d6591d9d4 - std[617be2ca0a6fd877]::sys::backtrace::__rust_begin_short_backtrace::<test[aada8e7e76ba119b]::run_test::{closure#1}, ()>
[INFO] [stdout]   17:     0x618d65927172 - <std[617be2ca0a6fd877]::thread::lifecycle::spawn_unchecked<test[aada8e7e76ba119b]::run_test::{closure#1}, ()>::{closure#1} as core[a373ad73a504971]::ops::function::FnOnce<()>>::call_once::{shim:vtable#0}
[INFO] [stdout]   18:     0x618d659a199f - <std[617be2ca0a6fd877]::sys::thread::unix::Thread>::new::thread_start
[INFO] [stdout]   19:     0x7c376f61edfa - <unknown>
[INFO] [stdout]   20:     0x7c376f6b23d4 - clone
[INFO] [stdout]   21:                0x0 - <unknown>
[INFO] [stdout] 
[INFO] [stdout] ---- test_arguments stdout ----
[INFO] [stdout] 
[INFO] [stdout] thread 'test_arguments' (1170) panicked at tests/utils/mod.rs:53:5:
[INFO] [stdout] assertion failed: Command::new("cp").arg(from.as_ref()).arg(to.as_ref()).status().expect("failed to copy").success()
[INFO] [stdout] stack backtrace:
[INFO] [stdout]    0:     0x618d659a2141 - <<std[617be2ca0a6fd877]::sys::backtrace::BacktraceLock>::print::DisplayBacktrace as core[a373ad73a504971]::fmt::Display>::fmt
[INFO] [stdout]    1:     0x618d659b670a - core[a373ad73a504971]::fmt::write
[INFO] [stdout]    2:     0x618d659a65fc - <alloc[2e1b2a31b91974c5]::vec::Vec<u8> as core[a373ad73a504971]::io::write::Write>::write_fmt
[INFO] [stdout]    3:     0x618d6597cdc6 - std[617be2ca0a6fd877]::panicking::default_hook::{closure#0}
[INFO] [stdout]    4:     0x618d65999fd9 - std[617be2ca0a6fd877]::panicking::default_hook
[INFO] [stdout]    5:     0x618d65923ac0 - test[aada8e7e76ba119b]::test_main_inner::{closure#0}
[INFO] [stdout]    6:     0x618d6599a192 - std[617be2ca0a6fd877]::panicking::panic_with_hook
[INFO] [stdout]    7:     0x618d6597cea4 - std[617be2ca0a6fd877]::panicking::panic_handler::{closure#0}
[INFO] [stdout]    8:     0x618d65975a69 - std[617be2ca0a6fd877]::sys::backtrace::__rust_end_short_backtrace::<std[617be2ca0a6fd877]::panicking::panic_handler::{closure#0}, !>
[INFO] [stdout]    9:     0x618d6597da7d - __rustc[ea4f61d10b84890b]::rust_begin_unwind
[INFO] [stdout]   10:     0x618d659b6e3c - core[a373ad73a504971]::panicking::panic_fmt
[INFO] [stdout]   11:     0x618d659b6e02 - core[a373ad73a504971]::panicking::panic
[INFO] [stdout]   12:     0x618d659143e8 - <integration_test[8e94bac43eebfe8a]::utils::TestRunnerHelper>::for_simple_exec::<&str>
[INFO] [stdout]   13:     0x618d6590b86d - <integration_test[8e94bac43eebfe8a]::test_arguments::{closure#0} as core[a373ad73a504971]::ops::function::FnOnce<()>>::call_once
[INFO] [stdout]   14:     0x618d65916f0b - test[aada8e7e76ba119b]::__rust_begin_short_backtrace::<core[a373ad73a504971]::result::Result<(), alloc[2e1b2a31b91974c5]::string::String>, fn() -> core[a373ad73a504971]::result::Result<(), alloc[2e1b2a31b91974c5]::string::String>>
[INFO] [stdout]   15:     0x618d659240e5 - test[aada8e7e76ba119b]::run_test::{closure#0}
[INFO] [stdout]   16:     0x618d6591d9d4 - std[617be2ca0a6fd877]::sys::backtrace::__rust_begin_short_backtrace::<test[aada8e7e76ba119b]::run_test::{closure#1}, ()>
[INFO] [stdout]   17:     0x618d65927172 - <std[617be2ca0a6fd877]::thread::lifecycle::spawn_unchecked<test[aada8e7e76ba119b]::run_test::{closure#1}, ()>::{closure#1} as core[a373ad73a504971]::ops::function::FnOnce<()>>::call_once::{shim:vtable#0}
[INFO] [stdout]   18:     0x618d659a199f - <std[617be2ca0a6fd877]::sys::thread::unix::Thread>::new::thread_start
[INFO] [stdout]   19:     0x7c376f61edfa - <unknown>
[INFO] [stdout]   20:     0x7c376f6b23d4 - clone
[INFO] [stdout]   21:                0x0 - <unknown>
[INFO] [stdout] 
[INFO] [stdout] ---- test_redirect_stdin stdout ----
[INFO] [stdout] 
[INFO] [stdout] thread 'test_redirect_stdin' (1184) panicked at tests/utils/mod.rs:53:5:
[INFO] [stdout] assertion failed: Command::new("cp").arg(from.as_ref()).arg(to.as_ref()).status().expect("failed to copy").success()
[INFO] [stdout] stack backtrace:
[INFO] [stdout]    0:     0x618d659a2141 - <<std[617be2ca0a6fd877]::sys::backtrace::BacktraceLock>::print::DisplayBacktrace as core[a373ad73a504971]::fmt::Display>::fmt
[INFO] [stdout]    1:     0x618d659b670a - core[a373ad73a504971]::fmt::write
[INFO] [stdout]    2:     0x618d659a65fc - <alloc[2e1b2a31b91974c5]::vec::Vec<u8> as core[a373ad73a504971]::io::write::Write>::write_fmt
[INFO] [stdout]    3:     0x618d6597cdc6 - std[617be2ca0a6fd877]::panicking::default_hook::{closure#0}
[INFO] [stdout]    4:     0x618d65999fd9 - std[617be2ca0a6fd877]::panicking::default_hook
[INFO] [stdout]    5:     0x618d65923ac0 - test[aada8e7e76ba119b]::test_main_inner::{closure#0}
[INFO] [stdout]    6:     0x618d6599a192 - std[617be2ca0a6fd877]::panicking::panic_with_hook
[INFO] [stdout]    7:     0x618d6597cea4 - std[617be2ca0a6fd877]::panicking::panic_handler::{closure#0}
[INFO] [stdout]    8:     0x618d65975a69 - std[617be2ca0a6fd877]::sys::backtrace::__rust_end_short_backtrace::<std[617be2ca0a6fd877]::panicking::panic_handler::{closure#0}, !>
[INFO] [stdout]    9:     0x618d6597da7d - __rustc[ea4f61d10b84890b]::rust_begin_unwind
[INFO] [stdout]   10:     0x618d659b6e3c - core[a373ad73a504971]::panicking::panic_fmt
[INFO] [stdout]   11:     0x618d659b6e02 - core[a373ad73a504971]::panicking::panic
[INFO] [stdout]   12:     0x618d659143e8 - <integration_test[8e94bac43eebfe8a]::utils::TestRunnerHelper>::for_simple_exec::<&str>
[INFO] [stdout]   13:     0x618d6590e24f - <integration_test[8e94bac43eebfe8a]::test_redirect_stdin::{closure#0} as core[a373ad73a504971]::ops::function::FnOnce<()>>::call_once
[INFO] [stdout]   14:     0x618d65916f0b - test[aada8e7e76ba119b]::__rust_begin_short_backtrace::<core[a373ad73a504971]::result::Result<(), alloc[2e1b2a31b91974c5]::string::String>, fn() -> core[a373ad73a504971]::result::Result<(), alloc[2e1b2a31b91974c5]::string::String>>
[INFO] [stdout]   15:     0x618d659240e5 - test[aada8e7e76ba119b]::run_test::{closure#0}
[INFO] [stdout]   16:     0x618d6591d9d4 - std[617be2ca0a6fd877]::sys::backtrace::__rust_begin_short_backtrace::<test[aada8e7e76ba119b]::run_test::{closure#1}, ()>
[INFO] [stdout]   17:     0x618d65927172 - <std[617be2ca0a6fd877]::thread::lifecycle::spawn_unchecked<test[aada8e7e76ba119b]::run_test::{closure#1}, ()>::{closure#1} as core[a373ad73a504971]::ops::function::FnOnce<()>>::call_once::{shim:vtable#0}
[INFO] [stdout]   18:     0x618d659a199f - <std[617be2ca0a6fd877]::sys::thread::unix::Thread>::new::thread_start
[INFO] [stdout]   19:     0x7c376f61edfa - <unknown>
[INFO] [stdout]   20:     0x7c376f6b23d4 - clone
[INFO] [stdout]   21:                0x0 - <unknown>
[INFO] [stdout] 
[INFO] [stdout] ---- test_threads_time_limit_exceeded stdout ----
[INFO] [stdout] 
[INFO] [stdout] thread 'test_threads_time_limit_exceeded' (1187) panicked at tests/utils/mod.rs:53:5:
[INFO] [stdout] assertion failed: Command::new("cp").arg(from.as_ref()).arg(to.as_ref()).status().expect("failed to copy").success()
[INFO] [stdout] stack backtrace:
[INFO] [stdout]    0:     0x618d659a2141 - <<std[617be2ca0a6fd877]::sys::backtrace::BacktraceLock>::print::DisplayBacktrace as core[a373ad73a504971]::fmt::Display>::fmt
[INFO] [stdout]    1:     0x618d659b670a - core[a373ad73a504971]::fmt::write
[INFO] [stdout]    2:     0x618d659a65fc - <alloc[2e1b2a31b91974c5]::vec::Vec<u8> as core[a373ad73a504971]::io::write::Write>::write_fmt
[INFO] [stdout]    3:     0x618d6597cdc6 - std[617be2ca0a6fd877]::panicking::default_hook::{closure#0}
[INFO] [stdout]    4:     0x618d65999fd9 - std[617be2ca0a6fd877]::panicking::default_hook
[INFO] [stdout]    5:     0x618d65923ac0 - test[aada8e7e76ba119b]::test_main_inner::{closure#0}
[INFO] [stdout]    6:     0x618d6599a192 - std[617be2ca0a6fd877]::panicking::panic_with_hook
[INFO] [stdout]    7:     0x618d6597cea4 - std[617be2ca0a6fd877]::panicking::panic_handler::{closure#0}
[INFO] [stdout]    8:     0x618d65975a69 - std[617be2ca0a6fd877]::sys::backtrace::__rust_end_short_backtrace::<std[617be2ca0a6fd877]::panicking::panic_handler::{closure#0}, !>
[INFO] [stdout]    9:     0x618d6597da7d - __rustc[ea4f61d10b84890b]::rust_begin_unwind
[INFO] [stdout]   10:     0x618d659b6e3c - core[a373ad73a504971]::panicking::panic_fmt
[INFO] [stdout]   11:     0x618d659b6e02 - core[a373ad73a504971]::panicking::panic
[INFO] [stdout]   12:     0x618d659143e8 - <integration_test[8e94bac43eebfe8a]::utils::TestRunnerHelper>::for_simple_exec::<&str>
[INFO] [stdout]   13:     0x618d6591180b - <integration_test[8e94bac43eebfe8a]::test_threads_time_limit_exceeded::{closure#0} as core[a373ad73a504971]::ops::function::FnOnce<()>>::call_once
[INFO] [stdout]   14:     0x618d65916f0b - test[aada8e7e76ba119b]::__rust_begin_short_backtrace::<core[a373ad73a504971]::result::Result<(), alloc[2e1b2a31b91974c5]::string::String>, fn() -> core[a373ad73a504971]::result::Result<(), alloc[2e1b2a31b91974c5]::string::String>>
[INFO] [stdout]   15:     0x618d659240e5 - test[aada8e7e76ba119b]::run_test::{closure#0}
[INFO] [stdout]   16:     0x618d6591d9d4 - std[617be2ca0a6fd877]::sys::backtrace::__rust_begin_short_backtrace::<test[aada8e7e76ba119b]::run_test::{closure#1}, ()>
[INFO] [stdout]   17:     0x618d65927172 - <std[617be2ca0a6fd877]::thread::lifecycle::spawn_unchecked<test[aada8e7e76ba119b]::run_test::{closure#1}, ()>::{closure#1} as core[a373ad73a504971]::ops::function::FnOnce<()>>::call_once::{shim:vtable#0}
[INFO] [stdout]   18:     0x618d659a199f - <std[617be2ca0a6fd877]::sys::thread::unix::Thread>::new::thread_start
[INFO] [stdout]   19:     0x7c376f61edfa - <unknown>
[INFO] [stdout]   20:     0x7c376f6b23d4 - clone
[INFO] [stdout]   21:                0x0 - <unknown>
[INFO] [stdout] 
[INFO] [stdout] ---- test_threads_wall_time_limit_exceeded stdout ----
[INFO] [stdout] 
[INFO] [stdout] thread 'test_threads_wall_time_limit_exceeded' (1197) panicked at tests/utils/mod.rs:53:5:
[INFO] [stdout] assertion failed: Command::new("cp").arg(from.as_ref()).arg(to.as_ref()).status().expect("failed to copy").success()
[INFO] [stdout] stack backtrace:
[INFO] [stdout]    0:     0x618d659a2141 - <<std[617be2ca0a6fd877]::sys::backtrace::BacktraceLock>::print::DisplayBacktrace as core[a373ad73a504971]::fmt::Display>::fmt
[INFO] [stdout]    1:     0x618d659b670a - core[a373ad73a504971]::fmt::write
[INFO] [stdout]    2:     0x618d659a65fc - <alloc[2e1b2a31b91974c5]::vec::Vec<u8> as core[a373ad73a504971]::io::write::Write>::write_fmt
[INFO] [stdout]    3:     0x618d6597cdc6 - std[617be2ca0a6fd877]::panicking::default_hook::{closure#0}
[INFO] [stdout]    4:     0x618d65999fd9 - std[617be2ca0a6fd877]::panicking::default_hook
[INFO] [stdout]    5:     0x618d65923ac0 - test[aada8e7e76ba119b]::test_main_inner::{closure#0}
[INFO] [stdout]    6:     0x618d6599a192 - std[617be2ca0a6fd877]::panicking::panic_with_hook
[INFO] [stdout]    7:     0x618d6597cea4 - std[617be2ca0a6fd877]::panicking::panic_handler::{closure#0}
[INFO] [stdout]    8:     0x618d65975a69 - std[617be2ca0a6fd877]::sys::backtrace::__rust_end_short_backtrace::<std[617be2ca0a6fd877]::panicking::panic_handler::{closure#0}, !>
[INFO] [stdout]    9:     0x618d6597da7d - __rustc[ea4f61d10b84890b]::rust_begin_unwind
[INFO] [stdout]   10:     0x618d659b6e3c - core[a373ad73a504971]::panicking::panic_fmt
[INFO] [stdout]   11:     0x618d659b6e02 - core[a373ad73a504971]::panicking::panic
[INFO] [stdout]   12:     0x618d659143e8 - <integration_test[8e94bac43eebfe8a]::utils::TestRunnerHelper>::for_simple_exec::<&str>
[INFO] [stdout]   13:     0x618d659123db - <integration_test[8e94bac43eebfe8a]::test_threads_wall_time_limit_exceeded::{closure#0} as core[a373ad73a504971]::ops::function::FnOnce<()>>::call_once
[INFO] [stdout]   14:     0x618d65916f0b - test[aada8e7e76ba119b]::__rust_begin_short_backtrace::<core[a373ad73a504971]::result::Result<(), alloc[2e1b2a31b91974c5]::string::String>, fn() -> core[a373ad73a504971]::result::Result<(), alloc[2e1b2a31b91974c5]::string::String>>
[INFO] [stdout]   15:     0x618d659240e5 - test[aada8e7e76ba119b]::run_test::{closure#0}
[INFO] [stdout]   16:     0x618d6591d9d4 - std[617be2ca0a6fd877]::sys::backtrace::__rust_begin_short_backtrace::<test[aada8e7e76ba119b]::run_test::{closure#1}, ()>
[INFO] [stdout]   17:     0x618d65927172 - <std[617be2ca0a6fd877]::thread::lifecycle::spawn_unchecked<test[aada8e7e76ba119b]::run_test::{closure#1}, ()>::{closure#1} as core[a373ad73a504971]::ops::function::FnOnce<()>>::call_once::{shim:vtable#0}
[INFO] [stdout]   18:     0x618d659a199f - <std[617be2ca0a6fd877]::sys::thread::unix::Thread>::new::thread_start
[INFO] [stdout]   19:     0x7c376f61edfa - <unknown>
[INFO] [stdout]   20:     0x7c376f6b23d4 - clone
[INFO] [stdout]   21:                0x0 - <unknown>
[INFO] [stdout] 
[INFO] [stdout] ---- test_pivot_root stdout ----
[INFO] [stdout] 
[INFO] [stdout] thread 'test_pivot_root' (1182) panicked at tests/utils/mod.rs:53:5:
[INFO] [stdout] assertion failed: Command::new("cp").arg(from.as_ref()).arg(to.as_ref()).status().expect("failed to copy").success()
[INFO] [stdout] stack backtrace:
[INFO] [stdout]    0:     0x618d659a2141 - <<std[617be2ca0a6fd877]::sys::backtrace::BacktraceLock>::print::DisplayBacktrace as core[a373ad73a504971]::fmt::Display>::fmt
[INFO] [stdout]    1:     0x618d659b670a - core[a373ad73a504971]::fmt::write
[INFO] [stdout]    2:     0x618d659a65fc - <alloc[2e1b2a31b91974c5]::vec::Vec<u8> as core[a373ad73a504971]::io::write::Write>::write_fmt
[INFO] [stdout]    3:     0x618d6597cdc6 - std[617be2ca0a6fd877]::panicking::default_hook::{closure#0}
[INFO] [stdout]    4:     0x618d65999fd9 - std[617be2ca0a6fd877]::panicking::default_hook
[INFO] [stdout]    5:     0x618d65923ac0 - test[aada8e7e76ba119b]::test_main_inner::{closure#0}
[INFO] [stdout]    6:     0x618d6599a192 - std[617be2ca0a6fd877]::panicking::panic_with_hook
[INFO] [stdout]    7:     0x618d6597cea4 - std[617be2ca0a6fd877]::panicking::panic_handler::{closure#0}
[INFO] [stdout]    8:     0x618d65975a69 - std[617be2ca0a6fd877]::sys::backtrace::__rust_end_short_backtrace::<std[617be2ca0a6fd877]::panicking::panic_handler::{closure#0}, !>
[INFO] [stdout]    9:     0x618d6597da7d - __rustc[ea4f61d10b84890b]::rust_begin_unwind
[INFO] [stdout]   10:     0x618d659b6e3c - core[a373ad73a504971]::panicking::panic_fmt
[INFO] [stdout]   11:     0x618d659b6e02 - core[a373ad73a504971]::panicking::panic
[INFO] [stdout]   12:     0x618d659143e8 - <integration_test[8e94bac43eebfe8a]::utils::TestRunnerHelper>::for_simple_exec::<&str>
[INFO] [stdout]   13:     0x618d6590bfdb - <integration_test[8e94bac43eebfe8a]::test_pivot_root::{closure#0} as core[a373ad73a504971]::ops::function::FnOnce<()>>::call_once
[INFO] [stdout]   14:     0x618d65916f0b - test[aada8e7e76ba119b]::__rust_begin_short_backtrace::<core[a373ad73a504971]::result::Result<(), alloc[2e1b2a31b91974c5]::string::String>, fn() -> core[a373ad73a504971]::result::Result<(), alloc[2e1b2a31b91974c5]::string::String>>
[INFO] [stdout]   15:     0x618d659240e5 - test[aada8e7e76ba119b]::run_test::{closure#0}
[INFO] [stdout]   16:     0x618d6591d9d4 - std[617be2ca0a6fd877]::sys::backtrace::__rust_begin_short_backtrace::<test[aada8e7e76ba119b]::run_test::{closure#1}, ()>
[INFO] [stdout]   17:     0x618d65927172 - <std[617be2ca0a6fd877]::thread::lifecycle::spawn_unchecked<test[aada8e7e76ba119b]::run_test::{closure#1}, ()>::{closure#1} as core[a373ad73a504971]::ops::function::FnOnce<()>>::call_once::{shim:vtable#0}
[INFO] [stdout]   18:     0x618d659a199f - <std[617be2ca0a6fd877]::sys::thread::unix::Thread>::new::thread_start
[INFO] [stdout]   19:     0x7c376f61edfa - <unknown>
[INFO] [stdout]   20:     0x7c376f6b23d4 - clone
[INFO] [stdout]   21:                0x0 - <unknown>
[INFO] [stdout] 
[INFO] [stdout] ---- test_unshare_net stdout ----
[INFO] [stdout] 
[INFO] [stdout] thread 'test_unshare_net' (1202) panicked at tests/utils/mod.rs:53:5:
[INFO] [stdout] assertion failed: Command::new("cp").arg(from.as_ref()).arg(to.as_ref()).status().expect("failed to copy").success()
[INFO] [stdout] stack backtrace:
[INFO] [stdout]    0:     0x618d659a2141 - <<std[617be2ca0a6fd877]::sys::backtrace::BacktraceLock>::print::DisplayBacktrace as core[a373ad73a504971]::fmt::Display>::fmt
[INFO] [stdout]    1:     0x618d659b670a - core[a373ad73a504971]::fmt::write
[INFO] [stdout]    2:     0x618d659a65fc - <alloc[2e1b2a31b91974c5]::vec::Vec<u8> as core[a373ad73a504971]::io::write::Write>::write_fmt
[INFO] [stdout]    3:     0x618d6597cdc6 - std[617be2ca0a6fd877]::panicking::default_hook::{closure#0}
[INFO] [stdout]    4:     0x618d65999fd9 - std[617be2ca0a6fd877]::panicking::default_hook
[INFO] [stdout]    5:     0x618d65923ac0 - test[aada8e7e76ba119b]::test_main_inner::{closure#0}
[INFO] [stdout]    6:     0x618d6599a192 - std[617be2ca0a6fd877]::panicking::panic_with_hook
[INFO] [stdout]    7:     0x618d6597cea4 - std[617be2ca0a6fd877]::panicking::panic_handler::{closure#0}
[INFO] [stdout]    8:     0x618d65975a69 - std[617be2ca0a6fd877]::sys::backtrace::__rust_end_short_backtrace::<std[617be2ca0a6fd877]::panicking::panic_handler::{closure#0}, !>
[INFO] [stdout]    9:     0x618d6597da7d - __rustc[ea4f61d10b84890b]::rust_begin_unwind
[INFO] [stdout]   10:     0x618d659b6e3c - core[a373ad73a504971]::panicking::panic_fmt
[INFO] [stdout]   11:     0x618d659b6e02 - core[a373ad73a504971]::panicking::panic
[INFO] [stdout]   12:     0x618d659143e8 - <integration_test[8e94bac43eebfe8a]::utils::TestRunnerHelper>::for_simple_exec::<&str>
[INFO] [stdout]   13:     0x618d6590dd4b - <integration_test[8e94bac43eebfe8a]::test_unshare_net::{closure#0} as core[a373ad73a504971]::ops::function::FnOnce<()>>::call_once
[INFO] [stdout]   14:     0x618d65916f0b - test[aada8e7e76ba119b]::__rust_begin_short_backtrace::<core[a373ad73a504971]::result::Result<(), alloc[2e1b2a31b91974c5]::string::String>, fn() -> core[a373ad73a504971]::result::Result<(), alloc[2e1b2a31b91974c5]::string::String>>
[INFO] [stdout]   15:     0x618d659240e5 - test[aada8e7e76ba119b]::run_test::{closure#0}
[INFO] [stdout]   16:     0x618d6591d9d4 - std[617be2ca0a6fd877]::sys::backtrace::__rust_begin_short_backtrace::<test[aada8e7e76ba119b]::run_test::{closure#1}, ()>
[INFO] [stdout]   17:     0x618d65927172 - <std[617be2ca0a6fd877]::thread::lifecycle::spawn_unchecked<test[aada8e7e76ba119b]::run_test::{closure#1}, ()>::{closure#1} as core[a373ad73a504971]::ops::function::FnOnce<()>>::call_once::{shim:vtable#0}
[INFO] [stdout]   18:     0x618d659a199f - <std[617be2ca0a6fd877]::sys::thread::unix::Thread>::new::thread_start
[INFO] [stdout]   19:     0x7c376f61edfa - <unknown>
[INFO] [stdout]   20:     0x7c376f6b23d4 - clone
[INFO] [stdout]   21:                0x0 - <unknown>
[INFO] [stdout] 
[INFO] [stdout] ---- test_clear_usage stdout ----
[INFO] [stdout] 
[INFO] [stdout] thread 'test_clear_usage' (1172) panicked at tests/utils/mod.rs:53:5:
[INFO] [stdout] assertion failed: Command::new("cp").arg(from.as_ref()).arg(to.as_ref()).status().expect("failed to copy").success()
[INFO] [stdout] stack backtrace:
[INFO] [stdout]    0:     0x618d659a2141 - <<std[617be2ca0a6fd877]::sys::backtrace::BacktraceLock>::print::DisplayBacktrace as core[a373ad73a504971]::fmt::Display>::fmt
[INFO] [stdout]    1:     0x618d659b670a - core[a373ad73a504971]::fmt::write
[INFO] [stdout]    2:     0x618d659a65fc - <alloc[2e1b2a31b91974c5]::vec::Vec<u8> as core[a373ad73a504971]::io::write::Write>::write_fmt
[INFO] [stdout]    3:     0x618d6597cdc6 - std[617be2ca0a6fd877]::panicking::default_hook::{closure#0}
[INFO] [stdout]    4:     0x618d65999fd9 - std[617be2ca0a6fd877]::panicking::default_hook
[INFO] [stdout]    5:     0x618d65923ac0 - test[aada8e7e76ba119b]::test_main_inner::{closure#0}
[INFO] [stdout]    6:     0x618d6599a192 - std[617be2ca0a6fd877]::panicking::panic_with_hook
[INFO] [stdout]    7:     0x618d6597cea4 - std[617be2ca0a6fd877]::panicking::panic_handler::{closure#0}
[INFO] [stdout]    8:     0x618d65975a69 - std[617be2ca0a6fd877]::sys::backtrace::__rust_end_short_backtrace::<std[617be2ca0a6fd877]::panicking::panic_handler::{closure#0}, !>
[INFO] [stdout]    9:     0x618d6597da7d - __rustc[ea4f61d10b84890b]::rust_begin_unwind
[INFO] [stdout]   10:     0x618d659b6e3c - core[a373ad73a504971]::panicking::panic_fmt
[INFO] [stdout]   11:     0x618d659b6e02 - core[a373ad73a504971]::panicking::panic
[INFO] [stdout]   12:     0x618d659143e8 - <integration_test[8e94bac43eebfe8a]::utils::TestRunnerHelper>::for_simple_exec::<&str>
[INFO] [stdout]   13:     0x618d6590c25b - <integration_test[8e94bac43eebfe8a]::test_clear_usage::{closure#0} as core[a373ad73a504971]::ops::function::FnOnce<()>>::call_once
[INFO] [stdout]   14:     0x618d65916f0b - test[aada8e7e76ba119b]::__rust_begin_short_backtrace::<core[a373ad73a504971]::result::Result<(), alloc[2e1b2a31b91974c5]::string::String>, fn() -> core[a373ad73a504971]::result::Result<(), alloc[2e1b2a31b91974c5]::string::String>>
[INFO] [stdout]   15:     0x618d659240e5 - test[aada8e7e76ba119b]::run_test::{closure#0}
[INFO] [stdout]   16:     0x618d6591d9d4 - std[617be2ca0a6fd877]::sys::backtrace::__rust_begin_short_backtrace::<test[aada8e7e76ba119b]::run_test::{closure#1}, ()>
[INFO] [stdout]   17:     0x618d65927172 - <std[617be2ca0a6fd877]::thread::lifecycle::spawn_unchecked<test[aada8e7e76ba119b]::run_test::{closure#1}, ()>::{closure#1} as core[a373ad73a504971]::ops::function::FnOnce<()>>::call_once::{shim:vtable#0}
[INFO] [stdout]   18:     0x618d659a199f - <std[617be2ca0a6fd877]::sys::thread::unix::Thread>::new::thread_start
[INFO] [stdout]   19:     0x7c376f61edfa - <unknown>
[INFO] [stdout]   20:     0x7c376f6b23d4 - clone
[INFO] [stdout]   21:                0x0 - <unknown>
[INFO] [stdout] 
[INFO] [stdout] ---- test_exec_failed stdout ----
[INFO] [stdout] 
[INFO] [stdout] thread 'test_exec_failed' (1174) panicked at tests/utils/mod.rs:53:5:
[INFO] [stdout] assertion failed: Command::new("cp").arg(from.as_ref()).arg(to.as_ref()).status().expect("failed to copy").success()
[INFO] [stdout] stack backtrace:
[INFO] [stdout]    0:     0x618d659a2141 - <<std[617be2ca0a6fd877]::sys::backtrace::BacktraceLock>::print::DisplayBacktrace as core[a373ad73a504971]::fmt::Display>::fmt
[INFO] [stdout]    1:     0x618d659b670a - core[a373ad73a504971]::fmt::write
[INFO] [stdout]    2:     0x618d659a65fc - <alloc[2e1b2a31b91974c5]::vec::Vec<u8> as core[a373ad73a504971]::io::write::Write>::write_fmt
[INFO] [stdout]    3:     0x618d6597cdc6 - std[617be2ca0a6fd877]::panicking::default_hook::{closure#0}
[INFO] [stdout]    4:     0x618d65999fd9 - std[617be2ca0a6fd877]::panicking::default_hook
[INFO] [stdout]    5:     0x618d65923ac0 - test[aada8e7e76ba119b]::test_main_inner::{closure#0}
[INFO] [stdout]    6:     0x618d6599a192 - std[617be2ca0a6fd877]::panicking::panic_with_hook
[INFO] [stdout]    7:     0x618d6597cea4 - std[617be2ca0a6fd877]::panicking::panic_handler::{closure#0}
[INFO] [stdout]    8:     0x618d65975a69 - std[617be2ca0a6fd877]::sys::backtrace::__rust_end_short_backtrace::<std[617be2ca0a6fd877]::panicking::panic_handler::{closure#0}, !>
[INFO] [stdout]    9:     0x618d6597da7d - __rustc[ea4f61d10b84890b]::rust_begin_unwind
[INFO] [stdout]   10:     0x618d659b6e3c - core[a373ad73a504971]::panicking::panic_fmt
[INFO] [stdout]   11:     0x618d659b6e02 - core[a373ad73a504971]::panicking::panic
[INFO] [stdout]   12:     0x618d659143e8 - <integration_test[8e94bac43eebfe8a]::utils::TestRunnerHelper>::for_simple_exec::<&str>
[INFO] [stdout]   13:     0x618d6590cfc9 - <integration_test[8e94bac43eebfe8a]::test_exec_failed::{closure#0} as core[a373ad73a504971]::ops::function::FnOnce<()>>::call_once
[INFO] [stdout]   14:     0x618d65916f0b - test[aada8e7e76ba119b]::__rust_begin_short_backtrace::<core[a373ad73a504971]::result::Result<(), alloc[2e1b2a31b91974c5]::string::String>, fn() -> core[a373ad73a504971]::result::Result<(), alloc[2e1b2a31b91974c5]::string::String>>
[INFO] [stdout]   15:     0x618d659240e5 - test[aada8e7e76ba119b]::run_test::{closure#0}
[INFO] [stdout]   16:     0x618d6591d9d4 - std[617be2ca0a6fd877]::sys::backtrace::__rust_begin_short_backtrace::<test[aada8e7e76ba119b]::run_test::{closure#1}, ()>
[INFO] [stdout]   17:     0x618d65927172 - <std[617be2ca0a6fd877]::thread::lifecycle::spawn_unchecked<test[aada8e7e76ba119b]::run_test::{closure#1}, ()>::{closure#1} as core[a373ad73a504971]::ops::function::FnOnce<()>>::call_once::{shim:vtable#0}
[INFO] [stdout]   18:     0x618d659a199f - <std[617be2ca0a6fd877]::sys::thread::unix::Thread>::new::thread_start
[INFO] [stdout]   19:     0x7c376f61edfa - <unknown>
[INFO] [stdout]   20:     0x7c376f6b23d4 - clone
[INFO] [stdout]   21:                0x0 - <unknown>
[INFO] [stdout] 
[INFO] [stdout] ---- test_wall_time_limit_exceeded stdout ----
[INFO] [stdout] 
[INFO] [stdout] thread 'test_wall_time_limit_exceeded' (1204) panicked at tests/utils/mod.rs:53:5:
[INFO] [stdout] assertion failed: Command::new("cp").arg(from.as_ref()).arg(to.as_ref()).status().expect("failed to copy").success()
[INFO] [stdout] stack backtrace:
[INFO] [stdout]    0:     0x618d659a2141 - <<std[617be2ca0a6fd877]::sys::backtrace::BacktraceLock>::print::DisplayBacktrace as core[a373ad73a504971]::fmt::Display>::fmt
[INFO] [stdout]    1:     0x618d659b670a - core[a373ad73a504971]::fmt::write
[INFO] [stdout]    2:     0x618d659a65fc - <alloc[2e1b2a31b91974c5]::vec::Vec<u8> as core[a373ad73a504971]::io::write::Write>::write_fmt
[INFO] [stdout]    3:     0x618d6597cdc6 - std[617be2ca0a6fd877]::panicking::default_hook::{closure#0}
[INFO] [stdout]    4:     0x618d65999fd9 - std[617be2ca0a6fd877]::panicking::default_hook
[INFO] [stdout]    5:     0x618d65923ac0 - test[aada8e7e76ba119b]::test_main_inner::{closure#0}
[INFO] [stdout]    6:     0x618d6599a192 - std[617be2ca0a6fd877]::panicking::panic_with_hook
[INFO] [stdout]    7:     0x618d6597cea4 - std[617be2ca0a6fd877]::panicking::panic_handler::{closure#0}
[INFO] [stdout]    8:     0x618d65975a69 - std[617be2ca0a6fd877]::sys::backtrace::__rust_end_short_backtrace::<std[617be2ca0a6fd877]::panicking::panic_handler::{closure#0}, !>
[INFO] [stdout]    9:     0x618d6597da7d - __rustc[ea4f61d10b84890b]::rust_begin_unwind
[INFO] [stdout]   10:     0x618d659b6e3c - core[a373ad73a504971]::panicking::panic_fmt
[INFO] [stdout]   11:     0x618d659b6e02 - core[a373ad73a504971]::panicking::panic
[INFO] [stdout]   12:     0x618d659143e8 - <integration_test[8e94bac43eebfe8a]::utils::TestRunnerHelper>::for_simple_exec::<&str>
[INFO] [stdout]   13:     0x618d6591121b - <integration_test[8e94bac43eebfe8a]::test_wall_time_limit_exceeded::{closure#0} as core[a373ad73a504971]::ops::function::FnOnce<()>>::call_once
[INFO] [stdout]   14:     0x618d65916f0b - test[aada8e7e76ba119b]::__rust_begin_short_backtrace::<core[a373ad73a504971]::result::Result<(), alloc[2e1b2a31b91974c5]::string::String>, fn() -> core[a373ad73a504971]::result::Result<(), alloc[2e1b2a31b91974c5]::string::String>>
[INFO] [stdout]   15:     0x618d659240e5 - test[aada8e7e76ba119b]::run_test::{closure#0}
[INFO] [stdout]   16:     0x618d6591d9d4 - std[617be2ca0a6fd877]::sys::backtrace::__rust_begin_short_backtrace::<test[aada8e7e76ba119b]::run_test::{closure#1}, ()>
[INFO] [stdout]   17:     0x618d65927172 - <std[617be2ca0a6fd877]::thread::lifecycle::spawn_unchecked<test[aada8e7e76ba119b]::run_test::{closure#1}, ()>::{closure#1} as core[a373ad73a504971]::ops::function::FnOnce<()>>::call_once::{shim:vtable#0}
[INFO] [stdout]   18:     0x618d659a199f - <std[617be2ca0a6fd877]::sys::thread::unix::Thread>::new::thread_start
[INFO] [stdout]   19:     0x7c376f61edfa - <unknown>
[INFO] [stdout]   20:     0x7c376f6b23d4 - clone
[INFO] [stdout]   21:                0x0 - <unknown>
[INFO] [stdout] 
[INFO] [stdout] ---- test_mount_directory stdout ----
[INFO] [stdout] 
[INFO] [stdout] thread 'test_mount_directory' (1180) panicked at tests/utils/mod.rs:53:5:
[INFO] [stdout] assertion failed: Command::new("cp").arg(from.as_ref()).arg(to.as_ref()).status().expect("failed to copy").success()
[INFO] [stdout] stack backtrace:
[INFO] [stdout]    0:     0x618d659a2141 - <<std[617be2ca0a6fd877]::sys::backtrace::BacktraceLock>::print::DisplayBacktrace as core[a373ad73a504971]::fmt::Display>::fmt
[INFO] [stdout]    1:     0x618d659b670a - core[a373ad73a504971]::fmt::write
[INFO] [stdout]    2:     0x618d659a65fc - <alloc[2e1b2a31b91974c5]::vec::Vec<u8> as core[a373ad73a504971]::io::write::Write>::write_fmt
[INFO] [stdout]    3:     0x618d6597cdc6 - std[617be2ca0a6fd877]::panicking::default_hook::{closure#0}
[INFO] [stdout]    4:     0x618d65999fd9 - std[617be2ca0a6fd877]::panicking::default_hook
[INFO] [stdout]    5:     0x618d65923ac0 - test[aada8e7e76ba119b]::test_main_inner::{closure#0}
[INFO] [stdout]    6:     0x618d6599a192 - std[617be2ca0a6fd877]::panicking::panic_with_hook
[INFO] [stdout]    7:     0x618d6597cea4 - std[617be2ca0a6fd877]::panicking::panic_handler::{closure#0}
[INFO] [stdout]    8:     0x618d65975a69 - std[617be2ca0a6fd877]::sys::backtrace::__rust_end_short_backtrace::<std[617be2ca0a6fd877]::panicking::panic_handler::{closure#0}, !>
[INFO] [stdout]    9:     0x618d6597da7d - __rustc[ea4f61d10b84890b]::rust_begin_unwind
[INFO] [stdout]   10:     0x618d659b6e3c - core[a373ad73a504971]::panicking::panic_fmt
[INFO] [stdout]   11:     0x618d659b6e02 - core[a373ad73a504971]::panicking::panic
[INFO] [stdout]   12:     0x618d659143e8 - <integration_test[8e94bac43eebfe8a]::utils::TestRunnerHelper>::for_simple_exec::<&str>
[INFO] [stdout]   13:     0x618d6590e996 - <integration_test[8e94bac43eebfe8a]::test_mount_directory::{closure#0} as core[a373ad73a504971]::ops::function::FnOnce<()>>::call_once
[INFO] [stdout]   14:     0x618d65916f0b - test[aada8e7e76ba119b]::__rust_begin_short_backtrace::<core[a373ad73a504971]::result::Result<(), alloc[2e1b2a31b91974c5]::string::String>, fn() -> core[a373ad73a504971]::result::Result<(), alloc[2e1b2a31b91974c5]::string::String>>
[INFO] [stdout]   15:     0x618d659240e5 - test[aada8e7e76ba119b]::run_test::{closure#0}
[INFO] [stdout]   16:     0x618d6591d9d4 - std[617be2ca0a6fd877]::sys::backtrace::__rust_begin_short_backtrace::<test[aada8e7e76ba119b]::run_test::{closure#1}, ()>
[INFO] [stdout]   17:     0x618d65927172 - <std[617be2ca0a6fd877]::thread::lifecycle::spawn_unchecked<test[aada8e7e76ba119b]::run_test::{closure#1}, ()>::{closure#1} as core[a373ad73a504971]::ops::function::FnOnce<()>>::call_once::{shim:vtable#0}
[INFO] [stdout]   18:     0x618d659a199f - <std[617be2ca0a6fd877]::sys::thread::unix::Thread>::new::thread_start
[INFO] [stdout]   19:     0x7c376f61edfa - <unknown>
[INFO] [stdout]   20:     0x7c376f6b23d4 - clone
[INFO] [stdout]   21:                0x0 - <unknown>
[INFO] [stdout] 
[INFO] [stdout] ---- test_memory_limit_exceeded stdout ----
[INFO] [stdout] 
[INFO] [stdout] thread 'test_memory_limit_exceeded' (1178) panicked at tests/utils/mod.rs:53:5:
[INFO] [stdout] assertion failed: Command::new("cp").arg(from.as_ref()).arg(to.as_ref()).status().expect("failed to copy").success()
[INFO] [stdout] stack backtrace:
[INFO] [stdout]    0:     0x618d659a2141 - <<std[617be2ca0a6fd877]::sys::backtrace::BacktraceLock>::print::DisplayBacktrace as core[a373ad73a504971]::fmt::Display>::fmt
[INFO] [stdout]    1:     0x618d659b670a - core[a373ad73a504971]::fmt::write
[INFO] [stdout]    2:     0x618d659a65fc - <alloc[2e1b2a31b91974c5]::vec::Vec<u8> as core[a373ad73a504971]::io::write::Write>::write_fmt
[INFO] [stdout]    3:     0x618d6597cdc6 - std[617be2ca0a6fd877]::panicking::default_hook::{closure#0}
[INFO] [stdout]    4:     0x618d65999fd9 - std[617be2ca0a6fd877]::panicking::default_hook
[INFO] [stdout]    5:     0x618d65923ac0 - test[aada8e7e76ba119b]::test_main_inner::{closure#0}
[INFO] [stdout]    6:     0x618d6599a192 - std[617be2ca0a6fd877]::panicking::panic_with_hook
[INFO] [stdout]    7:     0x618d6597cea4 - std[617be2ca0a6fd877]::panicking::panic_handler::{closure#0}
[INFO] [stdout]    8:     0x618d65975a69 - std[617be2ca0a6fd877]::sys::backtrace::__rust_end_short_backtrace::<std[617be2ca0a6fd877]::panicking::panic_handler::{closure#0}, !>
[INFO] [stdout]    9:     0x618d6597da7d - __rustc[ea4f61d10b84890b]::rust_begin_unwind
[INFO] [stdout]   10:     0x618d659b6e3c - core[a373ad73a504971]::panicking::panic_fmt
[INFO] [stdout]   11:     0x618d659b6e02 - core[a373ad73a504971]::panicking::panic
[INFO] [stdout]   12:     0x618d659143e8 - <integration_test[8e94bac43eebfe8a]::utils::TestRunnerHelper>::for_simple_exec::<&str>
[INFO] [stdout]   13:     0x618d65910c3b - <integration_test[8e94bac43eebfe8a]::test_memory_limit_exceeded::{closure#0} as core[a373ad73a504971]::ops::function::FnOnce<()>>::call_once
[INFO] [stdout]   14:     0x618d65916f0b - test[aada8e7e76ba119b]::__rust_begin_short_backtrace::<core[a373ad73a504971]::result::Result<(), alloc[2e1b2a31b91974c5]::string::String>, fn() -> core[a373ad73a504971]::result::Result<(), alloc[2e1b2a31b91974c5]::string::String>>
[INFO] [stdout]   15:     0x618d659240e5 - test[aada8e7e76ba119b]::run_test::{closure#0}
[INFO] [stdout]   16:     0x618d6591d9d4 - std[617be2ca0a6fd877]::sys::backtrace::__rust_begin_short_backtrace::<test[aada8e7e76ba119b]::run_test::{closure#1}, ()>
[INFO] [stdout]   17:     0x618d65927172 - <std[617be2ca0a6fd877]::thread::lifecycle::spawn_unchecked<test[aada8e7e76ba119b]::run_test::{closure#1}, ()>::{closure#1} as core[a373ad73a504971]::ops::function::FnOnce<()>>::call_once::{shim:vtable#0}
[INFO] [stdout]   18:     0x618d659a199f - <std[617be2ca0a6fd877]::sys::thread::unix::Thread>::new::thread_start
[INFO] [stdout]   19:     0x7c376f61edfa - <unknown>
[INFO] [stdout]   20:     0x7c376f6b23d4 - clone
[INFO] [stdout]   21:                0x0 - <unknown>
[INFO] [stdout] 
[INFO] [stdout] ---- test_redirect_stderr stdout ----
[INFO] [stdout] 
[INFO] [stdout] thread 'test_redirect_stderr' (1183) panicked at tests/utils/mod.rs:53:5:
[INFO] [stdout] assertion failed: Command::new("cp").arg(from.as_ref()).arg(to.as_ref()).status().expect("failed to copy").success()
[INFO] [stdout] stack backtrace:
[INFO] [stdout]    0:     0x618d659a2141 - <<std[617be2ca0a6fd877]::sys::backtrace::BacktraceLock>::print::DisplayBacktrace as core[a373ad73a504971]::fmt::Display>::fmt
[INFO] [stdout]    1:     0x618d659b670a - core[a373ad73a504971]::fmt::write
[INFO] [stdout]    2:     0x618d659a65fc - <alloc[2e1b2a31b91974c5]::vec::Vec<u8> as core[a373ad73a504971]::io::write::Write>::write_fmt
[INFO] [stdout]    3:     0x618d6597cdc6 - std[617be2ca0a6fd877]::panicking::default_hook::{closure#0}
[INFO] [stdout]    4:     0x618d65999fd9 - std[617be2ca0a6fd877]::panicking::default_hook
[INFO] [stdout]    5:     0x618d65923ac0 - test[aada8e7e76ba119b]::test_main_inner::{closure#0}
[INFO] [stdout]    6:     0x618d6599a192 - std[617be2ca0a6fd877]::panicking::panic_with_hook
[INFO] [stdout]    7:     0x618d6597cea4 - std[617be2ca0a6fd877]::panicking::panic_handler::{closure#0}
[INFO] [stdout]    8:     0x618d65975a69 - std[617be2ca0a6fd877]::sys::backtrace::__rust_end_short_backtrace::<std[617be2ca0a6fd877]::panicking::panic_handler::{closure#0}, !>
[INFO] [stdout]    9:     0x618d6597da7d - __rustc[ea4f61d10b84890b]::rust_begin_unwind
[INFO] [stdout]   10:     0x618d659b6e3c - core[a373ad73a504971]::panicking::panic_fmt
[INFO] [stdout]   11:     0x618d659b6e02 - core[a373ad73a504971]::panicking::panic
[INFO] [stdout]   12:     0x618d659143e8 - <integration_test[8e94bac43eebfe8a]::utils::TestRunnerHelper>::for_simple_exec::<&str>
[INFO] [stdout]   13:     0x618d6590f07c - <integration_test[8e94bac43eebfe8a]::test_redirect_stderr::{closure#0} as core[a373ad73a504971]::ops::function::FnOnce<()>>::call_once
[INFO] [stdout]   14:     0x618d65916f0b - test[aada8e7e76ba119b]::__rust_begin_short_backtrace::<core[a373ad73a504971]::result::Result<(), alloc[2e1b2a31b91974c5]::string::String>, fn() -> core[a373ad73a504971]::result::Result<(), alloc[2e1b2a31b91974c5]::string::String>>
[INFO] [stdout]   15:     0x618d659240e5 - test[aada8e7e76ba119b]::run_test::{closure#0}
[INFO] [stdout]   16:     0x618d6591d9d4 - std[617be2ca0a6fd877]::sys::backtrace::__rust_begin_short_backtrace::<test[aada8e7e76ba119b]::run_test::{closure#1}, ()>
[INFO] [stdout]   17:     0x618d65927172 - <std[617be2ca0a6fd877]::thread::lifecycle::spawn_unchecked<test[aada8e7e76ba119b]::run_test::{closure#1}, ()>::{closure#1} as core[a373ad73a504971]::ops::function::FnOnce<()>>::call_once::{shim:vtable#0}
[INFO] [stdout]   18:     0x618d659a199f - <std[617be2ca0a6fd877]::sys::thread::unix::Thread>::new::thread_start
[INFO] [stdout]   19:     0x7c376f61edfa - <unknown>
[INFO] [stdout]   20:     0x7c376f6b23d4 - clone
[INFO] [stdout]   21:                0x0 - <unknown>
[INFO] [stdout] 
[INFO] [stdout] ---- test_threads_memory_limit_exceeded stdout ----
[INFO] [stdout] 
[INFO] [stdout] thread 'test_threads_memory_limit_exceeded' (1186) panicked at tests/utils/mod.rs:53:5:
[INFO] [stdout] assertion failed: Command::new("cp").arg(from.as_ref()).arg(to.as_ref()).status().expect("failed to copy").success()
[INFO] [stdout] stack backtrace:
[INFO] [stdout]    0:     0x618d659a2141 - <<std[617be2ca0a6fd877]::sys::backtrace::BacktraceLock>::print::DisplayBacktrace as core[a373ad73a504971]::fmt::Display>::fmt
[INFO] [stdout]    1:     0x618d659b670a - core[a373ad73a504971]::fmt::write
[INFO] [stdout]    2:     0x618d659a65fc - <alloc[2e1b2a31b91974c5]::vec::Vec<u8> as core[a373ad73a504971]::io::write::Write>::write_fmt
[INFO] [stdout]    3:     0x618d6597cdc6 - std[617be2ca0a6fd877]::panicking::default_hook::{closure#0}
[INFO] [stdout]    4:     0x618d65999fd9 - std[617be2ca0a6fd877]::panicking::default_hook
[INFO] [stdout]    5:     0x618d65923ac0 - test[aada8e7e76ba119b]::test_main_inner::{closure#0}
[INFO] [stdout]    6:     0x618d6599a192 - std[617be2ca0a6fd877]::panicking::panic_with_hook
[INFO] [stdout]    7:     0x618d6597cea4 - std[617be2ca0a6fd877]::panicking::panic_handler::{closure#0}
[INFO] [stdout]    8:     0x618d65975a69 - std[617be2ca0a6fd877]::sys::backtrace::__rust_end_short_backtrace::<std[617be2ca0a6fd877]::panicking::panic_handler::{closure#0}, !>
[INFO] [stdout]    9:     0x618d6597da7d - __rustc[ea4f61d10b84890b]::rust_begin_unwind
[INFO] [stdout]   10:     0x618d659b6e3c - core[a373ad73a504971]::panicking::panic_fmt
[INFO] [stdout]   11:     0x618d659b6e02 - core[a373ad73a504971]::panicking::panic
[INFO] [stdout]   12:     0x618d659143e8 - <integration_test[8e94bac43eebfe8a]::utils::TestRunnerHelper>::for_simple_exec::<&str>
[INFO] [stdout]   13:     0x618d65911dfb - <integration_test[8e94bac43eebfe8a]::test_threads_memory_limit_exceeded::{closure#0} as core[a373ad73a504971]::ops::function::FnOnce<()>>::call_once
[INFO] [stdout]   14:     0x618d65916f0b - test[aada8e7e76ba119b]::__rust_begin_short_backtrace::<core[a373ad73a504971]::result::Result<(), alloc[2e1b2a31b91974c5]::string::String>, fn() -> core[a373ad73a504971]::result::Result<(), alloc[2e1b2a31b91974c5]::string::String>>
[INFO] [stdout]   15:     0x618d659240e5 - test[aada8e7e76ba119b]::run_test::{closure#0}
[INFO] [stdout]   16:     0x618d6591d9d4 - std[617be2ca0a6fd877]::sys::backtrace::__rust_begin_short_backtrace::<test[aada8e7e76ba119b]::run_test::{closure#1}, ()>
[INFO] [stdout]   17:     0x618d65927172 - <std[617be2ca0a6fd877]::thread::lifecycle::spawn_unchecked<test[aada8e7e76ba119b]::run_test::{closure#1}, ()>::{closure#1} as core[a373ad73a504971]::ops::function::FnOnce<()>>::call_once::{shim:vtable#0}
[INFO] [stdout]   18:     0x618d659a199f - <std[617be2ca0a6fd877]::sys::thread::unix::Thread>::new::thread_start
[INFO] [stdout]   19:     0x7c376f61edfa - <unknown>
[INFO] [stdout]   20:     0x7c376f6b23d4 - clone
[INFO] [stdout]   21:                0x0 - <unknown>
[INFO] [stdout] 
[INFO] [stdout] ---- test_time_limit_exceeded stdout ----
[INFO] [stdout] 
[INFO] [stdout] thread 'test_time_limit_exceeded' (1198) panicked at tests/utils/mod.rs:53:5:
[INFO] [stdout] assertion failed: Command::new("cp").arg(from.as_ref()).arg(to.as_ref()).status().expect("failed to copy").success()
[INFO] [stdout] stack backtrace:
[INFO] [stdout]    0:     0x618d659a2141 - <<std[617be2ca0a6fd877]::sys::backtrace::BacktraceLock>::print::DisplayBacktrace as core[a373ad73a504971]::fmt::Display>::fmt
[INFO] [stdout]    1:     0x618d659b670a - core[a373ad73a504971]::fmt::write
[INFO] [stdout]    2:     0x618d659a65fc - <alloc[2e1b2a31b91974c5]::vec::Vec<u8> as core[a373ad73a504971]::io::write::Write>::write_fmt
[INFO] [stdout]    3:     0x618d6597cdc6 - std[617be2ca0a6fd877]::panicking::default_hook::{closure#0}
[INFO] [stdout]    4:     0x618d65999fd9 - std[617be2ca0a6fd877]::panicking::default_hook
[INFO] [stdout]    5:     0x618d65923ac0 - test[aada8e7e76ba119b]::test_main_inner::{closure#0}
[INFO] [stdout]    6:     0x618d6599a192 - std[617be2ca0a6fd877]::panicking::panic_with_hook
[INFO] [stdout]    7:     0x618d6597cea4 - std[617be2ca0a6fd877]::panicking::panic_handler::{closure#0}
[INFO] [stdout]    8:     0x618d65975a69 - std[617be2ca0a6fd877]::sys::backtrace::__rust_end_short_backtrace::<std[617be2ca0a6fd877]::panicking::panic_handler::{closure#0}, !>
[INFO] [stdout]    9:     0x618d6597da7d - __rustc[ea4f61d10b84890b]::rust_begin_unwind
[INFO] [stdout]   10:     0x618d659b6e3c - core[a373ad73a504971]::panicking::panic_fmt
[INFO] [stdout]   11:     0x618d659b6e02 - core[a373ad73a504971]::panicking::panic
[INFO] [stdout]   12:     0x618d659143e8 - <integration_test[8e94bac43eebfe8a]::utils::TestRunnerHelper>::for_simple_exec::<&str>
[INFO] [stdout]   13:     0x618d6591064b - <integration_test[8e94bac43eebfe8a]::test_time_limit_exceeded::{closure#0} as core[a373ad73a504971]::ops::function::FnOnce<()>>::call_once
[INFO] [stdout]   14:     0x618d65916f0b - test[aada8e7e76ba119b]::__rust_begin_short_backtrace::<core[a373ad73a504971]::result::Result<(), alloc[2e1b2a31b91974c5]::string::String>, fn() -> core[a373ad73a504971]::result::Result<(), alloc[2e1b2a31b91974c5]::string::String>>
[INFO] [stdout]   15:     0x618d659240e5 - test[aada8e7e76ba119b]::run_test::{closure#0}
[INFO] [stdout]   16:     0x618d6591d9d4 - std[617be2ca0a6fd877]::sys::backtrace::__rust_begin_short_backtrace::<test[aada8e7e76ba119b]::run_test::{closure#1}, ()>
[INFO] [stdout]   17:     0x618d65927172 - <std[617be2ca0a6fd877]::thread::lifecycle::spawn_unchecked<test[aada8e7e76ba119b]::run_test::{closure#1}, ()>::{closure#1} as core[a373ad73a504971]::ops::function::FnOnce<()>>::call_once::{shim:vtable#0}
[INFO] [stdout]   18:     0x618d659a199f - <std[617be2ca0a6fd877]::sys::thread::unix::Thread>::new::thread_start
[INFO] [stdout]   19:     0x7c376f61edfa - <unknown>
[INFO] [stdout]   20:     0x7c376f6b23d4 - clone
[INFO] [stdout]   21:                0x0 - <unknown>
[INFO] [stdout] 
[INFO] [stdout] ---- test_basic_sandbox stdout ----
[INFO] [stdout] 
[INFO] [stdout] thread 'test_basic_sandbox' (1171) panicked at tests/utils/mod.rs:53:5:
[INFO] [stdout] assertion failed: Command::new("cp").arg(from.as_ref()).arg(to.as_ref()).status().expect("failed to copy").success()
[INFO] [stdout] stack backtrace:
[INFO] [stdout]    0:     0x618d659a2141 - <<std[617be2ca0a6fd877]::sys::backtrace::BacktraceLock>::print::DisplayBacktrace as core[a373ad73a504971]::fmt::Display>::fmt
[INFO] [stdout]    1:     0x618d659b670a - core[a373ad73a504971]::fmt::write
[INFO] [stdout]    2:     0x618d659a65fc - <alloc[2e1b2a31b91974c5]::vec::Vec<u8> as core[a373ad73a504971]::io::write::Write>::write_fmt
[INFO] [stdout]    3:     0x618d6597cdc6 - std[617be2ca0a6fd877]::panicking::default_hook::{closure#0}
[INFO] [stdout]    4:     0x618d65999fd9 - std[617be2ca0a6fd877]::panicking::default_hook
[INFO] [stdout]    5:     0x618d65923ac0 - test[aada8e7e76ba119b]::test_main_inner::{closure#0}
[INFO] [stdout]    6:     0x618d6599a192 - std[617be2ca0a6fd877]::panicking::panic_with_hook
[INFO] [stdout]    7:     0x618d6597cea4 - std[617be2ca0a6fd877]::panicking::panic_handler::{closure#0}
[INFO] [stdout]    8:     0x618d65975a69 - std[617be2ca0a6fd877]::sys::backtrace::__rust_end_short_backtrace::<std[617be2ca0a6fd877]::panicking::panic_handler::{closure#0}, !>
[INFO] [stdout]    9:     0x618d6597da7d - __rustc[ea4f61d10b84890b]::rust_begin_unwind
[INFO] [stdout]   10:     0x618d659b6e3c - core[a373ad73a504971]::panicking::panic_fmt
[INFO] [stdout]   11:     0x618d659b6e02 - core[a373ad73a504971]::panicking::panic
[INFO] [stdout]   12:     0x618d659143e8 - <integration_test[8e94bac43eebfe8a]::utils::TestRunnerHelper>::for_simple_exec::<&str>
[INFO] [stdout]   13:     0x618d6590dfce - <integration_test[8e94bac43eebfe8a]::test_basic_sandbox::{closure#0} as core[a373ad73a504971]::ops::function::FnOnce<()>>::call_once
[INFO] [stdout]   14:     0x618d65916f0b - test[aada8e7e76ba119b]::__rust_begin_short_backtrace::<core[a373ad73a504971]::result::Result<(), alloc[2e1b2a31b91974c5]::string::String>, fn() -> core[a373ad73a504971]::result::Result<(), alloc[2e1b2a31b91974c5]::string::String>>
[INFO] [stdout]   15:     0x618d659240e5 - test[aada8e7e76ba119b]::run_test::{closure#0}
[INFO] [stdout]   16:     0x618d6591d9d4 - std[617be2ca0a6fd877]::sys::backtrace::__rust_begin_short_backtrace::<test[aada8e7e76ba119b]::run_test::{closure#1}, ()>
[INFO] [stdout]   17:     0x618d65927172 - <std[617be2ca0a6fd877]::thread::lifecycle::spawn_unchecked<test[aada8e7e76ba119b]::run_test::{closure#1}, ()>::{closure#1} as core[a373ad73a504971]::ops::function::FnOnce<()>>::call_once::{shim:vtable#0}
[INFO] [stdout]   18:     0x618d659a199f - <std[617be2ca0a6fd877]::sys::thread::unix::Thread>::new::thread_start
[INFO] [stdout]   19:     0x7c376f61edfa - <unknown>
[INFO] [stdout]   20:     0x7c376f6b23d4 - clone
[INFO] [stdout]   21:                0x0 - <unknown>
[INFO] [stdout] 
[INFO] [stdout] ---- test_killed_by_signal stdout ----
[INFO] [stdout] 
[INFO] [stdout] thread 'test_killed_by_signal' (1176) panicked at tests/utils/mod.rs:53:5:
[INFO] [stdout] assertion failed: Command::new("cp").arg(from.as_ref()).arg(to.as_ref()).status().expect("failed to copy").success()
[INFO] [stdout] stack backtrace:
[INFO] [stdout]    0:     0x618d659a2141 - <<std[617be2ca0a6fd877]::sys::backtrace::BacktraceLock>::print::DisplayBacktrace as core[a373ad73a504971]::fmt::Display>::fmt
[INFO] [stdout]    1:     0x618d659b670a - core[a373ad73a504971]::fmt::write
[INFO] [stdout]    2:     0x618d659a65fc - <alloc[2e1b2a31b91974c5]::vec::Vec<u8> as core[a373ad73a504971]::io::write::Write>::write_fmt
[INFO] [stdout]    3:     0x618d6597cdc6 - std[617be2ca0a6fd877]::panicking::default_hook::{closure#0}
[INFO] [stdout]    4:     0x618d65999fd9 - std[617be2ca0a6fd877]::panicking::default_hook
[INFO] [stdout]    5:     0x618d65923ac0 - test[aada8e7e76ba119b]::test_main_inner::{closure#0}
[INFO] [stdout]    6:     0x618d6599a192 - std[617be2ca0a6fd877]::panicking::panic_with_hook
[INFO] [stdout]    7:     0x618d6597cea4 - std[617be2ca0a6fd877]::panicking::panic_handler::{closure#0}
[INFO] [stdout]    8:     0x618d65975a69 - std[617be2ca0a6fd877]::sys::backtrace::__rust_end_short_backtrace::<std[617be2ca0a6fd877]::panicking::panic_handler::{closure#0}, !>
[INFO] [stdout]    9:     0x618d6597da7d - __rustc[ea4f61d10b84890b]::rust_begin_unwind
[INFO] [stdout]   10:     0x618d659b6e3c - core[a373ad73a504971]::panicking::panic_fmt
[INFO] [stdout]   11:     0x618d659b6e02 - core[a373ad73a504971]::panicking::panic
[INFO] [stdout]   12:     0x618d659143e8 - <integration_test[8e94bac43eebfe8a]::utils::TestRunnerHelper>::for_simple_exec::<&str>
[INFO] [stdout]   13:     0x618d6590f8f8 - <integration_test[8e94bac43eebfe8a]::test_killed_by_signal::{closure#0} as core[a373ad73a504971]::ops::function::FnOnce<()>>::call_once
[INFO] [stdout]   14:     0x618d65916f0b - test[aada8e7e76ba119b]::__rust_begin_short_backtrace::<core[a373ad73a504971]::result::Result<(), alloc[2e1b2a31b91974c5]::string::String>, fn() -> core[a373ad73a504971]::result::Result<(), alloc[2e1b2a31b91974c5]::string::String>>
[INFO] [stdout]   15:     0x618d659240e5 - test[aada8e7e76ba119b]::run_test::{closure#0}
[INFO] [stdout]   16:     0x618d6591d9d4 - std[617be2ca0a6fd877]::sys::backtrace::__rust_begin_short_backtrace::<test[aada8e7e76ba119b]::run_test::{closure#1}, ()>
[INFO] [stdout]   17:     0x618d65927172 - <std[617be2ca0a6fd877]::thread::lifecycle::spawn_unchecked<test[aada8e7e76ba119b]::run_test::{closure#1}, ()>::{closure#1} as core[a373ad73a504971]::ops::function::FnOnce<()>>::call_once::{shim:vtable#0}
[INFO] [stdout]   18:     0x618d659a199f - <std[617be2ca0a6fd877]::sys::thread::unix::Thread>::new::thread_start
[INFO] [stdout]   19:     0x7c376f61edfa - <unknown>
[INFO] [stdout]   20:     0x7c376f6b23d4 - clone
[INFO] [stdout]   21:                0x0 - <unknown>
[INFO] [stdout] 
[INFO] [stdout] ---- test_redirect_stdout stdout ----
[INFO] [stdout] 
[INFO] [stdout] thread 'test_redirect_stdout' (1185) panicked at tests/utils/mod.rs:53:5:
[INFO] [stdout] assertion failed: Command::new("cp").arg(from.as_ref()).arg(to.as_ref()).status().expect("failed to copy").success()
[INFO] [stdout] stack backtrace:
[INFO] [stdout]    0:     0x618d659a2141 - <<std[617be2ca0a6fd877]::sys::backtrace::BacktraceLock>::print::DisplayBacktrace as core[a373ad73a504971]::fmt::Display>::fmt
[INFO] [stdout]    1:     0x618d659b670a - core[a373ad73a504971]::fmt::write
[INFO] [stdout]    2:     0x618d659a65fc - <alloc[2e1b2a31b91974c5]::vec::Vec<u8> as core[a373ad73a504971]::io::write::Write>::write_fmt
[INFO] [stdout]    3:     0x618d6597cdc6 - std[617be2ca0a6fd877]::panicking::default_hook::{closure#0}
[INFO] [stdout]    4:     0x618d65999fd9 - std[617be2ca0a6fd877]::panicking::default_hook
[INFO] [stdout]    5:     0x618d65923ac0 - test[aada8e7e76ba119b]::test_main_inner::{closure#0}
[INFO] [stdout]    6:     0x618d6599a192 - std[617be2ca0a6fd877]::panicking::panic_with_hook
[INFO] [stdout]    7:     0x618d6597cea4 - std[617be2ca0a6fd877]::panicking::panic_handler::{closure#0}
[INFO] [stdout]    8:     0x618d65975a69 - std[617be2ca0a6fd877]::sys::backtrace::__rust_end_short_backtrace::<std[617be2ca0a6fd877]::panicking::panic_handler::{closure#0}, !>
[INFO] [stdout]    9:     0x618d6597da7d - __rustc[ea4f61d10b84890b]::rust_begin_unwind
[INFO] [stdout]   10:     0x618d659b6e3c - core[a373ad73a504971]::panicking::panic_fmt
[INFO] [stdout]   11:     0x618d659b6e02 - core[a373ad73a504971]::panicking::panic
[INFO] [stdout]   12:     0x618d659143e8 - <integration_test[8e94bac43eebfe8a]::utils::TestRunnerHelper>::for_simple_exec::<&str>
[INFO] [stdout]   13:     0x618d6590f4bc - <integration_test[8e94bac43eebfe8a]::test_redirect_stdout::{closure#0} as core[a373ad73a504971]::ops::function::FnOnce<()>>::call_once
[INFO] [stdout]   14:     0x618d65916f0b - test[aada8e7e76ba119b]::__rust_begin_short_backtrace::<core[a373ad73a504971]::result::Result<(), alloc[2e1b2a31b91974c5]::string::String>, fn() -> core[a373ad73a504971]::result::Result<(), alloc[2e1b2a31b91974c5]::string::String>>
[INFO] [stdout]   15:     0x618d659240e5 - test[aada8e7e76ba119b]::run_test::{closure#0}
[INFO] [stdout]   16:     0x618d6591d9d4 - std[617be2ca0a6fd877]::sys::backtrace::__rust_begin_short_backtrace::<test[aada8e7e76ba119b]::run_test::{closure#1}, ()>
[INFO] [stdout]   17:     0x618d65927172 - <std[617be2ca0a6fd877]::thread::lifecycle::spawn_unchecked<test[aada8e7e76ba119b]::run_test::{closure#1}, ()>::{closure#1} as core[a373ad73a504971]::ops::function::FnOnce<()>>::call_once::{shim:vtable#0}
[INFO] [stdout]   18:     0x618d659a199f - <std[617be2ca0a6fd877]::sys::thread::unix::Thread>::new::thread_start
[INFO] [stdout]   19:     0x7c376f61edfa - <unknown>
[INFO] [stdout]   20:     0x7c376f6b23d4 - clone
[INFO] [stdout]   21:                0x0 - <unknown>
[INFO] [stdout] 
[INFO] [stdout] 
[INFO] [stdout] failures:
[INFO] [stdout]     test_arguments
[INFO] [stdout]     test_basic_sandbox
[INFO] [stdout]     test_clear_usage
[INFO] [stdout]     test_environment
[INFO] [stdout]     test_exec_failed
[INFO] [stdout]     test_interactive
[INFO] [stdout]     test_killed_by_signal
[INFO] [stdout]     test_memory_limit_exceeded
[INFO] [stdout]     test_mount_directory
[INFO] [stdout]     test_pids_limit_exceeded
[INFO] [stdout]     test_pivot_root
[INFO] [stdout]     test_redirect_stderr
[INFO] [stdout]     test_redirect_stdin
[INFO] [stdout]     test_redirect_stdout
[INFO] [stdout]     test_threads_memory_limit_exceeded
[INFO] [stdout]     test_threads_time_limit_exceeded
[INFO] [stdout]     test_threads_wall_time_limit_exceeded
[INFO] [stdout]     test_time_limit_exceeded
[INFO] [stdout]     test_unshare_net
[INFO] [stdout]     test_wall_time_limit_exceeded
[INFO] [stdout] 
[INFO] [stdout] test result: FAILED. 0 passed; 20 failed; 0 ignored; 0 measured; 0 filtered out; finished in 0.02s
[INFO] [stdout] 
[INFO] [stderr] error: test failed, to rerun pass `--test integration_test`
[INFO] running `Command { std: "docker" "inspect" "ed87c8a294b9b05af667a2d5b195eaeb684e8cb3ba704a9022176ebec0e2eb0d", kill_on_drop: false }`
[INFO] running `Command { std: "docker" "rm" "-f" "ed87c8a294b9b05af667a2d5b195eaeb684e8cb3ba704a9022176ebec0e2eb0d", kill_on_drop: false }`
[INFO] [stdout] ed87c8a294b9b05af667a2d5b195eaeb684e8cb3ba704a9022176ebec0e2eb0d
