[INFO] fetching crate i3ipc 0.10.1...
[INFO] testing i3ipc-0.10.1 against 1.100.0-beta.1+cargoflags=--release for beta-release-1.100-2
[INFO] extracting crate i3ipc 0.10.1 into /workspace/builds/worker-7-tc2/source
[INFO] started tweaking crates.io crate i3ipc 0.10.1
[INFO] finished tweaking crates.io crate i3ipc 0.10.1
[INFO] tweaked toml for crates.io crate i3ipc 0.10.1 written to /workspace/builds/worker-7-tc2/source/Cargo.toml
[INFO] validating manifest of crates.io crate i3ipc 0.10.1 on toolchain 1.100.0-beta.1
[INFO] running `Command { std: CARGO_HOME="/workspace/cargo-home" RUSTUP_HOME="/workspace/rustup-home" "/workspace/cargo-home/bin/cargo" "+1.100.0-beta.1" "metadata" "--manifest-path" "Cargo.toml" "--no-deps", kill_on_drop: false }`
[INFO] running `Command { std: CARGO_HOME="/workspace/cargo-home" RUSTUP_HOME="/workspace/rustup-home" "/workspace/cargo-home/bin/cargo" "+1.100.0-beta.1" "generate-lockfile" "--manifest-path" "Cargo.toml", kill_on_drop: false }`
[INFO] [stderr]     Updating crates.io index
[INFO] [stderr]      Locking 13 packages to highest compatible versions
[INFO] running `Command { std: CARGO_HOME="/workspace/cargo-home" RUSTUP_HOME="/workspace/rustup-home" "/workspace/cargo-home/bin/cargo" "+1.100.0-beta.1" "fetch" "--manifest-path" "Cargo.toml", kill_on_drop: false }`
[INFO] [stderr] warning: Cargo.toml: `package.edition` is unspecified, defaulting to `2015` while the latest is `2024`
[INFO] [stderr] warning: `i3ipc` (manifest) generated 1 warning
[INFO] running `Command { std: "docker" "create" "-v" "/var/lib/crater-agent-workspace/builds/worker-7-tc2/source:/opt/rustwide/workdir:ro,Z" "-v" "/var/lib/crater-agent-workspace/builds/worker-7-tc2/target:/opt/rustwide/target:rw,Z" "-v" "/var/lib/crater-agent-workspace/cargo-home:/opt/rustwide/cargo-home:ro,Z" "-v" "/var/lib/crater-agent-workspace/rustup-home:/opt/rustwide/rustup-home:ro,Z" "-m" "1610612736" "--network" "none" "ghcr.io/rust-lang/crates-build-env/linux@sha256:77db811e55d90add9212f6832c23229e3de5f1c1f9905e8cb07319ea15df73ac" "sleep" "infinity", kill_on_drop: false }`
[INFO] [stdout] 60ebbd0fab93171f5ac0deea3a5ab7deb898d94928f5b45ae6000fe23dd12f4b
[INFO] running `Command { std: "docker" "start" "60ebbd0fab93171f5ac0deea3a5ab7deb898d94928f5b45ae6000fe23dd12f4b", kill_on_drop: false }`
[INFO] running `Command { std: "docker" "inspect" "60ebbd0fab93171f5ac0deea3a5ab7deb898d94928f5b45ae6000fe23dd12f4b", kill_on_drop: false }`
[INFO] running `Command { std: "docker" "exec" "-e" "SOURCE_DIR=/opt/rustwide/workdir" "-e" "CARGO_HOME=/opt/rustwide/cargo-home" "-e" "RUSTUP_HOME=/opt/rustwide/rustup-home" "-e" "CARGO_TARGET_DIR=/opt/rustwide/target" "-w" "/opt/rustwide/workdir" "--user" "0:0" "60ebbd0fab93171f5ac0deea3a5ab7deb898d94928f5b45ae6000fe23dd12f4b" "/opt/rustwide/cargo-home/bin/cargo" "+1.100.0-beta.1" "metadata" "--no-deps" "--format-version=1", kill_on_drop: false }`
[INFO] running `Command { std: "docker" "inspect" "60ebbd0fab93171f5ac0deea3a5ab7deb898d94928f5b45ae6000fe23dd12f4b", kill_on_drop: false }`
[INFO] running `Command { std: "docker" "exec" "-e" "SOURCE_DIR=/opt/rustwide/workdir" "-e" "CARGO_HOME=/opt/rustwide/cargo-home" "-e" "RUSTUP_HOME=/opt/rustwide/rustup-home" "-e" "CARGO_TARGET_DIR=/opt/rustwide/target" "-e" "CARGO_INCREMENTAL=0" "-e" "RUST_BACKTRACE=full" "-e" "RUSTFLAGS=--cap-lints=warn" "-e" "RUSTDOCFLAGS=--cap-lints=warn" "-w" "/opt/rustwide/workdir" "--user" "0:0" "60ebbd0fab93171f5ac0deea3a5ab7deb898d94928f5b45ae6000fe23dd12f4b" "/opt/rustwide/cargo-home/bin/cargo" "+1.100.0-beta.1" "build" "--frozen" "--message-format=json" "--release", kill_on_drop: false }`
[INFO] [stderr] warning: Cargo.toml: `package.edition` is unspecified, defaulting to `2015` while the latest is `2024`
[INFO] [stderr] warning: `i3ipc` (manifest) generated 1 warning
[INFO] [stderr]    Compiling serde_json v1.0.154
[INFO] [stderr]    Compiling i3ipc v0.10.1 (/opt/rustwide/workdir)
[INFO] [stdout] warning: use of deprecated macro `try`: use the `?` operator instead
[INFO] [stdout]   --> src/event.rs:41:32
[INFO] [stdout]    |
[INFO] [stdout] 41 |         let val: json::Value = try!(json::from_str(s));
[INFO] [stdout]    |                                ^^^
[INFO] [stdout]    |
[INFO] [stdout]    = note: `#[warn(deprecated)]` on by default
[INFO] [stdout] 
[INFO] [stdout] 
[INFO] [stdout] warning: use of deprecated macro `try`: use the `?` operator instead
[INFO] [stdout]   --> src/event.rs:82:32
[INFO] [stdout]    |
[INFO] [stdout] 82 |         let val: json::Value = try!(json::from_str(s));
[INFO] [stdout]    |                                ^^^
[INFO] [stdout] 
[INFO] [stdout] 
[INFO] [stdout] warning: use of deprecated macro `try`: use the `?` operator instead
[INFO] [stdout]    --> src/event.rs:106:32
[INFO] [stdout]     |
[INFO] [stdout] 106 |         let val: json::Value = try!(json::from_str(s));
[INFO] [stdout]     |                                ^^^
[INFO] [stdout] 
[INFO] [stdout] 
[INFO] [stdout] warning: use of deprecated macro `try`: use the `?` operator instead
[INFO] [stdout]    --> src/event.rs:127:32
[INFO] [stdout]     |
[INFO] [stdout] 127 |         let val: json::Value = try!(json::from_str(s));
[INFO] [stdout]     |                                ^^^
[INFO] [stdout] 
[INFO] [stdout] 
[INFO] [stdout] warning: use of deprecated macro `try`: use the `?` operator instead
[INFO] [stdout]    --> src/event.rs:162:32
[INFO] [stdout]     |
[INFO] [stdout] 162 |         let val: json::Value = try!(json::from_str(s));
[INFO] [stdout]     |                                ^^^
[INFO] [stdout] 
[INFO] [stdout] 
[INFO] [stdout] warning: use of deprecated macro `try`: use the `?` operator instead
[INFO] [stdout]    --> src/event.rs:183:32
[INFO] [stdout]     |
[INFO] [stdout] 183 |         let val: json::Value = try!(json::from_str(s));
[INFO] [stdout]     |                                ^^^
[INFO] [stdout] 
[INFO] [stdout] 
[INFO] [stdout] warning: use of deprecated macro `try`: use the `?` operator instead
[INFO] [stdout]    --> src/lib.rs:117:18
[INFO] [stdout]     |
[INFO] [stdout] 117 |     let output = try!(process::Command::new("i3").arg("--get-socketpath").output());
[INFO] [stdout]     |                  ^^^
[INFO] [stdout] 
[INFO] [stdout] 
[INFO] [stdout] warning: anonymous parameters are deprecated and will be removed in the next edition
[INFO] [stdout]    --> src/lib.rs:135:35
[INFO] [stdout]     |
[INFO] [stdout] 135 |     fn send_i3_message(&mut self, u32, &str) -> io::Result<()>;
[INFO] [stdout]     |                                   ^^^ help: try naming the parameter or explicitly ignoring it: `_: u32`
[INFO] [stdout]     |
[INFO] [stdout]     = warning: this is accepted in the current edition (Rust 2015) but is a hard error in Rust 2018!
[INFO] [stdout]     = note: for more information, see <https://doc.rust-lang.org/edition-guide/rust-2018/trait-fn-parameters.html>
[INFO] [stdout]     = note: `#[warn(anonymous_parameters)]` (part of `#[warn(rust_2018_compatibility)]`) on by default
[INFO] [stdout] 
[INFO] [stdout] 
[INFO] [stdout] warning: anonymous parameters are deprecated and will be removed in the next edition
[INFO] [stdout]    --> src/lib.rs:135:40
[INFO] [stdout]     |
[INFO] [stdout] 135 |     fn send_i3_message(&mut self, u32, &str) -> io::Result<()>;
[INFO] [stdout]     |                                        ^^^^ help: try naming the parameter or explicitly ignoring it: `_: &str`
[INFO] [stdout]     |
[INFO] [stdout]     = warning: this is accepted in the current edition (Rust 2015) but is a hard error in Rust 2018!
[INFO] [stdout]     = note: for more information, see <https://doc.rust-lang.org/edition-guide/rust-2018/trait-fn-parameters.html>
[INFO] [stdout] 
[INFO] [stdout] 
[INFO] [stdout] warning: use of deprecated macro `try`: use the `?` operator instead
[INFO] [stdout]    --> src/lib.rs:148:9
[INFO] [stdout]     |
[INFO] [stdout] 148 |         try!(bytes.write_u32::<LittleEndian>(payload.len() as u32)); // 4 bytes
[INFO] [stdout]     |         ^^^
[INFO] [stdout] 
[INFO] [stdout] 
[INFO] [stdout] warning: use of deprecated macro `try`: use the `?` operator instead
[INFO] [stdout]    --> src/lib.rs:149:9
[INFO] [stdout]     |
[INFO] [stdout] 149 |         try!(bytes.write_u32::<LittleEndian>(message_type)); // 4 bytes
[INFO] [stdout]     |         ^^^
[INFO] [stdout] 
[INFO] [stdout] 
[INFO] [stdout] warning: use of deprecated macro `try`: use the `?` operator instead
[INFO] [stdout]    --> src/lib.rs:157:9
[INFO] [stdout]     |
[INFO] [stdout] 157 |         try!(self.read_exact(&mut magic_data));
[INFO] [stdout]     |         ^^^
[INFO] [stdout] 
[INFO] [stdout] 
[INFO] [stdout] warning: use of deprecated macro `try`: use the `?` operator instead
[INFO] [stdout]    --> src/lib.rs:169:9
[INFO] [stdout]     |
[INFO] [stdout] 169 |         try!(self.read_exact(&mut payload_data[..]));
[INFO] [stdout]     |         ^^^
[INFO] [stdout] 
[INFO] [stdout] 
[INFO] [stdout] warning: use of deprecated macro `try`: use the `?` operator instead
[INFO] [stdout]    --> src/lib.rs:166:27
[INFO] [stdout]     |
[INFO] [stdout] 166 |         let payload_len = try!(self.read_u32::<LittleEndian>());
[INFO] [stdout]     |                           ^^^
[INFO] [stdout] 
[INFO] [stdout] 
[INFO] [stdout] warning: use of deprecated macro `try`: use the `?` operator instead
[INFO] [stdout]    --> src/lib.rs:167:28
[INFO] [stdout]     |
[INFO] [stdout] 167 |         let message_type = try!(self.read_u32::<LittleEndian>());
[INFO] [stdout]     |                            ^^^
[INFO] [stdout] 
[INFO] [stdout] 
[INFO] [stdout] warning: use of deprecated macro `try`: use the `?` operator instead
[INFO] [stdout]    --> src/lib.rs:216:50
[INFO] [stdout]     |
[INFO] [stdout] 216 |                     event::Event::WorkspaceEvent(try!(event::WorkspaceEventInfo::from_str(payload)))
[INFO] [stdout]     |                                                  ^^^
[INFO] [stdout] 
[INFO] [stdout] 
[INFO] [stdout] warning: use of deprecated macro `try`: use the `?` operator instead
[INFO] [stdout]    --> src/lib.rs:218:48
[INFO] [stdout]     |
[INFO] [stdout] 218 |                 1 => event::Event::OutputEvent(try!(event::OutputEventInfo::from_str(payload))),
[INFO] [stdout]     |                                                ^^^
[INFO] [stdout] 
[INFO] [stdout] 
[INFO] [stdout] warning: use of deprecated macro `try`: use the `?` operator instead
[INFO] [stdout]    --> src/lib.rs:219:46
[INFO] [stdout]     |
[INFO] [stdout] 219 |                 2 => event::Event::ModeEvent(try!(event::ModeEventInfo::from_str(payload))),
[INFO] [stdout]     |                                              ^^^
[INFO] [stdout] 
[INFO] [stdout] 
[INFO] [stdout] warning: use of deprecated macro `try`: use the `?` operator instead
[INFO] [stdout]    --> src/lib.rs:220:48
[INFO] [stdout]     |
[INFO] [stdout] 220 |                 3 => event::Event::WindowEvent(try!(event::WindowEventInfo::from_str(payload))),
[INFO] [stdout]     |                                                ^^^
[INFO] [stdout] 
[INFO] [stdout] 
[INFO] [stdout] warning: use of deprecated macro `try`: use the `?` operator instead
[INFO] [stdout]    --> src/lib.rs:222:50
[INFO] [stdout]     |
[INFO] [stdout] 222 |                     event::Event::BarConfigEvent(try!(event::BarConfigEventInfo::from_str(payload)))
[INFO] [stdout]     |                                                  ^^^
[INFO] [stdout] 
[INFO] [stdout] 
[INFO] [stdout] warning: use of deprecated macro `try`: use the `?` operator instead
[INFO] [stdout]    --> src/lib.rs:224:49
[INFO] [stdout]     |
[INFO] [stdout] 224 |                 5 => event::Event::BindingEvent(try!(event::BindingEventInfo::from_str(payload))),
[INFO] [stdout]     |                                                 ^^^
[INFO] [stdout] 
[INFO] [stdout] 
[INFO] [stdout] warning: use of deprecated macro `try`: use the `?` operator instead
[INFO] [stdout]    --> src/lib.rs:298:30
[INFO] [stdout]     |
[INFO] [stdout] 298 |         let j: json::Value = try!(self.stream.send_receive_i3_message(2, &json));
[INFO] [stdout]     |                              ^^^
[INFO] [stdout] 
[INFO] [stdout] 
[INFO] [stdout] warning: use of deprecated macro `try`: use the `?` operator instead
[INFO] [stdout]    --> src/lib.rs:339:30
[INFO] [stdout]     |
[INFO] [stdout] 339 |         let j: json::Value = try!(self.stream.send_receive_i3_message(0, string));
[INFO] [stdout]     |                              ^^^
[INFO] [stdout] 
[INFO] [stdout] 
[INFO] [stdout] warning: use of deprecated macro `try`: use the `?` operator instead
[INFO] [stdout]    --> src/lib.rs:357:30
[INFO] [stdout]     |
[INFO] [stdout] 357 |         let j: json::Value = try!(self.stream.send_receive_i3_message(1, ""));
[INFO] [stdout]     |                              ^^^
[INFO] [stdout] 
[INFO] [stdout] 
[INFO] [stdout] warning: use of deprecated macro `try`: use the `?` operator instead
[INFO] [stdout]    --> src/lib.rs:376:30
[INFO] [stdout]     |
[INFO] [stdout] 376 |         let j: json::Value = try!(self.stream.send_receive_i3_message(3, ""));
[INFO] [stdout]     |                              ^^^
[INFO] [stdout] 
[INFO] [stdout] 
[INFO] [stdout] warning: use of deprecated macro `try`: use the `?` operator instead
[INFO] [stdout]    --> src/lib.rs:397:32
[INFO] [stdout]     |
[INFO] [stdout] 397 |         let val: json::Value = try!(self.stream.send_receive_i3_message(4, ""));
[INFO] [stdout]     |                                ^^^
[INFO] [stdout] 
[INFO] [stdout] 
[INFO] [stdout] warning: use of deprecated macro `try`: use the `?` operator instead
[INFO] [stdout]    --> src/lib.rs:403:34
[INFO] [stdout]     |
[INFO] [stdout] 403 |         let marks: Vec<String> = try!(self.stream.send_receive_i3_message(5, ""));
[INFO] [stdout]     |                                  ^^^
[INFO] [stdout] 
[INFO] [stdout] 
[INFO] [stdout] warning: use of deprecated macro `try`: use the `?` operator instead
[INFO] [stdout]    --> src/lib.rs:409:32
[INFO] [stdout]     |
[INFO] [stdout] 409 |         let ids: Vec<String> = try!(self.stream.send_receive_i3_message(6, ""));
[INFO] [stdout]     |                                ^^^
[INFO] [stdout] 
[INFO] [stdout] 
[INFO] [stdout] warning: use of deprecated macro `try`: use the `?` operator instead
[INFO] [stdout]    --> src/lib.rs:415:32
[INFO] [stdout]     |
[INFO] [stdout] 415 |         let ids: json::Value = try!(self.stream.send_receive_i3_message(6, id));
[INFO] [stdout]     |                                ^^^
[INFO] [stdout] 
[INFO] [stdout] 
[INFO] [stdout] warning: use of deprecated macro `try`: use the `?` operator instead
[INFO] [stdout]    --> src/lib.rs:422:30
[INFO] [stdout]     |
[INFO] [stdout] 422 |         let j: json::Value = try!(self.stream.send_receive_i3_message(7, ""));
[INFO] [stdout]     |                              ^^^
[INFO] [stdout] 
[INFO] [stdout] 
[INFO] [stdout] warning: trait objects without an explicit `dyn` are deprecated
[INFO] [stdout]   --> src/lib.rs:58:32
[INFO] [stdout]    |
[INFO] [stdout] 58 |     fn cause(&self) -> Option<&Error> {
[INFO] [stdout]    |                                ^^^^^
[INFO] [stdout]    |
[INFO] [stdout]    = warning: this is accepted in the current edition (Rust 2015) but is a hard error in Rust 2021!
[INFO] [stdout]    = note: for more information, see <https://doc.rust-lang.org/edition-guide/rust-2021/warnings-promoted-to-error.html>
[INFO] [stdout]    = note: `#[warn(bare_trait_objects)]` (part of `#[warn(rust_2021_compatibility)]`) on by default
[INFO] [stdout] help: if this is a dyn-compatible trait, use `dyn`
[INFO] [stdout]    |
[INFO] [stdout] 58 |     fn cause(&self) -> Option<&dyn Error> {
[INFO] [stdout]    |                                +++
[INFO] [stdout] 
[INFO] [stdout] 
[INFO] [stdout] warning: trait objects without an explicit `dyn` are deprecated
[INFO] [stdout]   --> src/lib.rs:94:32
[INFO] [stdout]    |
[INFO] [stdout] 94 |     fn cause(&self) -> Option<&Error> {
[INFO] [stdout]    |                                ^^^^^
[INFO] [stdout]    |
[INFO] [stdout]    = warning: this is accepted in the current edition (Rust 2015) but is a hard error in Rust 2021!
[INFO] [stdout]    = note: for more information, see <https://doc.rust-lang.org/edition-guide/rust-2021/warnings-promoted-to-error.html>
[INFO] [stdout] help: if this is a dyn-compatible trait, use `dyn`
[INFO] [stdout]    |
[INFO] [stdout] 94 |     fn cause(&self) -> Option<&dyn Error> {
[INFO] [stdout]    |                                +++
[INFO] [stdout] 
[INFO] [stdout] 
[INFO] [stdout] warning: use of deprecated method `std::error::Error::description`: use the Display impl or to_string()
[INFO] [stdout]   --> src/lib.rs:69:30
[INFO] [stdout]    |
[INFO] [stdout] 69 |         write!(f, "{}", self.description())
[INFO] [stdout]    |                              ^^^^^^^^^^^
[INFO] [stdout] 
[INFO] [stdout] 
[INFO] [stdout] warning: use of deprecated method `std::error::Error::description`: use the Display impl or to_string()
[INFO] [stdout]    --> src/lib.rs:104:30
[INFO] [stdout]     |
[INFO] [stdout] 104 |         write!(f, "{}", self.description())
[INFO] [stdout]     |                              ^^^^^^^^^^^
[INFO] [stdout] 
[INFO] [stdout] 
[INFO] [stdout] warning: use of deprecated method `core::str::<impl str>::trim_right_matches`: superseded by `trim_end_matches`
[INFO] [stdout]    --> src/lib.rs:120:14
[INFO] [stdout]     |
[INFO] [stdout] 120 |             .trim_right_matches('\n')
[INFO] [stdout]     |              ^^^^^^^^^^^^^^^^^^
[INFO] [stdout]     |
[INFO] [stdout] help: replace the use of the deprecated method
[INFO] [stdout]     |
[INFO] [stdout] 120 -             .trim_right_matches('\n')
[INFO] [stdout] 120 +             .trim_end_matches('\n')
[INFO] [stdout]     |
[INFO] [stdout] 
[INFO] [stdout] 
[INFO] [stdout] warning: hiding a lifetime that's elided elsewhere is confusing
[INFO] [stdout]    --> src/lib.rs:306:19
[INFO] [stdout]     |
[INFO] [stdout] 306 |     pub fn listen(&mut self) -> EventIterator {
[INFO] [stdout]     |                   ^^^^^^^^^     ^^^^^^^^^^^^^ the same lifetime is hidden here
[INFO] [stdout]     |                   |
[INFO] [stdout]     |                   the lifetime is elided here
[INFO] [stdout]     |
[INFO] [stdout]     = help: the same lifetime is referred to in inconsistent ways, making the signature confusing
[INFO] [stdout]     = note: `#[warn(mismatched_lifetime_syntaxes)]` on by default
[INFO] [stdout] help: use `'_` for type paths
[INFO] [stdout]     |
[INFO] [stdout] 306 |     pub fn listen(&mut self) -> EventIterator<'_> {
[INFO] [stdout]     |                                              ++++
[INFO] [stdout] 
[INFO] [stdout] 
[INFO] [stderr]     Finished `release` profile [optimized] target(s) in 3.08s
[INFO] running `Command { std: "docker" "inspect" "60ebbd0fab93171f5ac0deea3a5ab7deb898d94928f5b45ae6000fe23dd12f4b", kill_on_drop: false }`
[INFO] running `Command { std: "docker" "exec" "-e" "SOURCE_DIR=/opt/rustwide/workdir" "-e" "CARGO_HOME=/opt/rustwide/cargo-home" "-e" "RUSTUP_HOME=/opt/rustwide/rustup-home" "-e" "CARGO_TARGET_DIR=/opt/rustwide/target" "-e" "CARGO_INCREMENTAL=0" "-e" "RUST_BACKTRACE=full" "-e" "RUSTFLAGS=--cap-lints=warn" "-e" "RUSTDOCFLAGS=--cap-lints=warn" "-w" "/opt/rustwide/workdir" "--user" "0:0" "60ebbd0fab93171f5ac0deea3a5ab7deb898d94928f5b45ae6000fe23dd12f4b" "/opt/rustwide/cargo-home/bin/cargo" "+1.100.0-beta.1" "test" "--frozen" "--no-run" "--message-format=json" "--release", kill_on_drop: false }`
[INFO] [stderr] warning: Cargo.toml: `package.edition` is unspecified, defaulting to `2015` while the latest is `2024`
[INFO] [stderr] warning: `i3ipc` (manifest) generated 1 warning
[INFO] [stdout] warning: use of deprecated macro `try`: use the `?` operator instead
[INFO] [stdout]   --> src/event.rs:41:32
[INFO] [stdout]    |
[INFO] [stdout] 41 |         let val: json::Value = try!(json::from_str(s));
[INFO] [stdout]    |                                ^^^
[INFO] [stdout]    |
[INFO] [stdout]    = note: `#[warn(deprecated)]` on by default
[INFO] [stdout] 
[INFO] [stdout] 
[INFO] [stdout] warning: use of deprecated macro `try`: use the `?` operator instead
[INFO] [stdout]   --> src/event.rs:82:32
[INFO] [stdout]    |
[INFO] [stdout] 82 |         let val: json::Value = try!(json::from_str(s));
[INFO] [stdout]    |                                ^^^
[INFO] [stdout] 
[INFO] [stdout] 
[INFO] [stdout] warning: use of deprecated macro `try`: use the `?` operator instead
[INFO] [stdout]    --> src/event.rs:106:32
[INFO] [stdout]     |
[INFO] [stdout] 106 |         let val: json::Value = try!(json::from_str(s));
[INFO] [stdout]     |                                ^^^
[INFO] [stdout] 
[INFO] [stdout] 
[INFO] [stdout] warning: use of deprecated macro `try`: use the `?` operator instead
[INFO] [stdout]    --> src/event.rs:127:32
[INFO] [stdout]     |
[INFO] [stdout] 127 |         let val: json::Value = try!(json::from_str(s));
[INFO] [stdout]     |                                ^^^
[INFO] [stdout] 
[INFO] [stdout] 
[INFO] [stdout] warning: use of deprecated macro `try`: use the `?` operator instead
[INFO] [stdout]    --> src/event.rs:162:32
[INFO] [stdout]     |
[INFO] [stdout] 162 |         let val: json::Value = try!(json::from_str(s));
[INFO] [stdout]     |                                ^^^
[INFO] [stdout] 
[INFO] [stdout] 
[INFO] [stdout] warning: use of deprecated macro `try`: use the `?` operator instead
[INFO] [stdout]    --> src/event.rs:183:32
[INFO] [stdout]     |
[INFO] [stdout] 183 |         let val: json::Value = try!(json::from_str(s));
[INFO] [stdout]     |                                ^^^
[INFO] [stdout] 
[INFO] [stdout] 
[INFO] [stdout] warning: use of deprecated macro `try`: use the `?` operator instead
[INFO] [stdout]    --> src/lib.rs:117:18
[INFO] [stdout]     |
[INFO] [stdout] 117 |     let output = try!(process::Command::new("i3").arg("--get-socketpath").output());
[INFO] [stdout]     |                  ^^^
[INFO] [stdout] 
[INFO] [stdout] 
[INFO] [stdout] warning: anonymous parameters are deprecated and will be removed in the next edition
[INFO] [stdout]    --> src/lib.rs:135:35
[INFO] [stdout]     |
[INFO] [stdout] 135 |     fn send_i3_message(&mut self, u32, &str) -> io::Result<()>;
[INFO] [stdout]     |                                   ^^^ help: try naming the parameter or explicitly ignoring it: `_: u32`
[INFO] [stdout]     |
[INFO] [stdout]     = warning: this is accepted in the current edition (Rust 2015) but is a hard error in Rust 2018!
[INFO] [stdout]     = note: for more information, see <https://doc.rust-lang.org/edition-guide/rust-2018/trait-fn-parameters.html>
[INFO] [stdout]     = note: `#[warn(anonymous_parameters)]` (part of `#[warn(rust_2018_compatibility)]`) on by default
[INFO] [stdout] 
[INFO] [stdout] 
[INFO] [stdout] warning: anonymous parameters are deprecated and will be removed in the next edition
[INFO] [stdout]    --> src/lib.rs:135:40
[INFO] [stdout]     |
[INFO] [stdout] 135 |     fn send_i3_message(&mut self, u32, &str) -> io::Result<()>;
[INFO] [stdout]     |                                        ^^^^ help: try naming the parameter or explicitly ignoring it: `_: &str`
[INFO] [stdout]     |
[INFO] [stdout]     = warning: this is accepted in the current edition (Rust 2015) but is a hard error in Rust 2018!
[INFO] [stdout]     = note: for more information, see <https://doc.rust-lang.org/edition-guide/rust-2018/trait-fn-parameters.html>
[INFO] [stdout] 
[INFO] [stdout] 
[INFO] [stdout] warning: use of deprecated macro `try`: use the `?` operator instead
[INFO] [stdout]    --> src/lib.rs:148:9
[INFO] [stdout]     |
[INFO] [stdout] 148 |         try!(bytes.write_u32::<LittleEndian>(payload.len() as u32)); // 4 bytes
[INFO] [stdout]     |         ^^^
[INFO] [stdout] 
[INFO] [stdout] 
[INFO] [stdout] warning: use of deprecated macro `try`: use the `?` operator instead
[INFO] [stdout]    --> src/lib.rs:149:9
[INFO] [stdout]     |
[INFO] [stdout] 149 |         try!(bytes.write_u32::<LittleEndian>(message_type)); // 4 bytes
[INFO] [stdout]     |         ^^^
[INFO] [stdout] 
[INFO] [stdout] 
[INFO] [stdout] warning: use of deprecated macro `try`: use the `?` operator instead
[INFO] [stdout]    --> src/lib.rs:157:9
[INFO] [stdout]     |
[INFO] [stdout] 157 |         try!(self.read_exact(&mut magic_data));
[INFO] [stdout]     |         ^^^
[INFO] [stdout] 
[INFO] [stdout] 
[INFO] [stdout] warning: use of deprecated macro `try`: use the `?` operator instead
[INFO] [stdout]    --> src/lib.rs:169:9
[INFO] [stdout]     |
[INFO] [stdout] 169 |         try!(self.read_exact(&mut payload_data[..]));
[INFO] [stdout]     |         ^^^
[INFO] [stdout] 
[INFO] [stdout] 
[INFO] [stdout] warning: use of deprecated macro `try`: use the `?` operator instead
[INFO] [stdout]    --> src/lib.rs:166:27
[INFO] [stdout]     |
[INFO] [stdout] 166 |         let payload_len = try!(self.read_u32::<LittleEndian>());
[INFO] [stdout]     |                           ^^^
[INFO] [stdout] 
[INFO] [stdout] 
[INFO] [stdout] warning: use of deprecated macro `try`: use the `?` operator instead
[INFO] [stdout]    --> src/lib.rs:167:28
[INFO] [stdout]     |
[INFO] [stdout] 167 |         let message_type = try!(self.read_u32::<LittleEndian>());
[INFO] [stdout]     |                            ^^^
[INFO] [stdout] 
[INFO] [stdout] 
[INFO] [stdout] warning: use of deprecated macro `try`: use the `?` operator instead
[INFO] [stdout]    --> src/lib.rs:216:50
[INFO] [stdout]     |
[INFO] [stdout] 216 |                     event::Event::WorkspaceEvent(try!(event::WorkspaceEventInfo::from_str(payload)))
[INFO] [stdout]     |                                                  ^^^
[INFO] [stdout] 
[INFO] [stdout] 
[INFO] [stdout] warning: use of deprecated macro `try`: use the `?` operator instead
[INFO] [stdout]    --> src/lib.rs:218:48
[INFO] [stdout]     |
[INFO] [stdout] 218 |                 1 => event::Event::OutputEvent(try!(event::OutputEventInfo::from_str(payload))),
[INFO] [stdout]     |                                                ^^^
[INFO] [stdout] 
[INFO] [stdout] 
[INFO] [stdout] warning: use of deprecated macro `try`: use the `?` operator instead
[INFO] [stdout]    --> src/lib.rs:219:46
[INFO] [stdout]     |
[INFO] [stdout] 219 |                 2 => event::Event::ModeEvent(try!(event::ModeEventInfo::from_str(payload))),
[INFO] [stdout]     |                                              ^^^
[INFO] [stdout] 
[INFO] [stdout] 
[INFO] [stdout] warning: use of deprecated macro `try`: use the `?` operator instead
[INFO] [stdout]    --> src/lib.rs:220:48
[INFO] [stdout]     |
[INFO] [stdout] 220 |                 3 => event::Event::WindowEvent(try!(event::WindowEventInfo::from_str(payload))),
[INFO] [stdout]     |                                                ^^^
[INFO] [stdout] 
[INFO] [stdout] 
[INFO] [stdout] warning: use of deprecated macro `try`: use the `?` operator instead
[INFO] [stdout]    --> src/lib.rs:222:50
[INFO] [stdout]     |
[INFO] [stdout] 222 |                     event::Event::BarConfigEvent(try!(event::BarConfigEventInfo::from_str(payload)))
[INFO] [stdout]     |                                                  ^^^
[INFO] [stdout] 
[INFO] [stdout] 
[INFO] [stdout] warning: use of deprecated macro `try`: use the `?` operator instead
[INFO] [stdout]    --> src/lib.rs:224:49
[INFO] [stdout]     |
[INFO] [stdout] 224 |                 5 => event::Event::BindingEvent(try!(event::BindingEventInfo::from_str(payload))),
[INFO] [stdout]     |                                                 ^^^
[INFO] [stdout] 
[INFO] [stdout] 
[INFO] [stdout] warning: use of deprecated macro `try`: use the `?` operator instead
[INFO] [stdout]    --> src/lib.rs:298:30
[INFO] [stdout]     |
[INFO] [stdout] 298 |         let j: json::Value = try!(self.stream.send_receive_i3_message(2, &json));
[INFO] [stdout]     |                              ^^^
[INFO] [stdout] 
[INFO] [stdout] 
[INFO] [stdout] warning: use of deprecated macro `try`: use the `?` operator instead
[INFO] [stdout]    --> src/lib.rs:339:30
[INFO] [stdout]     |
[INFO] [stdout] 339 |         let j: json::Value = try!(self.stream.send_receive_i3_message(0, string));
[INFO] [stdout]     |                              ^^^
[INFO] [stdout] 
[INFO] [stdout] 
[INFO] [stdout] warning: use of deprecated macro `try`: use the `?` operator instead
[INFO] [stdout]    --> src/lib.rs:357:30
[INFO] [stdout]     |
[INFO] [stdout] 357 |         let j: json::Value = try!(self.stream.send_receive_i3_message(1, ""));
[INFO] [stdout]     |                              ^^^
[INFO] [stdout] 
[INFO] [stdout] 
[INFO] [stdout] warning: use of deprecated macro `try`: use the `?` operator instead
[INFO] [stdout]    --> src/lib.rs:376:30
[INFO] [stdout]     |
[INFO] [stdout] 376 |         let j: json::Value = try!(self.stream.send_receive_i3_message(3, ""));
[INFO] [stdout]     |                              ^^^
[INFO] [stdout] 
[INFO] [stdout] 
[INFO] [stdout] warning: use of deprecated macro `try`: use the `?` operator instead
[INFO] [stdout]    --> src/lib.rs:397:32
[INFO] [stdout]     |
[INFO] [stdout] 397 |         let val: json::Value = try!(self.stream.send_receive_i3_message(4, ""));
[INFO] [stdout]     |                                ^^^
[INFO] [stdout] 
[INFO] [stdout] 
[INFO] [stdout] warning: use of deprecated macro `try`: use the `?` operator instead
[INFO] [stdout]    --> src/lib.rs:403:34
[INFO] [stdout]     |
[INFO] [stdout] 403 |         let marks: Vec<String> = try!(self.stream.send_receive_i3_message(5, ""));
[INFO] [stdout]     |                                  ^^^
[INFO] [stdout] 
[INFO] [stdout] 
[INFO] [stdout] warning: use of deprecated macro `try`: use the `?` operator instead
[INFO] [stdout]    --> src/lib.rs:409:32
[INFO] [stdout]     |
[INFO] [stdout] 409 |         let ids: Vec<String> = try!(self.stream.send_receive_i3_message(6, ""));
[INFO] [stdout]     |                                ^^^
[INFO] [stdout] 
[INFO] [stdout] 
[INFO] [stdout] warning: use of deprecated macro `try`: use the `?` operator instead
[INFO] [stdout]    --> src/lib.rs:415:32
[INFO] [stdout]     |
[INFO] [stdout] 415 |         let ids: json::Value = try!(self.stream.send_receive_i3_message(6, id));
[INFO] [stdout]     |                                ^^^
[INFO] [stdout] 
[INFO] [stdout] 
[INFO] [stdout] warning: use of deprecated macro `try`: use the `?` operator instead
[INFO] [stdout]    --> src/lib.rs:422:30
[INFO] [stdout]     |
[INFO] [stdout] 422 |         let j: json::Value = try!(self.stream.send_receive_i3_message(7, ""));
[INFO] [stdout]     |                              ^^^
[INFO] [stdout] 
[INFO] [stdout] 
[INFO] [stdout] warning: trait objects without an explicit `dyn` are deprecated
[INFO] [stdout]   --> src/lib.rs:58:32
[INFO] [stdout]    |
[INFO] [stdout] 58 |     fn cause(&self) -> Option<&Error> {
[INFO] [stdout]    |                                ^^^^^
[INFO] [stdout]    |
[INFO] [stdout]    = warning: this is accepted in the current edition (Rust 2015) but is a hard error in Rust 2021!
[INFO] [stdout]    = note: for more information, see <https://doc.rust-lang.org/edition-guide/rust-2021/warnings-promoted-to-error.html>
[INFO] [stdout]    = note: `#[warn(bare_trait_objects)]` (part of `#[warn(rust_2021_compatibility)]`) on by default
[INFO] [stdout] help: if this is a dyn-compatible trait, use `dyn`
[INFO] [stdout]    |
[INFO] [stdout] 58 |     fn cause(&self) -> Option<&dyn Error> {
[INFO] [stdout]    |                                +++
[INFO] [stdout] 
[INFO] [stdout] 
[INFO] [stdout] warning: trait objects without an explicit `dyn` are deprecated
[INFO] [stdout]   --> src/lib.rs:94:32
[INFO] [stdout]    |
[INFO] [stdout] 94 |     fn cause(&self) -> Option<&Error> {
[INFO] [stdout]    |                                ^^^^^
[INFO] [stdout]    |
[INFO] [stdout]    = warning: this is accepted in the current edition (Rust 2015) but is a hard error in Rust 2021!
[INFO] [stdout]    = note: for more information, see <https://doc.rust-lang.org/edition-guide/rust-2021/warnings-promoted-to-error.html>
[INFO] [stdout] help: if this is a dyn-compatible trait, use `dyn`
[INFO] [stdout]    |
[INFO] [stdout] 94 |     fn cause(&self) -> Option<&dyn Error> {
[INFO] [stdout]    |                                +++
[INFO] [stdout] 
[INFO] [stdout] 
[INFO] [stdout] warning: use of deprecated method `std::error::Error::description`: use the Display impl or to_string()
[INFO] [stdout]   --> src/lib.rs:69:30
[INFO] [stdout]    |
[INFO] [stdout] 69 |         write!(f, "{}", self.description())
[INFO] [stdout]    |                              ^^^^^^^^^^^
[INFO] [stdout] 
[INFO] [stdout] 
[INFO] [stdout] warning: use of deprecated method `std::error::Error::description`: use the Display impl or to_string()
[INFO] [stdout]    --> src/lib.rs:104:30
[INFO] [stdout]     |
[INFO] [stdout] 104 |         write!(f, "{}", self.description())
[INFO] [stdout]     |                              ^^^^^^^^^^^
[INFO] [stdout] 
[INFO] [stdout] 
[INFO] [stdout] warning: use of deprecated method `core::str::<impl str>::trim_right_matches`: superseded by `trim_end_matches`
[INFO] [stdout]    --> src/lib.rs:120:14
[INFO] [stdout]     |
[INFO] [stdout] 120 |             .trim_right_matches('\n')
[INFO] [stdout]     |              ^^^^^^^^^^^^^^^^^^
[INFO] [stdout]     |
[INFO] [stdout] help: replace the use of the deprecated method
[INFO] [stdout]     |
[INFO] [stdout] 120 -             .trim_right_matches('\n')
[INFO] [stdout] 120 +             .trim_end_matches('\n')
[INFO] [stdout]     |
[INFO] [stdout] 
[INFO] [stdout] 
[INFO] [stdout] warning: hiding a lifetime that's elided elsewhere is confusing
[INFO] [stdout]    --> src/lib.rs:306:19
[INFO] [stdout]     |
[INFO] [stdout] 306 |     pub fn listen(&mut self) -> EventIterator {
[INFO] [stdout]     |                   ^^^^^^^^^     ^^^^^^^^^^^^^ the same lifetime is hidden here
[INFO] [stdout]     |                   |
[INFO] [stdout]     |                   the lifetime is elided here
[INFO] [stdout]     |
[INFO] [stdout]     = help: the same lifetime is referred to in inconsistent ways, making the signature confusing
[INFO] [stdout]     = note: `#[warn(mismatched_lifetime_syntaxes)]` on by default
[INFO] [stdout] help: use `'_` for type paths
[INFO] [stdout]     |
[INFO] [stdout] 306 |     pub fn listen(&mut self) -> EventIterator<'_> {
[INFO] [stdout]     |                                              ++++
[INFO] [stdout] 
[INFO] [stdout] 
[INFO] [stderr]    Compiling i3ipc v0.10.1 (/opt/rustwide/workdir)
[INFO] [stdout] warning: use of deprecated macro `try`: use the `?` operator instead
[INFO] [stdout]   --> src/event.rs:41:32
[INFO] [stdout]    |
[INFO] [stdout] 41 |         let val: json::Value = try!(json::from_str(s));
[INFO] [stdout]    |                                ^^^
[INFO] [stdout]    |
[INFO] [stdout]    = note: `#[warn(deprecated)]` on by default
[INFO] [stdout] 
[INFO] [stdout] 
[INFO] [stdout] warning: use of deprecated macro `try`: use the `?` operator instead
[INFO] [stdout]   --> src/event.rs:82:32
[INFO] [stdout]    |
[INFO] [stdout] 82 |         let val: json::Value = try!(json::from_str(s));
[INFO] [stdout]    |                                ^^^
[INFO] [stdout] 
[INFO] [stdout] 
[INFO] [stdout] warning: use of deprecated macro `try`: use the `?` operator instead
[INFO] [stdout]    --> src/event.rs:106:32
[INFO] [stdout]     |
[INFO] [stdout] 106 |         let val: json::Value = try!(json::from_str(s));
[INFO] [stdout]     |                                ^^^
[INFO] [stdout] 
[INFO] [stdout] 
[INFO] [stdout] warning: use of deprecated macro `try`: use the `?` operator instead
[INFO] [stdout]    --> src/event.rs:127:32
[INFO] [stdout]     |
[INFO] [stdout] 127 |         let val: json::Value = try!(json::from_str(s));
[INFO] [stdout]     |                                ^^^
[INFO] [stdout] 
[INFO] [stdout] 
[INFO] [stdout] warning: use of deprecated macro `try`: use the `?` operator instead
[INFO] [stdout]    --> src/event.rs:162:32
[INFO] [stdout]     |
[INFO] [stdout] 162 |         let val: json::Value = try!(json::from_str(s));
[INFO] [stdout]     |                                ^^^
[INFO] [stdout] 
[INFO] [stdout] 
[INFO] [stdout] warning: use of deprecated macro `try`: use the `?` operator instead
[INFO] [stdout]    --> src/event.rs:183:32
[INFO] [stdout]     |
[INFO] [stdout] 183 |         let val: json::Value = try!(json::from_str(s));
[INFO] [stdout]     |                                ^^^
[INFO] [stdout] 
[INFO] [stdout] 
[INFO] [stdout] warning: use of deprecated macro `try`: use the `?` operator instead
[INFO] [stdout]    --> src/lib.rs:117:18
[INFO] [stdout]     |
[INFO] [stdout] 117 |     let output = try!(process::Command::new("i3").arg("--get-socketpath").output());
[INFO] [stdout]     |                  ^^^
[INFO] [stdout] 
[INFO] [stdout] 
[INFO] [stdout] warning: anonymous parameters are deprecated and will be removed in the next edition
[INFO] [stdout]    --> src/lib.rs:135:35
[INFO] [stdout]     |
[INFO] [stdout] 135 |     fn send_i3_message(&mut self, u32, &str) -> io::Result<()>;
[INFO] [stdout]     |                                   ^^^ help: try naming the parameter or explicitly ignoring it: `_: u32`
[INFO] [stdout]     |
[INFO] [stdout]     = warning: this is accepted in the current edition (Rust 2015) but is a hard error in Rust 2018!
[INFO] [stdout]     = note: for more information, see <https://doc.rust-lang.org/edition-guide/rust-2018/trait-fn-parameters.html>
[INFO] [stdout]     = note: `#[warn(anonymous_parameters)]` (part of `#[warn(rust_2018_compatibility)]`) on by default
[INFO] [stdout] 
[INFO] [stdout] 
[INFO] [stdout] warning: anonymous parameters are deprecated and will be removed in the next edition
[INFO] [stdout]    --> src/lib.rs:135:40
[INFO] [stdout]     |
[INFO] [stdout] 135 |     fn send_i3_message(&mut self, u32, &str) -> io::Result<()>;
[INFO] [stdout]     |                                        ^^^^ help: try naming the parameter or explicitly ignoring it: `_: &str`
[INFO] [stdout]     |
[INFO] [stdout]     = warning: this is accepted in the current edition (Rust 2015) but is a hard error in Rust 2018!
[INFO] [stdout]     = note: for more information, see <https://doc.rust-lang.org/edition-guide/rust-2018/trait-fn-parameters.html>
[INFO] [stdout] 
[INFO] [stdout] 
[INFO] [stdout] warning: use of deprecated macro `try`: use the `?` operator instead
[INFO] [stdout]    --> src/lib.rs:148:9
[INFO] [stdout]     |
[INFO] [stdout] 148 |         try!(bytes.write_u32::<LittleEndian>(payload.len() as u32)); // 4 bytes
[INFO] [stdout]     |         ^^^
[INFO] [stdout] 
[INFO] [stdout] 
[INFO] [stdout] warning: use of deprecated macro `try`: use the `?` operator instead
[INFO] [stdout]    --> src/lib.rs:149:9
[INFO] [stdout]     |
[INFO] [stdout] 149 |         try!(bytes.write_u32::<LittleEndian>(message_type)); // 4 bytes
[INFO] [stdout]     |         ^^^
[INFO] [stdout] 
[INFO] [stdout] 
[INFO] [stdout] warning: use of deprecated macro `try`: use the `?` operator instead
[INFO] [stdout]    --> src/lib.rs:157:9
[INFO] [stdout]     |
[INFO] [stdout] 157 |         try!(self.read_exact(&mut magic_data));
[INFO] [stdout]     |         ^^^
[INFO] [stdout] 
[INFO] [stdout] 
[INFO] [stdout] warning: use of deprecated macro `try`: use the `?` operator instead
[INFO] [stdout]    --> src/lib.rs:169:9
[INFO] [stdout]     |
[INFO] [stdout] 169 |         try!(self.read_exact(&mut payload_data[..]));
[INFO] [stdout]     |         ^^^
[INFO] [stdout] 
[INFO] [stdout] 
[INFO] [stdout] warning: use of deprecated macro `try`: use the `?` operator instead
[INFO] [stdout]    --> src/lib.rs:166:27
[INFO] [stdout]     |
[INFO] [stdout] 166 |         let payload_len = try!(self.read_u32::<LittleEndian>());
[INFO] [stdout]     |                           ^^^
[INFO] [stdout] 
[INFO] [stdout] 
[INFO] [stdout] warning: use of deprecated macro `try`: use the `?` operator instead
[INFO] [stdout]    --> src/lib.rs:167:28
[INFO] [stdout]     |
[INFO] [stdout] 167 |         let message_type = try!(self.read_u32::<LittleEndian>());
[INFO] [stdout]     |                            ^^^
[INFO] [stdout] 
[INFO] [stdout] 
[INFO] [stdout] warning: use of deprecated macro `try`: use the `?` operator instead
[INFO] [stdout]    --> src/lib.rs:216:50
[INFO] [stdout]     |
[INFO] [stdout] 216 |                     event::Event::WorkspaceEvent(try!(event::WorkspaceEventInfo::from_str(payload)))
[INFO] [stdout]     |                                                  ^^^
[INFO] [stdout] 
[INFO] [stdout] 
[INFO] [stdout] warning: use of deprecated macro `try`: use the `?` operator instead
[INFO] [stdout]    --> src/lib.rs:218:48
[INFO] [stdout]     |
[INFO] [stdout] 218 |                 1 => event::Event::OutputEvent(try!(event::OutputEventInfo::from_str(payload))),
[INFO] [stdout]     |                                                ^^^
[INFO] [stdout] 
[INFO] [stdout] 
[INFO] [stdout] warning: use of deprecated macro `try`: use the `?` operator instead
[INFO] [stdout]    --> src/lib.rs:219:46
[INFO] [stdout]     |
[INFO] [stdout] 219 |                 2 => event::Event::ModeEvent(try!(event::ModeEventInfo::from_str(payload))),
[INFO] [stdout]     |                                              ^^^
[INFO] [stdout] 
[INFO] [stdout] 
[INFO] [stdout] warning: use of deprecated macro `try`: use the `?` operator instead
[INFO] [stdout]    --> src/lib.rs:220:48
[INFO] [stdout]     |
[INFO] [stdout] 220 |                 3 => event::Event::WindowEvent(try!(event::WindowEventInfo::from_str(payload))),
[INFO] [stdout]     |                                                ^^^
[INFO] [stdout] 
[INFO] [stdout] 
[INFO] [stdout] warning: use of deprecated macro `try`: use the `?` operator instead
[INFO] [stdout]    --> src/lib.rs:222:50
[INFO] [stdout]     |
[INFO] [stdout] 222 |                     event::Event::BarConfigEvent(try!(event::BarConfigEventInfo::from_str(payload)))
[INFO] [stdout]     |                                                  ^^^
[INFO] [stdout] 
[INFO] [stdout] 
[INFO] [stdout] warning: use of deprecated macro `try`: use the `?` operator instead
[INFO] [stdout]    --> src/lib.rs:224:49
[INFO] [stdout]     |
[INFO] [stdout] 224 |                 5 => event::Event::BindingEvent(try!(event::BindingEventInfo::from_str(payload))),
[INFO] [stdout]     |                                                 ^^^
[INFO] [stdout] 
[INFO] [stdout] 
[INFO] [stdout] warning: use of deprecated macro `try`: use the `?` operator instead
[INFO] [stdout]    --> src/lib.rs:298:30
[INFO] [stdout]     |
[INFO] [stdout] 298 |         let j: json::Value = try!(self.stream.send_receive_i3_message(2, &json));
[INFO] [stdout]     |                              ^^^
[INFO] [stdout] 
[INFO] [stdout] 
[INFO] [stdout] warning: use of deprecated macro `try`: use the `?` operator instead
[INFO] [stdout]    --> src/lib.rs:339:30
[INFO] [stdout]     |
[INFO] [stdout] 339 |         let j: json::Value = try!(self.stream.send_receive_i3_message(0, string));
[INFO] [stdout]     |                              ^^^
[INFO] [stdout] 
[INFO] [stdout] 
[INFO] [stdout] warning: use of deprecated macro `try`: use the `?` operator instead
[INFO] [stdout]    --> src/lib.rs:357:30
[INFO] [stdout]     |
[INFO] [stdout] 357 |         let j: json::Value = try!(self.stream.send_receive_i3_message(1, ""));
[INFO] [stdout]     |                              ^^^
[INFO] [stdout] 
[INFO] [stdout] 
[INFO] [stdout] warning: use of deprecated macro `try`: use the `?` operator instead
[INFO] [stdout]    --> src/lib.rs:376:30
[INFO] [stdout]     |
[INFO] [stdout] 376 |         let j: json::Value = try!(self.stream.send_receive_i3_message(3, ""));
[INFO] [stdout]     |                              ^^^
[INFO] [stdout] 
[INFO] [stdout] 
[INFO] [stdout] warning: use of deprecated macro `try`: use the `?` operator instead
[INFO] [stdout]    --> src/lib.rs:397:32
[INFO] [stdout]     |
[INFO] [stdout] 397 |         let val: json::Value = try!(self.stream.send_receive_i3_message(4, ""));
[INFO] [stdout]     |                                ^^^
[INFO] [stdout] 
[INFO] [stdout] 
[INFO] [stdout] warning: use of deprecated macro `try`: use the `?` operator instead
[INFO] [stdout]    --> src/lib.rs:403:34
[INFO] [stdout]     |
[INFO] [stdout] 403 |         let marks: Vec<String> = try!(self.stream.send_receive_i3_message(5, ""));
[INFO] [stdout]     |                                  ^^^
[INFO] [stdout] 
[INFO] [stdout] 
[INFO] [stdout] warning: use of deprecated macro `try`: use the `?` operator instead
[INFO] [stdout]    --> src/lib.rs:409:32
[INFO] [stdout]     |
[INFO] [stdout] 409 |         let ids: Vec<String> = try!(self.stream.send_receive_i3_message(6, ""));
[INFO] [stdout]     |                                ^^^
[INFO] [stdout] 
[INFO] [stdout] 
[INFO] [stdout] warning: use of deprecated macro `try`: use the `?` operator instead
[INFO] [stdout]    --> src/lib.rs:415:32
[INFO] [stdout]     |
[INFO] [stdout] 415 |         let ids: json::Value = try!(self.stream.send_receive_i3_message(6, id));
[INFO] [stdout]     |                                ^^^
[INFO] [stdout] 
[INFO] [stdout] 
[INFO] [stdout] warning: use of deprecated macro `try`: use the `?` operator instead
[INFO] [stdout]    --> src/lib.rs:422:30
[INFO] [stdout]     |
[INFO] [stdout] 422 |         let j: json::Value = try!(self.stream.send_receive_i3_message(7, ""));
[INFO] [stdout]     |                              ^^^
[INFO] [stdout] 
[INFO] [stdout] 
[INFO] [stdout] warning: trait objects without an explicit `dyn` are deprecated
[INFO] [stdout]   --> src/lib.rs:58:32
[INFO] [stdout]    |
[INFO] [stdout] 58 |     fn cause(&self) -> Option<&Error> {
[INFO] [stdout]    |                                ^^^^^
[INFO] [stdout]    |
[INFO] [stdout]    = warning: this is accepted in the current edition (Rust 2015) but is a hard error in Rust 2021!
[INFO] [stdout]    = note: for more information, see <https://doc.rust-lang.org/edition-guide/rust-2021/warnings-promoted-to-error.html>
[INFO] [stdout]    = note: `#[warn(bare_trait_objects)]` (part of `#[warn(rust_2021_compatibility)]`) on by default
[INFO] [stdout] help: if this is a dyn-compatible trait, use `dyn`
[INFO] [stdout]    |
[INFO] [stdout] 58 |     fn cause(&self) -> Option<&dyn Error> {
[INFO] [stdout]    |                                +++
[INFO] [stdout] 
[INFO] [stdout] 
[INFO] [stdout] warning: trait objects without an explicit `dyn` are deprecated
[INFO] [stdout]   --> src/lib.rs:94:32
[INFO] [stdout]    |
[INFO] [stdout] 94 |     fn cause(&self) -> Option<&Error> {
[INFO] [stdout]    |                                ^^^^^
[INFO] [stdout]    |
[INFO] [stdout]    = warning: this is accepted in the current edition (Rust 2015) but is a hard error in Rust 2021!
[INFO] [stdout]    = note: for more information, see <https://doc.rust-lang.org/edition-guide/rust-2021/warnings-promoted-to-error.html>
[INFO] [stdout] help: if this is a dyn-compatible trait, use `dyn`
[INFO] [stdout]    |
[INFO] [stdout] 94 |     fn cause(&self) -> Option<&dyn Error> {
[INFO] [stdout]    |                                +++
[INFO] [stdout] 
[INFO] [stdout] 
[INFO] [stdout] warning: use of deprecated method `std::error::Error::description`: use the Display impl or to_string()
[INFO] [stdout]   --> src/lib.rs:69:30
[INFO] [stdout]    |
[INFO] [stdout] 69 |         write!(f, "{}", self.description())
[INFO] [stdout]    |                              ^^^^^^^^^^^
[INFO] [stdout] 
[INFO] [stdout] 
[INFO] [stdout] warning: use of deprecated method `std::error::Error::description`: use the Display impl or to_string()
[INFO] [stdout]    --> src/lib.rs:104:30
[INFO] [stdout]     |
[INFO] [stdout] 104 |         write!(f, "{}", self.description())
[INFO] [stdout]     |                              ^^^^^^^^^^^
[INFO] [stdout] 
[INFO] [stdout] 
[INFO] [stdout] warning: use of deprecated method `core::str::<impl str>::trim_right_matches`: superseded by `trim_end_matches`
[INFO] [stdout]    --> src/lib.rs:120:14
[INFO] [stdout]     |
[INFO] [stdout] 120 |             .trim_right_matches('\n')
[INFO] [stdout]     |              ^^^^^^^^^^^^^^^^^^
[INFO] [stdout]     |
[INFO] [stdout] help: replace the use of the deprecated method
[INFO] [stdout]     |
[INFO] [stdout] 120 -             .trim_right_matches('\n')
[INFO] [stdout] 120 +             .trim_end_matches('\n')
[INFO] [stdout]     |
[INFO] [stdout] 
[INFO] [stdout] 
[INFO] [stdout] warning: hiding a lifetime that's elided elsewhere is confusing
[INFO] [stdout]    --> src/lib.rs:306:19
[INFO] [stdout]     |
[INFO] [stdout] 306 |     pub fn listen(&mut self) -> EventIterator {
[INFO] [stdout]     |                   ^^^^^^^^^     ^^^^^^^^^^^^^ the same lifetime is hidden here
[INFO] [stdout]     |                   |
[INFO] [stdout]     |                   the lifetime is elided here
[INFO] [stdout]     |
[INFO] [stdout]     = help: the same lifetime is referred to in inconsistent ways, making the signature confusing
[INFO] [stdout]     = note: `#[warn(mismatched_lifetime_syntaxes)]` on by default
[INFO] [stdout] help: use `'_` for type paths
[INFO] [stdout]     |
[INFO] [stdout] 306 |     pub fn listen(&mut self) -> EventIterator<'_> {
[INFO] [stdout]     |                                              ++++
[INFO] [stdout] 
[INFO] [stdout] 
[INFO] [stderr]     Finished `release` profile [optimized] target(s) in 2.11s
[INFO] running `Command { std: "docker" "inspect" "60ebbd0fab93171f5ac0deea3a5ab7deb898d94928f5b45ae6000fe23dd12f4b", kill_on_drop: false }`
[INFO] running `Command { std: "docker" "exec" "-e" "SOURCE_DIR=/opt/rustwide/workdir" "-e" "CARGO_HOME=/opt/rustwide/cargo-home" "-e" "RUSTUP_HOME=/opt/rustwide/rustup-home" "-e" "CARGO_TARGET_DIR=/opt/rustwide/target" "-e" "CARGO_INCREMENTAL=0" "-e" "RUST_BACKTRACE=full" "-e" "RUSTFLAGS=--cap-lints=warn" "-e" "RUSTDOCFLAGS=--cap-lints=warn" "-w" "/opt/rustwide/workdir" "--user" "0:0" "60ebbd0fab93171f5ac0deea3a5ab7deb898d94928f5b45ae6000fe23dd12f4b" "/opt/rustwide/cargo-home/bin/cargo" "+1.100.0-beta.1" "test" "--frozen" "--release", kill_on_drop: false }`
[INFO] [stderr] warning: Cargo.toml: `package.edition` is unspecified, defaulting to `2015` while the latest is `2024`
[INFO] [stderr] warning: `i3ipc` (manifest) generated 1 warning
[INFO] [stderr] warning: use of deprecated macro `try`: use the `?` operator instead
[INFO] [stderr]   --> src/event.rs:41:32
[INFO] [stderr]    |
[INFO] [stderr] 41 |         let val: json::Value = try!(json::from_str(s));
[INFO] [stderr]    |                                ^^^
[INFO] [stderr]    |
[INFO] [stderr]    = note: `#[warn(deprecated)]` on by default
[INFO] [stderr] 
[INFO] [stderr] warning: use of deprecated macro `try`: use the `?` operator instead
[INFO] [stderr]   --> src/event.rs:82:32
[INFO] [stderr]    |
[INFO] [stderr] 82 |         let val: json::Value = try!(json::from_str(s));
[INFO] [stderr]    |                                ^^^
[INFO] [stderr] 
[INFO] [stderr] warning: use of deprecated macro `try`: use the `?` operator instead
[INFO] [stderr]    --> src/event.rs:106:32
[INFO] [stderr]     |
[INFO] [stderr] 106 |         let val: json::Value = try!(json::from_str(s));
[INFO] [stderr]     |                                ^^^
[INFO] [stderr] 
[INFO] [stderr] warning: use of deprecated macro `try`: use the `?` operator instead
[INFO] [stderr]    --> src/event.rs:127:32
[INFO] [stderr]     |
[INFO] [stderr] 127 |         let val: json::Value = try!(json::from_str(s));
[INFO] [stderr]     |                                ^^^
[INFO] [stderr] 
[INFO] [stderr] warning: use of deprecated macro `try`: use the `?` operator instead
[INFO] [stderr]    --> src/event.rs:162:32
[INFO] [stderr]     |
[INFO] [stderr] 162 |         let val: json::Value = try!(json::from_str(s));
[INFO] [stderr]     |                                ^^^
[INFO] [stderr] 
[INFO] [stderr] warning: use of deprecated macro `try`: use the `?` operator instead
[INFO] [stderr]    --> src/event.rs:183:32
[INFO] [stderr]     |
[INFO] [stderr] 183 |         let val: json::Value = try!(json::from_str(s));
[INFO] [stderr]     |                                ^^^
[INFO] [stderr] 
[INFO] [stderr] warning: use of deprecated macro `try`: use the `?` operator instead
[INFO] [stderr]    --> src/lib.rs:117:18
[INFO] [stderr]     |
[INFO] [stderr] 117 |     let output = try!(process::Command::new("i3").arg("--get-socketpath").output());
[INFO] [stderr]     |                  ^^^
[INFO] [stderr] 
[INFO] [stderr] warning: anonymous parameters are deprecated and will be removed in the next edition
[INFO] [stderr]    --> src/lib.rs:135:35
[INFO] [stderr]     |
[INFO] [stderr] 135 |     fn send_i3_message(&mut self, u32, &str) -> io::Result<()>;
[INFO] [stderr]     |                                   ^^^ help: try naming the parameter or explicitly ignoring it: `_: u32`
[INFO] [stderr]     |
[INFO] [stderr]     = warning: this is accepted in the current edition (Rust 2015) but is a hard error in Rust 2018!
[INFO] [stderr]     = note: for more information, see <https://doc.rust-lang.org/edition-guide/rust-2018/trait-fn-parameters.html>
[INFO] [stderr]     = note: `#[warn(anonymous_parameters)]` (part of `#[warn(rust_2018_compatibility)]`) on by default
[INFO] [stderr] 
[INFO] [stderr] warning: anonymous parameters are deprecated and will be removed in the next edition
[INFO] [stderr]    --> src/lib.rs:135:40
[INFO] [stderr]     |
[INFO] [stderr] 135 |     fn send_i3_message(&mut self, u32, &str) -> io::Result<()>;
[INFO] [stderr]     |                                        ^^^^ help: try naming the parameter or explicitly ignoring it: `_: &str`
[INFO] [stderr]     |
[INFO] [stderr]     = warning: this is accepted in the current edition (Rust 2015) but is a hard error in Rust 2018!
[INFO] [stderr]     = note: for more information, see <https://doc.rust-lang.org/edition-guide/rust-2018/trait-fn-parameters.html>
[INFO] [stderr] 
[INFO] [stderr] warning: use of deprecated macro `try`: use the `?` operator instead
[INFO] [stderr]    --> src/lib.rs:148:9
[INFO] [stderr]     |
[INFO] [stderr] 148 |         try!(bytes.write_u32::<LittleEndian>(payload.len() as u32)); // 4 bytes
[INFO] [stderr]     |         ^^^
[INFO] [stderr] 
[INFO] [stderr] warning: use of deprecated macro `try`: use the `?` operator instead
[INFO] [stderr]    --> src/lib.rs:149:9
[INFO] [stderr]     |
[INFO] [stderr] 149 |         try!(bytes.write_u32::<LittleEndian>(message_type)); // 4 bytes
[INFO] [stderr]     |         ^^^
[INFO] [stderr] 
[INFO] [stderr] warning: use of deprecated macro `try`: use the `?` operator instead
[INFO] [stderr]    --> src/lib.rs:157:9
[INFO] [stderr]     |
[INFO] [stderr] 157 |         try!(self.read_exact(&mut magic_data));
[INFO] [stderr]     |         ^^^
[INFO] [stderr] 
[INFO] [stderr] warning: use of deprecated macro `try`: use the `?` operator instead
[INFO] [stderr]    --> src/lib.rs:169:9
[INFO] [stderr]     |
[INFO] [stderr] 169 |         try!(self.read_exact(&mut payload_data[..]));
[INFO] [stderr]     |         ^^^
[INFO] [stderr] 
[INFO] [stderr] warning: use of deprecated macro `try`: use the `?` operator instead
[INFO] [stderr]    --> src/lib.rs:166:27
[INFO] [stderr]     |
[INFO] [stderr] 166 |         let payload_len = try!(self.read_u32::<LittleEndian>());
[INFO] [stderr]     |                           ^^^
[INFO] [stderr] 
[INFO] [stderr] warning: use of deprecated macro `try`: use the `?` operator instead
[INFO] [stderr]    --> src/lib.rs:167:28
[INFO] [stderr]     |
[INFO] [stderr] 167 |         let message_type = try!(self.read_u32::<LittleEndian>());
[INFO] [stderr]     |                            ^^^
[INFO] [stderr] 
[INFO] [stderr] warning: use of deprecated macro `try`: use the `?` operator instead
[INFO] [stderr]    --> src/lib.rs:216:50
[INFO] [stderr]     |
[INFO] [stderr] 216 |                     event::Event::WorkspaceEvent(try!(event::WorkspaceEventInfo::from_str(payload)))
[INFO] [stderr]     |                                                  ^^^
[INFO] [stderr] 
[INFO] [stderr] warning: use of deprecated macro `try`: use the `?` operator instead
[INFO] [stderr]    --> src/lib.rs:218:48
[INFO] [stderr]     |
[INFO] [stderr] 218 |                 1 => event::Event::OutputEvent(try!(event::OutputEventInfo::from_str(payload))),
[INFO] [stderr]     |                                                ^^^
[INFO] [stderr] 
[INFO] [stderr] warning: use of deprecated macro `try`: use the `?` operator instead
[INFO] [stderr]    --> src/lib.rs:219:46
[INFO] [stderr]     |
[INFO] [stderr] 219 |                 2 => event::Event::ModeEvent(try!(event::ModeEventInfo::from_str(payload))),
[INFO] [stderr]     |                                              ^^^
[INFO] [stderr] 
[INFO] [stderr] warning: use of deprecated macro `try`: use the `?` operator instead
[INFO] [stderr]    --> src/lib.rs:220:48
[INFO] [stderr]     |
[INFO] [stderr] 220 |                 3 => event::Event::WindowEvent(try!(event::WindowEventInfo::from_str(payload))),
[INFO] [stderr]     |                                                ^^^
[INFO] [stderr] 
[INFO] [stderr] warning: use of deprecated macro `try`: use the `?` operator instead
[INFO] [stderr]    --> src/lib.rs:222:50
[INFO] [stderr]     |
[INFO] [stderr] 222 |                     event::Event::BarConfigEvent(try!(event::BarConfigEventInfo::from_str(payload)))
[INFO] [stderr]     |                                                  ^^^
[INFO] [stderr] 
[INFO] [stderr] warning: use of deprecated macro `try`: use the `?` operator instead
[INFO] [stderr]    --> src/lib.rs:224:49
[INFO] [stderr]     |
[INFO] [stderr] 224 |                 5 => event::Event::BindingEvent(try!(event::BindingEventInfo::from_str(payload))),
[INFO] [stderr]     |                                                 ^^^
[INFO] [stderr] 
[INFO] [stderr] warning: use of deprecated macro `try`: use the `?` operator instead
[INFO] [stderr]    --> src/lib.rs:298:30
[INFO] [stderr]     |
[INFO] [stderr] 298 |         let j: json::Value = try!(self.stream.send_receive_i3_message(2, &json));
[INFO] [stderr]     |                              ^^^
[INFO] [stderr] 
[INFO] [stderr] warning: use of deprecated macro `try`: use the `?` operator instead
[INFO] [stderr]    --> src/lib.rs:339:30
[INFO] [stderr]     |
[INFO] [stderr] 339 |         let j: json::Value = try!(self.stream.send_receive_i3_message(0, string));
[INFO] [stderr]     |                              ^^^
[INFO] [stderr] 
[INFO] [stderr] warning: use of deprecated macro `try`: use the `?` operator instead
[INFO] [stderr]    --> src/lib.rs:357:30
[INFO] [stderr]     |
[INFO] [stderr] 357 |         let j: json::Value = try!(self.stream.send_receive_i3_message(1, ""));
[INFO] [stderr]     |                              ^^^
[INFO] [stderr] 
[INFO] [stderr] warning: use of deprecated macro `try`: use the `?` operator instead
[INFO] [stderr]    --> src/lib.rs:376:30
[INFO] [stderr]     |
[INFO] [stderr] 376 |         let j: json::Value = try!(self.stream.send_receive_i3_message(3, ""));
[INFO] [stderr]     |                              ^^^
[INFO] [stderr] 
[INFO] [stderr] warning: use of deprecated macro `try`: use the `?` operator instead
[INFO] [stderr]    --> src/lib.rs:397:32
[INFO] [stderr]     |
[INFO] [stderr] 397 |         let val: json::Value = try!(self.stream.send_receive_i3_message(4, ""));
[INFO] [stderr]     |                                ^^^
[INFO] [stderr] 
[INFO] [stderr] warning: use of deprecated macro `try`: use the `?` operator instead
[INFO] [stderr]    --> src/lib.rs:403:34
[INFO] [stderr]     |
[INFO] [stderr] 403 |         let marks: Vec<String> = try!(self.stream.send_receive_i3_message(5, ""));
[INFO] [stderr]     |                                  ^^^
[INFO] [stderr] 
[INFO] [stderr] warning: use of deprecated macro `try`: use the `?` operator instead
[INFO] [stderr]    --> src/lib.rs:409:32
[INFO] [stderr]     |
[INFO] [stderr] 409 |         let ids: Vec<String> = try!(self.stream.send_receive_i3_message(6, ""));
[INFO] [stderr]     |                                ^^^
[INFO] [stderr] 
[INFO] [stderr] warning: use of deprecated macro `try`: use the `?` operator instead
[INFO] [stderr]    --> src/lib.rs:415:32
[INFO] [stderr]     |
[INFO] [stderr] 415 |         let ids: json::Value = try!(self.stream.send_receive_i3_message(6, id));
[INFO] [stderr]     |                                ^^^
[INFO] [stderr] 
[INFO] [stderr] warning: use of deprecated macro `try`: use the `?` operator instead
[INFO] [stderr]    --> src/lib.rs:422:30
[INFO] [stderr]     |
[INFO] [stderr] 422 |         let j: json::Value = try!(self.stream.send_receive_i3_message(7, ""));
[INFO] [stderr]     |                              ^^^
[INFO] [stderr] 
[INFO] [stderr] warning: trait objects without an explicit `dyn` are deprecated
[INFO] [stderr]   --> src/lib.rs:58:32
[INFO] [stderr]    |
[INFO] [stderr] 58 |     fn cause(&self) -> Option<&Error> {
[INFO] [stderr]    |                                ^^^^^
[INFO] [stderr]    |
[INFO] [stderr]    = warning: this is accepted in the current edition (Rust 2015) but is a hard error in Rust 2021!
[INFO] [stderr]    = note: for more information, see <https://doc.rust-lang.org/edition-guide/rust-2021/warnings-promoted-to-error.html>
[INFO] [stderr]    = note: `#[warn(bare_trait_objects)]` (part of `#[warn(rust_2021_compatibility)]`) on by default
[INFO] [stderr] help: if this is a dyn-compatible trait, use `dyn`
[INFO] [stderr]    |
[INFO] [stderr] 58 |     fn cause(&self) -> Option<&dyn Error> {
[INFO] [stderr]    |                                +++
[INFO] [stderr] 
[INFO] [stderr] warning: trait objects without an explicit `dyn` are deprecated
[INFO] [stderr]   --> src/lib.rs:94:32
[INFO] [stderr]    |
[INFO] [stderr] 94 |     fn cause(&self) -> Option<&Error> {
[INFO] [stderr]    |                                ^^^^^
[INFO] [stderr]    |
[INFO] [stderr]    = warning: this is accepted in the current edition (Rust 2015) but is a hard error in Rust 2021!
[INFO] [stderr]    = note: for more information, see <https://doc.rust-lang.org/edition-guide/rust-2021/warnings-promoted-to-error.html>
[INFO] [stderr] help: if this is a dyn-compatible trait, use `dyn`
[INFO] [stderr]    |
[INFO] [stderr] 94 |     fn cause(&self) -> Option<&dyn Error> {
[INFO] [stderr]    |                                +++
[INFO] [stderr] 
[INFO] [stderr] warning: use of deprecated method `std::error::Error::description`: use the Display impl or to_string()
[INFO] [stderr]   --> src/lib.rs:69:30
[INFO] [stderr]    |
[INFO] [stderr] 69 |         write!(f, "{}", self.description())
[INFO] [stderr]    |                              ^^^^^^^^^^^
[INFO] [stderr] 
[INFO] [stderr] warning: use of deprecated method `std::error::Error::description`: use the Display impl or to_string()
[INFO] [stderr]    --> src/lib.rs:104:30
[INFO] [stderr]     |
[INFO] [stderr] 104 |         write!(f, "{}", self.description())
[INFO] [stderr]     |                              ^^^^^^^^^^^
[INFO] [stderr] 
[INFO] [stderr] warning: use of deprecated method `core::str::<impl str>::trim_right_matches`: superseded by `trim_end_matches`
[INFO] [stderr]    --> src/lib.rs:120:14
[INFO] [stderr]     |
[INFO] [stderr] 120 |             .trim_right_matches('\n')
[INFO] [stderr]     |              ^^^^^^^^^^^^^^^^^^
[INFO] [stderr]     |
[INFO] [stderr] help: replace the use of the deprecated method
[INFO] [stderr]     |
[INFO] [stderr] 120 -             .trim_right_matches('\n')
[INFO] [stderr] 120 +             .trim_end_matches('\n')
[INFO] [stderr]     |
[INFO] [stderr] 
[INFO] [stderr] warning: hiding a lifetime that's elided elsewhere is confusing
[INFO] [stderr]    --> src/lib.rs:306:19
[INFO] [stderr]     |
[INFO] [stderr] 306 |     pub fn listen(&mut self) -> EventIterator {
[INFO] [stderr]     |                   ^^^^^^^^^     ^^^^^^^^^^^^^ the same lifetime is hidden here
[INFO] [stderr]     |                   |
[INFO] [stderr]     |                   the lifetime is elided here
[INFO] [stderr]     |
[INFO] [stderr]     = help: the same lifetime is referred to in inconsistent ways, making the signature confusing
[INFO] [stderr]     = note: `#[warn(mismatched_lifetime_syntaxes)]` on by default
[INFO] [stderr] help: use `'_` for type paths
[INFO] [stderr]     |
[INFO] [stderr] 306 |     pub fn listen(&mut self) -> EventIterator<'_> {
[INFO] [stderr]     |                                              ++++
[INFO] [stderr] 
[INFO] [stderr] warning: `i3ipc` (lib) generated 36 warnings (run `cargo fix --lib -p i3ipc` to apply 6 suggestions)
[INFO] [stderr] warning: `i3ipc` (lib test) generated 36 warnings (36 duplicates)
[INFO] [stderr]     Finished `release` profile [optimized] target(s) in 0.03s
[INFO] [stderr]      Running unittests src/lib.rs (/opt/rustwide/target/release/build/i3ipc/5af5cd818ab1c681/out/i3ipc-5af5cd818ab1c681)
[INFO] [stdout] 
[INFO] [stdout] running 19 tests
[INFO] [stdout] test test::from_str_barconfig ... ok
[INFO] [stdout] test test::from_str_workspace ... ok
[INFO] [stdout] test test::from_str_binding_event ... ok
[INFO] [stdout] test test::from_str_mode ... ok
[INFO] [stdout] test test::from_str_window ... ok
[INFO] [stdout] test test::from_str_output ... ok
[INFO] [stdout] test test::event_subscribe ... FAILED
[INFO] [stdout] test test::get_outputs ... FAILED
[INFO] [stdout] test test::get_version ... FAILED
[INFO] [stdout] test test::connect ... FAILED
[INFO] [stdout] test test::get_bar_ids_and_one_config ... FAILED
[INFO] [stdout] test test::run_command_multiple_success ... FAILED
[INFO] [stdout] test test::get_bar_ids ... FAILED
[INFO] [stdout] test test::run_command_nothing ... FAILED
[INFO] [stdout] test test::get_tree ... FAILED
[INFO] [stdout] test test::get_marks ... FAILED
[INFO] [stdout] test test::run_command_fail ... FAILED
[INFO] [stdout] test test::run_command_single_sucess ... FAILED
[INFO] [stdout] test test::get_workspaces ... FAILED
[INFO] [stdout] 
[INFO] [stdout] failures:
[INFO] [stdout] 
[INFO] [stdout] ---- test::event_subscribe stdout ----
[INFO] [stdout] 
[INFO] [stdout] thread 'test::event_subscribe' (276) panicked at src/lib.rs:568:14:
[INFO] [stdout] called `Result::unwrap()` on an `Err` value: GetSocketPathError(Os { code: 2, kind: NotFound, message: "No such file or directory" })
[INFO] [stdout] stack backtrace:
[INFO] [stdout]    0:     0x5b52638f75e1 - <<std[617be2ca0a6fd877]::sys::backtrace::BacktraceLock>::print::DisplayBacktrace as core[a373ad73a504971]::fmt::Display>::fmt
[INFO] [stdout]    1:     0x5b526390bcea - core[a373ad73a504971]::fmt::write
[INFO] [stdout]    2:     0x5b52638fb8dc - <alloc[2e1b2a31b91974c5]::vec::Vec<u8> as core[a373ad73a504971]::io::write::Write>::write_fmt
[INFO] [stdout]    3:     0x5b52638d37a6 - std[617be2ca0a6fd877]::panicking::default_hook::{closure#0}
[INFO] [stdout]    4:     0x5b52638efb59 - std[617be2ca0a6fd877]::panicking::default_hook
[INFO] [stdout]    5:     0x5b52638871b0 - test[aada8e7e76ba119b]::test_main_inner::{closure#0}
[INFO] [stdout]    6:     0x5b52638efd12 - std[617be2ca0a6fd877]::panicking::panic_with_hook
[INFO] [stdout]    7:     0x5b52638d3852 - std[617be2ca0a6fd877]::panicking::panic_handler::{closure#0}
[INFO] [stdout]    8:     0x5b52638cc569 - std[617be2ca0a6fd877]::sys::backtrace::__rust_end_short_backtrace::<std[617be2ca0a6fd877]::panicking::panic_handler::{closure#0}, !>
[INFO] [stdout]    9:     0x5b52638d445d - __rustc[ea4f61d10b84890b]::rust_begin_unwind
[INFO] [stdout]   10:     0x5b526390c41c - core[a373ad73a504971]::panicking::panic_fmt
[INFO] [stdout]   11:     0x5b526390c1f2 - core[a373ad73a504971]::result::unwrap_failed
[INFO] [stdout]   12:     0x5b5263872e42 - <i3ipc[3b8862da41ec1a4a]::test::event_subscribe::{closure#0} as core[a373ad73a504971]::ops::function::FnOnce<()>>::call_once
[INFO] [stdout]   13:     0x5b526387a5fb - test[aada8e7e76ba119b]::__rust_begin_short_backtrace::<core[a373ad73a504971]::result::Result<(), alloc[2e1b2a31b91974c5]::string::String>, fn() -> core[a373ad73a504971]::result::Result<(), alloc[2e1b2a31b91974c5]::string::String>>
[INFO] [stdout]   14:     0x5b52638877d5 - test[aada8e7e76ba119b]::run_test::{closure#0}
[INFO] [stdout]   15:     0x5b52638810c4 - std[617be2ca0a6fd877]::sys::backtrace::__rust_begin_short_backtrace::<test[aada8e7e76ba119b]::run_test::{closure#1}, ()>
[INFO] [stdout]   16:     0x5b526388a862 - <std[617be2ca0a6fd877]::thread::lifecycle::spawn_unchecked<test[aada8e7e76ba119b]::run_test::{closure#1}, ()>::{closure#1} as core[a373ad73a504971]::ops::function::FnOnce<()>>::call_once::{shim:vtable#0}
[INFO] [stdout]   17:     0x5b52638f6e3f - <std[617be2ca0a6fd877]::sys::thread::unix::Thread>::new::thread_start
[INFO] [stdout]   18:     0x7a84f2047dfa - <unknown>
[INFO] [stdout]   19:     0x7a84f20db3d4 - clone
[INFO] [stdout]   20:                0x0 - <unknown>
[INFO] [stdout] 
[INFO] [stdout] ---- test::get_outputs stdout ----
[INFO] [stdout] 
[INFO] [stdout] thread 'test::get_outputs' (286) panicked at src/lib.rs:520:33:
[INFO] [stdout] called `Result::unwrap()` on an `Err` value: GetSocketPathError(Os { code: 2, kind: NotFound, message: "No such file or directory" })
[INFO] [stdout] stack backtrace:
[INFO] [stdout]    0:     0x5b52638f75e1 - <<std[617be2ca0a6fd877]::sys::backtrace::BacktraceLock>::print::DisplayBacktrace as core[a373ad73a504971]::fmt::Display>::fmt
[INFO] [stdout]    1:     0x5b526390bcea - core[a373ad73a504971]::fmt::write
[INFO] [stdout]    2:     0x5b52638fb8dc - <alloc[2e1b2a31b91974c5]::vec::Vec<u8> as core[a373ad73a504971]::io::write::Write>::write_fmt
[INFO] [stdout]    3:     0x5b52638d37a6 - std[617be2ca0a6fd877]::panicking::default_hook::{closure#0}
[INFO] [stdout]    4:     0x5b52638efb59 - std[617be2ca0a6fd877]::panicking::default_hook
[INFO] [stdout]    5:     0x5b52638871b0 - test[aada8e7e76ba119b]::test_main_inner::{closure#0}
[INFO] [stdout]    6:     0x5b52638efd12 - std[617be2ca0a6fd877]::panicking::panic_with_hook
[INFO] [stdout]    7:     0x5b52638d3852 - std[617be2ca0a6fd877]::panicking::panic_handler::{closure#0}
[INFO] [stdout]    8:     0x5b52638cc569 - std[617be2ca0a6fd877]::sys::backtrace::__rust_end_short_backtrace::<std[617be2ca0a6fd877]::panicking::panic_handler::{closure#0}, !>
[INFO] [stdout]    9:     0x5b52638d445d - __rustc[ea4f61d10b84890b]::rust_begin_unwind
[INFO] [stdout]   10:     0x5b526390c41c - core[a373ad73a504971]::panicking::panic_fmt
[INFO] [stdout]   11:     0x5b526390c1f2 - core[a373ad73a504971]::result::unwrap_failed
[INFO] [stdout]   12:     0x5b5263872335 - <i3ipc[3b8862da41ec1a4a]::test::get_outputs::{closure#0} as core[a373ad73a504971]::ops::function::FnOnce<()>>::call_once
[INFO] [stdout]   13:     0x5b526387a5fb - test[aada8e7e76ba119b]::__rust_begin_short_backtrace::<core[a373ad73a504971]::result::Result<(), alloc[2e1b2a31b91974c5]::string::String>, fn() -> core[a373ad73a504971]::result::Result<(), alloc[2e1b2a31b91974c5]::string::String>>
[INFO] [stdout]   14:     0x5b52638877d5 - test[aada8e7e76ba119b]::run_test::{closure#0}
[INFO] [stdout]   15:     0x5b52638810c4 - std[617be2ca0a6fd877]::sys::backtrace::__rust_begin_short_backtrace::<test[aada8e7e76ba119b]::run_test::{closure#1}, ()>
[INFO] [stdout]   16:     0x5b526388a862 - <std[617be2ca0a6fd877]::thread::lifecycle::spawn_unchecked<test[aada8e7e76ba119b]::run_test::{closure#1}, ()>::{closure#1} as core[a373ad73a504971]::ops::function::FnOnce<()>>::call_once::{shim:vtable#0}
[INFO] [stdout]   17:     0x5b52638f6e3f - <std[617be2ca0a6fd877]::sys::thread::unix::Thread>::new::thread_start
[INFO] [stdout]   18:     0x7a84f2047dfa - <unknown>
[INFO] [stdout]   19:     0x7a84f20db3d4 - clone
[INFO] [stdout]   20:                0x0 - <unknown>
[INFO] [stdout] 
[INFO] [stdout] ---- test::get_version stdout ----
[INFO] [stdout] 
[INFO] [stdout] thread 'test::get_version' (289) panicked at src/lib.rs:547:33:
[INFO] [stdout] called `Result::unwrap()` on an `Err` value: GetSocketPathError(Os { code: 2, kind: NotFound, message: "No such file or directory" })
[INFO] [stdout] stack backtrace:
[INFO] [stdout]    0:     0x5b52638f75e1 - <<std[617be2ca0a6fd877]::sys::backtrace::BacktraceLock>::print::DisplayBacktrace as core[a373ad73a504971]::fmt::Display>::fmt
[INFO] [stdout]    1:     0x5b526390bcea - core[a373ad73a504971]::fmt::write
[INFO] [stdout]    2:     0x5b52638fb8dc - <alloc[2e1b2a31b91974c5]::vec::Vec<u8> as core[a373ad73a504971]::io::write::Write>::write_fmt
[INFO] [stdout]    3:     0x5b52638d37a6 - std[617be2ca0a6fd877]::panicking::default_hook::{closure#0}
[INFO] [stdout]    4:     0x5b52638efb59 - std[617be2ca0a6fd877]::panicking::default_hook
[INFO] [stdout]    5:     0x5b52638871b0 - test[aada8e7e76ba119b]::test_main_inner::{closure#0}
[INFO] [stdout]    6:     0x5b52638efd12 - std[617be2ca0a6fd877]::panicking::panic_with_hook
[INFO] [stdout]    7:     0x5b52638d3852 - std[617be2ca0a6fd877]::panicking::panic_handler::{closure#0}
[INFO] [stdout]    8:     0x5b52638cc569 - std[617be2ca0a6fd877]::sys::backtrace::__rust_end_short_backtrace::<std[617be2ca0a6fd877]::panicking::panic_handler::{closure#0}, !>
[INFO] [stdout]    9:     0x5b52638d445d - __rustc[ea4f61d10b84890b]::rust_begin_unwind
[INFO] [stdout]   10:     0x5b526390c41c - core[a373ad73a504971]::panicking::panic_fmt
[INFO] [stdout]   11:     0x5b526390c1f2 - core[a373ad73a504971]::result::unwrap_failed
[INFO] [stdout]   12:     0x5b5263872756 - <i3ipc[3b8862da41ec1a4a]::test::get_version::{closure#0} as core[a373ad73a504971]::ops::function::FnOnce<()>>::call_once
[INFO] [stdout]   13:     0x5b526387a5fb - test[aada8e7e76ba119b]::__rust_begin_short_backtrace::<core[a373ad73a504971]::result::Result<(), alloc[2e1b2a31b91974c5]::string::String>, fn() -> core[a373ad73a504971]::result::Result<(), alloc[2e1b2a31b91974c5]::string::String>>
[INFO] [stdout]   14:     0x5b52638877d5 - test[aada8e7e76ba119b]::run_test::{closure#0}
[INFO] [stdout]   15:     0x5b52638810c4 - std[617be2ca0a6fd877]::sys::backtrace::__rust_begin_short_backtrace::<test[aada8e7e76ba119b]::run_test::{closure#1}, ()>
[INFO] [stdout]   16:     0x5b526388a862 - <std[617be2ca0a6fd877]::thread::lifecycle::spawn_unchecked<test[aada8e7e76ba119b]::run_test::{closure#1}, ()>::{closure#1} as core[a373ad73a504971]::ops::function::FnOnce<()>>::call_once::{shim:vtable#0}
[INFO] [stdout]   17:     0x5b52638f6e3f - <std[617be2ca0a6fd877]::sys::thread::unix::Thread>::new::thread_start
[INFO] [stdout]   18:     0x7a84f2047dfa - <unknown>
[INFO] [stdout]   19:     0x7a84f20db3d4 - clone
[INFO] [stdout]   20:                0x0 - <unknown>
[INFO] [stdout] 
[INFO] [stdout] ---- test::connect stdout ----
[INFO] [stdout] 
[INFO] [stdout] thread 'test::connect' (275) panicked at src/lib.rs:476:33:
[INFO] [stdout] called `Result::unwrap()` on an `Err` value: GetSocketPathError(Os { code: 2, kind: NotFound, message: "No such file or directory" })
[INFO] [stdout] stack backtrace:
[INFO] [stdout]    0:     0x5b52638f75e1 - <<std[617be2ca0a6fd877]::sys::backtrace::BacktraceLock>::print::DisplayBacktrace as core[a373ad73a504971]::fmt::Display>::fmt
[INFO] [stdout]    1:     0x5b526390bcea - core[a373ad73a504971]::fmt::write
[INFO] [stdout]    2:     0x5b52638fb8dc - <alloc[2e1b2a31b91974c5]::vec::Vec<u8> as core[a373ad73a504971]::io::write::Write>::write_fmt
[INFO] [stdout]    3:     0x5b52638d37a6 - std[617be2ca0a6fd877]::panicking::default_hook::{closure#0}
[INFO] [stdout]    4:     0x5b52638efb59 - std[617be2ca0a6fd877]::panicking::default_hook
[INFO] [stdout]    5:     0x5b52638871b0 - test[aada8e7e76ba119b]::test_main_inner::{closure#0}
[INFO] [stdout]    6:     0x5b52638efd12 - std[617be2ca0a6fd877]::panicking::panic_with_hook
[INFO] [stdout]    7:     0x5b52638d3852 - std[617be2ca0a6fd877]::panicking::panic_handler::{closure#0}
[INFO] [stdout]    8:     0x5b52638cc569 - std[617be2ca0a6fd877]::sys::backtrace::__rust_end_short_backtrace::<std[617be2ca0a6fd877]::panicking::panic_handler::{closure#0}, !>
[INFO] [stdout]    9:     0x5b52638d445d - __rustc[ea4f61d10b84890b]::rust_begin_unwind
[INFO] [stdout]   10:     0x5b526390c41c - core[a373ad73a504971]::panicking::panic_fmt
[INFO] [stdout]   11:     0x5b526390c1f2 - core[a373ad73a504971]::result::unwrap_failed
[INFO] [stdout]   12:     0x5b526387408a - <i3ipc[3b8862da41ec1a4a]::test::connect::{closure#0} as core[a373ad73a504971]::ops::function::FnOnce<()>>::call_once
[INFO] [stdout]   13:     0x5b526387a5fb - test[aada8e7e76ba119b]::__rust_begin_short_backtrace::<core[a373ad73a504971]::result::Result<(), alloc[2e1b2a31b91974c5]::string::String>, fn() -> core[a373ad73a504971]::result::Result<(), alloc[2e1b2a31b91974c5]::string::String>>
[INFO] [stdout]   14:     0x5b52638877d5 - test[aada8e7e76ba119b]::run_test::{closure#0}
[INFO] [stdout]   15:     0x5b52638810c4 - std[617be2ca0a6fd877]::sys::backtrace::__rust_begin_short_backtrace::<test[aada8e7e76ba119b]::run_test::{closure#1}, ()>
[INFO] [stdout]   16:     0x5b526388a862 - <std[617be2ca0a6fd877]::thread::lifecycle::spawn_unchecked<test[aada8e7e76ba119b]::run_test::{closure#1}, ()>::{closure#1} as core[a373ad73a504971]::ops::function::FnOnce<()>>::call_once::{shim:vtable#0}
[INFO] [stdout]   17:     0x5b52638f6e3f - <std[617be2ca0a6fd877]::sys::thread::unix::Thread>::new::thread_start
[INFO] [stdout]   18:     0x7a84f2047dfa - <unknown>
[INFO] [stdout]   19:     0x7a84f20db3d4 - clone
[INFO] [stdout]   20:                0x0 - <unknown>
[INFO] [stdout] 
[INFO] [stdout] ---- test::get_bar_ids_and_one_config stdout ----
[INFO] [stdout] 
[INFO] [stdout] thread 'test::get_bar_ids_and_one_config' (284) panicked at src/lib.rs:540:54:
[INFO] [stdout] called `Result::unwrap()` on an `Err` value: GetSocketPathError(Os { code: 2, kind: NotFound, message: "No such file or directory" })
[INFO] [stdout] stack backtrace:
[INFO] [stdout]    0:     0x5b52638f75e1 - <<std[617be2ca0a6fd877]::sys::backtrace::BacktraceLock>::print::DisplayBacktrace as core[a373ad73a504971]::fmt::Display>::fmt
[INFO] [stdout]    1:     0x5b526390bcea - core[a373ad73a504971]::fmt::write
[INFO] [stdout]    2:     0x5b52638fb8dc - <alloc[2e1b2a31b91974c5]::vec::Vec<u8> as core[a373ad73a504971]::io::write::Write>::write_fmt
[INFO] [stdout]    3:     0x5b52638d37a6 - std[617be2ca0a6fd877]::panicking::default_hook::{closure#0}
[INFO] [stdout]    4:     0x5b52638efb59 - std[617be2ca0a6fd877]::panicking::default_hook
[INFO] [stdout]    5:     0x5b52638871b0 - test[aada8e7e76ba119b]::test_main_inner::{closure#0}
[INFO] [stdout]    6:     0x5b52638efd12 - std[617be2ca0a6fd877]::panicking::panic_with_hook
[INFO] [stdout]    7:     0x5b52638d3852 - std[617be2ca0a6fd877]::panicking::panic_handler::{closure#0}
[INFO] [stdout]    8:     0x5b52638cc569 - std[617be2ca0a6fd877]::sys::backtrace::__rust_end_short_backtrace::<std[617be2ca0a6fd877]::panicking::panic_handler::{closure#0}, !>
[INFO] [stdout]    9:     0x5b52638d445d - __rustc[ea4f61d10b84890b]::rust_begin_unwind
[INFO] [stdout]   10:     0x5b526390c41c - core[a373ad73a504971]::panicking::panic_fmt
[INFO] [stdout]   11:     0x5b526390c1f2 - core[a373ad73a504971]::result::unwrap_failed
[INFO] [stdout]   12:     0x5b5263873c85 - <i3ipc[3b8862da41ec1a4a]::test::get_bar_ids_and_one_config::{closure#0} as core[a373ad73a504971]::ops::function::FnOnce<()>>::call_once
[INFO] [stdout]   13:     0x5b526387a5fb - test[aada8e7e76ba119b]::__rust_begin_short_backtrace::<core[a373ad73a504971]::result::Result<(), alloc[2e1b2a31b91974c5]::string::String>, fn() -> core[a373ad73a504971]::result::Result<(), alloc[2e1b2a31b91974c5]::string::String>>
[INFO] [stdout]   14:     0x5b52638877d5 - test[aada8e7e76ba119b]::run_test::{closure#0}
[INFO] [stdout]   15:     0x5b52638810c4 - std[617be2ca0a6fd877]::sys::backtrace::__rust_begin_short_backtrace::<test[aada8e7e76ba119b]::run_test::{closure#1}, ()>
[INFO] [stdout]   16:     0x5b526388a862 - <std[617be2ca0a6fd877]::thread::lifecycle::spawn_unchecked<test[aada8e7e76ba119b]::run_test::{closure#1}, ()>::{closure#1} as core[a373ad73a504971]::ops::function::FnOnce<()>>::call_once::{shim:vtable#0}
[INFO] [stdout]   17:     0x5b52638f6e3f - <std[617be2ca0a6fd877]::sys::thread::unix::Thread>::new::thread_start
[INFO] [stdout]   18:     0x7a84f2047dfa - <unknown>
[INFO] [stdout]   19:     0x7a84f20db3d4 - clone
[INFO] [stdout]   20:                0x0 - <unknown>
[INFO] [stdout] 
[INFO] [stdout] ---- test::run_command_multiple_success stdout ----
[INFO] [stdout] 
[INFO] [stdout] thread 'test::run_command_multiple_success' (294) panicked at src/lib.rs:496:54:
[INFO] [stdout] called `Result::unwrap()` on an `Err` value: GetSocketPathError(Os { code: 2, kind: NotFound, message: "No such file or directory" })
[INFO] [stdout] stack backtrace:
[INFO] [stdout]    0:     0x5b52638f75e1 - <<std[617be2ca0a6fd877]::sys::backtrace::BacktraceLock>::print::DisplayBacktrace as core[a373ad73a504971]::fmt::Display>::fmt
[INFO] [stdout]    1:     0x5b526390bcea - core[a373ad73a504971]::fmt::write
[INFO] [stdout]    2:     0x5b52638fb8dc - <alloc[2e1b2a31b91974c5]::vec::Vec<u8> as core[a373ad73a504971]::io::write::Write>::write_fmt
[INFO] [stdout]    3:     0x5b52638d37a6 - std[617be2ca0a6fd877]::panicking::default_hook::{closure#0}
[INFO] [stdout]    4:     0x5b52638efb59 - std[617be2ca0a6fd877]::panicking::default_hook
[INFO] [stdout]    5:     0x5b52638871b0 - test[aada8e7e76ba119b]::test_main_inner::{closure#0}
[INFO] [stdout]    6:     0x5b52638efd12 - std[617be2ca0a6fd877]::panicking::panic_with_hook
[INFO] [stdout]    7:     0x5b52638d3852 - std[617be2ca0a6fd877]::panicking::panic_handler::{closure#0}
[INFO] [stdout]    8:     0x5b52638cc569 - std[617be2ca0a6fd877]::sys::backtrace::__rust_end_short_backtrace::<std[617be2ca0a6fd877]::panicking::panic_handler::{closure#0}, !>
[INFO] [stdout]    9:     0x5b52638d445d - __rustc[ea4f61d10b84890b]::rust_begin_unwind
[INFO] [stdout]   10:     0x5b526390c41c - core[a373ad73a504971]::panicking::panic_fmt
[INFO] [stdout]   11:     0x5b526390c1f2 - core[a373ad73a504971]::result::unwrap_failed
[INFO] [stdout]   12:     0x5b5263873f81 - <i3ipc[3b8862da41ec1a4a]::test::run_command_multiple_success::{closure#0} as core[a373ad73a504971]::ops::function::FnOnce<()>>::call_once
[INFO] [stdout]   13:     0x5b526387a5fb - test[aada8e7e76ba119b]::__rust_begin_short_backtrace::<core[a373ad73a504971]::result::Result<(), alloc[2e1b2a31b91974c5]::string::String>, fn() -> core[a373ad73a504971]::result::Result<(), alloc[2e1b2a31b91974c5]::string::String>>
[INFO] [stdout]   14:     0x5b52638877d5 - test[aada8e7e76ba119b]::run_test::{closure#0}
[INFO] [stdout]   15:     0x5b52638810c4 - std[617be2ca0a6fd877]::sys::backtrace::__rust_begin_short_backtrace::<test[aada8e7e76ba119b]::run_test::{closure#1}, ()>
[INFO] [stdout]   16:     0x5b526388a862 - <std[617be2ca0a6fd877]::thread::lifecycle::spawn_unchecked<test[aada8e7e76ba119b]::run_test::{closure#1}, ()>::{closure#1} as core[a373ad73a504971]::ops::function::FnOnce<()>>::call_once::{shim:vtable#0}
[INFO] [stdout]   17:     0x5b52638f6e3f - <std[617be2ca0a6fd877]::sys::thread::unix::Thread>::new::thread_start
[INFO] [stdout]   18:     0x7a84f2047dfa - <unknown>
[INFO] [stdout]   19:     0x7a84f20db3d4 - clone
[INFO] [stdout]   20:                0x0 - <unknown>
[INFO] [stdout] 
[INFO] [stdout] ---- test::get_bar_ids stdout ----
[INFO] [stdout] 
[INFO] [stdout] thread 'test::get_bar_ids' (283) panicked at src/lib.rs:535:33:
[INFO] [stdout] called `Result::unwrap()` on an `Err` value: GetSocketPathError(Os { code: 2, kind: NotFound, message: "No such file or directory" })
[INFO] [stdout] stack backtrace:
[INFO] [stdout]    0:     0x5b52638f75e1 - <<std[617be2ca0a6fd877]::sys::backtrace::BacktraceLock>::print::DisplayBacktrace as core[a373ad73a504971]::fmt::Display>::fmt
[INFO] [stdout]    1:     0x5b526390bcea - core[a373ad73a504971]::fmt::write
[INFO] [stdout]    2:     0x5b52638fb8dc - <alloc[2e1b2a31b91974c5]::vec::Vec<u8> as core[a373ad73a504971]::io::write::Write>::write_fmt
[INFO] [stdout]    3:     0x5b52638d37a6 - std[617be2ca0a6fd877]::panicking::default_hook::{closure#0}
[INFO] [stdout]    4:     0x5b52638efb59 - std[617be2ca0a6fd877]::panicking::default_hook
[INFO] [stdout]    5:     0x5b52638871b0 - test[aada8e7e76ba119b]::test_main_inner::{closure#0}
[INFO] [stdout]    6:     0x5b52638efd12 - std[617be2ca0a6fd877]::panicking::panic_with_hook
[INFO] [stdout]    7:     0x5b52638d3852 - std[617be2ca0a6fd877]::panicking::panic_handler::{closure#0}
[INFO] [stdout]    8:     0x5b52638cc569 - std[617be2ca0a6fd877]::sys::backtrace::__rust_end_short_backtrace::<std[617be2ca0a6fd877]::panicking::panic_handler::{closure#0}, !>
[INFO] [stdout]    9:     0x5b52638d445d - __rustc[ea4f61d10b84890b]::rust_begin_unwind
[INFO] [stdout]   10:     0x5b526390c41c - core[a373ad73a504971]::panicking::panic_fmt
[INFO] [stdout]   11:     0x5b526390c1f2 - core[a373ad73a504971]::result::unwrap_failed
[INFO] [stdout]   12:     0x5b526387210c - <i3ipc[3b8862da41ec1a4a]::test::get_bar_ids::{closure#0} as core[a373ad73a504971]::ops::function::FnOnce<()>>::call_once
[INFO] [stdout]   13:     0x5b526387a5fb - test[aada8e7e76ba119b]::__rust_begin_short_backtrace::<core[a373ad73a504971]::result::Result<(), alloc[2e1b2a31b91974c5]::string::String>, fn() -> core[a373ad73a504971]::result::Result<(), alloc[2e1b2a31b91974c5]::string::String>>
[INFO] [stdout]   14:     0x5b52638877d5 - test[aada8e7e76ba119b]::run_test::{closure#0}
[INFO] [stdout]   15:     0x5b52638810c4 - std[617be2ca0a6fd877]::sys::backtrace::__rust_begin_short_backtrace::<test[aada8e7e76ba119b]::run_test::{closure#1}, ()>
[INFO] [stdout]   16:     0x5b526388a862 - <std[617be2ca0a6fd877]::thread::lifecycle::spawn_unchecked<test[aada8e7e76ba119b]::run_test::{closure#1}, ()>::{closure#1} as core[a373ad73a504971]::ops::function::FnOnce<()>>::call_once::{shim:vtable#0}
[INFO] [stdout]   17:     0x5b52638f6e3f - <std[617be2ca0a6fd877]::sys::thread::unix::Thread>::new::thread_start
[INFO] [stdout]   18:     0x7a84f2047dfa - <unknown>
[INFO] [stdout]   19:     0x7a84f20db3d4 - clone
[INFO] [stdout]   20:                0x0 - <unknown>
[INFO] [stdout] 
[INFO] [stdout] ---- test::run_command_nothing stdout ----
[INFO] [stdout] 
[INFO] [stdout] thread 'test::run_command_nothing' (300) panicked at src/lib.rs:481:54:
[INFO] [stdout] called `Result::unwrap()` on an `Err` value: GetSocketPathError(Os { code: 2, kind: NotFound, message: "No such file or directory" })
[INFO] [stdout] stack backtrace:
[INFO] [stdout]    0:     0x5b52638f75e1 - <<std[617be2ca0a6fd877]::sys::backtrace::BacktraceLock>::print::DisplayBacktrace as core[a373ad73a504971]::fmt::Display>::fmt
[INFO] [stdout]    1:     0x5b526390bcea - core[a373ad73a504971]::fmt::write
[INFO] [stdout]    2:     0x5b52638fb8dc - <alloc[2e1b2a31b91974c5]::vec::Vec<u8> as core[a373ad73a504971]::io::write::Write>::write_fmt
[INFO] [stdout]    3:     0x5b52638d37a6 - std[617be2ca0a6fd877]::panicking::default_hook::{closure#0}
[INFO] [stdout]    4:     0x5b52638efb59 - std[617be2ca0a6fd877]::panicking::default_hook
[INFO] [stdout]    5:     0x5b52638871b0 - test[aada8e7e76ba119b]::test_main_inner::{closure#0}
[INFO] [stdout]    6:     0x5b52638efd12 - std[617be2ca0a6fd877]::panicking::panic_with_hook
[INFO] [stdout]    7:     0x5b52638d3852 - std[617be2ca0a6fd877]::panicking::panic_handler::{closure#0}
[INFO] [stdout]    8:     0x5b52638cc569 - std[617be2ca0a6fd877]::sys::backtrace::__rust_end_short_backtrace::<std[617be2ca0a6fd877]::panicking::panic_handler::{closure#0}, !>
[INFO] [stdout]    9:     0x5b52638d445d - __rustc[ea4f61d10b84890b]::rust_begin_unwind
[INFO] [stdout]   10:     0x5b526390c41c - core[a373ad73a504971]::panicking::panic_fmt
[INFO] [stdout]   11:     0x5b526390c1f2 - core[a373ad73a504971]::result::unwrap_failed
[INFO] [stdout]   12:     0x5b526387365d - <i3ipc[3b8862da41ec1a4a]::test::run_command_nothing::{closure#0} as core[a373ad73a504971]::ops::function::FnOnce<()>>::call_once
[INFO] [stdout]   13:     0x5b526387a5fb - test[aada8e7e76ba119b]::__rust_begin_short_backtrace::<core[a373ad73a504971]::result::Result<(), alloc[2e1b2a31b91974c5]::string::String>, fn() -> core[a373ad73a504971]::result::Result<(), alloc[2e1b2a31b91974c5]::string::String>>
[INFO] [stdout]   14:     0x5b52638877d5 - test[aada8e7e76ba119b]::run_test::{closure#0}
[INFO] [stdout]   15:     0x5b52638810c4 - std[617be2ca0a6fd877]::sys::backtrace::__rust_begin_short_backtrace::<test[aada8e7e76ba119b]::run_test::{closure#1}, ()>
[INFO] [stdout]   16:     0x5b526388a862 - <std[617be2ca0a6fd877]::thread::lifecycle::spawn_unchecked<test[aada8e7e76ba119b]::run_test::{closure#1}, ()>::{closure#1} as core[a373ad73a504971]::ops::function::FnOnce<()>>::call_once::{shim:vtable#0}
[INFO] [stdout]   17:     0x5b52638f6e3f - <std[617be2ca0a6fd877]::sys::thread::unix::Thread>::new::thread_start
[INFO] [stdout]   18:     0x7a84f2047dfa - <unknown>
[INFO] [stdout]   19:     0x7a84f20db3d4 - clone
[INFO] [stdout]   20:                0x0 - <unknown>
[INFO] [stdout] 
[INFO] [stdout] ---- test::get_tree stdout ----
[INFO] [stdout] 
[INFO] [stdout] thread 'test::get_tree' (287) panicked at src/lib.rs:525:33:
[INFO] [stdout] called `Result::unwrap()` on an `Err` value: GetSocketPathError(Os { code: 2, kind: NotFound, message: "No such file or directory" })
[INFO] [stdout] stack backtrace:
[INFO] [stdout]    0:     0x5b52638f75e1 - <<std[617be2ca0a6fd877]::sys::backtrace::BacktraceLock>::print::DisplayBacktrace as core[a373ad73a504971]::fmt::Display>::fmt
[INFO] [stdout]    1:     0x5b526390bcea - core[a373ad73a504971]::fmt::write
[INFO] [stdout]    2:     0x5b52638fb8dc - <alloc[2e1b2a31b91974c5]::vec::Vec<u8> as core[a373ad73a504971]::io::write::Write>::write_fmt
[INFO] [stdout]    3:     0x5b52638d37a6 - std[617be2ca0a6fd877]::panicking::default_hook::{closure#0}
[INFO] [stdout]    4:     0x5b52638efb59 - std[617be2ca0a6fd877]::panicking::default_hook
[INFO] [stdout]    5:     0x5b52638871b0 - test[aada8e7e76ba119b]::test_main_inner::{closure#0}
[INFO] [stdout]    6:     0x5b52638efd12 - std[617be2ca0a6fd877]::panicking::panic_with_hook
[INFO] [stdout]    7:     0x5b52638d3852 - std[617be2ca0a6fd877]::panicking::panic_handler::{closure#0}
[INFO] [stdout]    8:     0x5b52638cc569 - std[617be2ca0a6fd877]::sys::backtrace::__rust_end_short_backtrace::<std[617be2ca0a6fd877]::panicking::panic_handler::{closure#0}, !>
[INFO] [stdout]    9:     0x5b52638d445d - __rustc[ea4f61d10b84890b]::rust_begin_unwind
[INFO] [stdout]   10:     0x5b526390c41c - core[a373ad73a504971]::panicking::panic_fmt
[INFO] [stdout]   11:     0x5b526390c1f2 - core[a373ad73a504971]::result::unwrap_failed
[INFO] [stdout]   12:     0x5b5263874237 - <i3ipc[3b8862da41ec1a4a]::test::get_tree::{closure#0} as core[a373ad73a504971]::ops::function::FnOnce<()>>::call_once
[INFO] [stdout]   13:     0x5b526387a5fb - test[aada8e7e76ba119b]::__rust_begin_short_backtrace::<core[a373ad73a504971]::result::Result<(), alloc[2e1b2a31b91974c5]::string::String>, fn() -> core[a373ad73a504971]::result::Result<(), alloc[2e1b2a31b91974c5]::string::String>>
[INFO] [stdout]   14:     0x5b52638877d5 - test[aada8e7e76ba119b]::run_test::{closure#0}
[INFO] [stdout]   15:     0x5b52638810c4 - std[617be2ca0a6fd877]::sys::backtrace::__rust_begin_short_backtrace::<test[aada8e7e76ba119b]::run_test::{closure#1}, ()>
[INFO] [stdout]   16:     0x5b526388a862 - <std[617be2ca0a6fd877]::thread::lifecycle::spawn_unchecked<test[aada8e7e76ba119b]::run_test::{closure#1}, ()>::{closure#1} as core[a373ad73a504971]::ops::function::FnOnce<()>>::call_once::{shim:vtable#0}
[INFO] [stdout]   17:     0x5b52638f6e3f - <std[617be2ca0a6fd877]::sys::thread::unix::Thread>::new::thread_start
[INFO] [stdout]   18:     0x7a84f2047dfa - <unknown>
[INFO] [stdout]   19:     0x7a84f20db3d4 - clone
[INFO] [stdout]   20:                0x0 - <unknown>
[INFO] [stdout] 
[INFO] [stdout] ---- test::get_marks stdout ----
[INFO] [stdout] 
[INFO] [stdout] thread 'test::get_marks' (285) panicked at src/lib.rs:530:33:
[INFO] [stdout] called `Result::unwrap()` on an `Err` value: GetSocketPathError(Os { code: 2, kind: NotFound, message: "No such file or directory" })
[INFO] [stdout] stack backtrace:
[INFO] [stdout]    0:     0x5b52638f75e1 - <<std[617be2ca0a6fd877]::sys::backtrace::BacktraceLock>::print::DisplayBacktrace as core[a373ad73a504971]::fmt::Display>::fmt
[INFO] [stdout]    1:     0x5b526390bcea - core[a373ad73a504971]::fmt::write
[INFO] [stdout]    2:     0x5b52638fb8dc - <alloc[2e1b2a31b91974c5]::vec::Vec<u8> as core[a373ad73a504971]::io::write::Write>::write_fmt
[INFO] [stdout]    3:     0x5b52638d37a6 - std[617be2ca0a6fd877]::panicking::default_hook::{closure#0}
[INFO] [stdout]    4:     0x5b52638efb59 - std[617be2ca0a6fd877]::panicking::default_hook
[INFO] [stdout]    5:     0x5b52638871b0 - test[aada8e7e76ba119b]::test_main_inner::{closure#0}
[INFO] [stdout]    6:     0x5b52638efd12 - std[617be2ca0a6fd877]::panicking::panic_with_hook
[INFO] [stdout]    7:     0x5b52638d3852 - std[617be2ca0a6fd877]::panicking::panic_handler::{closure#0}
[INFO] [stdout]    8:     0x5b52638cc569 - std[617be2ca0a6fd877]::sys::backtrace::__rust_end_short_backtrace::<std[617be2ca0a6fd877]::panicking::panic_handler::{closure#0}, !>
[INFO] [stdout]    9:     0x5b52638d445d - __rustc[ea4f61d10b84890b]::rust_begin_unwind
[INFO] [stdout]   10:     0x5b526390c41c - core[a373ad73a504971]::panicking::panic_fmt
[INFO] [stdout]   11:     0x5b526390c1f2 - core[a373ad73a504971]::result::unwrap_failed
[INFO] [stdout]   12:     0x5b526387440c - <i3ipc[3b8862da41ec1a4a]::test::get_marks::{closure#0} as core[a373ad73a504971]::ops::function::FnOnce<()>>::call_once
[INFO] [stdout]   13:     0x5b526387a5fb - test[aada8e7e76ba119b]::__rust_begin_short_backtrace::<core[a373ad73a504971]::result::Result<(), alloc[2e1b2a31b91974c5]::string::String>, fn() -> core[a373ad73a504971]::result::Result<(), alloc[2e1b2a31b91974c5]::string::String>>
[INFO] [stdout]   14:     0x5b52638877d5 - test[aada8e7e76ba119b]::run_test::{closure#0}
[INFO] [stdout]   15:     0x5b52638810c4 - std[617be2ca0a6fd877]::sys::backtrace::__rust_begin_short_backtrace::<test[aada8e7e76ba119b]::run_test::{closure#1}, ()>
[INFO] [stdout]   16:     0x5b526388a862 - <std[617be2ca0a6fd877]::thread::lifecycle::spawn_unchecked<test[aada8e7e76ba119b]::run_test::{closure#1}, ()>::{closure#1} as core[a373ad73a504971]::ops::function::FnOnce<()>>::call_once::{shim:vtable#0}
[INFO] [stdout]   17:     0x5b52638f6e3f - <std[617be2ca0a6fd877]::sys::thread::unix::Thread>::new::thread_start
[INFO] [stdout]   18:     0x7a84f2047dfa - <unknown>
[INFO] [stdout]   19:     0x7a84f20db3d4 - clone
[INFO] [stdout]   20:                0x0 - <unknown>
[INFO] [stdout] 
[INFO] [stdout] ---- test::run_command_fail stdout ----
[INFO] [stdout] 
[INFO] [stdout] thread 'test::run_command_fail' (291) panicked at src/lib.rs:507:54:
[INFO] [stdout] called `Result::unwrap()` on an `Err` value: GetSocketPathError(Os { code: 2, kind: NotFound, message: "No such file or directory" })
[INFO] [stdout] stack backtrace:
[INFO] [stdout]    0:     0x5b52638f75e1 - <<std[617be2ca0a6fd877]::sys::backtrace::BacktraceLock>::print::DisplayBacktrace as core[a373ad73a504971]::fmt::Display>::fmt
[INFO] [stdout]    1:     0x5b526390bcea - core[a373ad73a504971]::fmt::write
[INFO] [stdout]    2:     0x5b52638fb8dc - <alloc[2e1b2a31b91974c5]::vec::Vec<u8> as core[a373ad73a504971]::io::write::Write>::write_fmt
[INFO] [stdout]    3:     0x5b52638d37a6 - std[617be2ca0a6fd877]::panicking::default_hook::{closure#0}
[INFO] [stdout]    4:     0x5b52638efb59 - std[617be2ca0a6fd877]::panicking::default_hook
[INFO] [stdout]    5:     0x5b52638871b0 - test[aada8e7e76ba119b]::test_main_inner::{closure#0}
[INFO] [stdout]    6:     0x5b52638efd12 - std[617be2ca0a6fd877]::panicking::panic_with_hook
[INFO] [stdout]    7:     0x5b52638d3852 - std[617be2ca0a6fd877]::panicking::panic_handler::{closure#0}
[INFO] [stdout]    8:     0x5b52638cc569 - std[617be2ca0a6fd877]::sys::backtrace::__rust_end_short_backtrace::<std[617be2ca0a6fd877]::panicking::panic_handler::{closure#0}, !>
[INFO] [stdout]    9:     0x5b52638d445d - __rustc[ea4f61d10b84890b]::rust_begin_unwind
[INFO] [stdout]   10:     0x5b526390c41c - core[a373ad73a504971]::panicking::panic_fmt
[INFO] [stdout]   11:     0x5b526390c1f2 - core[a373ad73a504971]::result::unwrap_failed
[INFO] [stdout]   12:     0x5b5263873265 - <i3ipc[3b8862da41ec1a4a]::test::run_command_fail::{closure#0} as core[a373ad73a504971]::ops::function::FnOnce<()>>::call_once
[INFO] [stdout]   13:     0x5b526387a5fb - test[aada8e7e76ba119b]::__rust_begin_short_backtrace::<core[a373ad73a504971]::result::Result<(), alloc[2e1b2a31b91974c5]::string::String>, fn() -> core[a373ad73a504971]::result::Result<(), alloc[2e1b2a31b91974c5]::string::String>>
[INFO] [stdout]   14:     0x5b52638877d5 - test[aada8e7e76ba119b]::run_test::{closure#0}
[INFO] [stdout]   15:     0x5b52638810c4 - std[617be2ca0a6fd877]::sys::backtrace::__rust_begin_short_backtrace::<test[aada8e7e76ba119b]::run_test::{closure#1}, ()>
[INFO] [stdout]   16:     0x5b526388a862 - <std[617be2ca0a6fd877]::thread::lifecycle::spawn_unchecked<test[aada8e7e76ba119b]::run_test::{closure#1}, ()>::{closure#1} as core[a373ad73a504971]::ops::function::FnOnce<()>>::call_once::{shim:vtable#0}
[INFO] [stdout]   17:     0x5b52638f6e3f - <std[617be2ca0a6fd877]::sys::thread::unix::Thread>::new::thread_start
[INFO] [stdout]   18:     0x7a84f2047dfa - <unknown>
[INFO] [stdout]   19:     0x7a84f20db3d4 - clone
[INFO] [stdout]   20:                0x0 - <unknown>
[INFO] [stdout] 
[INFO] [stdout] ---- test::run_command_single_sucess stdout ----
[INFO] [stdout] 
[INFO] [stdout] thread 'test::run_command_single_sucess' (301) panicked at src/lib.rs:488:54:
[INFO] [stdout] called `Result::unwrap()` on an `Err` value: GetSocketPathError(Os { code: 2, kind: NotFound, message: "No such file or directory" })
[INFO] [stdout] stack backtrace:
[INFO] [stdout]    0:     0x5b52638f75e1 - <<std[617be2ca0a6fd877]::sys::backtrace::BacktraceLock>::print::DisplayBacktrace as core[a373ad73a504971]::fmt::Display>::fmt
[INFO] [stdout]    1:     0x5b526390bcea - core[a373ad73a504971]::fmt::write
[INFO] [stdout]    2:     0x5b52638fb8dc - <alloc[2e1b2a31b91974c5]::vec::Vec<u8> as core[a373ad73a504971]::io::write::Write>::write_fmt
[INFO] [stdout]    3:     0x5b52638d37a6 - std[617be2ca0a6fd877]::panicking::default_hook::{closure#0}
[INFO] [stdout]    4:     0x5b52638efb59 - std[617be2ca0a6fd877]::panicking::default_hook
[INFO] [stdout]    5:     0x5b52638871b0 - test[aada8e7e76ba119b]::test_main_inner::{closure#0}
[INFO] [stdout]    6:     0x5b52638efd12 - std[617be2ca0a6fd877]::panicking::panic_with_hook
[INFO] [stdout]    7:     0x5b52638d3852 - std[617be2ca0a6fd877]::panicking::panic_handler::{closure#0}
[INFO] [stdout]    8:     0x5b52638cc569 - std[617be2ca0a6fd877]::sys::backtrace::__rust_end_short_backtrace::<std[617be2ca0a6fd877]::panicking::panic_handler::{closure#0}, !>
[INFO] [stdout]    9:     0x5b52638d445d - __rustc[ea4f61d10b84890b]::rust_begin_unwind
[INFO] [stdout]   10:     0x5b526390c41c - core[a373ad73a504971]::panicking::panic_fmt
[INFO] [stdout]   11:     0x5b526390c1f2 - core[a373ad73a504971]::result::unwrap_failed
[INFO] [stdout]   12:     0x5b52638739e5 - <i3ipc[3b8862da41ec1a4a]::test::run_command_single_sucess::{closure#0} as core[a373ad73a504971]::ops::function::FnOnce<()>>::call_once
[INFO] [stdout]   13:     0x5b526387a5fb - test[aada8e7e76ba119b]::__rust_begin_short_backtrace::<core[a373ad73a504971]::result::Result<(), alloc[2e1b2a31b91974c5]::string::String>, fn() -> core[a373ad73a504971]::result::Result<(), alloc[2e1b2a31b91974c5]::string::String>>
[INFO] [stdout]   14:     0x5b52638877d5 - test[aada8e7e76ba119b]::run_test::{closure#0}
[INFO] [stdout]   15:     0x5b52638810c4 - std[617be2ca0a6fd877]::sys::backtrace::__rust_begin_short_backtrace::<test[aada8e7e76ba119b]::run_test::{closure#1}, ()>
[INFO] [stdout]   16:     0x5b526388a862 - <std[617be2ca0a6fd877]::thread::lifecycle::spawn_unchecked<test[aada8e7e76ba119b]::run_test::{closure#1}, ()>::{closure#1} as core[a373ad73a504971]::ops::function::FnOnce<()>>::call_once::{shim:vtable#0}
[INFO] [stdout]   17:     0x5b52638f6e3f - <std[617be2ca0a6fd877]::sys::thread::unix::Thread>::new::thread_start
[INFO] [stdout]   18:     0x7a84f2047dfa - <unknown>
[INFO] [stdout]   19:     0x7a84f20db3d4 - clone
[INFO] [stdout]   20:                0x0 - <unknown>
[INFO] [stdout] 
[INFO] [stdout] ---- test::get_workspaces stdout ----
[INFO] [stdout] 
[INFO] [stdout] thread 'test::get_workspaces' (290) panicked at src/lib.rs:515:33:
[INFO] [stdout] called `Result::unwrap()` on an `Err` value: GetSocketPathError(Os { code: 2, kind: NotFound, message: "No such file or directory" })
[INFO] [stdout] stack backtrace:
[INFO] [stdout]    0:     0x5b52638f75e1 - <<std[617be2ca0a6fd877]::sys::backtrace::BacktraceLock>::print::DisplayBacktrace as core[a373ad73a504971]::fmt::Display>::fmt
[INFO] [stdout]    1:     0x5b526390bcea - core[a373ad73a504971]::fmt::write
[INFO] [stdout]    2:     0x5b52638fb8dc - <alloc[2e1b2a31b91974c5]::vec::Vec<u8> as core[a373ad73a504971]::io::write::Write>::write_fmt
[INFO] [stdout]    3:     0x5b52638d37a6 - std[617be2ca0a6fd877]::panicking::default_hook::{closure#0}
[INFO] [stdout]    4:     0x5b52638efb59 - std[617be2ca0a6fd877]::panicking::default_hook
[INFO] [stdout]    5:     0x5b52638871b0 - test[aada8e7e76ba119b]::test_main_inner::{closure#0}
[INFO] [stdout]    6:     0x5b52638efd12 - std[617be2ca0a6fd877]::panicking::panic_with_hook
[INFO] [stdout]    7:     0x5b52638d3852 - std[617be2ca0a6fd877]::panicking::panic_handler::{closure#0}
[INFO] [stdout]    8:     0x5b52638cc569 - std[617be2ca0a6fd877]::sys::backtrace::__rust_end_short_backtrace::<std[617be2ca0a6fd877]::panicking::panic_handler::{closure#0}, !>
[INFO] [stdout]    9:     0x5b52638d445d - __rustc[ea4f61d10b84890b]::rust_begin_unwind
[INFO] [stdout]   10:     0x5b526390c41c - core[a373ad73a504971]::panicking::panic_fmt
[INFO] [stdout]   11:     0x5b526390c1f2 - core[a373ad73a504971]::result::unwrap_failed
[INFO] [stdout]   12:     0x5b5263872a5f - <i3ipc[3b8862da41ec1a4a]::test::get_workspaces::{closure#0} as core[a373ad73a504971]::ops::function::FnOnce<()>>::call_once
[INFO] [stdout]   13:     0x5b526387a5fb - test[aada8e7e76ba119b]::__rust_begin_short_backtrace::<core[a373ad73a504971]::result::Result<(), alloc[2e1b2a31b91974c5]::string::String>, fn() -> core[a373ad73a504971]::result::Result<(), alloc[2e1b2a31b91974c5]::string::String>>
[INFO] [stdout]   14:     0x5b52638877d5 - test[aada8e7e76ba119b]::run_test::{closure#0}
[INFO] [stdout]   15:     0x5b52638810c4 - std[617be2ca0a6fd877]::sys::backtrace::__rust_begin_short_backtrace::<test[aada8e7e76ba119b]::run_test::{closure#1}, ()>
[INFO] [stdout]   16:     0x5b526388a862 - <std[617be2ca0a6fd877]::thread::lifecycle::spawn_unchecked<test[aada8e7e76ba119b]::run_test::{closure#1}, ()>::{closure#1} as core[a373ad73a504971]::ops::function::FnOnce<()>>::call_once::{shim:vtable#0}
[INFO] [stdout]   17:     0x5b52638f6e3f - <std[617be2ca0a6fd877]::sys::thread::unix::Thread>::new::thread_start
[INFO] [stdout]   18:     0x7a84f2047dfa - <unknown>
[INFO] [stdout]   19:     0x7a84f20db3d4 - clone
[INFO] [stdout]   20:                0x0 - <unknown>
[INFO] [stdout] 
[INFO] [stdout] 
[INFO] [stdout] failures:
[INFO] [stdout]     test::connect
[INFO] [stdout]     test::event_subscribe
[INFO] [stdout]     test::get_bar_ids
[INFO] [stdout]     test::get_bar_ids_and_one_config
[INFO] [stdout]     test::get_marks
[INFO] [stdout]     test::get_outputs
[INFO] [stdout]     test::get_tree
[INFO] [stdout]     test::get_version
[INFO] [stdout]     test::get_workspaces
[INFO] [stdout]     test::run_command_fail
[INFO] [stdout]     test::run_command_multiple_success
[INFO] [stdout]     test::run_command_nothing
[INFO] [stdout]     test::run_command_single_sucess
[INFO] [stdout] 
[INFO] [stdout] test result: FAILED. 6 passed; 13 failed; 0 ignored; 0 measured; 0 filtered out; finished in 0.01s
[INFO] [stdout] 
[INFO] [stderr] error: test failed, to rerun pass `--lib`
[INFO] running `Command { std: "docker" "inspect" "60ebbd0fab93171f5ac0deea3a5ab7deb898d94928f5b45ae6000fe23dd12f4b", kill_on_drop: false }`
[INFO] running `Command { std: "docker" "rm" "-f" "60ebbd0fab93171f5ac0deea3a5ab7deb898d94928f5b45ae6000fe23dd12f4b", kill_on_drop: false }`
[INFO] [stdout] 60ebbd0fab93171f5ac0deea3a5ab7deb898d94928f5b45ae6000fe23dd12f4b
