[INFO] fetching crate hyprshell-config-lib 4.11.0-alpha.1...
[INFO] testing hyprshell-config-lib-4.11.0-alpha.1 against 1.99.0-beta.8+cargoflags=--release for beta-release-1.100-2
[INFO] extracting crate hyprshell-config-lib 4.11.0-alpha.1 into /workspace/builds/worker-5-tc1/source
[INFO] started tweaking crates.io crate hyprshell-config-lib 4.11.0-alpha.1
[INFO] finished tweaking crates.io crate hyprshell-config-lib 4.11.0-alpha.1
[INFO] tweaked toml for crates.io crate hyprshell-config-lib 4.11.0-alpha.1 written to /workspace/builds/worker-5-tc1/source/Cargo.toml
[INFO] validating manifest of crates.io crate hyprshell-config-lib 4.11.0-alpha.1 on toolchain 1.99.0-beta.8
[INFO] running `Command { std: CARGO_HOME="/workspace/cargo-home" RUSTUP_HOME="/workspace/rustup-home" "/workspace/cargo-home/bin/cargo" "+1.99.0-beta.8" "metadata" "--manifest-path" "Cargo.toml" "--no-deps", kill_on_drop: false }`
[INFO] crate crates.io crate hyprshell-config-lib 4.11.0-alpha.1 already has a lockfile, it will not be regenerated
[INFO] running `Command { std: CARGO_HOME="/workspace/cargo-home" RUSTUP_HOME="/workspace/rustup-home" "/workspace/cargo-home/bin/cargo" "+1.99.0-beta.8" "fetch" "--manifest-path" "Cargo.toml", kill_on_drop: false }`
[INFO] [stderr]     Updating crates.io index
[INFO] [stderr]  Downloading crates ...
[INFO] [stderr]   Downloaded smart-default v0.7.1
[INFO] [stderr]   Downloaded test-log-core v0.2.20
[INFO] [stderr]   Downloaded test-log-macros v0.2.20
[INFO] [stderr]   Downloaded test-log v0.2.20
[INFO] [stderr]   Downloaded serde_json5 v0.2.1
[INFO] [stderr]   Downloaded notify-rust v4.17.0
[INFO] [stderr]   Downloaded mac-notification-sys v0.6.12
[INFO] [stderr]   Downloaded hyprshell-core-lib v4.11.0-alpha.1
[INFO] [stderr]   Downloaded inotify v0.11.2
[INFO] [stderr]   Downloaded dbus v0.9.10
[INFO] [stderr]   Downloaded ron v0.12.1
[INFO] running `Command { std: "docker" "create" "-v" "/var/lib/crater-agent-workspace/builds/worker-5-tc1/source:/opt/rustwide/workdir:ro,Z" "-v" "/var/lib/crater-agent-workspace/builds/worker-5-tc1/target:/opt/rustwide/target:rw,Z" "-v" "/var/lib/crater-agent-workspace/cargo-home:/opt/rustwide/cargo-home:ro,Z" "-v" "/var/lib/crater-agent-workspace/rustup-home:/opt/rustwide/rustup-home:ro,Z" "-m" "1610612736" "--network" "none" "ghcr.io/rust-lang/crates-build-env/linux@sha256:77db811e55d90add9212f6832c23229e3de5f1c1f9905e8cb07319ea15df73ac" "sleep" "infinity", kill_on_drop: false }`
[INFO] [stdout] 56f0010fd3051f5afecb0628935dcc8012d96a113f14d5ea376c6fe1b2cce989
[INFO] running `Command { std: "docker" "start" "56f0010fd3051f5afecb0628935dcc8012d96a113f14d5ea376c6fe1b2cce989", kill_on_drop: false }`
[INFO] running `Command { std: "docker" "inspect" "56f0010fd3051f5afecb0628935dcc8012d96a113f14d5ea376c6fe1b2cce989", kill_on_drop: false }`
[INFO] running `Command { std: "docker" "exec" "-e" "SOURCE_DIR=/opt/rustwide/workdir" "-e" "CARGO_HOME=/opt/rustwide/cargo-home" "-e" "RUSTUP_HOME=/opt/rustwide/rustup-home" "-e" "CARGO_TARGET_DIR=/opt/rustwide/target" "-w" "/opt/rustwide/workdir" "--user" "0:0" "56f0010fd3051f5afecb0628935dcc8012d96a113f14d5ea376c6fe1b2cce989" "/opt/rustwide/cargo-home/bin/cargo" "+1.99.0-beta.8" "metadata" "--no-deps" "--format-version=1", kill_on_drop: false }`
[INFO] running `Command { std: "docker" "inspect" "56f0010fd3051f5afecb0628935dcc8012d96a113f14d5ea376c6fe1b2cce989", kill_on_drop: false }`
[INFO] running `Command { std: "docker" "exec" "-e" "SOURCE_DIR=/opt/rustwide/workdir" "-e" "CARGO_HOME=/opt/rustwide/cargo-home" "-e" "RUSTUP_HOME=/opt/rustwide/rustup-home" "-e" "CARGO_TARGET_DIR=/opt/rustwide/target" "-e" "CARGO_INCREMENTAL=0" "-e" "RUST_BACKTRACE=full" "-e" "RUSTFLAGS=--cap-lints=warn" "-e" "RUSTDOCFLAGS=--cap-lints=warn" "-w" "/opt/rustwide/workdir" "--user" "0:0" "56f0010fd3051f5afecb0628935dcc8012d96a113f14d5ea376c6fe1b2cce989" "/opt/rustwide/cargo-home/bin/cargo" "+1.99.0-beta.8" "build" "--frozen" "--message-format=json" "--release", kill_on_drop: false }`
[INFO] [stderr]    Compiling pkg-config v0.3.33
[INFO] [stderr]    Compiling futures-core v0.3.32
[INFO] [stderr]    Compiling fastrand v2.4.1
[INFO] [stderr]    Compiling serde_json v1.0.150
[INFO] [stderr]    Compiling bitflags v2.11.1
[INFO] [stderr]    Compiling winnow v1.0.2
[INFO] [stderr]    Compiling serde_spanned v1.1.1
[INFO] [stderr]    Compiling toml_datetime v0.7.5+spec-1.1.0
[INFO] [stderr]    Compiling winnow v0.7.15
[INFO] [stderr]    Compiling toml_writer v1.1.1+spec-1.1.0
[INFO] [stderr]    Compiling syn v2.0.117
[INFO] [stderr]    Compiling inotify-sys v0.1.5
[INFO] [stderr]    Compiling inotify v0.11.2
[INFO] [stderr]    Compiling futures-lite v2.6.1
[INFO] [stderr]    Compiling libdbus-sys v0.2.7
[INFO] [stderr]    Compiling toml_parser v1.1.2+spec-1.1.0
[INFO] [stderr]    Compiling dbus v0.9.10
[INFO] [stderr]    Compiling toml v0.9.12+spec-1.1.0
[INFO] [stderr]    Compiling serde_derive v1.0.228
[INFO] [stderr]    Compiling tracing-attributes v0.1.31
[INFO] [stderr]    Compiling smart-default v0.7.1
[INFO] [stderr]    Compiling notify-rust v4.17.0
[INFO] [stderr]    Compiling tracing v0.1.44
[INFO] [stderr]    Compiling serde v1.0.228
[INFO] [stderr]    Compiling ron v0.12.1
[INFO] [stderr]    Compiling hyprshell-core-lib v4.11.0-alpha.1
[INFO] [stderr]    Compiling hyprshell-config-lib v4.11.0-alpha.1 (/opt/rustwide/workdir)
[INFO] [stderr]     Finished `release` profile [optimized] target(s) in 47.03s
[INFO] running `Command { std: "docker" "inspect" "56f0010fd3051f5afecb0628935dcc8012d96a113f14d5ea376c6fe1b2cce989", kill_on_drop: false }`
[INFO] running `Command { std: "docker" "exec" "-e" "SOURCE_DIR=/opt/rustwide/workdir" "-e" "CARGO_HOME=/opt/rustwide/cargo-home" "-e" "RUSTUP_HOME=/opt/rustwide/rustup-home" "-e" "CARGO_TARGET_DIR=/opt/rustwide/target" "-e" "CARGO_INCREMENTAL=0" "-e" "RUST_BACKTRACE=full" "-e" "RUSTFLAGS=--cap-lints=warn" "-e" "RUSTDOCFLAGS=--cap-lints=warn" "-w" "/opt/rustwide/workdir" "--user" "0:0" "56f0010fd3051f5afecb0628935dcc8012d96a113f14d5ea376c6fe1b2cce989" "/opt/rustwide/cargo-home/bin/cargo" "+1.99.0-beta.8" "test" "--frozen" "--no-run" "--message-format=json" "--release", kill_on_drop: false }`
[INFO] [stderr]    Compiling regex-automata v0.4.14
[INFO] [stderr]    Compiling test-log-core v0.2.20
[INFO] [stderr]    Compiling test-log-macros v0.2.20
[INFO] [stderr]    Compiling matchers v0.2.0
[INFO] [stderr]    Compiling tracing-subscriber v0.3.23
[INFO] [stderr]    Compiling test-log v0.2.20
[INFO] [stderr]    Compiling hyprshell-config-lib v4.11.0-alpha.1 (/opt/rustwide/workdir)
[INFO] [stderr]     Finished `release` profile [optimized] target(s) in 17.18s
[INFO] running `Command { std: "docker" "inspect" "56f0010fd3051f5afecb0628935dcc8012d96a113f14d5ea376c6fe1b2cce989", kill_on_drop: false }`
[INFO] running `Command { std: "docker" "exec" "-e" "SOURCE_DIR=/opt/rustwide/workdir" "-e" "CARGO_HOME=/opt/rustwide/cargo-home" "-e" "RUSTUP_HOME=/opt/rustwide/rustup-home" "-e" "CARGO_TARGET_DIR=/opt/rustwide/target" "-e" "CARGO_INCREMENTAL=0" "-e" "RUST_BACKTRACE=full" "-e" "RUSTFLAGS=--cap-lints=warn" "-e" "RUSTDOCFLAGS=--cap-lints=warn" "-w" "/opt/rustwide/workdir" "--user" "0:0" "56f0010fd3051f5afecb0628935dcc8012d96a113f14d5ea376c6fe1b2cce989" "/opt/rustwide/cargo-home/bin/cargo" "+1.99.0-beta.8" "test" "--frozen" "--release", kill_on_drop: false }`
[INFO] [stderr]     Finished `release` profile [optimized] target(s) in 0.12s
[INFO] [stderr]      Running unittests src/lib.rs (/opt/rustwide/target/release/deps/hyprshell_config_lib-d3f745694be720be)
[INFO] [stdout] 
[INFO] [stdout] running 12 tests
[INFO] [stdout] test check::tests::test_empty_terminal ... ok
[INFO] [stdout] test explain::tests::test_explain_without_overview ... ok
[INFO] [stdout] test explain::tests::test_explain_without_plugins ... ok
[INFO] [stdout] test check::tests::test_invalid_key ... ok
[INFO] [stdout] test explain::tests::test_explain_with_overview_calc_0 ... ok
[INFO] [stdout] test explain::tests::test_explain_with_overview_calc_1 ... ok
[INFO] [stdout] test explain::tests::test_explain_without_switch ... ok
[INFO] [stdout] test check::tests::test_invalid_scale ... ok
[INFO] [stdout] test check::tests::test_valid_config ... FAILED
[INFO] [stdout] test check::tests::test_empty_engine_name ... ok
[INFO] [stdout] test check::tests::test_duplicate_engine_key ... ok
[INFO] [stdout] test check::tests::test_empty_engine_url ... ok
[INFO] [stdout] 
[INFO] [stdout] failures:
[INFO] [stdout] 
[INFO] [stdout] ---- check::tests::test_valid_config stdout ----
[INFO] [stdout] 2026-10-18T10:11:18.840851Z TRACE hyprshell_config_lib::check::tests: Config { windows: Some(Windows { general: WindowsGeneral { scale: 8.5, items_per_row: 5 }, overview: Some(Overview { launcher: Launcher { default_terminal: None, launch_modifier: Ctrl, alt_launch_modifier: Alt, width: 650, max_items: 5, show_when_empty: true, plugins: Plugins { applications: Some(ApplicationsPluginConfig { run_cache_weeks: 8, show_execs: true, show_actions_submenu: true }), terminal: Some(()), shell: None, websearch: Some(WebSearchConfig { engines: [SearchEngine { url: "https://www.google.com/search?q={}", name: "Google", key: 'g' }, SearchEngine { url: "https://en.wikipedia.org/wiki/Special:Search?search={}", name: "Wikipedia", key: 'w' }] }), calc: Some(CalcPluginConfig { prefix: None }), path: Some(()), actions: Some(ActionsPluginConfig { actions: [LockScreen, Hibernate, Logout, Reboot, Shutdown, Suspend, Custom(ActionsPluginActionCustom { names: ["Kill", "Stop"], details: "Kill or stop a process by name", command: "pkill \"{}\" && notify-send hyprshell \"stopped {}\"", icon: "remove" }), Custom(ActionsPluginActionCustom { names: ["Reload Hyprshell"], details: "Reload Hyprshell", command: "sleep 1; hyprshell socat '\"Restart\"'", icon: "system-restart" })] }) } }, key: "Super_L", top_offset: 430, modifier: Super, filter_by_same_class: false, filter_by_current_workspace: false, filter_by_current_monitor: false, exclude_workspaces: "special:.*" }), switch: Some(Switch { modifier: Alt, key: "Tab", filter_by_same_class: false, filter_by_current_workspace: false, filter_by_current_monitor: true, switch_workspaces: false, exclude_workspaces: "", kill_key: 'q' }), switch_2: None }) }
[INFO] [stdout] 2026-10-18T10:11:18.840921Z TRACE hyprshell_config_lib::check::tests: check result: Err(Calc Plugin enabled but not compiled in, please enable the calc feature
[INFO] [stdout] 
[INFO] [stdout] Stack backtrace:
[INFO] [stdout]    0: <anyhow::Error>::msg::<&str>
[INFO] [stdout]    1: hyprshell_config_lib::check::check
[INFO] [stdout]    2: hyprshell_config_lib::check::tests::test_valid_config
[INFO] [stdout]    3: <hyprshell_config_lib::check::tests::test_valid_config::{closure#0} as core::ops::function::FnOnce<()>>::call_once
[INFO] [stdout]    4: test::__rust_begin_short_backtrace::<core::result::Result<(), alloc::string::String>, fn() -> core::result::Result<(), alloc::string::String>>
[INFO] [stdout]    5: test::run_test::{closure#0}
[INFO] [stdout]    6: std::sys::backtrace::__rust_begin_short_backtrace::<test::run_test::{closure#1}, ()>
[INFO] [stdout]    7: <std::thread::lifecycle::spawn_unchecked<test::run_test::{closure#1}, ()>::{closure#1} as core::ops::function::FnOnce<()>>::call_once::{shim:vtable#0}
[INFO] [stdout]    8: <std::sys::thread::unix::Thread>::new::thread_start
[INFO] [stdout]    9: <unknown>
[INFO] [stdout]   10: clone)
[INFO] [stdout] 
[INFO] [stdout] thread 'check::tests::test_valid_config' (849) panicked at src/check.rs:86:9:
[INFO] [stdout] assertion failed: result.is_ok()
[INFO] [stdout] stack backtrace:
[INFO] [stdout]    0:     0x585a68a69971 - <<std[70759c8f55707aa4]::sys::backtrace::BacktraceLock>::print::DisplayBacktrace as core[df12db4294e9bfd3]::fmt::Display>::fmt
[INFO] [stdout]    1:     0x585a68a7f88a - core[df12db4294e9bfd3]::fmt::write
[INFO] [stdout]    2:     0x585a68a6e38c - <alloc[2182bb758b4b3781]::vec::Vec<u8> as core[df12db4294e9bfd3]::io::write::Write>::write_fmt
[INFO] [stdout]    3:     0x585a68a45826 - std[70759c8f55707aa4]::panicking::default_hook::{closure#0}
[INFO] [stdout]    4:     0x585a68a61f39 - std[70759c8f55707aa4]::panicking::default_hook
[INFO] [stdout]    5:     0x585a689830b0 - test[9d35eded1c95d3be]::test_main_inner::<test[9d35eded1c95d3be]::test_main_static::{closure#0}>::{closure#0}
[INFO] [stdout]    6:     0x585a68a620f2 - std[70759c8f55707aa4]::panicking::panic_with_hook
[INFO] [stdout]    7:     0x585a68a45904 - std[70759c8f55707aa4]::panicking::panic_handler::{closure#0}
[INFO] [stdout]    8:     0x585a68a3e0c9 - std[70759c8f55707aa4]::sys::backtrace::__rust_end_short_backtrace::<std[70759c8f55707aa4]::panicking::panic_handler::{closure#0}, !>
[INFO] [stdout]    9:     0x585a68a465dd - __rustc[8fa7c3cbc660c2b3]::rust_begin_unwind
[INFO] [stdout]   10:     0x585a68a8006c - core[df12db4294e9bfd3]::panicking::panic_fmt
[INFO] [stdout]   11:     0x585a68a80032 - core[df12db4294e9bfd3]::panicking::panic
[INFO] [stdout]   12:     0x585a68965ce8 - hyprshell_config_lib[3045ee4bb682d79c]::check::tests::test_valid_config
[INFO] [stdout]   13:     0x585a6896a4e9 - <hyprshell_config_lib[3045ee4bb682d79c]::check::tests::test_valid_config::{closure#0} as core[df12db4294e9bfd3]::ops::function::FnOnce<()>>::call_once
[INFO] [stdout]   14:     0x585a6897639b - test[9d35eded1c95d3be]::__rust_begin_short_backtrace::<core[df12db4294e9bfd3]::result::Result<(), alloc[2182bb758b4b3781]::string::String>, fn() -> core[df12db4294e9bfd3]::result::Result<(), alloc[2182bb758b4b3781]::string::String>>
[INFO] [stdout]   15:     0x585a68983a05 - test[9d35eded1c95d3be]::run_test::{closure#0}
[INFO] [stdout]   16:     0x585a6897d2c4 - std[70759c8f55707aa4]::sys::backtrace::__rust_begin_short_backtrace::<test[9d35eded1c95d3be]::run_test::{closure#1}, ()>
[INFO] [stdout]   17:     0x585a68986b62 - <std[70759c8f55707aa4]::thread::lifecycle::spawn_unchecked<test[9d35eded1c95d3be]::run_test::{closure#1}, ()>::{closure#1} as core[df12db4294e9bfd3]::ops::function::FnOnce<()>>::call_once::{shim:vtable#0}
[INFO] [stdout]   18:     0x585a68a69219 - <std[70759c8f55707aa4]::sys::thread::unix::Thread>::new::thread_start
[INFO] [stdout]   19:     0x7bd87d5dddfa - <unknown>
[INFO] [stdout]   20:     0x7bd87d6713d4 - clone
[INFO] [stdout]   21:                0x0 - <unknown>
[INFO] [stdout] 
[INFO] [stdout] 
[INFO] [stdout] failures:
[INFO] [stdout]     check::tests::test_valid_config
[INFO] [stdout] 
[INFO] [stdout] test result: FAILED. 11 passed; 1 failed; 0 ignored; 0 measured; 0 filtered out; finished in 0.03s
[INFO] [stdout] 
[INFO] [stderr] error: test failed, to rerun pass `--lib`
[INFO] running `Command { std: "docker" "inspect" "56f0010fd3051f5afecb0628935dcc8012d96a113f14d5ea376c6fe1b2cce989", kill_on_drop: false }`
[INFO] running `Command { std: "docker" "rm" "-f" "56f0010fd3051f5afecb0628935dcc8012d96a113f14d5ea376c6fe1b2cce989", kill_on_drop: false }`
[INFO] [stdout] 56f0010fd3051f5afecb0628935dcc8012d96a113f14d5ea376c6fe1b2cce989
