[INFO] fetching crate hyperstack-macros 0.6.9...
[INFO] testing hyperstack-macros-0.6.9 against 1.100.0-beta.1+cargoflags=--release for beta-release-1.100-2
[INFO] extracting crate hyperstack-macros 0.6.9 into /workspace/builds/worker-1-tc2/source
[INFO] started tweaking crates.io crate hyperstack-macros 0.6.9
[INFO] removed 0 missing tests
[INFO] finished tweaking crates.io crate hyperstack-macros 0.6.9
[INFO] tweaked toml for crates.io crate hyperstack-macros 0.6.9 written to /workspace/builds/worker-1-tc2/source/Cargo.toml
[INFO] validating manifest of crates.io crate hyperstack-macros 0.6.9 on toolchain 1.100.0-beta.1
[INFO] running `Command { std: CARGO_HOME="/workspace/cargo-home" RUSTUP_HOME="/workspace/rustup-home" "/workspace/cargo-home/bin/cargo" "+1.100.0-beta.1" "metadata" "--manifest-path" "Cargo.toml" "--no-deps", kill_on_drop: false }`
[INFO] crate crates.io crate hyperstack-macros 0.6.9 already has a lockfile, it will not be regenerated
[INFO] running `Command { std: CARGO_HOME="/workspace/cargo-home" RUSTUP_HOME="/workspace/rustup-home" "/workspace/cargo-home/bin/cargo" "+1.100.0-beta.1" "fetch" "--manifest-path" "Cargo.toml", kill_on_drop: false }`
[INFO] running `Command { std: "docker" "create" "-v" "/var/lib/crater-agent-workspace/builds/worker-1-tc2/source:/opt/rustwide/workdir:ro,Z" "-v" "/var/lib/crater-agent-workspace/builds/worker-1-tc2/target:/opt/rustwide/target:rw,Z" "-v" "/var/lib/crater-agent-workspace/cargo-home:/opt/rustwide/cargo-home:ro,Z" "-v" "/var/lib/crater-agent-workspace/rustup-home:/opt/rustwide/rustup-home:ro,Z" "-m" "1610612736" "--network" "none" "ghcr.io/rust-lang/crates-build-env/linux@sha256:77db811e55d90add9212f6832c23229e3de5f1c1f9905e8cb07319ea15df73ac" "sleep" "infinity", kill_on_drop: false }`
[INFO] [stdout] f7d1e8a1c1d4c93c9fa623bdd9e2f21ef2d10895916cc791ac0ba5acb6083d7a
[INFO] running `Command { std: "docker" "start" "f7d1e8a1c1d4c93c9fa623bdd9e2f21ef2d10895916cc791ac0ba5acb6083d7a", kill_on_drop: false }`
[INFO] running `Command { std: "docker" "inspect" "f7d1e8a1c1d4c93c9fa623bdd9e2f21ef2d10895916cc791ac0ba5acb6083d7a", kill_on_drop: false }`
[INFO] running `Command { std: "docker" "exec" "-e" "SOURCE_DIR=/opt/rustwide/workdir" "-e" "CARGO_HOME=/opt/rustwide/cargo-home" "-e" "RUSTUP_HOME=/opt/rustwide/rustup-home" "-e" "CARGO_TARGET_DIR=/opt/rustwide/target" "-w" "/opt/rustwide/workdir" "--user" "0:0" "f7d1e8a1c1d4c93c9fa623bdd9e2f21ef2d10895916cc791ac0ba5acb6083d7a" "/opt/rustwide/cargo-home/bin/cargo" "+1.100.0-beta.1" "metadata" "--no-deps" "--format-version=1", kill_on_drop: false }`
[INFO] running `Command { std: "docker" "inspect" "f7d1e8a1c1d4c93c9fa623bdd9e2f21ef2d10895916cc791ac0ba5acb6083d7a", kill_on_drop: false }`
[INFO] running `Command { std: "docker" "exec" "-e" "SOURCE_DIR=/opt/rustwide/workdir" "-e" "CARGO_HOME=/opt/rustwide/cargo-home" "-e" "RUSTUP_HOME=/opt/rustwide/rustup-home" "-e" "CARGO_TARGET_DIR=/opt/rustwide/target" "-e" "CARGO_INCREMENTAL=0" "-e" "RUST_BACKTRACE=full" "-e" "RUSTFLAGS=--cap-lints=warn" "-e" "RUSTDOCFLAGS=--cap-lints=warn" "-w" "/opt/rustwide/workdir" "--user" "0:0" "f7d1e8a1c1d4c93c9fa623bdd9e2f21ef2d10895916cc791ac0ba5acb6083d7a" "/opt/rustwide/cargo-home/bin/cargo" "+1.100.0-beta.1" "build" "--frozen" "--message-format=json" "--release", kill_on_drop: false }`
[INFO] [stderr]    Compiling memchr v2.7.6
[INFO] [stderr]    Compiling pin-project-lite v0.2.16
[INFO] [stderr]    Compiling itoa v1.0.17
[INFO] [stderr]    Compiling zmij v1.0.12
[INFO] [stderr]    Compiling tracing-core v0.1.36
[INFO] [stderr]    Compiling bs58 v0.5.1
[INFO] [stderr]    Compiling syn v2.0.113
[INFO] [stderr]    Compiling digest v0.10.7
[INFO] [stderr]    Compiling sha2 v0.10.9
[INFO] [stderr]    Compiling serde_json v1.0.149
[INFO] [stderr]    Compiling tracing-attributes v0.1.31
[INFO] [stderr]    Compiling serde_derive v1.0.228
[INFO] [stderr]    Compiling tracing v0.1.44
[INFO] [stderr]    Compiling serde v1.0.228
[INFO] [stderr]    Compiling hyperstack-idl v0.1.6
[INFO] [stderr]    Compiling hyperstack-macros v0.6.9 (/opt/rustwide/workdir)
[INFO] [stderr]     Finished `release` profile [optimized] target(s) in 55.92s
[INFO] running `Command { std: "docker" "inspect" "f7d1e8a1c1d4c93c9fa623bdd9e2f21ef2d10895916cc791ac0ba5acb6083d7a", kill_on_drop: false }`
[INFO] running `Command { std: "docker" "exec" "-e" "SOURCE_DIR=/opt/rustwide/workdir" "-e" "CARGO_HOME=/opt/rustwide/cargo-home" "-e" "RUSTUP_HOME=/opt/rustwide/rustup-home" "-e" "CARGO_TARGET_DIR=/opt/rustwide/target" "-e" "CARGO_INCREMENTAL=0" "-e" "RUST_BACKTRACE=full" "-e" "RUSTFLAGS=--cap-lints=warn" "-e" "RUSTDOCFLAGS=--cap-lints=warn" "-w" "/opt/rustwide/workdir" "--user" "0:0" "f7d1e8a1c1d4c93c9fa623bdd9e2f21ef2d10895916cc791ac0ba5acb6083d7a" "/opt/rustwide/cargo-home/bin/cargo" "+1.100.0-beta.1" "test" "--frozen" "--no-run" "--message-format=json" "--release", kill_on_drop: false }`
[INFO] [stderr]    Compiling libc v0.2.179
[INFO] [stderr]    Compiling rustix v1.1.3
[INFO] [stderr]    Compiling serde_json v1.0.149
[INFO] [stderr]    Compiling winnow v0.7.14
[INFO] [stderr]    Compiling toml_datetime v1.0.0+spec-1.1.0
[INFO] [stderr]    Compiling serde_spanned v1.0.4
[INFO] [stderr]    Compiling serde v1.0.228
[INFO] [stderr]    Compiling toml_writer v1.0.7+spec-1.1.0
[INFO] [stderr]    Compiling tracing v0.1.44
[INFO] [stderr]    Compiling syn v2.0.113
[INFO] [stderr]    Compiling bs58 v0.5.1
[INFO] [stderr]    Compiling target-triple v1.0.0
[INFO] [stderr]    Compiling getrandom v0.3.4
[INFO] [stderr]    Compiling bitflags v2.10.0
[INFO] [stderr]    Compiling linux-raw-sys v0.11.0
[INFO] [stderr]    Compiling toml_parser v1.0.9+spec-1.1.0
[INFO] [stderr]    Compiling hyperstack-idl v0.1.6
[INFO] [stderr]    Compiling toml v1.0.6+spec-1.1.0
[INFO] [stderr]    Compiling tempfile v3.24.0
[INFO] [stderr]    Compiling trybuild v1.0.116
[INFO] [stderr]    Compiling hyperstack-macros v0.6.9 (/opt/rustwide/workdir)
[INFO] [stderr]     Finished `release` profile [optimized] target(s) in 1m 13s
[INFO] running `Command { std: "docker" "inspect" "f7d1e8a1c1d4c93c9fa623bdd9e2f21ef2d10895916cc791ac0ba5acb6083d7a", kill_on_drop: false }`
[INFO] running `Command { std: "docker" "exec" "-e" "SOURCE_DIR=/opt/rustwide/workdir" "-e" "CARGO_HOME=/opt/rustwide/cargo-home" "-e" "RUSTUP_HOME=/opt/rustwide/rustup-home" "-e" "CARGO_TARGET_DIR=/opt/rustwide/target" "-e" "CARGO_INCREMENTAL=0" "-e" "RUST_BACKTRACE=full" "-e" "RUSTFLAGS=--cap-lints=warn" "-e" "RUSTDOCFLAGS=--cap-lints=warn" "-w" "/opt/rustwide/workdir" "--user" "0:0" "f7d1e8a1c1d4c93c9fa623bdd9e2f21ef2d10895916cc791ac0ba5acb6083d7a" "/opt/rustwide/cargo-home/bin/cargo" "+1.100.0-beta.1" "test" "--frozen" "--release", kill_on_drop: false }`
[INFO] [stderr]     Finished `release` profile [optimized] target(s) in 0.17s
[INFO] [stderr]      Running unittests src/lib.rs (/opt/rustwide/target/release/build/hyperstack-macros/5dfad8a9ee8b53c4/out/hyperstack_macros-5dfad8a9ee8b53c4)
[INFO] [stdout] 
[INFO] [stdout] running 60 tests
[INFO] [stdout] test ast::versioned::tests::test_detect_ast_version ... ok
[INFO] [stdout] test ast::versioned::tests::test_load_stack_spec_no_version_defaults_to_v1 ... ok
[INFO] [stdout] test ast::versioned::tests::test_load_stack_spec_unsupported_version ... ok
[INFO] [stdout] test ast::versioned::tests::test_load_stream_spec_unsupported_version ... ok
[INFO] [stdout] test codegen::field_accessors::tests::test_generate_simple_section ... ok
[INFO] [stdout] test codegen::field_accessors::tests::test_skip_enum_types ... ok
[INFO] [stdout] test codegen::field_accessors::tests::test_generate_nested_accessors ... ok
[INFO] [stdout] test ast::versioned::tests::test_load_stack_spec_v1 ... ok
[INFO] [stdout] test ast::versioned::tests::test_load_stream_spec_no_version_defaults_to_v1 ... ok
[INFO] [stdout] test ast::versioned::tests::test_load_stream_spec_v1 ... ok
[INFO] [stdout] test codegen::field_accessors::tests::test_generate_empty_sections ... ok
[INFO] [stdout] test codegen::field_accessors::tests::test_skip_root_section ... ok
[INFO] [stdout] test codegen::handlers::tests::test_build_field_path_code ... ok
[INFO] [stdout] test codegen::handlers::tests::test_build_population_strategy_code ... ok
[INFO] [stdout] test diagnostic::tests::invalid_choice_message_does_not_repeat_available_values ... ok
[INFO] [stdout] test diagnostic::tests::invalid_choice_message_suggests_nearest_value ... ok
[INFO] [stdout] test diagnostic::tests::unknown_value_message_falls_back_to_available_values ... ok
[INFO] [stdout] test idl_codegen::tests::test_bytemuck_idl_parses_serialization_field ... ok
[INFO] [stdout] test idl_codegen::tests::test_bytemuck_codegen_produces_pod_derives ... ok
[INFO] [stdout] test idl_codegen::tests::test_bytemuck_maps_bool_to_u8 ... ok
[INFO] [stdout] test idl_codegen::tests::test_bytemuck_maps_pubkey_to_byte_array ... ok
[INFO] [stdout] test idl_codegen::tests::test_bytemuck_pubkey_to_json_uses_bs58 ... ok
[INFO] [stdout] test idl_codegen::tests::test_bytemuck_safe_still_uses_derive ... ok
[INFO] [stdout] test idl_codegen::tests::test_is_large_array_detection ... ok
[INFO] [stdout] test idl_codegen::tests::test_regular_account_uses_borsh ... ok
[INFO] [stdout] test idl_codegen::tests::test_bytemuck_try_from_bytes_uses_bytemuck ... ok
[INFO] [stdout] test idl_codegen::tests::test_bytemuck_unsafe_still_has_try_from_bytes ... ok
[INFO] [stdout] test parse::conditions::tests::test_logical_and ... ok
[INFO] [stdout] test idl_codegen::tests::test_bytemuck_unsafe_does_not_derive_pod ... ok
[INFO] [stdout] test idl_codegen::tests::test_bytemuck_unsafe_uses_unsafe_impl_not_derive ... ok
[INFO] [stdout] test idl_codegen::tests::test_large_array_gets_serde_with_attribute ... ok
[INFO] [stdout] test idl_codegen::tests::test_regular_try_from_bytes_uses_borsh ... ok
[INFO] [stdout] test idl_codegen::tests::test_small_array_no_serde_with_attribute ... ok
[INFO] [stdout] test idl_codegen::tests::test_bytemuck_unsafe_variant_parses ... ok
[INFO] [stdout] test parse::pda_validation::tests::test_validate_unknown_program ... ok
[INFO] [stdout] test idl_codegen::tests::test_regular_account_keeps_bool_as_bool ... ok
[INFO] [stdout] test parse::conditions::tests::test_resolver_condition_strips_single_quoted_strings ... ok
[INFO] [stdout] test parse::pda_validation::tests::test_validate_duplicate_pda_name ... ok
[INFO] [stdout] test parse::conditions::tests::test_simple_comparison ... ok
[INFO] [stdout] test parse::pda_validation::tests::test_validate_unknown_account ... ok
[INFO] [stdout] test parse::proto::tests::test_parse_simple_message ... ok
[INFO] [stdout] test parse::pda_validation::tests::test_validate_valid_pda ... ok
[INFO] [stdout] test parse::pdas::tests::test_parse_multiple_programs ... ok
[INFO] [stdout] test parse::conditions::tests::test_resolver_condition_ignores_operators_inside_quotes ... ok
[INFO] [stdout] test utils::tests::test_to_pascal_case ... ok
[INFO] [stdout] test parse::proto::tests::test_parse_oneof ... ok
[INFO] [stdout] test utils::tests::test_to_snake_case ... ok
[INFO] [stdout] test parse::pdas::tests::test_parse_simple_pda ... ok
[INFO] [stdout] test validation::tests::filter_view_fields_are_validated ... ok
[INFO] [stdout] test stream_spec::module::tests::missing_proto_file_is_non_fatal ... ok
[INFO] [stdout] test parse::proto::tests::test_parse_package ... ok
[INFO] [stdout] test parse::conditions::tests::test_map_condition_null_literal_parses_as_json_null ... ok
[INFO] [stdout] test parse::conditions::tests::test_zero_32_constant ... ok
[INFO] [stdout] test parse::conditions::tests::test_numeric_with_underscores ... ok
[INFO] [stdout] test parse::conditions::tests::test_resolver_condition_preserves_large_integer_values ... ok
[INFO] [stdout] test parse::conditions::tests::test_resolver_condition_rejects_non_finite_float_values ... ok
[INFO] [stdout] test parse::conditions::tests::test_zero_64_constant ... ok
[INFO] [stdout] test parse::pda_validation::tests::test_validate_arg_type_mismatch ... ok
[INFO] [stdout] test parse::conditions::tests::test_nested_field_path ... ok
[INFO] [stdout] test ast::versioned::tests::test_ast_version_sync_with_interpreter ... FAILED
[INFO] [stdout] 
[INFO] [stdout] failures:
[INFO] [stdout] 
[INFO] [stdout] ---- ast::versioned::tests::test_ast_version_sync_with_interpreter stdout ----
[INFO] [stdout] 
[INFO] [stdout] thread 'ast::versioned::tests::test_ast_version_sync_with_interpreter' (1296) panicked at src/ast/versioned.rs:424:9:
[INFO] [stdout] Cannot find interpreter source file at "/opt/rustwide/workdir/../interpreter/src/ast.rs". This test requires the source tree to be available.
[INFO] [stdout] stack backtrace:
[INFO] [stdout]    0:     0x75f8c63718c1 - std[617be2ca0a6fd877]::backtrace_rs::backtrace::libunwind::trace
[INFO] [stdout]                                at /rustc/e3feeb59cd1bdd011a2bfcc0747b55125d9b8527/library/std/src/../../backtrace/src/backtrace/libunwind.rs:117:9
[INFO] [stdout]    1:     0x75f8c63718c1 - std[617be2ca0a6fd877]::backtrace_rs::backtrace::trace_unsynchronized::<std[617be2ca0a6fd877]::sys::backtrace::_print_fmt::{closure#1}>
[INFO] [stdout]                                at /rustc/e3feeb59cd1bdd011a2bfcc0747b55125d9b8527/library/std/src/../../backtrace/src/backtrace/mod.rs:66:14
[INFO] [stdout]    2:     0x75f8c63718c1 - std[617be2ca0a6fd877]::sys::backtrace::_print_fmt
[INFO] [stdout]                                at /rustc/e3feeb59cd1bdd011a2bfcc0747b55125d9b8527/library/std/src/sys/backtrace.rs:74:9
[INFO] [stdout]    3:     0x75f8c63718c1 - <<std[617be2ca0a6fd877]::sys::backtrace::BacktraceLock>::print::DisplayBacktrace as core[a373ad73a504971]::fmt::Display>::fmt
[INFO] [stdout]                                at /rustc/e3feeb59cd1bdd011a2bfcc0747b55125d9b8527/library/std/src/sys/backtrace.rs:44:26
[INFO] [stdout]    4:     0x75f8c63b844a - <core[a373ad73a504971]::fmt::rt::Argument>::fmt
[INFO] [stdout]                                at /rustc/e3feeb59cd1bdd011a2bfcc0747b55125d9b8527/library/core/src/fmt/rt.rs:152:76
[INFO] [stdout]    5:     0x75f8c63b844a - core[a373ad73a504971]::fmt::write
[INFO] [stdout]    6:     0x75f8c638250c - core[a373ad73a504971]::io::write::default_write_fmt::<alloc[2e1b2a31b91974c5]::vec::Vec<u8>>
[INFO] [stdout]                                at /rustc/e3feeb59cd1bdd011a2bfcc0747b55125d9b8527/library/core/src/io/write.rs:402:11
[INFO] [stdout]    7:     0x75f8c638250c - <alloc[2e1b2a31b91974c5]::vec::Vec<u8> as core[a373ad73a504971]::io::write::Write>::write_fmt
[INFO] [stdout]                                at /rustc/e3feeb59cd1bdd011a2bfcc0747b55125d9b8527/library/core/src/io/write.rs:335:13
[INFO] [stdout]    8:     0x75f8c633ae26 - <std[617be2ca0a6fd877]::sys::backtrace::BacktraceLock>::print
[INFO] [stdout]                                at /rustc/e3feeb59cd1bdd011a2bfcc0747b55125d9b8527/library/std/src/sys/backtrace.rs:47:9
[INFO] [stdout]    9:     0x75f8c633ae26 - std[617be2ca0a6fd877]::panicking::default_hook::{closure#0}
[INFO] [stdout]                                at /rustc/e3feeb59cd1bdd011a2bfcc0747b55125d9b8527/library/std/src/panicking.rs:289:27
[INFO] [stdout]   10:     0x75f8c6362869 - std[617be2ca0a6fd877]::panicking::default_hook
[INFO] [stdout]                                at /rustc/e3feeb59cd1bdd011a2bfcc0747b55125d9b8527/library/std/src/panicking.rs:313:9
[INFO] [stdout]   11:     0x5b7d5b61c600 - test[aada8e7e76ba119b]::test_main_inner::{closure#0}
[INFO] [stdout]   12:     0x75f8c6362b92 - <alloc[2e1b2a31b91974c5]::boxed::Box<dyn for<'a, 'b> core[a373ad73a504971]::ops::function::Fn<(&'a std[617be2ca0a6fd877]::panic::PanicHookInfo<'b>,), Output = ()> + core[a373ad73a504971]::marker::Sync + core[a373ad73a504971]::marker::Send> as core[a373ad73a504971]::ops::function::Fn<(&std[617be2ca0a6fd877]::panic::PanicHookInfo,)>>::call
[INFO] [stdout]                                at /rustc/e3feeb59cd1bdd011a2bfcc0747b55125d9b8527/library/alloc/src/boxed.rs:2328:9
[INFO] [stdout]   13:     0x75f8c6362b92 - std[617be2ca0a6fd877]::panicking::panic_with_hook
[INFO] [stdout]                                at /rustc/e3feeb59cd1bdd011a2bfcc0747b55125d9b8527/library/std/src/panicking.rs:819:13
[INFO] [stdout]   14:     0x75f8c633aed2 - std[617be2ca0a6fd877]::panicking::panic_handler::{closure#0}
[INFO] [stdout]                                at /rustc/e3feeb59cd1bdd011a2bfcc0747b55125d9b8527/library/std/src/panicking.rs:685:13
[INFO] [stdout]   15:     0x75f8c6332499 - std[617be2ca0a6fd877]::sys::backtrace::__rust_end_short_backtrace::<std[617be2ca0a6fd877]::panicking::panic_handler::{closure#0}, !>
[INFO] [stdout]                                at /rustc/e3feeb59cd1bdd011a2bfcc0747b55125d9b8527/library/std/src/sys/backtrace.rs:182:18
[INFO] [stdout]   16:     0x75f8c633c9bd - __rustc[ea4f61d10b84890b]::rust_begin_unwind
[INFO] [stdout]                                at /rustc/e3feeb59cd1bdd011a2bfcc0747b55125d9b8527/library/std/src/panicking.rs:676:5
[INFO] [stdout]   17:     0x75f8c63b8edc - core[a373ad73a504971]::panicking::panic_fmt
[INFO] [stdout]                                at /rustc/e3feeb59cd1bdd011a2bfcc0747b55125d9b8527/library/core/src/panicking.rs:80:14
[INFO] [stdout]   18:     0x5b7d5b5e4d60 - <hyperstack_macros[8fe8f819c947b1a]::ast::versioned::tests::test_ast_version_sync_with_interpreter::{closure#0} as core[a373ad73a504971]::ops::function::FnOnce<()>>::call_once
[INFO] [stdout]   19:     0x5b7d5b60fa4b - test[aada8e7e76ba119b]::__rust_begin_short_backtrace::<core[a373ad73a504971]::result::Result<(), alloc[2e1b2a31b91974c5]::string::String>, fn() -> core[a373ad73a504971]::result::Result<(), alloc[2e1b2a31b91974c5]::string::String>>
[INFO] [stdout]   20:     0x5b7d5b61cc25 - test[aada8e7e76ba119b]::run_test::{closure#0}
[INFO] [stdout]   21:     0x5b7d5b616514 - std[617be2ca0a6fd877]::sys::backtrace::__rust_begin_short_backtrace::<test[aada8e7e76ba119b]::run_test::{closure#1}, ()>
[INFO] [stdout]   22:     0x5b7d5b61fcb2 - <std[617be2ca0a6fd877]::thread::lifecycle::spawn_unchecked<test[aada8e7e76ba119b]::run_test::{closure#1}, ()>::{closure#1} as core[a373ad73a504971]::ops::function::FnOnce<()>>::call_once::{shim:vtable#0}
[INFO] [stdout]   23:     0x75f8c636ddff - <alloc[2e1b2a31b91974c5]::boxed::Box<dyn core[a373ad73a504971]::ops::function::FnOnce<(), Output = ()> + core[a373ad73a504971]::marker::Send> as core[a373ad73a504971]::ops::function::FnOnce<()>>::call_once
[INFO] [stdout]                                at /rustc/e3feeb59cd1bdd011a2bfcc0747b55125d9b8527/library/alloc/src/boxed.rs:2314:9
[INFO] [stdout]   24:     0x75f8c636ddff - <std[617be2ca0a6fd877]::sys::thread::unix::Thread>::new::thread_start
[INFO] [stdout]                                at /rustc/e3feeb59cd1bdd011a2bfcc0747b55125d9b8527/library/std/src/sys/thread/unix.rs:127:17
[INFO] [stdout]   25:     0x75f8c60cadfa - <unknown>
[INFO] [stdout]   26:     0x75f8c615e3d4 - clone
[INFO] [stdout]   27:                0x0 - <unknown>
[INFO] [stdout] 
[INFO] [stdout] 
[INFO] [stdout] failures:
[INFO] [stdout]     ast::versioned::tests::test_ast_version_sync_with_interpreter
[INFO] [stdout] 
[INFO] [stdout] test result: FAILED. 59 passed; 1 failed; 0 ignored; 0 measured; 0 filtered out; finished in 0.06s
[INFO] [stdout] 
[INFO] [stderr] error: test failed, to rerun pass `--lib`
[INFO] running `Command { std: "docker" "inspect" "f7d1e8a1c1d4c93c9fa623bdd9e2f21ef2d10895916cc791ac0ba5acb6083d7a", kill_on_drop: false }`
[INFO] running `Command { std: "docker" "rm" "-f" "f7d1e8a1c1d4c93c9fa623bdd9e2f21ef2d10895916cc791ac0ba5acb6083d7a", kill_on_drop: false }`
[INFO] [stdout] f7d1e8a1c1d4c93c9fa623bdd9e2f21ef2d10895916cc791ac0ba5acb6083d7a
