[INFO] fetching crate hyperlit-base 0.1.0...
[INFO] testing hyperlit-base-0.1.0 against 1.100.0-beta.1+cargoflags=--release for beta-release-1.100-2
[INFO] extracting crate hyperlit-base 0.1.0 into /workspace/builds/worker-7-tc2/source
[INFO] started tweaking crates.io crate hyperlit-base 0.1.0
[INFO] finished tweaking crates.io crate hyperlit-base 0.1.0
[INFO] tweaked toml for crates.io crate hyperlit-base 0.1.0 written to /workspace/builds/worker-7-tc2/source/Cargo.toml
[INFO] validating manifest of crates.io crate hyperlit-base 0.1.0 on toolchain 1.100.0-beta.1
[INFO] running `Command { std: CARGO_HOME="/workspace/cargo-home" RUSTUP_HOME="/workspace/rustup-home" "/workspace/cargo-home/bin/cargo" "+1.100.0-beta.1" "metadata" "--manifest-path" "Cargo.toml" "--no-deps", kill_on_drop: false }`
[INFO] crate crates.io crate hyperlit-base 0.1.0 already has a lockfile, it will not be regenerated
[INFO] running `Command { std: CARGO_HOME="/workspace/cargo-home" RUSTUP_HOME="/workspace/rustup-home" "/workspace/cargo-home/bin/cargo" "+1.100.0-beta.1" "fetch" "--manifest-path" "Cargo.toml", kill_on_drop: false }`
[INFO] running `Command { std: "docker" "create" "-v" "/var/lib/crater-agent-workspace/builds/worker-7-tc2/source:/opt/rustwide/workdir:ro,Z" "-v" "/var/lib/crater-agent-workspace/builds/worker-7-tc2/target:/opt/rustwide/target:rw,Z" "-v" "/var/lib/crater-agent-workspace/cargo-home:/opt/rustwide/cargo-home:ro,Z" "-v" "/var/lib/crater-agent-workspace/rustup-home:/opt/rustwide/rustup-home:ro,Z" "-m" "1610612736" "--network" "none" "ghcr.io/rust-lang/crates-build-env/linux@sha256:77db811e55d90add9212f6832c23229e3de5f1c1f9905e8cb07319ea15df73ac" "sleep" "infinity", kill_on_drop: false }`
[INFO] [stdout] 7ec96126596730caedba1ffb4bc5d4aa246f90dc749318f07d2363be099094b0
[INFO] running `Command { std: "docker" "start" "7ec96126596730caedba1ffb4bc5d4aa246f90dc749318f07d2363be099094b0", kill_on_drop: false }`
[INFO] running `Command { std: "docker" "inspect" "7ec96126596730caedba1ffb4bc5d4aa246f90dc749318f07d2363be099094b0", kill_on_drop: false }`
[INFO] running `Command { std: "docker" "exec" "-e" "SOURCE_DIR=/opt/rustwide/workdir" "-e" "CARGO_HOME=/opt/rustwide/cargo-home" "-e" "RUSTUP_HOME=/opt/rustwide/rustup-home" "-e" "CARGO_TARGET_DIR=/opt/rustwide/target" "-w" "/opt/rustwide/workdir" "--user" "0:0" "7ec96126596730caedba1ffb4bc5d4aa246f90dc749318f07d2363be099094b0" "/opt/rustwide/cargo-home/bin/cargo" "+1.100.0-beta.1" "metadata" "--no-deps" "--format-version=1", kill_on_drop: false }`
[INFO] running `Command { std: "docker" "inspect" "7ec96126596730caedba1ffb4bc5d4aa246f90dc749318f07d2363be099094b0", kill_on_drop: false }`
[INFO] running `Command { std: "docker" "exec" "-e" "SOURCE_DIR=/opt/rustwide/workdir" "-e" "CARGO_HOME=/opt/rustwide/cargo-home" "-e" "RUSTUP_HOME=/opt/rustwide/rustup-home" "-e" "CARGO_TARGET_DIR=/opt/rustwide/target" "-e" "CARGO_INCREMENTAL=0" "-e" "RUST_BACKTRACE=full" "-e" "RUSTFLAGS=--cap-lints=warn" "-e" "RUSTDOCFLAGS=--cap-lints=warn" "-w" "/opt/rustwide/workdir" "--user" "0:0" "7ec96126596730caedba1ffb4bc5d4aa246f90dc749318f07d2363be099094b0" "/opt/rustwide/cargo-home/bin/cargo" "+1.100.0-beta.1" "build" "--frozen" "--message-format=json" "--release", kill_on_drop: false }`
[INFO] [stderr]    Compiling semver v1.0.26
[INFO] [stderr]    Compiling regex-syntax v0.8.5
[INFO] [stderr]    Compiling regex-syntax v0.6.29
[INFO] [stderr]    Compiling overload v0.1.1
[INFO] [stderr]    Compiling smallvec v1.15.0
[INFO] [stderr]    Compiling arcstr v1.2.0
[INFO] [stderr]    Compiling tracing-core v0.1.33
[INFO] [stderr]    Compiling thread_local v1.1.8
[INFO] [stderr]    Compiling syn v2.0.101
[INFO] [stderr]    Compiling nu-ansi-term v0.46.0
[INFO] [stderr]    Compiling tracing-log v0.2.0
[INFO] [stderr]    Compiling rustc_version v0.4.1
[INFO] [stderr]    Compiling error-stack v0.5.0
[INFO] [stderr]    Compiling regex-automata v0.1.10
[INFO] [stderr]    Compiling regex-automata v0.4.9
[INFO] [stderr]    Compiling matchers v0.1.0
[INFO] [stderr]    Compiling regex v1.11.1
[INFO] [stderr]    Compiling tracing-attributes v0.1.28
[INFO] [stderr]    Compiling tracing v0.1.41
[INFO] [stderr]    Compiling tracing-subscriber v0.3.19
[INFO] [stderr]    Compiling hyperlit-base v0.1.0 (/opt/rustwide/workdir)
[INFO] [stderr]     Finished `release` profile [optimized] target(s) in 28.11s
[INFO] running `Command { std: "docker" "inspect" "7ec96126596730caedba1ffb4bc5d4aa246f90dc749318f07d2363be099094b0", kill_on_drop: false }`
[INFO] running `Command { std: "docker" "exec" "-e" "SOURCE_DIR=/opt/rustwide/workdir" "-e" "CARGO_HOME=/opt/rustwide/cargo-home" "-e" "RUSTUP_HOME=/opt/rustwide/rustup-home" "-e" "CARGO_TARGET_DIR=/opt/rustwide/target" "-e" "CARGO_INCREMENTAL=0" "-e" "RUST_BACKTRACE=full" "-e" "RUSTFLAGS=--cap-lints=warn" "-e" "RUSTDOCFLAGS=--cap-lints=warn" "-w" "/opt/rustwide/workdir" "--user" "0:0" "7ec96126596730caedba1ffb4bc5d4aa246f90dc749318f07d2363be099094b0" "/opt/rustwide/cargo-home/bin/cargo" "+1.100.0-beta.1" "test" "--frozen" "--no-run" "--message-format=json" "--release", kill_on_drop: false }`
[INFO] [stderr]    Compiling hyperlit-base v0.1.0 (/opt/rustwide/workdir)
[INFO] [stdout] warning: unused import: `context`
[INFO] [stdout]   --> src/result.rs:20:23
[INFO] [stdout]    |
[INFO] [stdout] 20 |     use crate::{bail, context};
[INFO] [stdout]    |                       ^^^^^^^
[INFO] [stdout]    |
[INFO] [stdout]    = note: `#[warn(unused_imports)]` (part of `#[warn(unused)]`) on by default
[INFO] [stdout] 
[INFO] [stdout] 
[INFO] [stderr]     Finished `release` profile [optimized] target(s) in 1.07s
[INFO] running `Command { std: "docker" "inspect" "7ec96126596730caedba1ffb4bc5d4aa246f90dc749318f07d2363be099094b0", kill_on_drop: false }`
[INFO] running `Command { std: "docker" "exec" "-e" "SOURCE_DIR=/opt/rustwide/workdir" "-e" "CARGO_HOME=/opt/rustwide/cargo-home" "-e" "RUSTUP_HOME=/opt/rustwide/rustup-home" "-e" "CARGO_TARGET_DIR=/opt/rustwide/target" "-e" "CARGO_INCREMENTAL=0" "-e" "RUST_BACKTRACE=full" "-e" "RUSTFLAGS=--cap-lints=warn" "-e" "RUSTDOCFLAGS=--cap-lints=warn" "-w" "/opt/rustwide/workdir" "--user" "0:0" "7ec96126596730caedba1ffb4bc5d4aa246f90dc749318f07d2363be099094b0" "/opt/rustwide/cargo-home/bin/cargo" "+1.100.0-beta.1" "test" "--frozen" "--release", kill_on_drop: false }`
[INFO] [stderr] warning: unused import: `context`
[INFO] [stderr]   --> src/result.rs:20:23
[INFO] [stderr]    |
[INFO] [stderr] 20 |     use crate::{bail, context};
[INFO] [stderr]    |                       ^^^^^^^
[INFO] [stderr]    |
[INFO] [stderr]    = note: `#[warn(unused_imports)]` (part of `#[warn(unused)]`) on by default
[INFO] [stderr] 
[INFO] [stderr] warning: `hyperlit-base` (lib test) generated 1 warning (run `cargo fix --lib -p hyperlit-base --tests` to apply 1 suggestion)
[INFO] [stderr]     Finished `release` profile [optimized] target(s) in 0.07s
[INFO] [stderr]      Running unittests src/lib.rs (/opt/rustwide/target/release/build/hyperlit-base/c00b989212c8923b/out/hyperlit_base-c00b989212c8923b)
[INFO] [stdout] 
[INFO] [stdout] running 3 tests
[INFO] [stderr] error: test failed, to rerun pass `--lib`
[INFO] [stdout] test result::tests::test_context_macro_ok ... ok
[INFO] [stdout] test result::tests::test_context_macro_err ... FAILED
[INFO] [stdout] test result::tests::test_context_macro_err2 ... ok
[INFO] [stdout] 
[INFO] [stdout] failures:
[INFO] [stdout] 
[INFO] [stdout] ---- result::tests::test_context_macro_err stdout ----
[INFO] [stdout] 
[INFO] [stdout] thread 'result::tests::test_context_macro_err' (596) panicked at src/result.rs:48:9:
[INFO] [stdout] assertion failed: format!("{:?}", result).contains("my_broken_function")
[INFO] [stdout] stack backtrace:
[INFO] [stdout]    0: __rustc::rust_begin_unwind
[INFO] [stdout]    1: core::panicking::panic_fmt
[INFO] [stdout]    2: core::panicking::panic
[INFO] [stdout]    3: <hyperlit_base::result::tests::test_context_macro_err::{closure#0} as core::ops::function::FnOnce<()>>::call_once
[INFO] [stdout] note: Some details are omitted, run with `RUST_BACKTRACE=full` for a verbose backtrace.
[INFO] [stdout] 
[INFO] [stdout] 
[INFO] [stdout] failures:
[INFO] [stdout]     result::tests::test_context_macro_err
[INFO] [stdout] 
[INFO] [stdout] test result: FAILED. 2 passed; 1 failed; 0 ignored; 0 measured; 0 filtered out; finished in 0.00s
[INFO] [stdout] 
[INFO] running `Command { std: "docker" "inspect" "7ec96126596730caedba1ffb4bc5d4aa246f90dc749318f07d2363be099094b0", kill_on_drop: false }`
[INFO] running `Command { std: "docker" "rm" "-f" "7ec96126596730caedba1ffb4bc5d4aa246f90dc749318f07d2363be099094b0", kill_on_drop: false }`
[INFO] [stdout] 7ec96126596730caedba1ffb4bc5d4aa246f90dc749318f07d2363be099094b0
