[INFO] fetching crate hyperlight-unikraft 0.17.0...
[INFO] testing hyperlight-unikraft-0.17.0 against 1.99.0-beta.8+cargoflags=--release for beta-release-1.100-2
[INFO] extracting crate hyperlight-unikraft 0.17.0 into /workspace/builds/worker-3-tc1/source
[INFO] removed /workspace/builds/worker-3-tc1/source/.cargo/config.toml
[INFO] removed /workspace/builds/worker-3-tc1/source/rust-toolchain.toml
[INFO] started tweaking crates.io crate hyperlight-unikraft 0.17.0
[INFO] removed 0 missing examples
[INFO] removed 0 missing tests
[INFO] finished tweaking crates.io crate hyperlight-unikraft 0.17.0
[INFO] tweaked toml for crates.io crate hyperlight-unikraft 0.17.0 written to /workspace/builds/worker-3-tc1/source/Cargo.toml
[INFO] validating manifest of crates.io crate hyperlight-unikraft 0.17.0 on toolchain 1.99.0-beta.8
[INFO] running `Command { std: CARGO_HOME="/workspace/cargo-home" RUSTUP_HOME="/workspace/rustup-home" "/workspace/cargo-home/bin/cargo" "+1.99.0-beta.8" "metadata" "--manifest-path" "Cargo.toml" "--no-deps", kill_on_drop: false }`
[INFO] crate crates.io crate hyperlight-unikraft 0.17.0 already has a lockfile, it will not be regenerated
[INFO] running `Command { std: CARGO_HOME="/workspace/cargo-home" RUSTUP_HOME="/workspace/rustup-home" "/workspace/cargo-home/bin/cargo" "+1.99.0-beta.8" "fetch" "--manifest-path" "Cargo.toml", kill_on_drop: false }`
[INFO] [stderr]     Updating crates.io index
[INFO] [stderr]  Downloading crates ...
[INFO] [stderr]   Downloaded oci-spec v0.10.0
[INFO] [stderr]   Downloaded mshv-ioctls v0.6.9
[INFO] [stderr]   Downloaded scroll_derive v0.13.1
[INFO] [stderr]   Downloaded scroll v0.13.0
[INFO] [stderr]   Downloaded io-lifetimes v3.0.1
[INFO] [stderr]   Downloaded spin v0.12.3
[INFO] [stderr]   Downloaded io-extras v0.19.0
[INFO] [stderr]   Downloaded cap-std v4.0.3
[INFO] [stderr]   Downloaded kvm-ioctls v0.25.0
[INFO] [stderr]   Downloaded vmm-sys-util v0.15.0
[INFO] [stderr]   Downloaded cap-primitives v4.0.3
[INFO] [stderr]   Downloaded kvm-bindings v0.14.1
[INFO] [stderr]   Downloaded mshv-bindings v0.6.9
[INFO] [stderr]   Downloaded hyperlight-common v0.17.0
[INFO] [stderr]   Downloaded goblin v0.10.7
[INFO] [stderr]   Downloaded hyperlight-host v0.17.0
[INFO] running `Command { std: "docker" "create" "-v" "/var/lib/crater-agent-workspace/builds/worker-3-tc1/source:/opt/rustwide/workdir:ro,Z" "-v" "/var/lib/crater-agent-workspace/builds/worker-3-tc1/target:/opt/rustwide/target:rw,Z" "-v" "/var/lib/crater-agent-workspace/cargo-home:/opt/rustwide/cargo-home:ro,Z" "-v" "/var/lib/crater-agent-workspace/rustup-home:/opt/rustwide/rustup-home:ro,Z" "-m" "1610612736" "--network" "none" "ghcr.io/rust-lang/crates-build-env/linux@sha256:77db811e55d90add9212f6832c23229e3de5f1c1f9905e8cb07319ea15df73ac" "sleep" "infinity", kill_on_drop: false }`
[INFO] [stdout] 483bcb6317a8e21ddd18e6383e8f0a3e42d1ee85b2bcc2079c17e03771e9fe24
[INFO] running `Command { std: "docker" "start" "483bcb6317a8e21ddd18e6383e8f0a3e42d1ee85b2bcc2079c17e03771e9fe24", kill_on_drop: false }`
[INFO] running `Command { std: "docker" "inspect" "483bcb6317a8e21ddd18e6383e8f0a3e42d1ee85b2bcc2079c17e03771e9fe24", kill_on_drop: false }`
[INFO] running `Command { std: "docker" "exec" "-e" "SOURCE_DIR=/opt/rustwide/workdir" "-e" "CARGO_HOME=/opt/rustwide/cargo-home" "-e" "RUSTUP_HOME=/opt/rustwide/rustup-home" "-e" "CARGO_TARGET_DIR=/opt/rustwide/target" "-w" "/opt/rustwide/workdir" "--user" "0:0" "483bcb6317a8e21ddd18e6383e8f0a3e42d1ee85b2bcc2079c17e03771e9fe24" "/opt/rustwide/cargo-home/bin/cargo" "+1.99.0-beta.8" "metadata" "--no-deps" "--format-version=1", kill_on_drop: false }`
[INFO] running `Command { std: "docker" "inspect" "483bcb6317a8e21ddd18e6383e8f0a3e42d1ee85b2bcc2079c17e03771e9fe24", kill_on_drop: false }`
[INFO] running `Command { std: "docker" "exec" "-e" "SOURCE_DIR=/opt/rustwide/workdir" "-e" "CARGO_HOME=/opt/rustwide/cargo-home" "-e" "RUSTUP_HOME=/opt/rustwide/rustup-home" "-e" "CARGO_TARGET_DIR=/opt/rustwide/target" "-e" "CARGO_INCREMENTAL=0" "-e" "RUST_BACKTRACE=full" "-e" "RUSTFLAGS=--cap-lints=warn" "-e" "RUSTDOCFLAGS=--cap-lints=warn" "-w" "/opt/rustwide/workdir" "--user" "0:0" "483bcb6317a8e21ddd18e6383e8f0a3e42d1ee85b2bcc2079c17e03771e9fe24" "/opt/rustwide/cargo-home/bin/cargo" "+1.99.0-beta.8" "build" "--frozen" "--message-format=json" "--release", kill_on_drop: false }`
[INFO] [stderr]    Compiling rustix v1.1.4
[INFO] [stderr]    Compiling vcpkg v0.2.15
[INFO] [stderr]    Compiling log v0.4.33
[INFO] [stderr]    Compiling linux-raw-sys v0.12.1
[INFO] [stderr]    Compiling cc v1.4.3
[INFO] [stderr]    Compiling syn v3.0.3
[INFO] [stderr]    Compiling darling_core v0.20.11
[INFO] [stderr]    Compiling clang-sys v1.9.1
[INFO] [stderr]    Compiling prettyplease v0.2.37
[INFO] [stderr]    Compiling hybrid-array v0.4.14
[INFO] [stderr]    Compiling num-traits v0.2.19
[INFO] [stderr]    Compiling regex-syntax v0.8.11
[INFO] [stderr]    Compiling minimal-lexical v0.2.1
[INFO] [stderr]    Compiling bitflags v2.13.1
[INFO] [stderr]    Compiling nom v7.1.3
[INFO] [stderr]    Compiling regex-automata v0.4.18
[INFO] [stderr]    Compiling libz-sys v1.1.29
[INFO] [stderr]    Compiling libgit2-sys v0.18.7+1.9.6
[INFO] [stderr]    Compiling ring v0.17.14
[INFO] [stderr]    Compiling libloading v0.8.9
[INFO] [stderr]    Compiling iana-time-zone v0.1.65
[INFO] [stderr]    Compiling io-lifetimes v2.0.4
[INFO] [stderr]    Compiling darling_macro v0.20.11
[INFO] [stderr]    Compiling either v1.18.0
[INFO] [stderr]    Compiling darling v0.20.11
[INFO] [stderr]    Compiling bindgen v0.72.1
[INFO] [stderr]    Compiling io-lifetimes v3.0.1
[INFO] [stderr]    Compiling itertools v0.13.0
[INFO] [stderr]    Compiling derive_builder_core v0.20.2
[INFO] [stderr]    Compiling thiserror-impl v2.0.20
[INFO] [stderr]    Compiling regex v1.13.1
[INFO] [stderr]    Compiling chrono v0.4.45
[INFO] [stderr]    Compiling cexpr v0.6.0
[INFO] [stderr]    Compiling flatbuffers v25.12.19
[INFO] [stderr]    Compiling block-buffer v0.12.1
[INFO] [stderr]    Compiling crypto-common v0.2.2
[INFO] [stderr]    Compiling httparse v1.10.1
[INFO] [stderr]    Compiling rustc-hash v2.1.3
[INFO] [stderr]    Compiling konst_macro_rules v0.2.19
[INFO] [stderr]    Compiling io-extras v0.19.0
[INFO] [stderr]    Compiling shlex v1.3.0
[INFO] [stderr]    Compiling vmm-sys-util v0.15.0
[INFO] [stderr]    Compiling const_format_proc_macros v0.2.34
[INFO] [stderr]    Compiling tracing v0.1.44
[INFO] [stderr]    Compiling konst v0.2.20
[INFO] [stderr]    Compiling digest v0.11.3
[INFO] [stderr]    Compiling thiserror v2.0.20
[INFO] [stderr]    Compiling derive_builder_macro v0.20.2
[INFO] [stderr]    Compiling bytemuck_derive v1.12.0
[INFO] [stderr]    Compiling serde_derive v1.0.229
[INFO] [stderr]    Compiling blake3 v1.8.6
[INFO] [stderr]    Compiling scroll_derive v0.13.1
[INFO] [stderr]    Compiling cpufeatures v0.3.0
[INFO] [stderr]    Compiling rustls v0.23.45
[INFO] [stderr]    Compiling kvm-ioctls v0.25.0
[INFO] [stderr]    Compiling cap-primitives v4.0.3
[INFO] [stderr]    Compiling const-oid v0.10.2
[INFO] [stderr]    Compiling cfg_aliases v0.2.2
[INFO] [stderr]    Compiling sha2 v0.11.0
[INFO] [stderr]    Compiling scroll v0.13.0
[INFO] [stderr]    Compiling rapidhash v4.5.1
[INFO] [stderr]    Compiling bytemuck v1.25.2
[INFO] [stderr]    Compiling derive_builder v0.20.2
[INFO] [stderr]    Compiling fs-set-times v0.20.3
[INFO] [stderr]    Compiling serde v1.0.229
[INFO] [stderr]    Compiling const_format v0.2.36
[INFO] [stderr]    Compiling crossbeam-utils v0.8.22
[INFO] [stderr]    Compiling kvm-bindings v0.14.1
[INFO] [stderr]    Compiling rustix-linux-procfs v0.1.1
[INFO] [stderr]    Compiling spin v0.12.3
[INFO] [stderr]    Compiling http v1.5.0
[INFO] [stderr]    Compiling chacha20 v0.10.1
[INFO] [stderr]    Compiling strum_macros v0.27.2
[INFO] [stderr]    Compiling getset v0.1.7
[INFO] [stderr]    Compiling ambient-authority v0.0.2
[INFO] [stderr]    Compiling cap-std v4.0.3
[INFO] [stderr]    Compiling strum v0.27.2
[INFO] [stderr]    Compiling fixedbitset v0.5.7
[INFO] [stderr]    Compiling arrayref v0.3.9
[INFO] [stderr]    Compiling maybe-owned v0.3.4
[INFO] [stderr]    Compiling base64 v0.23.1
[INFO] [stderr]    Compiling plain v0.2.3
[INFO] [stderr]    Compiling ipnet v2.12.1
[INFO] [stderr]    Compiling toml_parser v1.1.3+spec-1.1.0
[INFO] [stderr]    Compiling goblin v0.10.7
[INFO] [stderr]    Compiling oci-spec v0.10.0
[INFO] [stderr]    Compiling ureq-proto v0.6.4
[INFO] [stderr]    Compiling hyperlight-common v0.17.0
[INFO] [stderr]    Compiling rustls-webpki v0.103.15
[INFO] [stderr]    Compiling sharded-slab v0.1.7
[INFO] [stderr]    Compiling clap_builder v4.6.6
[INFO] [stderr]    Compiling tempfile v3.27.0
[INFO] [stderr]    Compiling rand v0.10.2
[INFO] [stderr]    Compiling crossbeam-channel v0.5.16
[INFO] [stderr]    Compiling hyperlight-unikraft v0.17.0 (/opt/rustwide/workdir)
[INFO] [stderr]    Compiling metrics v0.24.6
[INFO] [stderr]    Compiling crc32fast v1.5.2
[INFO] [stderr]    Compiling xattr v1.6.1
[INFO] [stderr]    Compiling uuid v1.24.1
[INFO] [stderr]    Compiling matchers v0.2.0
[INFO] [stderr]    Compiling clap_derive v4.6.4
[INFO] [stderr]    Compiling webpki-roots v1.0.9
[INFO] [stderr]    Compiling tracing-log v0.2.0
[INFO] [stderr]    Compiling toml_datetime v1.1.1+spec-1.1.0
[INFO] [stderr]    Compiling serde_spanned v1.1.1
[INFO] [stderr]    Compiling filetime v0.2.29
[INFO] [stderr]    Compiling utf8-zero v0.8.1
[INFO] [stderr]    Compiling nu-ansi-term v0.50.3
[INFO] [stderr]    Compiling toml_writer v1.1.2+spec-1.1.0
[INFO] [stderr]    Compiling toml v1.1.6+spec-1.1.0
[INFO] [stderr]    Compiling tracing-subscriber v0.3.23
[INFO] [stderr]    Compiling tar v0.4.46
[INFO] [stderr]    Compiling clap v4.6.6
[INFO] [stderr]    Compiling ureq v3.4.2
[INFO] [stderr]    Compiling flate2 v1.1.10
[INFO] [stderr]    Compiling git2 v0.21.0
[INFO] [stderr]    Compiling built v0.8.1
[INFO] [stderr]    Compiling hyperlight-host v0.17.0
[INFO] [stderr]     Finished `release` profile [optimized] target(s) in 5m 03s
[INFO] running `Command { std: "docker" "inspect" "483bcb6317a8e21ddd18e6383e8f0a3e42d1ee85b2bcc2079c17e03771e9fe24", kill_on_drop: false }`
[INFO] running `Command { std: "docker" "exec" "-e" "SOURCE_DIR=/opt/rustwide/workdir" "-e" "CARGO_HOME=/opt/rustwide/cargo-home" "-e" "RUSTUP_HOME=/opt/rustwide/rustup-home" "-e" "CARGO_TARGET_DIR=/opt/rustwide/target" "-e" "CARGO_INCREMENTAL=0" "-e" "RUST_BACKTRACE=full" "-e" "RUSTFLAGS=--cap-lints=warn" "-e" "RUSTDOCFLAGS=--cap-lints=warn" "-w" "/opt/rustwide/workdir" "--user" "0:0" "483bcb6317a8e21ddd18e6383e8f0a3e42d1ee85b2bcc2079c17e03771e9fe24" "/opt/rustwide/cargo-home/bin/cargo" "+1.99.0-beta.8" "test" "--frozen" "--no-run" "--message-format=json" "--release", kill_on_drop: false }`
[INFO] [stderr]    Compiling hyperlight-unikraft v0.17.0 (/opt/rustwide/workdir)
[INFO] [stderr]     Finished `release` profile [optimized] target(s) in 1m 54s
[INFO] running `Command { std: "docker" "inspect" "483bcb6317a8e21ddd18e6383e8f0a3e42d1ee85b2bcc2079c17e03771e9fe24", kill_on_drop: false }`
[INFO] running `Command { std: "docker" "exec" "-e" "SOURCE_DIR=/opt/rustwide/workdir" "-e" "CARGO_HOME=/opt/rustwide/cargo-home" "-e" "RUSTUP_HOME=/opt/rustwide/rustup-home" "-e" "CARGO_TARGET_DIR=/opt/rustwide/target" "-e" "CARGO_INCREMENTAL=0" "-e" "RUST_BACKTRACE=full" "-e" "RUSTFLAGS=--cap-lints=warn" "-e" "RUSTDOCFLAGS=--cap-lints=warn" "-w" "/opt/rustwide/workdir" "--user" "0:0" "483bcb6317a8e21ddd18e6383e8f0a3e42d1ee85b2bcc2079c17e03771e9fe24" "/opt/rustwide/cargo-home/bin/cargo" "+1.99.0-beta.8" "test" "--frozen" "--release", kill_on_drop: false }`
[INFO] [stderr]     Finished `release` profile [optimized] target(s) in 0.30s
[INFO] [stderr]      Running unittests src/lib.rs (/opt/rustwide/target/release/deps/hyperlight_unikraft-1b91fd593966fc94)
[INFO] [stdout] 
[INFO] [stdout] running 75 tests
[INFO] [stdout] test errno::tests::rustix_errno_maps_to_linux_values ... ok
[INFO] [stdout] test errno::tests::linux_raw_errno_passes_through ... ok
[INFO] [stdout] test hostnet::tests::ipv6_loopback_socket ... ok
[INFO] [stdout] test hostnet::tests::disconnect_resets_datagram_association ... ok
[INFO] [stdout] test hostnet::tests::fresh_socket_is_not_readable ... ok
[INFO] [stdout] test hostnet::tests::datagram_rebind_keeps_bound_port ... ok
[INFO] [stdout] test errno::tests::kind_fallback_covers_common_cases ... ok
[INFO] [stdout] test hostnet::tests::connection_refused_is_linux_errno ... ok
[INFO] [stdout] test hostnet::tests::listen_ports_gate_bind ... ok
[INFO] [stdout] test hostnet::tests::udp_loopback_sendto_recvfrom ... ok
[INFO] [stdout] test hostnet::tests::policy_denies_connect_and_sendto ... ok
[INFO] [stdout] test hostnet::tests::large_transfer_never_blocks ... ok
[INFO] [stdout] test hostnet::tests::poll_listener_for_pollout ... ok
[INFO] [stdout] test hostnet::tests::tcp_loopback_round_trip ... ok
[INFO] [stdout] test hostnet::tests::unknown_fd_is_ebadf_and_pollnval ... ok
[INFO] [stdout] test net_policy::tests::allowlist_blocks_unlisted_ip ... ok
[INFO] [stdout] test net_policy::tests::allowall_permits_loopback ... ok
[INFO] [stdout] test net_policy::tests::allowlist_blocks_loopback ... ok
[INFO] [stdout] test hostnet::tests::wire_addr_packing ... ok
[INFO] [stdout] test net_policy::tests::allowall_blocks_link_local ... ok
[INFO] [stdout] test net_policy::tests::allowall_permits_normal_address ... ok
[INFO] [stdout] test net_policy::tests::allowall_permits_ipv6_loopback ... ok
[INFO] [stdout] test net_policy::tests::blocklist_blocks_listed_ip ... ok
[INFO] [stdout] test net_policy::tests::blocklist_blocks_loopback ... ok
[INFO] [stdout] test net_policy::tests::allowlist_exempts_dns_on_port_53 ... ok
[INFO] [stdout] test net_policy::tests::allowlist_learns_ip ... ok
[INFO] [stdout] test net_policy::tests::allowlist_exempts_the_guest_resolver_on_port_53 ... ok
[INFO] [stdout] test net_policy::tests::allowlist_permits_listed_ip ... ok
[INFO] [stdout] test net_policy::tests::dns_exemption_is_udp_only ... ok
[INFO] [stdout] test net_policy::tests::allowlist_records_addresses_from_answers ... ok
[INFO] [stdout] test net_policy::tests::allowlist_permits_questions_for_listed_names_only ... ok
[INFO] [stdout] test net_policy::tests::blocklist_refuses_when_a_lookup_fails ... ok
[INFO] [stdout] test net_policy::tests::blocklist_permits_unlisted_ip ... ok
[INFO] [stdout] test net_policy::tests::dns_question_names_reads_every_question ... ok
[INFO] [stdout] test net_policy::tests::blocklist_refuses_questions_for_blocked_names ... ok
[INFO] [stdout] test net_policy::tests::learn_ip_cap ... ok
[INFO] [stdout] test net_policy::tests::listen_ports_blocks_unlisted_port ... ok
[INFO] [stdout] test net_policy::tests::ipv4_mapped_ipv6_is_checked_as_ipv4 ... ok
[INFO] [stdout] test net_policy::tests::listen_ports_all_permits_every_port ... ok
[INFO] [stdout] test net_policy::tests::listen_ports_permits_listed_port ... ok
[INFO] [stdout] test net_policy::tests::blocklist_blocks_what_a_name_resolves_to_now ... ok
[INFO] [stdout] test net_policy::tests::metadata_addresses_are_refused_under_every_policy ... ok
[INFO] [stdout] test net_policy::tests::listen_ports_range_is_inclusive ... ok
[INFO] [stdout] test profile::tests::off_records_nothing ... ok
[INFO] [stdout] test profile::tests::reset_starts_over ... ok
[INFO] [stdout] test net_policy::tests::unresolvable_host_is_refused_up_front ... ok
[INFO] [stdout] test profile::tests::an_entry_splits_guest_and_host_time_and_counts_its_exits ... ok
[INFO] [stdout] test profile::tests::the_report_lists_entries_first_then_the_rest_by_total ... ok
[INFO] [stdout] test tests::default_scratch_follows_the_driver_in_the_initrd ... ok
[INFO] [stdout] test tests::a_snapshot_with_another_key_names_the_release_that_saved_it ... ok
[INFO] [stdout] test tests::find_cpio_entry_detects_drivers ... ok
[INFO] [stdout] test tests::a_snapshot_with_this_key_loads_whatever_release_saved_it ... ok
[INFO] [stdout] test tests::flatbuffer_generic_encoder_roundtrip_ulong ... ok
[INFO] [stdout] test tests::flatbuffer_generic_encoder_roundtrip_write ... ok
[INFO] [stdout] test tests::find_cpio_entry_skips_non_drivers ... ok
[INFO] [stdout] test tests::find_cpio_entry_skips_data_to_find_driver ... ok
[INFO] [stdout] test scratch_tests::every_driver_maps_to_a_tested_size ... ok
[INFO] [stdout] test tests::c_encoder_ulong_alignment_check ... ok
[INFO] [stdout] test tests::fstab_entries_are_the_arg_without_the_brackets ... ok
[INFO] [stdout] test scratch_tests::an_unreadable_initrd_gets_the_flat_default ... ok
[INFO] [stdout] test tests::flatbuffer_generic_encoder_roundtrip ... ok
[INFO] [stdout] test tests::fstab_multiple_mixed_mounts ... ok
[INFO] [stdout] test tests::mount_rw_host_first ... ok
[INFO] [stdout] test tests::fstab_no_mounts_is_empty ... ok
[INFO] [stdout] test tests::runtime_marker_overrides_driver_detection ... ok
[INFO] [stdout] test tests::single_request_is_added_as_a_token_on_the_options_line ... ok
[INFO] [stdout] test tests::snapshot_tag_is_the_release_and_the_key ... ok
[INFO] [stdout] test tests::fstab_rejects_a_path_the_kernel_would_misparse ... ok
[INFO] [stdout] test tests::fstab_single_rw_mount ... ok
[INFO] [stdout] test tests::mount_ro_host_first ... ok
[INFO] [stdout] test tests::paging_budget_is_75_percent ... ok
[INFO] [stdout] test tests::snapshot_tag_key_reads_only_a_keyed_tag ... ok
[INFO] [stdout] test tests::resolve_entry_prefers_explicit ... ok
[INFO] [stdout] test tests::fstab_entries_stop_at_what_the_kernel_takes ... ok
[INFO] [stdout] test hostnet::tests::unsupported_family_type_and_protocol ... ok
[INFO] [stdout] 
[INFO] [stdout] test result: ok. 75 passed; 0 failed; 0 ignored; 0 measured; 0 filtered out; finished in 0.03s
[INFO] [stdout] 
[INFO] [stderr]      Running unittests src/main.rs (/opt/rustwide/target/release/deps/hluk-90b8daf717e65c06)
[INFO] [stdout] 
[INFO] [stdout] running 64 tests
[INFO] [stdout] test cli::cpio::tests::adds_etc_when_the_image_has_none ... ok
[INFO] [stdout] test cli::github::tests::parses_the_short_form ... ok
[INFO] [stdout] test cli::manifest::tests::every_template_manifest_validates ... ok
[INFO] [stdout] test cli::manifest::tests::memory_is_explicit_else_the_images_tested_size_else_the_libraries ... ok
[INFO] [stdout] test cli::cpio::tests::normalizes_names ... ok
[INFO] [stdout] test cli::github::tests::extracts_only_the_template_directory ... ok
[INFO] [stdout] test cli::github::tests::leaves_other_specs_alone_and_refuses_bad_ones ... ok
[INFO] [stdout] test cli::github::tests::parses_a_browser_url ... ok
[INFO] [stdout] test cli::github::tests::a_missing_directory_or_binary_file_is_an_error ... ok
[INFO] [stdout] test cli::manifest::tests::rejects_the_inconsistent ... ok
[INFO] [stdout] test cli::manifest::tests::relative_paths_resolve_against_the_manifest_dir ... ok
[INFO] [stdout] test cli::registry::tests::image_names_follow_the_release ... ok
[INFO] [stdout] test cli::registry::tests::parses_references ... ok
[INFO] [stdout] test cli::cpio::tests::lays_out_like_find_cpio ... ok
[INFO] [stdout] test cli::manifest::tests::net_table_builds_a_policy_and_ports ... ok
[INFO] [stdout] test cli::registry::tests::rejects_references_without_a_host ... ok
[INFO] [stdout] test cli::manifest::tests::minimal_manifest_parses_with_defaults ... ok
[INFO] [stdout] test cli::registry::tests::rejects_references_that_are_not_plain_names ... ok
[INFO] [stdout] test cli::registry::tests::a_runtime_spec_is_a_name_or_a_reference ... ok
[INFO] [stdout] test cli::registry::tests::extracts_the_initrd_from_a_layer ... ok
[INFO] [stdout] test cli::rootfs::tests::a_stamp_describes_itself ... ok
[INFO] [stdout] test cli::registry::tests::parses_a_bearer_challenge ... ok
[INFO] [stdout] test cli::rootfs::tests::cache_dir_honours_the_override ... ok
[INFO] [stdout] test cli::template::tests::a_built_in_name_wins_over_a_directory ... ok
[INFO] [stdout] test cli::template::tests::a_directory_is_a_template ... ok
[INFO] [stdout] test cli::template::tests::every_template_has_metadata_and_a_manifest ... ok
[INFO] [stdout] test cli::template::tests::a_template_must_describe_itself_and_name_a_published_runtime ... ok
[INFO] [stdout] test cli::template::tests::relative_paths_stay_inside_the_template ... ok
[INFO] [stdout] test cli::template::tests::rendering_fills_every_placeholder ... ok
[INFO] [stdout] test cli::template::tests::files_are_bounded ... ok
[INFO] [stdout] test cli::template::tests::templates_are_ordered_by_tier ... ok
[INFO] [stdout] test cli::template::tests::find_is_by_directory_name ... ok
[INFO] [stdout] test cli::template::tests::substitute_leaves_other_braces_alone ... ok
[INFO] [stdout] test cli::template::tests::the_executable_bit_is_kept ... ok
[INFO] [stdout] test cli::template::tests::tmpl_suffix_is_stripped ... ok
[INFO] [stdout] test cli::tests::names_are_checked ... ok
[INFO] [stdout] test cli::tests::gitignore_is_merged_not_replaced ... ok
[INFO] [stdout] test cli::tests::a_fixed_address_binary_is_refused_and_a_pie_is_not ... ok
[INFO] [stdout] test cli::tests::a_guest_path_maps_to_its_host_file_through_the_mounts ... ok
[INFO] [stdout] test cli::tests::template_paths_become_native ... ok
[INFO] [stdout] test tests::net_policy_bare_net_is_allow_all ... ok
[INFO] [stdout] test cli::tests::stamp_changes_with_the_rootfs_and_settings ... ok
[INFO] [stdout] test tests::net_policy_port_all_and_ranges ... ok
[INFO] [stdout] test tests::net_policy_port_with_allow_list_sets_listen ... FAILED
[INFO] [stdout] test tests::net_policy_none_by_default ... ok
[INFO] [stdout] test cli::tests::the_suggested_name_is_a_valid_one ... ok
[INFO] [stdout] test tests::net_policy_port_with_net_sets_listen ... ok
[INFO] [stdout] test tests::net_policy_port_without_net_is_rejected ... ok
[INFO] [stdout] test tests::parse_envs_basic ... ok
[INFO] [stdout] test cli::tests::an_unknown_runtime_name_is_refused_before_the_network ... ok
[INFO] [stdout] test tests::parse_envs_rejects_an_entry_without_equals ... ok
[INFO] [stdout] test tests::parse_envs_value_with_equals ... ok
[INFO] [stdout] test tests::parse_mounts_rejects_an_entry_without_colon ... ok
[INFO] [stdout] test cli::tests::build_command_program_skips_assignments ... ok
[INFO] [stdout] test tests::parse_multiple_mounts ... ok
[INFO] [stdout] test tests::parse_unix_ro_mount ... ok
[INFO] [stdout] test tests::parse_unix_rw_mount ... ok
[INFO] [stdout] test tests::parse_relative_path ... ok
[INFO] [stdout] test tests::parse_windows_drive_ro ... ok
[INFO] [stdout] test tests::port_spec_parses_port_range_and_all ... ok
[INFO] [stdout] test cli::cpio::tests::the_library_finds_the_driver_in_the_result ... FAILED
[INFO] [stdout] test tests::parse_envs_empty_value ... ok
[INFO] [stdout] test tests::parse_envs_empty_input ... ok
[INFO] [stdout] test tests::parse_windows_drive_rw ... ok
[INFO] [stdout] 
[INFO] [stdout] failures:
[INFO] [stdout] 
[INFO] [stdout] ---- tests::net_policy_port_with_allow_list_sets_listen stdout ----
[INFO] [stdout] 
[INFO] [stdout] thread 'tests::net_policy_port_with_allow_list_sets_listen' (4218) panicked at src/main.rs:1219:91:
[INFO] [stdout] called `Result::unwrap()` on an `Err` value: "cannot resolve \"example.com\": failed to lookup address information: Temporary failure in name resolution"
[INFO] [stdout] stack backtrace:
[INFO] [stdout]    0:     0x6253bdf711c1 - <<std[70759c8f55707aa4]::sys::backtrace::BacktraceLock>::print::DisplayBacktrace as core[df12db4294e9bfd3]::fmt::Display>::fmt
[INFO] [stdout]    1:     0x6253bdf8b62a - core[df12db4294e9bfd3]::fmt::write
[INFO] [stdout]    2:     0x6253bdf76ecc - <alloc[2182bb758b4b3781]::vec::Vec<u8> as core[df12db4294e9bfd3]::io::write::Write>::write_fmt
[INFO] [stdout]    3:     0x6253bdf485b6 - std[70759c8f55707aa4]::panicking::default_hook::{closure#0}
[INFO] [stdout]    4:     0x6253bdf674a9 - std[70759c8f55707aa4]::panicking::default_hook
[INFO] [stdout]    5:     0x6253bdccefc0 - test[9d35eded1c95d3be]::test_main_inner::<test[9d35eded1c95d3be]::test_main_static::{closure#0}>::{closure#0}
[INFO] [stdout]    6:     0x6253bdf67662 - std[70759c8f55707aa4]::panicking::panic_with_hook
[INFO] [stdout]    7:     0x6253bdf48662 - std[70759c8f55707aa4]::panicking::panic_handler::{closure#0}
[INFO] [stdout]    8:     0x6253bdf40819 - std[70759c8f55707aa4]::sys::backtrace::__rust_end_short_backtrace::<std[70759c8f55707aa4]::panicking::panic_handler::{closure#0}, !>
[INFO] [stdout]    9:     0x6253bdf498bd - __rustc[8fa7c3cbc660c2b3]::rust_begin_unwind
[INFO] [stdout]   10:     0x6253bdf8bdcc - core[df12db4294e9bfd3]::panicking::panic_fmt
[INFO] [stdout]   11:     0x6253bdf8bba2 - core[df12db4294e9bfd3]::result::unwrap_failed
[INFO] [stdout]   12:     0x6253bdc68ede - hluk[cc486135e9183bf8]::tests::net_policy_port_with_allow_list_sets_listen
[INFO] [stdout]   13:     0x6253bdc77819 - <hluk[cc486135e9183bf8]::tests::net_policy_port_with_allow_list_sets_listen::{closure#0} as core[df12db4294e9bfd3]::ops::function::FnOnce<()>>::call_once
[INFO] [stdout]   14:     0x6253bdcc22ab - test[9d35eded1c95d3be]::__rust_begin_short_backtrace::<core[df12db4294e9bfd3]::result::Result<(), alloc[2182bb758b4b3781]::string::String>, fn() -> core[df12db4294e9bfd3]::result::Result<(), alloc[2182bb758b4b3781]::string::String>>
[INFO] [stdout]   15:     0x6253bdccf915 - test[9d35eded1c95d3be]::run_test::{closure#0}
[INFO] [stdout]   16:     0x6253bdcc91d4 - std[70759c8f55707aa4]::sys::backtrace::__rust_begin_short_backtrace::<test[9d35eded1c95d3be]::run_test::{closure#1}, ()>
[INFO] [stdout]   17:     0x6253bdcd2a72 - <std[70759c8f55707aa4]::thread::lifecycle::spawn_unchecked<test[9d35eded1c95d3be]::run_test::{closure#1}, ()>::{closure#1} as core[df12db4294e9bfd3]::ops::function::FnOnce<()>>::call_once::{shim:vtable#0}
[INFO] [stdout]   18:     0x6253bdf6fb19 - <std[70759c8f55707aa4]::sys::thread::unix::Thread>::new::thread_start
[INFO] [stdout]   19:     0x7740ac87edfa - <unknown>
[INFO] [stdout]   20:     0x7740ac9123d4 - clone
[INFO] [stdout]   21:                0x0 - <unknown>
[INFO] [stdout] 
[INFO] [stdout] ---- cli::cpio::tests::the_library_finds_the_driver_in_the_result stdout ----
[INFO] [stdout] 
[INFO] [stdout] thread 'cli::cpio::tests::the_library_finds_the_driver_in_the_result' (4173) panicked at src/cli/cpio.rs:452:14:
[INFO] [stdout] called `Result::unwrap()` on an `Err` value: Hyperlight(HyperlightVmError(Create(NoHypervisorFound)))
[INFO] [stdout] stack backtrace:
[INFO] [stdout]    0:     0x6253bdf711c1 - <<std[70759c8f55707aa4]::sys::backtrace::BacktraceLock>::print::DisplayBacktrace as core[df12db4294e9bfd3]::fmt::Display>::fmt
[INFO] [stdout]    1:     0x6253bdf8b62a - core[df12db4294e9bfd3]::fmt::write
[INFO] [stdout]    2:     0x6253bdf76ecc - <alloc[2182bb758b4b3781]::vec::Vec<u8> as core[df12db4294e9bfd3]::io::write::Write>::write_fmt
[INFO] [stdout]    3:     0x6253bdf485b6 - std[70759c8f55707aa4]::panicking::default_hook::{closure#0}
[INFO] [stdout]    4:     0x6253bdf674a9 - std[70759c8f55707aa4]::panicking::default_hook
[INFO] [stdout]    5:     0x6253bdccefc0 - test[9d35eded1c95d3be]::test_main_inner::<test[9d35eded1c95d3be]::test_main_static::{closure#0}>::{closure#0}
[INFO] [stdout]    6:     0x6253bdf67662 - std[70759c8f55707aa4]::panicking::panic_with_hook
[INFO] [stdout]    7:     0x6253bdf48662 - std[70759c8f55707aa4]::panicking::panic_handler::{closure#0}
[INFO] [stdout]    8:     0x6253bdf40819 - std[70759c8f55707aa4]::sys::backtrace::__rust_end_short_backtrace::<std[70759c8f55707aa4]::panicking::panic_handler::{closure#0}, !>
[INFO] [stdout]    9:     0x6253bdf498bd - __rustc[8fa7c3cbc660c2b3]::rust_begin_unwind
[INFO] [stdout]   10:     0x6253bdf8bdcc - core[df12db4294e9bfd3]::panicking::panic_fmt
[INFO] [stdout]   11:     0x6253bdf8bba2 - core[df12db4294e9bfd3]::result::unwrap_failed
[INFO] [stdout]   12:     0x6253bdc63046 - hluk[cc486135e9183bf8]::cli::cpio::tests::the_library_finds_the_driver_in_the_result
[INFO] [stdout]   13:     0x6253bdc779d9 - <hluk[cc486135e9183bf8]::cli::cpio::tests::the_library_finds_the_driver_in_the_result::{closure#0} as core[df12db4294e9bfd3]::ops::function::FnOnce<()>>::call_once
[INFO] [stdout]   14:     0x6253bdcc22ab - test[9d35eded1c95d3be]::__rust_begin_short_backtrace::<core[df12db4294e9bfd3]::result::Result<(), alloc[2182bb758b4b3781]::string::String>, fn() -> core[df12db4294e9bfd3]::result::Result<(), alloc[2182bb758b4b3781]::string::String>>
[INFO] [stdout]   15:     0x6253bdccf915 - test[9d35eded1c95d3be]::run_test::{closure#0}
[INFO] [stdout]   16:     0x6253bdcc91d4 - std[70759c8f55707aa4]::sys::backtrace::__rust_begin_short_backtrace::<test[9d35eded1c95d3be]::run_test::{closure#1}, ()>
[INFO] [stdout]   17:     0x6253bdcd2a72 - <std[70759c8f55707aa4]::thread::lifecycle::spawn_unchecked<test[9d35eded1c95d3be]::run_test::{closure#1}, ()>::{closure#1} as core[df12db4294e9bfd3]::ops::function::FnOnce<()>>::call_once::{shim:vtable#0}
[INFO] [stdout]   18:     0x6253bdf6fb19 - <std[70759c8f55707aa4]::sys::thread::unix::Thread>::new::thread_start
[INFO] [stdout]   19:     0x7740ac87edfa - <unknown>
[INFO] [stdout]   20:     0x7740ac9123d4 - clone
[INFO] [stdout]   21:                0x0 - <unknown>
[INFO] [stdout] 
[INFO] [stdout] 
[INFO] [stdout] failures:
[INFO] [stdout]     cli::cpio::tests::the_library_finds_the_driver_in_the_result
[INFO] [stdout]     tests::net_policy_port_with_allow_list_sets_listen
[INFO] [stdout] 
[INFO] [stdout] test result: FAILED. 62 passed; 2 failed; 0 ignored; 0 measured; 0 filtered out; finished in 0.03s
[INFO] [stdout] 
[INFO] [stderr] error: test failed, to rerun pass `--bin hluk`
[INFO] running `Command { std: "docker" "inspect" "483bcb6317a8e21ddd18e6383e8f0a3e42d1ee85b2bcc2079c17e03771e9fe24", kill_on_drop: false }`
[INFO] running `Command { std: "docker" "rm" "-f" "483bcb6317a8e21ddd18e6383e8f0a3e42d1ee85b2bcc2079c17e03771e9fe24", kill_on_drop: false }`
[INFO] [stdout] 483bcb6317a8e21ddd18e6383e8f0a3e42d1ee85b2bcc2079c17e03771e9fe24
