[INFO] fetching crate hyperlight-component-util 0.18.0...
[INFO] testing hyperlight-component-util-0.18.0 against 1.100.0-beta.1+cargoflags=--release for beta-release-1.100-2
[INFO] extracting crate hyperlight-component-util 0.18.0 into /workspace/builds/worker-6-tc2/source
[INFO] started tweaking crates.io crate hyperlight-component-util 0.18.0
[INFO] removed 0 missing tests
[INFO] finished tweaking crates.io crate hyperlight-component-util 0.18.0
[INFO] tweaked toml for crates.io crate hyperlight-component-util 0.18.0 written to /workspace/builds/worker-6-tc2/source/Cargo.toml
[INFO] validating manifest of crates.io crate hyperlight-component-util 0.18.0 on toolchain 1.100.0-beta.1
[INFO] running `Command { std: CARGO_HOME="/workspace/cargo-home" RUSTUP_HOME="/workspace/rustup-home" "/workspace/cargo-home/bin/cargo" "+1.100.0-beta.1" "metadata" "--manifest-path" "Cargo.toml" "--no-deps", kill_on_drop: false }`
[INFO] crate crates.io crate hyperlight-component-util 0.18.0 already has a lockfile, it will not be regenerated
[INFO] running `Command { std: CARGO_HOME="/workspace/cargo-home" RUSTUP_HOME="/workspace/rustup-home" "/workspace/cargo-home/bin/cargo" "+1.100.0-beta.1" "fetch" "--manifest-path" "Cargo.toml", kill_on_drop: false }`
[INFO] [stderr] warning: `package.homepage` is redundant with `package.repository`
[INFO] [stderr]   --> Cargo.toml:47:12
[INFO] [stderr]    |
[INFO] [stderr] 47 | homepage = "https://github.com/hyperlight-dev/hyperlight"
[INFO] [stderr]    |            ^^^^^^^^^^^^^^^^^^^^^^^^^^^^^^^^^^^^^^^^^^^^^^
[INFO] [stderr] ...
[INFO] [stderr] 51 | repository = "https://github.com/hyperlight-dev/hyperlight"
[INFO] [stderr]    |              ----------------------------------------------
[INFO] [stderr]    |
[INFO] [stderr]    = note: `cargo::redundant_homepage` is set to `warn` by default
[INFO] [stderr] help: consider removing `package.homepage`
[INFO] [stderr] warning: `hyperlight-component-util` (manifest) generated 1 warning
[INFO] running `Command { std: "docker" "create" "-v" "/var/lib/crater-agent-workspace/builds/worker-6-tc2/source:/opt/rustwide/workdir:ro,Z" "-v" "/var/lib/crater-agent-workspace/builds/worker-6-tc2/target:/opt/rustwide/target:rw,Z" "-v" "/var/lib/crater-agent-workspace/cargo-home:/opt/rustwide/cargo-home:ro,Z" "-v" "/var/lib/crater-agent-workspace/rustup-home:/opt/rustwide/rustup-home:ro,Z" "-m" "1610612736" "--network" "none" "ghcr.io/rust-lang/crates-build-env/linux@sha256:77db811e55d90add9212f6832c23229e3de5f1c1f9905e8cb07319ea15df73ac" "sleep" "infinity", kill_on_drop: false }`
[INFO] [stdout] 2d6444c5ba01af708f803b0d65473ee4a39a56b81f3262f7bd8296a213e0e1b4
[INFO] running `Command { std: "docker" "start" "2d6444c5ba01af708f803b0d65473ee4a39a56b81f3262f7bd8296a213e0e1b4", kill_on_drop: false }`
[INFO] running `Command { std: "docker" "inspect" "2d6444c5ba01af708f803b0d65473ee4a39a56b81f3262f7bd8296a213e0e1b4", kill_on_drop: false }`
[INFO] running `Command { std: "docker" "exec" "-e" "SOURCE_DIR=/opt/rustwide/workdir" "-e" "CARGO_HOME=/opt/rustwide/cargo-home" "-e" "RUSTUP_HOME=/opt/rustwide/rustup-home" "-e" "CARGO_TARGET_DIR=/opt/rustwide/target" "-w" "/opt/rustwide/workdir" "--user" "0:0" "2d6444c5ba01af708f803b0d65473ee4a39a56b81f3262f7bd8296a213e0e1b4" "/opt/rustwide/cargo-home/bin/cargo" "+1.100.0-beta.1" "metadata" "--no-deps" "--format-version=1", kill_on_drop: false }`
[INFO] running `Command { std: "docker" "inspect" "2d6444c5ba01af708f803b0d65473ee4a39a56b81f3262f7bd8296a213e0e1b4", kill_on_drop: false }`
[INFO] running `Command { std: "docker" "exec" "-e" "SOURCE_DIR=/opt/rustwide/workdir" "-e" "CARGO_HOME=/opt/rustwide/cargo-home" "-e" "RUSTUP_HOME=/opt/rustwide/rustup-home" "-e" "CARGO_TARGET_DIR=/opt/rustwide/target" "-e" "CARGO_INCREMENTAL=0" "-e" "RUST_BACKTRACE=full" "-e" "RUSTFLAGS=--cap-lints=warn" "-e" "RUSTDOCFLAGS=--cap-lints=warn" "-w" "/opt/rustwide/workdir" "--user" "0:0" "2d6444c5ba01af708f803b0d65473ee4a39a56b81f3262f7bd8296a213e0e1b4" "/opt/rustwide/cargo-home/bin/cargo" "+1.100.0-beta.1" "build" "--frozen" "--message-format=json" "--release", kill_on_drop: false }`
[INFO] [stderr] warning: `package.homepage` is redundant with `package.repository`
[INFO] [stderr]   --> Cargo.toml:47:12
[INFO] [stderr]    |
[INFO] [stderr] 47 | homepage = "https://github.com/hyperlight-dev/hyperlight"
[INFO] [stderr]    |            ^^^^^^^^^^^^^^^^^^^^^^^^^^^^^^^^^^^^^^^^^^^^^^
[INFO] [stderr] ...
[INFO] [stderr] 51 | repository = "https://github.com/hyperlight-dev/hyperlight"
[INFO] [stderr]    |              ----------------------------------------------
[INFO] [stderr]    |
[INFO] [stderr]    = note: `cargo::redundant_homepage` is set to `warn` by default
[INFO] [stderr] help: consider removing `package.homepage`
[INFO] [stderr] warning: `hyperlight-component-util` (manifest) generated 1 warning
[INFO] [stderr]    Compiling serde v1.0.229
[INFO] [stderr]    Compiling semver v1.0.28
[INFO] [stderr]    Compiling anyhow v1.0.104
[INFO] [stderr]    Compiling bitflags v2.13.2
[INFO] [stderr]    Compiling hashbrown v0.17.1
[INFO] [stderr]    Compiling wasm-encoder v0.261.0
[INFO] [stderr]    Compiling id-arena v2.3.0
[INFO] [stderr]    Compiling prettyplease v0.3.0
[INFO] [stderr]    Compiling syn v3.0.6
[INFO] [stderr]    Compiling itertools v0.15.0
[INFO] [stderr]    Compiling tracing v0.1.44
[INFO] [stderr]    Compiling indexmap v2.14.2
[INFO] [stderr]    Compiling wast v261.0.0
[INFO] [stderr]    Compiling wasmparser v0.259.0
[INFO] [stderr]    Compiling serde_derive v1.0.229
[INFO] [stderr]    Compiling wat v1.261.0
[INFO] [stderr]    Compiling wasm-encoder v0.259.0
[INFO] [stderr]    Compiling wit-parser v0.259.0
[INFO] [stderr]    Compiling wasm-metadata v0.259.0
[INFO] [stderr]    Compiling wit-component v0.259.0
[INFO] [stderr]    Compiling hyperlight-component-util v0.18.0 (/opt/rustwide/workdir)
[INFO] [stderr]     Finished `release` profile [optimized] target(s) in 1m 30s
[INFO] running `Command { std: "docker" "inspect" "2d6444c5ba01af708f803b0d65473ee4a39a56b81f3262f7bd8296a213e0e1b4", kill_on_drop: false }`
[INFO] running `Command { std: "docker" "exec" "-e" "SOURCE_DIR=/opt/rustwide/workdir" "-e" "CARGO_HOME=/opt/rustwide/cargo-home" "-e" "RUSTUP_HOME=/opt/rustwide/rustup-home" "-e" "CARGO_TARGET_DIR=/opt/rustwide/target" "-e" "CARGO_INCREMENTAL=0" "-e" "RUST_BACKTRACE=full" "-e" "RUSTFLAGS=--cap-lints=warn" "-e" "RUSTDOCFLAGS=--cap-lints=warn" "-w" "/opt/rustwide/workdir" "--user" "0:0" "2d6444c5ba01af708f803b0d65473ee4a39a56b81f3262f7bd8296a213e0e1b4" "/opt/rustwide/cargo-home/bin/cargo" "+1.100.0-beta.1" "test" "--frozen" "--no-run" "--message-format=json" "--release", kill_on_drop: false }`
[INFO] [stderr] warning: `package.homepage` is redundant with `package.repository`
[INFO] [stderr]   --> Cargo.toml:47:12
[INFO] [stderr]    |
[INFO] [stderr] 47 | homepage = "https://github.com/hyperlight-dev/hyperlight"
[INFO] [stderr]    |            ^^^^^^^^^^^^^^^^^^^^^^^^^^^^^^^^^^^^^^^^^^^^^^
[INFO] [stderr] ...
[INFO] [stderr] 51 | repository = "https://github.com/hyperlight-dev/hyperlight"
[INFO] [stderr]    |              ----------------------------------------------
[INFO] [stderr]    |
[INFO] [stderr]    = note: `cargo::redundant_homepage` is set to `warn` by default
[INFO] [stderr] help: consider removing `package.homepage`
[INFO] [stderr] warning: `hyperlight-component-util` (manifest) generated 1 warning
[INFO] [stderr]    Compiling hyperlight-component-util v0.18.0 (/opt/rustwide/workdir)
[INFO] [stderr]     Finished `release` profile [optimized] target(s) in 5.44s
[INFO] running `Command { std: "docker" "inspect" "2d6444c5ba01af708f803b0d65473ee4a39a56b81f3262f7bd8296a213e0e1b4", kill_on_drop: false }`
[INFO] running `Command { std: "docker" "exec" "-e" "SOURCE_DIR=/opt/rustwide/workdir" "-e" "CARGO_HOME=/opt/rustwide/cargo-home" "-e" "RUSTUP_HOME=/opt/rustwide/rustup-home" "-e" "CARGO_TARGET_DIR=/opt/rustwide/target" "-e" "CARGO_INCREMENTAL=0" "-e" "RUST_BACKTRACE=full" "-e" "RUSTFLAGS=--cap-lints=warn" "-e" "RUSTDOCFLAGS=--cap-lints=warn" "-w" "/opt/rustwide/workdir" "--user" "0:0" "2d6444c5ba01af708f803b0d65473ee4a39a56b81f3262f7bd8296a213e0e1b4" "/opt/rustwide/cargo-home/bin/cargo" "+1.100.0-beta.1" "test" "--frozen" "--release", kill_on_drop: false }`
[INFO] [stderr] warning: `package.homepage` is redundant with `package.repository`
[INFO] [stderr]   --> Cargo.toml:47:12
[INFO] [stderr]    |
[INFO] [stderr] 47 | homepage = "https://github.com/hyperlight-dev/hyperlight"
[INFO] [stderr]    |            ^^^^^^^^^^^^^^^^^^^^^^^^^^^^^^^^^^^^^^^^^^^^^^
[INFO] [stderr] ...
[INFO] [stderr] 51 | repository = "https://github.com/hyperlight-dev/hyperlight"
[INFO] [stderr]    |              ----------------------------------------------
[INFO] [stderr]    |
[INFO] [stderr]    = note: `cargo::redundant_homepage` is set to `warn` by default
[INFO] [stderr] help: consider removing `package.homepage`
[INFO] [stderr] warning: `hyperlight-component-util` (manifest) generated 1 warning
[INFO] [stderr]     Finished `release` profile [optimized] target(s) in 0.06s
[INFO] [stderr]      Running unittests src/lib.rs (/opt/rustwide/target/release/build/hyperlight-component-util/186a3ad1de64d564/out/hyperlight_component_util-186a3ad1de64d564)
[INFO] [stdout] 
[INFO] [stdout] running 18 tests
[INFO] [stdout] test emit::tests::hyphenated_namespace_components_produce_distinct_type_names ... ok
[INFO] [stdout] test emit::tests::multiple_collisions ... ok
[INFO] [stdout] test emit::tests::no_collision_uses_short_name ... ok
[INFO] [stdout] test emit::tests::no_collision_for_non_instance_decls ... ok
[INFO] [stdout] test emit::tests::no_collisions_with_distinct_names ... ok
[INFO] [stdout] test emit::tests::plain_and_hyphenated_namespace_components_produce_distinct_type_names ... ok
[INFO] [stdout] test emit::tests::single_import_no_collision ... ok
[INFO] [stdout] test emit::tests::version_is_added_for_colliding_versioned_imports ... ok
[INFO] [stdout] test emit::tests::versioned_collision_adds_version_after_namespace ... ok
[INFO] [stdout] test emit::tests::collision_prepends_parent_namespace ... ok
[INFO] [stdout] test emit::tests::collision_different_parents_produce_different_names ... ok
[INFO] [stdout] test emit::tests::colliding_bare_import_keeps_short_name ... ok
[INFO] [stdout] test emit::tests::collision_same_parent_different_package_produces_different_names ... ok
[INFO] [stdout] test emit::tests::split_wit_name_simple ... ok
[INFO] [stdout] test emit::tests::split_wit_name_with_package ... ok
[INFO] [stdout] test emit::tests::split_wit_name_with_version ... ok
[INFO] [stdout] test emit::tests::detects_collision_on_same_short_name ... ok
[INFO] [stderr]      Running tests/wasmtime_guest_codegen.rs (/opt/rustwide/target/release/build/hyperlight-component-util/4dd1a5e3701a6b49/out/wasmtime_guest_codegen-4dd1a5e3701a6b49)
[INFO] [stdout] test emit::tests::empty_imports_no_collision ... ok
[INFO] [stdout] 
[INFO] [stdout] test result: ok. 18 passed; 0 failed; 0 ignored; 0 measured; 0 filtered out; finished in 0.07s
[INFO] [stdout] 
[INFO] [stdout] 
[INFO] [stdout] running 4 tests
[INFO] [stdout] test read_wit_type_accepts_wasm_encoded_wit ... FAILED
[INFO] [stdout] test read_wit_type_resolves_wit_package_deps ... FAILED
[INFO] [stdout] test wasmtime_guest_codegen_emits_wasmtime_flags_macro ... FAILED
[INFO] [stdout] test read_wit_type_accepts_inline_wit ... ok
[INFO] [stdout] 
[INFO] [stdout] failures:
[INFO] [stdout] 
[INFO] [stdout] ---- read_wit_type_accepts_wasm_encoded_wit stdout ----
[INFO] [stdout] 
[INFO] [stdout] thread 'read_wit_type_accepts_wasm_encoded_wit' (757) panicked at tests/wasmtime_guest_codegen.rs:22:10:
[INFO] [stdout] WIT fixture should parse successfully: failed to read path for WIT [/opt/rustwide/workdir/../tests/rust_guests/witguest/guest.wit]
[INFO] [stdout] 
[INFO] [stdout] Caused by:
[INFO] [stdout]     No such file or directory (os error 2)
[INFO] [stdout] stack backtrace:
[INFO] [stdout]    0:     0x64ecfef01bb1 - <<std[617be2ca0a6fd877]::sys::backtrace::BacktraceLock>::print::DisplayBacktrace as core[a373ad73a504971]::fmt::Display>::fmt
[INFO] [stdout]    1:     0x64ecfef18ffa - core[a373ad73a504971]::fmt::write
[INFO] [stdout]    2:     0x64ecfef0610c - <alloc[2e1b2a31b91974c5]::vec::Vec<u8> as core[a373ad73a504971]::io::write::Write>::write_fmt
[INFO] [stdout]    3:     0x64ecfeedc9c6 - std[617be2ca0a6fd877]::panicking::default_hook::{closure#0}
[INFO] [stdout]    4:     0x64ecfeef93d9 - std[617be2ca0a6fd877]::panicking::default_hook
[INFO] [stdout]    5:     0x64ecfea3e490 - test[aada8e7e76ba119b]::test_main_inner::{closure#0}
[INFO] [stdout]    6:     0x64ecfeef9702 - std[617be2ca0a6fd877]::panicking::panic_with_hook
[INFO] [stdout]    7:     0x64ecfeedca72 - std[617be2ca0a6fd877]::panicking::panic_handler::{closure#0}
[INFO] [stdout]    8:     0x64ecfeed54a9 - std[617be2ca0a6fd877]::sys::backtrace::__rust_end_short_backtrace::<std[617be2ca0a6fd877]::panicking::panic_handler::{closure#0}, !>
[INFO] [stdout]    9:     0x64ecfeedd67d - __rustc[ea4f61d10b84890b]::rust_begin_unwind
[INFO] [stdout]   10:     0x64ecfef197dc - core[a373ad73a504971]::panicking::panic_fmt
[INFO] [stdout]   11:     0x64ecfef195b2 - core[a373ad73a504971]::result::unwrap_failed
[INFO] [stdout]   12:     0x64ecfea26b40 - <wasmtime_guest_codegen[943e59f985bab3f7]::read_wit_type_accepts_wasm_encoded_wit::{closure#0} as core[a373ad73a504971]::ops::function::FnOnce<()>>::call_once
[INFO] [stdout]   13:     0x64ecfea318db - test[aada8e7e76ba119b]::__rust_begin_short_backtrace::<core[a373ad73a504971]::result::Result<(), alloc[2e1b2a31b91974c5]::string::String>, fn() -> core[a373ad73a504971]::result::Result<(), alloc[2e1b2a31b91974c5]::string::String>>
[INFO] [stdout]   14:     0x64ecfea3eab5 - test[aada8e7e76ba119b]::run_test::{closure#0}
[INFO] [stdout]   15:     0x64ecfea383a4 - std[617be2ca0a6fd877]::sys::backtrace::__rust_begin_short_backtrace::<test[aada8e7e76ba119b]::run_test::{closure#1}, ()>
[INFO] [stdout]   16:     0x64ecfea41b42 - <std[617be2ca0a6fd877]::thread::lifecycle::spawn_unchecked<test[aada8e7e76ba119b]::run_test::{closure#1}, ()>::{closure#1} as core[a373ad73a504971]::ops::function::FnOnce<()>>::call_once::{shim:vtable#0}
[INFO] [stdout]   17:     0x64ecfef00b7f - <std[617be2ca0a6fd877]::sys::thread::unix::Thread>::new::thread_start
[INFO] [stdout]   18:     0x7e0e10092dfa - <unknown>
[INFO] [stdout]   19:     0x7e0e101263d4 - clone
[INFO] [stdout]   20:                0x0 - <unknown>
[INFO] [stdout] 
[INFO] [stdout] ---- read_wit_type_resolves_wit_package_deps stdout ----
[INFO] [stdout] 
[INFO] [stdout] thread 'read_wit_type_resolves_wit_package_deps' (758) panicked at src/util.rs:49:21:
[INFO] [stdout] failed to parse WIT input '/opt/rustwide/workdir/../tests/rust_guests/witguest/with-deps': failed to read path for WIT [/opt/rustwide/workdir/../tests/rust_guests/witguest/with-deps]: No such file or directory (os error 2)
[INFO] [stdout] stack backtrace:
[INFO] [stdout]    0:     0x64ecfef01bb1 - <<std[617be2ca0a6fd877]::sys::backtrace::BacktraceLock>::print::DisplayBacktrace as core[a373ad73a504971]::fmt::Display>::fmt
[INFO] [stdout]    1:     0x64ecfef18ffa - core[a373ad73a504971]::fmt::write
[INFO] [stdout]    2:     0x64ecfef0610c - <alloc[2e1b2a31b91974c5]::vec::Vec<u8> as core[a373ad73a504971]::io::write::Write>::write_fmt
[INFO] [stdout]    3:     0x64ecfeedc9c6 - std[617be2ca0a6fd877]::panicking::default_hook::{closure#0}
[INFO] [stdout]    4:     0x64ecfeef93d9 - std[617be2ca0a6fd877]::panicking::default_hook
[INFO] [stdout]    5:     0x64ecfea3e490 - test[aada8e7e76ba119b]::test_main_inner::{closure#0}
[INFO] [stdout]    6:     0x64ecfeef9702 - std[617be2ca0a6fd877]::panicking::panic_with_hook
[INFO] [stdout]    7:     0x64ecfeedca72 - std[617be2ca0a6fd877]::panicking::panic_handler::{closure#0}
[INFO] [stdout]    8:     0x64ecfeed54a9 - std[617be2ca0a6fd877]::sys::backtrace::__rust_end_short_backtrace::<std[617be2ca0a6fd877]::panicking::panic_handler::{closure#0}, !>
[INFO] [stdout]    9:     0x64ecfeedd67d - __rustc[ea4f61d10b84890b]::rust_begin_unwind
[INFO] [stdout]   10:     0x64ecfef197dc - core[a373ad73a504971]::panicking::panic_fmt
[INFO] [stdout]   11:     0x64ecfead7819 - <hyperlight_component_util[5990ecf92e06e8de]::util::WitSource>::encode::{closure#2}
[INFO] [stdout]   12:     0x64ecfead8810 - <hyperlight_component_util[5990ecf92e06e8de]::util::WitSource>::encode
[INFO] [stdout]   13:     0x64ecfea221a5 - hyperlight_component_util[5990ecf92e06e8de]::util::read_wit_type::<(), wasmtime_guest_codegen[943e59f985bab3f7]::read_wit_type_resolves_wit_package_deps::{closure#0}>
[INFO] [stdout]   14:     0x64ecfea26e3e - <wasmtime_guest_codegen[943e59f985bab3f7]::read_wit_type_resolves_wit_package_deps::{closure#0} as core[a373ad73a504971]::ops::function::FnOnce<()>>::call_once
[INFO] [stdout]   15:     0x64ecfea318db - test[aada8e7e76ba119b]::__rust_begin_short_backtrace::<core[a373ad73a504971]::result::Result<(), alloc[2e1b2a31b91974c5]::string::String>, fn() -> core[a373ad73a504971]::result::Result<(), alloc[2e1b2a31b91974c5]::string::String>>
[INFO] [stdout]   16:     0x64ecfea3eab5 - test[aada8e7e76ba119b]::run_test::{closure#0}
[INFO] [stdout]   17:     0x64ecfea383a4 - std[617be2ca0a6fd877]::sys::backtrace::__rust_begin_short_backtrace::<test[aada8e7e76ba119b]::run_test::{closure#1}, ()>
[INFO] [stdout]   18:     0x64ecfea41b42 - <std[617be2ca0a6fd877]::thread::lifecycle::spawn_unchecked<test[aada8e7e76ba119b]::run_test::{closure#1}, ()>::{closure#1} as core[a373ad73a504971]::ops::function::FnOnce<()>>::call_once::{shim:vtable#0}
[INFO] [stdout]   19:     0x64ecfef00b7f - <std[617be2ca0a6fd877]::sys::thread::unix::Thread>::new::thread_start
[INFO] [stdout]   20:     0x7e0e10092dfa - <unknown>
[INFO] [stdout]   21:     0x7e0e101263d4 - clone
[INFO] [stdout]   22:                0x0 - <unknown>
[INFO] [stdout] 
[INFO] [stdout] ---- wasmtime_guest_codegen_emits_wasmtime_flags_macro stdout ----
[INFO] [stdout] 
[INFO] [stdout] thread 'wasmtime_guest_codegen_emits_wasmtime_flags_macro' (759) panicked at src/util.rs:49:21:
[INFO] [stdout] failed to parse WIT input '/opt/rustwide/workdir/../tests/rust_guests/witguest/guest.wit': failed to read path for WIT [/opt/rustwide/workdir/../tests/rust_guests/witguest/guest.wit]: No such file or directory (os error 2)
[INFO] [stdout] stack backtrace:
[INFO] [stdout]    0:     0x64ecfef01bb1 - <<std[617be2ca0a6fd877]::sys::backtrace::BacktraceLock>::print::DisplayBacktrace as core[a373ad73a504971]::fmt::Display>::fmt
[INFO] [stdout]    1:     0x64ecfef18ffa - core[a373ad73a504971]::fmt::write
[INFO] [stdout]    2:     0x64ecfef0610c - <alloc[2e1b2a31b91974c5]::vec::Vec<u8> as core[a373ad73a504971]::io::write::Write>::write_fmt
[INFO] [stdout]    3:     0x64ecfeedc9c6 - std[617be2ca0a6fd877]::panicking::default_hook::{closure#0}
[INFO] [stdout]    4:     0x64ecfeef93d9 - std[617be2ca0a6fd877]::panicking::default_hook
[INFO] [stdout]    5:     0x64ecfea3e490 - test[aada8e7e76ba119b]::test_main_inner::{closure#0}
[INFO] [stdout]    6:     0x64ecfeef9702 - std[617be2ca0a6fd877]::panicking::panic_with_hook
[INFO] [stdout]    7:     0x64ecfeedca72 - std[617be2ca0a6fd877]::panicking::panic_handler::{closure#0}
[INFO] [stdout]    8:     0x64ecfeed54a9 - std[617be2ca0a6fd877]::sys::backtrace::__rust_end_short_backtrace::<std[617be2ca0a6fd877]::panicking::panic_handler::{closure#0}, !>
[INFO] [stdout]    9:     0x64ecfeedd67d - __rustc[ea4f61d10b84890b]::rust_begin_unwind
[INFO] [stdout]   10:     0x64ecfef197dc - core[a373ad73a504971]::panicking::panic_fmt
[INFO] [stdout]   11:     0x64ecfead7819 - <hyperlight_component_util[5990ecf92e06e8de]::util::WitSource>::encode::{closure#2}
[INFO] [stdout]   12:     0x64ecfead8810 - <hyperlight_component_util[5990ecf92e06e8de]::util::WitSource>::encode
[INFO] [stdout]   13:     0x64ecfea21212 - hyperlight_component_util[5990ecf92e06e8de]::util::read_wit_type::<proc_macro2[fc1c614786469392]::TokenStream, wasmtime_guest_codegen[943e59f985bab3f7]::wasmtime_guest_codegen_emits_wasmtime_flags_macro::{closure#0}>
[INFO] [stdout]   14:     0x64ecfea26ef3 - <wasmtime_guest_codegen[943e59f985bab3f7]::wasmtime_guest_codegen_emits_wasmtime_flags_macro::{closure#0} as core[a373ad73a504971]::ops::function::FnOnce<()>>::call_once
[INFO] [stdout]   15:     0x64ecfea318db - test[aada8e7e76ba119b]::__rust_begin_short_backtrace::<core[a373ad73a504971]::result::Result<(), alloc[2e1b2a31b91974c5]::string::String>, fn() -> core[a373ad73a504971]::result::Result<(), alloc[2e1b2a31b91974c5]::string::String>>
[INFO] [stdout]   16:     0x64ecfea3eab5 - test[aada8e7e76ba119b]::run_test::{closure#0}
[INFO] [stdout]   17:     0x64ecfea383a4 - std[617be2ca0a6fd877]::sys::backtrace::__rust_begin_short_backtrace::<test[aada8e7e76ba119b]::run_test::{closure#1}, ()>
[INFO] [stdout]   18:     0x64ecfea41b42 - <std[617be2ca0a6fd877]::thread::lifecycle::spawn_unchecked<test[aada8e7e76ba119b]::run_test::{closure#1}, ()>::{closure#1} as core[a373ad73a504971]::ops::function::FnOnce<()>>::call_once::{shim:vtable#0}
[INFO] [stdout]   19:     0x64ecfef00b7f - <std[617be2ca0a6fd877]::sys::thread::unix::Thread>::new::thread_start
[INFO] [stdout]   20:     0x7e0e10092dfa - <unknown>
[INFO] [stdout]   21:     0x7e0e101263d4 - clone
[INFO] [stdout]   22:                0x0 - <unknown>
[INFO] [stdout] 
[INFO] [stdout] 
[INFO] [stdout] failures:
[INFO] [stdout]     read_wit_type_accepts_wasm_encoded_wit
[INFO] [stdout]     read_wit_type_resolves_wit_package_deps
[INFO] [stdout]     wasmtime_guest_codegen_emits_wasmtime_flags_macro
[INFO] [stdout] 
[INFO] [stdout] test result: FAILED. 1 passed; 3 failed; 0 ignored; 0 measured; 0 filtered out; finished in 0.02s
[INFO] [stdout] 
[INFO] [stderr] error: test failed, to rerun pass `--test wasmtime_guest_codegen`
[INFO] running `Command { std: "docker" "inspect" "2d6444c5ba01af708f803b0d65473ee4a39a56b81f3262f7bd8296a213e0e1b4", kill_on_drop: false }`
[INFO] running `Command { std: "docker" "rm" "-f" "2d6444c5ba01af708f803b0d65473ee4a39a56b81f3262f7bd8296a213e0e1b4", kill_on_drop: false }`
[INFO] [stdout] 2d6444c5ba01af708f803b0d65473ee4a39a56b81f3262f7bd8296a213e0e1b4
