[INFO] fetching crate hyperlane-macros 21.13.0...
[INFO] testing hyperlane-macros-21.13.0 against 1.99.0-beta.8+cargoflags=--release for beta-release-1.100-2
[INFO] extracting crate hyperlane-macros 21.13.0 into /workspace/builds/worker-5-tc1/source
[INFO] started tweaking crates.io crate hyperlane-macros 21.13.0
[INFO] finished tweaking crates.io crate hyperlane-macros 21.13.0
[INFO] tweaked toml for crates.io crate hyperlane-macros 21.13.0 written to /workspace/builds/worker-5-tc1/source/Cargo.toml
[INFO] validating manifest of crates.io crate hyperlane-macros 21.13.0 on toolchain 1.99.0-beta.8
[INFO] running `Command { std: CARGO_HOME="/workspace/cargo-home" RUSTUP_HOME="/workspace/rustup-home" "/workspace/cargo-home/bin/cargo" "+1.99.0-beta.8" "metadata" "--manifest-path" "Cargo.toml" "--no-deps", kill_on_drop: false }`
[INFO] crate crates.io crate hyperlane-macros 21.13.0 already has a lockfile, it will not be regenerated
[INFO] running `Command { std: CARGO_HOME="/workspace/cargo-home" RUSTUP_HOME="/workspace/rustup-home" "/workspace/cargo-home/bin/cargo" "+1.99.0-beta.8" "fetch" "--manifest-path" "Cargo.toml", kill_on_drop: false }`
[INFO] [stderr]  Downloading crates ...
[INFO] [stderr]   Downloaded syn v3.0.8
[INFO] running `Command { std: "docker" "create" "-v" "/var/lib/crater-agent-workspace/builds/worker-5-tc1/source:/opt/rustwide/workdir:ro,Z" "-v" "/var/lib/crater-agent-workspace/builds/worker-5-tc1/target:/opt/rustwide/target:rw,Z" "-v" "/var/lib/crater-agent-workspace/cargo-home:/opt/rustwide/cargo-home:ro,Z" "-v" "/var/lib/crater-agent-workspace/rustup-home:/opt/rustwide/rustup-home:ro,Z" "-m" "1610612736" "--network" "none" "ghcr.io/rust-lang/crates-build-env/linux@sha256:77db811e55d90add9212f6832c23229e3de5f1c1f9905e8cb07319ea15df73ac" "sleep" "infinity", kill_on_drop: false }`
[INFO] [stdout] 3f052c945565aa31539f2b41ce218c65ad960f22d7a38941c202d2b8fd5b2640
[INFO] running `Command { std: "docker" "start" "3f052c945565aa31539f2b41ce218c65ad960f22d7a38941c202d2b8fd5b2640", kill_on_drop: false }`
[INFO] running `Command { std: "docker" "inspect" "3f052c945565aa31539f2b41ce218c65ad960f22d7a38941c202d2b8fd5b2640", kill_on_drop: false }`
[INFO] running `Command { std: "docker" "exec" "-e" "SOURCE_DIR=/opt/rustwide/workdir" "-e" "CARGO_HOME=/opt/rustwide/cargo-home" "-e" "RUSTUP_HOME=/opt/rustwide/rustup-home" "-e" "CARGO_TARGET_DIR=/opt/rustwide/target" "-w" "/opt/rustwide/workdir" "--user" "0:0" "3f052c945565aa31539f2b41ce218c65ad960f22d7a38941c202d2b8fd5b2640" "/opt/rustwide/cargo-home/bin/cargo" "+1.99.0-beta.8" "metadata" "--no-deps" "--format-version=1", kill_on_drop: false }`
[INFO] running `Command { std: "docker" "inspect" "3f052c945565aa31539f2b41ce218c65ad960f22d7a38941c202d2b8fd5b2640", kill_on_drop: false }`
[INFO] running `Command { std: "docker" "exec" "-e" "SOURCE_DIR=/opt/rustwide/workdir" "-e" "CARGO_HOME=/opt/rustwide/cargo-home" "-e" "RUSTUP_HOME=/opt/rustwide/rustup-home" "-e" "CARGO_TARGET_DIR=/opt/rustwide/target" "-e" "CARGO_INCREMENTAL=0" "-e" "RUST_BACKTRACE=full" "-e" "RUSTFLAGS=--cap-lints=warn" "-e" "RUSTDOCFLAGS=--cap-lints=warn" "-w" "/opt/rustwide/workdir" "--user" "0:0" "3f052c945565aa31539f2b41ce218c65ad960f22d7a38941c202d2b8fd5b2640" "/opt/rustwide/cargo-home/bin/cargo" "+1.99.0-beta.8" "build" "--frozen" "--message-format=json" "--release", kill_on_drop: false }`
[INFO] [stderr]    Compiling proc-macro2 v1.0.107
[INFO] [stderr]    Compiling quote v1.0.47
[INFO] [stderr]    Compiling syn v3.0.8
[INFO] [stderr]    Compiling hyperlane-macros v21.13.0 (/opt/rustwide/workdir)
[INFO] [stderr]     Finished `release` profile [optimized] target(s) in 21.28s
[INFO] running `Command { std: "docker" "inspect" "3f052c945565aa31539f2b41ce218c65ad960f22d7a38941c202d2b8fd5b2640", kill_on_drop: false }`
[INFO] running `Command { std: "docker" "exec" "-e" "SOURCE_DIR=/opt/rustwide/workdir" "-e" "CARGO_HOME=/opt/rustwide/cargo-home" "-e" "RUSTUP_HOME=/opt/rustwide/rustup-home" "-e" "CARGO_TARGET_DIR=/opt/rustwide/target" "-e" "CARGO_INCREMENTAL=0" "-e" "RUST_BACKTRACE=full" "-e" "RUSTFLAGS=--cap-lints=warn" "-e" "RUSTDOCFLAGS=--cap-lints=warn" "-w" "/opt/rustwide/workdir" "--user" "0:0" "3f052c945565aa31539f2b41ce218c65ad960f22d7a38941c202d2b8fd5b2640" "/opt/rustwide/cargo-home/bin/cargo" "+1.99.0-beta.8" "test" "--frozen" "--no-run" "--message-format=json" "--release", kill_on_drop: false }`
[INFO] [stderr]    Compiling serde_core v1.0.229
[INFO] [stderr]    Compiling serde v1.0.229
[INFO] [stderr]    Compiling serde_derive v1.0.229
[INFO] [stderr]    Compiling hyperlane-macros v21.13.0 (/opt/rustwide/workdir)
[INFO] [stderr]     Finished `release` profile [optimized] target(s) in 14.00s
[INFO] running `Command { std: "docker" "inspect" "3f052c945565aa31539f2b41ce218c65ad960f22d7a38941c202d2b8fd5b2640", kill_on_drop: false }`
[INFO] running `Command { std: "docker" "exec" "-e" "SOURCE_DIR=/opt/rustwide/workdir" "-e" "CARGO_HOME=/opt/rustwide/cargo-home" "-e" "RUSTUP_HOME=/opt/rustwide/rustup-home" "-e" "CARGO_TARGET_DIR=/opt/rustwide/target" "-e" "CARGO_INCREMENTAL=0" "-e" "RUST_BACKTRACE=full" "-e" "RUSTFLAGS=--cap-lints=warn" "-e" "RUSTDOCFLAGS=--cap-lints=warn" "-w" "/opt/rustwide/workdir" "--user" "0:0" "3f052c945565aa31539f2b41ce218c65ad960f22d7a38941c202d2b8fd5b2640" "/opt/rustwide/cargo-home/bin/cargo" "+1.99.0-beta.8" "test" "--frozen" "--release", kill_on_drop: false }`
[INFO] [stderr]     Finished `release` profile [optimized] target(s) in 0.03s
[INFO] [stderr]      Running unittests src/lib.rs (/opt/rustwide/target/release/deps/hyperlane_macros-25b8a0b63a7b2ec0)
[INFO] [stdout] 
[INFO] [stdout] running 0 tests
[INFO] [stdout] 
[INFO] [stderr]    Doc-tests hyperlane_macros
[INFO] [stdout] test result: ok. 0 passed; 0 failed; 0 ignored; 0 measured; 0 filtered out; finished in 0.00s
[INFO] [stdout] 
[INFO] [stdout] 
[INFO] [stdout] running 100 tests
[INFO] [stdout] test src/lib.rs - context (line 4387) ... FAILED
[INFO] [stdout] test src/lib.rs - context (line 4439) ... FAILED
[INFO] [stdout] test src/lib.rs - attributes (line 2593) ... FAILED
[INFO] [stdout] test src/lib.rs - closed (line 1632) ... FAILED
[INFO] [stdout] test src/lib.rs - context (line 4413) ... FAILED
[INFO] [stdout] test src/lib.rs - epilogue_hooks (line 2061) ... FAILED
[INFO] [stdout] test src/lib.rs - attribute (line 2518) ... FAILED
[INFO] [stdout] test src/lib.rs - clear_response_headers (line 1529) ... FAILED
[INFO] [stdout] test src/lib.rs - attribute (line 2478) ... FAILED
[INFO] [stdout] test src/lib.rs - flush (line 4318) ... FAILED
[INFO] [stdout] test src/lib.rs - epilogue_hooks (line 2102) ... FAILED
[INFO] [stdout] test src/lib.rs - attributes (line 2562) ... FAILED
[INFO] [stdout] test src/lib.rs - epilogue_macros (line 4089) ... FAILED
[INFO] [stdout] test src/lib.rs - hyperlane (line 3753) - compile ... FAILED
[INFO] [stdout] test src/lib.rs - is_connect_method (line 532) ... FAILED
[INFO] [stdout] test src/lib.rs - is_h2c_upgrade_type (line 1169) ... FAILED
[INFO] [stdout] test src/lib.rs - is_head_method (line 436) ... FAILED
[INFO] [stdout] test src/lib.rs - is_delete_method (line 340) ... FAILED
[INFO] [stdout] test src/lib.rs - is_http0_9_version (line 733) ... FAILED
[INFO] [stdout] test src/lib.rs - host (line 1773) ... FAILED
[INFO] [stdout] test src/lib.rs - filter (line 1679) ... FAILED
[INFO] [stdout] test src/lib.rs - is_get_method (line 196) ... FAILED
[INFO] [stdout] test src/lib.rs - is_http1_1_or_higher_version (line 973) ... FAILED
[INFO] [stdout] test src/lib.rs - is_http1_0_version (line 781) ... FAILED
[INFO] [stdout] test src/lib.rs - is_http3_version (line 925) ... FAILED
[INFO] [stdout] test src/lib.rs - is_http2_version (line 877) ... FAILED
[INFO] [stdout] test src/lib.rs - is_http_version (line 1021) ... FAILED
[INFO] [stdout] test src/lib.rs - is_post_method (line 244) ... FAILED
[INFO] [stdout] test src/lib.rs - is_http1_1_version (line 829) ... FAILED
[INFO] [stdout] test src/lib.rs - is_unknown_method (line 629) ... FAILED
[INFO] [stdout] test src/lib.rs - is_unknown_upgrade_type (line 1265) ... FAILED
[INFO] [stdout] test src/lib.rs - is_options_method (line 484) ... FAILED
[INFO] [stdout] test src/lib.rs - is_patch_method (line 388) ... FAILED
[INFO] [stdout] test src/lib.rs - hyperlane (line 3770) ... FAILED
[INFO] [stdout] test src/lib.rs - is_put_method (line 292) ... FAILED
[INFO] [stdout] test src/lib.rs - prologue_hooks (line 1975) ... FAILED
[INFO] [stdout] test src/lib.rs - is_ws_upgrade_type (line 1117) ... FAILED
[INFO] [stdout] test src/lib.rs - is_tls_upgrade_type (line 1217) ... FAILED
[INFO] [stdout] test src/lib.rs - is_unknown_version (line 1069) ... FAILED
[INFO] [stdout] test src/lib.rs - is_trace_method (line 580) ... FAILED
[INFO] [stdout] test src/lib.rs - prologue_macros (line 4052) ... FAILED
[INFO] [stdout] test src/lib.rs - prologue_hooks (line 2016) ... FAILED
[INFO] [stdout] test src/lib.rs - methods (line 681) ... FAILED
[INFO] [stdout] test src/lib.rs - request_body (line 2175) ... FAILED
[INFO] [stdout] test src/lib.rs - request_body (line 2147) ... FAILED
[INFO] [stdout] test src/lib.rs - request_body_json (line 2340) ... FAILED
[INFO] [stdout] test src/lib.rs - request_body_json (line 2305) ... FAILED
[INFO] [stdout] test src/lib.rs - reject_host (line 1822) ... FAILED
[INFO] [stdout] test src/lib.rs - request_body_json_result (line 2217) ... FAILED
[INFO] [stdout] test src/lib.rs - reject (line 1726) ... FAILED
[INFO] [stdout] test src/lib.rs - request_body_json_result (line 2252) ... FAILED
[INFO] [stdout] test src/lib.rs - reject_referer (line 1924) ... FAILED
[INFO] [stdout] test src/lib.rs - referer (line 1873) ... FAILED
[INFO] [stdout] test src/lib.rs - request_cookie (line 3532) ... FAILED
[INFO] [stdout] test src/lib.rs - request_error (line 4009) ... FAILED
[INFO] [stdout] test src/lib.rs - request_cookies (line 3618) ... FAILED
[INFO] [stdout] test src/lib.rs - request_error_data (line 2885) ... FAILED
[INFO] [stdout] test src/lib.rs - request_cookies (line 3587) ... FAILED
[INFO] [stdout] test src/lib.rs - request_error_data (line 2854) ... FAILED
[INFO] [stdout] test src/lib.rs - request_header (line 3371) ... FAILED
[INFO] [stdout] test src/lib.rs - request_version (line 3656) ... FAILED
[INFO] [stdout] test src/lib.rs - response_middleware (line 3918) ... FAILED
[INFO] [stdout] test src/lib.rs - response_reason_phrase (line 1363) ... FAILED
[INFO] [stdout] test src/lib.rs - request_middleware (line 3869) ... FAILED
[INFO] [stdout] test src/lib.rs - request_query (line 3205) ... FAILED
[INFO] [stdout] test src/lib.rs - response_status_code (line 1313) ... FAILED
[INFO] [stdout] test src/lib.rs - request_path (line 3705) ... FAILED
[INFO] [stdout] test src/lib.rs - response_body (line 1480) ... FAILED
[INFO] [stdout] test src/lib.rs - response_header (line 1414) ... FAILED
[INFO] [stdout] test src/lib.rs - request_querys (line 3263) ... FAILED
[INFO] [stdout] test src/lib.rs - request_headers (line 3427) ... FAILED
[INFO] [stdout] test src/lib.rs - response_version (line 1580) ... FAILED
[INFO] [stdout] test src/lib.rs - task_panic (line 3962) ... FAILED
[INFO] [stdout] test src/lib.rs - route (line 3820) ... FAILED
[INFO] [stdout] test src/lib.rs - send (line 4199) ... FAILED
[INFO] [stdout] test src/lib.rs - route_param (line 3034) ... FAILED
[INFO] [stdout] test src/lib.rs - send (line 4226) ... FAILED
[INFO] [stdout] test src/lib.rs - route_params (line 3109) ... FAILED
[INFO] [stdout] test src/lib.rs - task_panic_data (line 2737) ... FAILED
[INFO] [stdout] test src/lib.rs - route_param (line 3002) ... FAILED
[INFO] [stdout] test src/lib.rs - route_params (line 3078) ... FAILED
[INFO] [stdout] test src/lib.rs - try_flush (line 4270) ... FAILED
[INFO] [stdout] test src/lib.rs - try_get_http_request (line 141) ... FAILED
[INFO] [stdout] test src/lib.rs - task_panic_data (line 2706) ... FAILED
[INFO] [stdout] test src/lib.rs - try_get_http_request (line 160) ... FAILED
[INFO] [stdout] test src/lib.rs - try_get_attribute (line 2437) ... FAILED
[INFO] [stdout] test src/lib.rs - try_get_attribute (line 2397) ... FAILED
[INFO] [stdout] test src/lib.rs - try_get_request_query (line 3150) ... FAILED
[INFO] [stdout] test src/lib.rs - try_get_request_error_data (line 2813) ... FAILED
[INFO] [stdout] test src/lib.rs - try_get_route_param (line 2930) ... FAILED
[INFO] [stdout] test src/lib.rs - try_get_request_error_data (line 2782) ... FAILED
[INFO] [stdout] test src/lib.rs - try_get_route_param (line 2961) ... FAILED
[INFO] [stdout] test src/lib.rs - try_get_request_header (line 3318) ... FAILED
[INFO] [stdout] test src/lib.rs - try_get_request_cookie (line 3480) ... FAILED
[INFO] [stdout] test src/lib.rs - try_get_task_panic_data (line 2665) ... FAILED
[INFO] [stdout] test src/lib.rs - try_send (line 4156) ... FAILED
[INFO] [stdout] test src/lib.rs - try_get_task_panic_data (line 2634) ... FAILED
[INFO] [stdout] test src/lib.rs - try_get_websocket_request (line 66) ... FAILED
[INFO] [stdout] test src/lib.rs - try_send (line 4129) ... FAILED
[INFO] [stdout] test src/lib.rs - try_get_websocket_request (line 89) ... FAILED
[INFO] [stdout] 
[INFO] [stdout] failures:
[INFO] [stdout] 
[INFO] [stdout] ---- src/lib.rs - context (line 4387) stdout ----
[INFO] [stdout] error[E0432]: unresolved import `hyperlane`
[INFO] [stdout]     --> src/lib.rs:4389:5
[INFO] [stdout]      |
[INFO] [stdout] 4389 | use hyperlane::*;
[INFO] [stdout]      |     ^^^^^^^^^ use of unresolved module or unlinked crate `hyperlane`
[INFO] [stdout]      |
[INFO] [stdout] help: to make use of source file src/hyperlane/mod.rs, use `mod hyperlane` in this file to declare the module
[INFO] [stdout]      |
[INFO] [stdout] 4386 + mod hyperlane;
[INFO] [stdout]      |
[INFO] [stdout] 
[INFO] [stdout] error[E0433]: cannot find `hyperlane` in the list of imported crates
[INFO] [stdout]     --> src/lib.rs:4392:1
[INFO] [stdout]      |
[INFO] [stdout] 4392 | #[route("/context_mut")]
[INFO] [stdout]      | ^^^^^^^^^^^^^^^^^^^^^^^^ could not find `hyperlane` in the list of imported crates
[INFO] [stdout]      |
[INFO] [stdout]      = note: this error originates in the attribute macro `route` (in Nightly builds, run with -Z macro-backtrace for more info)
[INFO] [stdout] 
[INFO] [stdout] error: aborting due to 2 previous errors
[INFO] [stdout] 
[INFO] [stdout] Some errors have detailed explanations: E0432, E0433.
[INFO] [stdout] For more information about an error, try `rustc --explain E0432`.
[INFO] [stdout] Couldn't compile the test.
[INFO] [stdout] ---- src/lib.rs - context (line 4439) stdout ----
[INFO] [stdout] error[E0432]: unresolved import `hyperlane`
[INFO] [stdout]     --> src/lib.rs:4441:5
[INFO] [stdout]      |
[INFO] [stdout] 4441 | use hyperlane::*;
[INFO] [stdout]      |     ^^^^^^^^^ use of unresolved module or unlinked crate `hyperlane`
[INFO] [stdout]      |
[INFO] [stdout] help: to make use of source file src/hyperlane/mod.rs, use `mod hyperlane` in this file to declare the module
[INFO] [stdout]      |
[INFO] [stdout] 4438 + mod hyperlane;
[INFO] [stdout]      |
[INFO] [stdout] 
[INFO] [stdout] error[E0433]: cannot find `hyperlane` in the list of imported crates
[INFO] [stdout]     --> src/lib.rs:4444:1
[INFO] [stdout]      |
[INFO] [stdout] 4444 | #[route("/context_default")]
[INFO] [stdout]      | ^^^^^^^^^^^^^^^^^^^^^^^^^^^^ could not find `hyperlane` in the list of imported crates
[INFO] [stdout]      |
[INFO] [stdout]      = note: this error originates in the attribute macro `route` (in Nightly builds, run with -Z macro-backtrace for more info)
[INFO] [stdout] 
[INFO] [stdout] error: aborting due to 2 previous errors
[INFO] [stdout] 
[INFO] [stdout] Some errors have detailed explanations: E0432, E0433.
[INFO] [stdout] For more information about an error, try `rustc --explain E0432`.
[INFO] [stdout] Couldn't compile the test.
[INFO] [stdout] ---- src/lib.rs - attributes (line 2593) stdout ----
[INFO] [stdout] error[E0432]: unresolved import `hyperlane`
[INFO] [stdout]     --> src/lib.rs:2595:5
[INFO] [stdout]      |
[INFO] [stdout] 2595 | use hyperlane::*;
[INFO] [stdout]      |     ^^^^^^^^^ use of unresolved module or unlinked crate `hyperlane`
[INFO] [stdout]      |
[INFO] [stdout] help: to make use of source file src/hyperlane/mod.rs, use `mod hyperlane` in this file to declare the module
[INFO] [stdout]      |
[INFO] [stdout] 2592 + mod hyperlane;
[INFO] [stdout]      |
[INFO] [stdout] 
[INFO] [stdout] error[E0433]: cannot find `hyperlane` in the list of imported crates
[INFO] [stdout]     --> src/lib.rs:2598:1
[INFO] [stdout]      |
[INFO] [stdout] 2598 | #[route("/multi_attrs")]
[INFO] [stdout]      | ^^^^^^^^^^^^^^^^^^^^^^^^ could not find `hyperlane` in the list of imported crates
[INFO] [stdout]      |
[INFO] [stdout]      = note: this error originates in the attribute macro `route` (in Nightly builds, run with -Z macro-backtrace for more info)
[INFO] [stdout] 
[INFO] [stdout] error: aborting due to 2 previous errors
[INFO] [stdout] 
[INFO] [stdout] Some errors have detailed explanations: E0432, E0433.
[INFO] [stdout] For more information about an error, try `rustc --explain E0432`.
[INFO] [stdout] Couldn't compile the test.
[INFO] [stdout] ---- src/lib.rs - closed (line 1632) stdout ----
[INFO] [stdout] error[E0432]: unresolved import `hyperlane`
[INFO] [stdout]     --> src/lib.rs:1634:5
[INFO] [stdout]      |
[INFO] [stdout] 1634 | use hyperlane::*;
[INFO] [stdout]      |     ^^^^^^^^^ use of unresolved module or unlinked crate `hyperlane`
[INFO] [stdout]      |
[INFO] [stdout] help: to make use of source file src/hyperlane/mod.rs, use `mod hyperlane` in this file to declare the module
[INFO] [stdout]      |
[INFO] [stdout] 1631 + mod hyperlane;
[INFO] [stdout]      |
[INFO] [stdout] 
[INFO] [stdout] error[E0433]: cannot find `hyperlane` in the list of imported crates
[INFO] [stdout]     --> src/lib.rs:1637:1
[INFO] [stdout]      |
[INFO] [stdout] 1637 | #[route("/closed")]
[INFO] [stdout]      | ^^^^^^^^^^^^^^^^^^^ could not find `hyperlane` in the list of imported crates
[INFO] [stdout]      |
[INFO] [stdout]      = note: this error originates in the attribute macro `route` (in Nightly builds, run with -Z macro-backtrace for more info)
[INFO] [stdout] 
[INFO] [stdout] error: aborting due to 2 previous errors
[INFO] [stdout] 
[INFO] [stdout] Some errors have detailed explanations: E0432, E0433.
[INFO] [stdout] For more information about an error, try `rustc --explain E0432`.
[INFO] [stdout] Couldn't compile the test.
[INFO] [stdout] ---- src/lib.rs - context (line 4413) stdout ----
[INFO] [stdout] error[E0432]: unresolved import `hyperlane`
[INFO] [stdout]     --> src/lib.rs:4415:5
[INFO] [stdout]      |
[INFO] [stdout] 4415 | use hyperlane::*;
[INFO] [stdout]      |     ^^^^^^^^^ use of unresolved module or unlinked crate `hyperlane`
[INFO] [stdout]      |
[INFO] [stdout] help: to make use of source file src/hyperlane/mod.rs, use `mod hyperlane` in this file to declare the module
[INFO] [stdout]      |
[INFO] [stdout] 4412 + mod hyperlane;
[INFO] [stdout]      |
[INFO] [stdout] 
[INFO] [stdout] error[E0433]: cannot find `hyperlane` in the list of imported crates
[INFO] [stdout]     --> src/lib.rs:4418:1
[INFO] [stdout]      |
[INFO] [stdout] 4418 | #[route("/context_ref")]
[INFO] [stdout]      | ^^^^^^^^^^^^^^^^^^^^^^^^ could not find `hyperlane` in the list of imported crates
[INFO] [stdout]      |
[INFO] [stdout]      = note: this error originates in the attribute macro `route` (in Nightly builds, run with -Z macro-backtrace for more info)
[INFO] [stdout] 
[INFO] [stdout] error: aborting due to 2 previous errors
[INFO] [stdout] 
[INFO] [stdout] Some errors have detailed explanations: E0432, E0433.
[INFO] [stdout] For more information about an error, try `rustc --explain E0432`.
[INFO] [stdout] Couldn't compile the test.
[INFO] [stdout] ---- src/lib.rs - epilogue_hooks (line 2061) stdout ----
[INFO] [stdout] error[E0432]: unresolved import `hyperlane`
[INFO] [stdout]     --> src/lib.rs:2063:5
[INFO] [stdout]      |
[INFO] [stdout] 2063 | use hyperlane::*;
[INFO] [stdout]      |     ^^^^^^^^^ use of unresolved module or unlinked crate `hyperlane`
[INFO] [stdout]      |
[INFO] [stdout] help: to make use of source file src/hyperlane/mod.rs, use `mod hyperlane` in this file to declare the module
[INFO] [stdout]      |
[INFO] [stdout] 2060 + mod hyperlane;
[INFO] [stdout]      |
[INFO] [stdout] 
[INFO] [stdout] error[E0433]: cannot find `hyperlane` in the list of imported crates
[INFO] [stdout]     --> src/lib.rs:2082:1
[INFO] [stdout]      |
[INFO] [stdout] 2082 | #[route("/hook")]
[INFO] [stdout]      | ^^^^^^^^^^^^^^^^^ could not find `hyperlane` in the list of imported crates
[INFO] [stdout]      |
[INFO] [stdout]      = note: this error originates in the attribute macro `route` (in Nightly builds, run with -Z macro-backtrace for more info)
[INFO] [stdout] 
[INFO] [stdout] error: aborting due to 2 previous errors
[INFO] [stdout] 
[INFO] [stdout] Some errors have detailed explanations: E0432, E0433.
[INFO] [stdout] For more information about an error, try `rustc --explain E0432`.
[INFO] [stdout] Couldn't compile the test.
[INFO] [stdout] ---- src/lib.rs - attribute (line 2518) stdout ----
[INFO] [stdout] error[E0432]: unresolved import `hyperlane`
[INFO] [stdout]     --> src/lib.rs:2520:5
[INFO] [stdout]      |
[INFO] [stdout] 2520 | use hyperlane::*;
[INFO] [stdout]      |     ^^^^^^^^^ use of unresolved module or unlinked crate `hyperlane`
[INFO] [stdout]      |
[INFO] [stdout] help: to make use of source file src/hyperlane/mod.rs, use `mod hyperlane` in this file to declare the module
[INFO] [stdout]      |
[INFO] [stdout] 2517 + mod hyperlane;
[INFO] [stdout]      |
[INFO] [stdout] 
[INFO] [stdout] error[E0433]: cannot find `hyperlane` in the list of imported crates
[INFO] [stdout]     --> src/lib.rs:2523:1
[INFO] [stdout]      |
[INFO] [stdout] 2523 | #[route("/attribute")]
[INFO] [stdout]      | ^^^^^^^^^^^^^^^^^^^^^^ could not find `hyperlane` in the list of imported crates
[INFO] [stdout]      |
[INFO] [stdout]      = note: this error originates in the attribute macro `route` (in Nightly builds, run with -Z macro-backtrace for more info)
[INFO] [stdout] 
[INFO] [stdout] error: aborting due to 2 previous errors
[INFO] [stdout] 
[INFO] [stdout] Some errors have detailed explanations: E0432, E0433.
[INFO] [stdout] For more information about an error, try `rustc --explain E0432`.
[INFO] [stdout] Couldn't compile the test.
[INFO] [stdout] ---- src/lib.rs - clear_response_headers (line 1529) stdout ----
[INFO] [stdout] error[E0432]: unresolved import `hyperlane`
[INFO] [stdout]     --> src/lib.rs:1531:5
[INFO] [stdout]      |
[INFO] [stdout] 1531 | use hyperlane::*;
[INFO] [stdout]      |     ^^^^^^^^^ use of unresolved module or unlinked crate `hyperlane`
[INFO] [stdout]      |
[INFO] [stdout] help: to make use of source file src/hyperlane/mod.rs, use `mod hyperlane` in this file to declare the module
[INFO] [stdout]      |
[INFO] [stdout] 1528 + mod hyperlane;
[INFO] [stdout]      |
[INFO] [stdout] 
[INFO] [stdout] error[E0433]: cannot find `hyperlane` in the list of imported crates
[INFO] [stdout]     --> src/lib.rs:1534:1
[INFO] [stdout]      |
[INFO] [stdout] 1534 | #[route("/clear_response_headers")]
[INFO] [stdout]      | ^^^^^^^^^^^^^^^^^^^^^^^^^^^^^^^^^^^ could not find `hyperlane` in the list of imported crates
[INFO] [stdout]      |
[INFO] [stdout]      = note: this error originates in the attribute macro `route` (in Nightly builds, run with -Z macro-backtrace for more info)
[INFO] [stdout] 
[INFO] [stdout] error: aborting due to 2 previous errors
[INFO] [stdout] 
[INFO] [stdout] Some errors have detailed explanations: E0432, E0433.
[INFO] [stdout] For more information about an error, try `rustc --explain E0432`.
[INFO] [stdout] Couldn't compile the test.
[INFO] [stdout] ---- src/lib.rs - attribute (line 2478) stdout ----
[INFO] [stdout] error[E0432]: unresolved import `hyperlane`
[INFO] [stdout]     --> src/lib.rs:2480:5
[INFO] [stdout]      |
[INFO] [stdout] 2480 | use hyperlane::*;
[INFO] [stdout]      |     ^^^^^^^^^ use of unresolved module or unlinked crate `hyperlane`
[INFO] [stdout]      |
[INFO] [stdout] help: to make use of source file src/hyperlane/mod.rs, use `mod hyperlane` in this file to declare the module
[INFO] [stdout]      |
[INFO] [stdout] 2477 + mod hyperlane;
[INFO] [stdout]      |
[INFO] [stdout] 
[INFO] [stdout] error[E0433]: cannot find `hyperlane` in the list of imported crates
[INFO] [stdout]     --> src/lib.rs:2492:1
[INFO] [stdout]      |
[INFO] [stdout] 2492 | #[route("/attribute")]
[INFO] [stdout]      | ^^^^^^^^^^^^^^^^^^^^^^ could not find `hyperlane` in the list of imported crates
[INFO] [stdout]      |
[INFO] [stdout]      = note: this error originates in the attribute macro `route` (in Nightly builds, run with -Z macro-backtrace for more info)
[INFO] [stdout] 
[INFO] [stdout] error: aborting due to 2 previous errors
[INFO] [stdout] 
[INFO] [stdout] Some errors have detailed explanations: E0432, E0433.
[INFO] [stdout] For more information about an error, try `rustc --explain E0432`.
[INFO] [stdout] Couldn't compile the test.
[INFO] [stdout] ---- src/lib.rs - flush (line 4318) stdout ----
[INFO] [stdout] error[E0432]: unresolved import `hyperlane`
[INFO] [stdout]     --> src/lib.rs:4320:5
[INFO] [stdout]      |
[INFO] [stdout] 4320 | use hyperlane::*;
[INFO] [stdout]      |     ^^^^^^^^^ use of unresolved module or unlinked crate `hyperlane`
[INFO] [stdout]      |
[INFO] [stdout] help: to make use of source file src/hyperlane/mod.rs, use `mod hyperlane` in this file to declare the module
[INFO] [stdout]      |
[INFO] [stdout] 4317 + mod hyperlane;
[INFO] [stdout]      |
[INFO] [stdout] 
[INFO] [stdout] error[E0433]: cannot find `hyperlane` in the list of imported crates
[INFO] [stdout]     --> src/lib.rs:4323:1
[INFO] [stdout]      |
[INFO] [stdout] 4323 | #[route("/flush")]
[INFO] [stdout]      | ^^^^^^^^^^^^^^^^^^ could not find `hyperlane` in the list of imported crates
[INFO] [stdout]      |
[INFO] [stdout]      = note: this error originates in the attribute macro `route` (in Nightly builds, run with -Z macro-backtrace for more info)
[INFO] [stdout] 
[INFO] [stdout] error: aborting due to 2 previous errors
[INFO] [stdout] 
[INFO] [stdout] Some errors have detailed explanations: E0432, E0433.
[INFO] [stdout] For more information about an error, try `rustc --explain E0432`.
[INFO] [stdout] Couldn't compile the test.
[INFO] [stdout] ---- src/lib.rs - epilogue_hooks (line 2102) stdout ----
[INFO] [stdout] error[E0432]: unresolved import `hyperlane`
[INFO] [stdout]     --> src/lib.rs:2104:5
[INFO] [stdout]      |
[INFO] [stdout] 2104 | use hyperlane::*;
[INFO] [stdout]      |     ^^^^^^^^^ use of unresolved module or unlinked crate `hyperlane`
[INFO] [stdout]      |
[INFO] [stdout] help: to make use of source file src/hyperlane/mod.rs, use `mod hyperlane` in this file to declare the module
[INFO] [stdout]      |
[INFO] [stdout] 2101 + mod hyperlane;
[INFO] [stdout]      |
[INFO] [stdout] 
[INFO] [stdout] error[E0433]: cannot find `hyperlane` in the list of imported crates
[INFO] [stdout]     --> src/lib.rs:2107:1
[INFO] [stdout]      |
[INFO] [stdout] 2107 | #[route("/hooks_expression")]
[INFO] [stdout]      | ^^^^^^^^^^^^^^^^^^^^^^^^^^^^^ could not find `hyperlane` in the list of imported crates
[INFO] [stdout]      |
[INFO] [stdout]      = note: this error originates in the attribute macro `route` (in Nightly builds, run with -Z macro-backtrace for more info)
[INFO] [stdout] 
[INFO] [stdout] error: aborting due to 2 previous errors
[INFO] [stdout] 
[INFO] [stdout] Some errors have detailed explanations: E0432, E0433.
[INFO] [stdout] For more information about an error, try `rustc --explain E0432`.
[INFO] [stdout] Couldn't compile the test.
[INFO] [stdout] ---- src/lib.rs - attributes (line 2562) stdout ----
[INFO] [stdout] error[E0432]: unresolved import `hyperlane`
[INFO] [stdout]     --> src/lib.rs:2564:5
[INFO] [stdout]      |
[INFO] [stdout] 2564 | use hyperlane::*;
[INFO] [stdout]      |     ^^^^^^^^^ use of unresolved module or unlinked crate `hyperlane`
[INFO] [stdout]      |
[INFO] [stdout] help: to make use of source file src/hyperlane/mod.rs, use `mod hyperlane` in this file to declare the module
[INFO] [stdout]      |
[INFO] [stdout] 2561 + mod hyperlane;
[INFO] [stdout]      |
[INFO] [stdout] 
[INFO] [stdout] error[E0433]: cannot find `hyperlane` in the list of imported crates
[INFO] [stdout]     --> src/lib.rs:2567:1
[INFO] [stdout]      |
[INFO] [stdout] 2567 | #[route("/attributes")]
[INFO] [stdout]      | ^^^^^^^^^^^^^^^^^^^^^^^ could not find `hyperlane` in the list of imported crates
[INFO] [stdout]      |
[INFO] [stdout]      = note: this error originates in the attribute macro `route` (in Nightly builds, run with -Z macro-backtrace for more info)
[INFO] [stdout] 
[INFO] [stdout] error: aborting due to 2 previous errors
[INFO] [stdout] 
[INFO] [stdout] Some errors have detailed explanations: E0432, E0433.
[INFO] [stdout] For more information about an error, try `rustc --explain E0432`.
[INFO] [stdout] Couldn't compile the test.
[INFO] [stdout] ---- src/lib.rs - epilogue_macros (line 4089) stdout ----
[INFO] [stdout] error[E0432]: unresolved import `hyperlane`
[INFO] [stdout]     --> src/lib.rs:4091:5
[INFO] [stdout]      |
[INFO] [stdout] 4091 | use hyperlane::*;
[INFO] [stdout]      |     ^^^^^^^^^ use of unresolved module or unlinked crate `hyperlane`
[INFO] [stdout]      |
[INFO] [stdout] help: to make use of source file src/hyperlane/mod.rs, use `mod hyperlane` in this file to declare the module
[INFO] [stdout]      |
[INFO] [stdout] 4088 + mod hyperlane;
[INFO] [stdout]      |
[INFO] [stdout] 
[INFO] [stdout] error[E0433]: cannot find `hyperlane` in the list of imported crates
[INFO] [stdout]     --> src/lib.rs:4094:1
[INFO] [stdout]      |
[INFO] [stdout] 4094 | #[response_middleware(2)]
[INFO] [stdout]      | ^^^^^^^^^^^^^^^^^^^^^^^^^ could not find `hyperlane` in the list of imported crates
[INFO] [stdout]      |
[INFO] [stdout]      = note: this error originates in the attribute macro `response_middleware` (in Nightly builds, run with -Z macro-backtrace for more info)
[INFO] [stdout] 
[INFO] [stdout] error: aborting due to 2 previous errors
[INFO] [stdout] 
[INFO] [stdout] Some errors have detailed explanations: E0432, E0433.
[INFO] [stdout] For more information about an error, try `rustc --explain E0432`.
[INFO] [stdout] Couldn't compile the test.
[INFO] [stdout] ---- src/lib.rs - hyperlane (line 3753) stdout ----
[INFO] [stdout] error[E0432]: unresolved import `hyperlane`
[INFO] [stdout]     --> src/lib.rs:3755:5
[INFO] [stdout]      |
[INFO] [stdout] 3755 | use hyperlane::*;
[INFO] [stdout]      |     ^^^^^^^^^ use of unresolved module or unlinked crate `hyperlane`
[INFO] [stdout]      |
[INFO] [stdout] help: to make use of source file src/hyperlane/mod.rs, use `mod hyperlane` in this file to declare the module
[INFO] [stdout]      |
[INFO] [stdout] 3753 + mod hyperlane;
[INFO] [stdout]      |
[INFO] [stdout] 
[INFO] [stdout] error[E0433]: cannot find module or crate `tokio` in this scope
[INFO] [stdout]     --> src/lib.rs:3760:3
[INFO] [stdout]      |
[INFO] [stdout] 3760 | #[tokio::main]
[INFO] [stdout]      |   ^^^^^ use of unresolved module or unlinked crate `tokio`
[INFO] [stdout] 
[INFO] [stdout] error[E0752]: `main` function is not allowed to be `async`
[INFO] [stdout]     --> src/lib.rs:3759:1
[INFO] [stdout]      |
[INFO] [stdout] 3759 | #[hyperlane(server_config: ServerConfig)]
[INFO] [stdout]      | ^^^^^^^^^^^^^^^^^^^^^^^^^^^^^^^^^^^^^^^^^ `main` function is not allowed to be `async`
[INFO] [stdout]      |
[INFO] [stdout]      = note: this error originates in the attribute macro `hyperlane` (in Nightly builds, run with -Z macro-backtrace for more info)
[INFO] [stdout] 
[INFO] [stdout] error: aborting due to 3 previous errors
[INFO] [stdout] 
[INFO] [stdout] Some errors have detailed explanations: E0432, E0433, E0752.
[INFO] [stdout] For more information about an error, try `rustc --explain E0432`.
[INFO] [stdout] Couldn't compile the test.
[INFO] [stdout] ---- src/lib.rs - is_connect_method (line 532) stdout ----
[INFO] [stdout] error[E0432]: unresolved import `hyperlane`
[INFO] [stdout]    --> src/lib.rs:534:5
[INFO] [stdout]     |
[INFO] [stdout] 534 | use hyperlane::*;
[INFO] [stdout]     |     ^^^^^^^^^ use of unresolved module or unlinked crate `hyperlane`
[INFO] [stdout]     |
[INFO] [stdout] help: to make use of source file src/hyperlane/mod.rs, use `mod hyperlane` in this file to declare the module
[INFO] [stdout]     |
[INFO] [stdout] 531 + mod hyperlane;
[INFO] [stdout]     |
[INFO] [stdout] 
[INFO] [stdout] error[E0433]: cannot find `hyperlane` in the list of imported crates
[INFO] [stdout]    --> src/lib.rs:537:1
[INFO] [stdout]     |
[INFO] [stdout] 537 | #[route("/is_connect_method")]
[INFO] [stdout]     | ^^^^^^^^^^^^^^^^^^^^^^^^^^^^^^ could not find `hyperlane` in the list of imported crates
[INFO] [stdout]     |
[INFO] [stdout]     = note: this error originates in the attribute macro `route` (in Nightly builds, run with -Z macro-backtrace for more info)
[INFO] [stdout] 
[INFO] [stdout] error: aborting due to 2 previous errors
[INFO] [stdout] 
[INFO] [stdout] Some errors have detailed explanations: E0432, E0433.
[INFO] [stdout] For more information about an error, try `rustc --explain E0432`.
[INFO] [stdout] Couldn't compile the test.
[INFO] [stdout] ---- src/lib.rs - is_h2c_upgrade_type (line 1169) stdout ----
[INFO] [stdout] error[E0432]: unresolved import `hyperlane`
[INFO] [stdout]     --> src/lib.rs:1171:5
[INFO] [stdout]      |
[INFO] [stdout] 1171 | use hyperlane::*;
[INFO] [stdout]      |     ^^^^^^^^^ use of unresolved module or unlinked crate `hyperlane`
[INFO] [stdout]      |
[INFO] [stdout] help: to make use of source file src/hyperlane/mod.rs, use `mod hyperlane` in this file to declare the module
[INFO] [stdout]      |
[INFO] [stdout] 1168 + mod hyperlane;
[INFO] [stdout]      |
[INFO] [stdout] 
[INFO] [stdout] error[E0433]: cannot find `hyperlane` in the list of imported crates
[INFO] [stdout]     --> src/lib.rs:1174:1
[INFO] [stdout]      |
[INFO] [stdout] 1174 | #[route("/is_h2c_upgrade_type")]
[INFO] [stdout]      | ^^^^^^^^^^^^^^^^^^^^^^^^^^^^^^^^ could not find `hyperlane` in the list of imported crates
[INFO] [stdout]      |
[INFO] [stdout]      = note: this error originates in the attribute macro `route` (in Nightly builds, run with -Z macro-backtrace for more info)
[INFO] [stdout] 
[INFO] [stdout] error: aborting due to 2 previous errors
[INFO] [stdout] 
[INFO] [stdout] Some errors have detailed explanations: E0432, E0433.
[INFO] [stdout] For more information about an error, try `rustc --explain E0432`.
[INFO] [stdout] Couldn't compile the test.
[INFO] [stdout] ---- src/lib.rs - is_head_method (line 436) stdout ----
[INFO] [stdout] error[E0432]: unresolved import `hyperlane`
[INFO] [stdout]    --> src/lib.rs:438:5
[INFO] [stdout]     |
[INFO] [stdout] 438 | use hyperlane::*;
[INFO] [stdout]     |     ^^^^^^^^^ use of unresolved module or unlinked crate `hyperlane`
[INFO] [stdout]     |
[INFO] [stdout] help: to make use of source file src/hyperlane/mod.rs, use `mod hyperlane` in this file to declare the module
[INFO] [stdout]     |
[INFO] [stdout] 435 + mod hyperlane;
[INFO] [stdout]     |
[INFO] [stdout] 
[INFO] [stdout] error[E0433]: cannot find `hyperlane` in the list of imported crates
[INFO] [stdout]    --> src/lib.rs:441:1
[INFO] [stdout]     |
[INFO] [stdout] 441 | #[route("/is_head_method")]
[INFO] [stdout]     | ^^^^^^^^^^^^^^^^^^^^^^^^^^^ could not find `hyperlane` in the list of imported crates
[INFO] [stdout]     |
[INFO] [stdout]     = note: this error originates in the attribute macro `route` (in Nightly builds, run with -Z macro-backtrace for more info)
[INFO] [stdout] 
[INFO] [stdout] error: aborting due to 2 previous errors
[INFO] [stdout] 
[INFO] [stdout] Some errors have detailed explanations: E0432, E0433.
[INFO] [stdout] For more information about an error, try `rustc --explain E0432`.
[INFO] [stdout] Couldn't compile the test.
[INFO] [stdout] ---- src/lib.rs - is_delete_method (line 340) stdout ----
[INFO] [stdout] error[E0432]: unresolved import `hyperlane`
[INFO] [stdout]    --> src/lib.rs:342:5
[INFO] [stdout]     |
[INFO] [stdout] 342 | use hyperlane::*;
[INFO] [stdout]     |     ^^^^^^^^^ use of unresolved module or unlinked crate `hyperlane`
[INFO] [stdout]     |
[INFO] [stdout] help: to make use of source file src/hyperlane/mod.rs, use `mod hyperlane` in this file to declare the module
[INFO] [stdout]     |
[INFO] [stdout] 339 + mod hyperlane;
[INFO] [stdout]     |
[INFO] [stdout] 
[INFO] [stdout] error[E0433]: cannot find `hyperlane` in the list of imported crates
[INFO] [stdout]    --> src/lib.rs:345:1
[INFO] [stdout]     |
[INFO] [stdout] 345 | #[route("/is_delete_method")]
[INFO] [stdout]     | ^^^^^^^^^^^^^^^^^^^^^^^^^^^^^ could not find `hyperlane` in the list of imported crates
[INFO] [stdout]     |
[INFO] [stdout]     = note: this error originates in the attribute macro `route` (in Nightly builds, run with -Z macro-backtrace for more info)
[INFO] [stdout] 
[INFO] [stdout] error: aborting due to 2 previous errors
[INFO] [stdout] 
[INFO] [stdout] Some errors have detailed explanations: E0432, E0433.
[INFO] [stdout] For more information about an error, try `rustc --explain E0432`.
[INFO] [stdout] Couldn't compile the test.
[INFO] [stdout] ---- src/lib.rs - is_http0_9_version (line 733) stdout ----
[INFO] [stdout] error[E0432]: unresolved import `hyperlane`
[INFO] [stdout]    --> src/lib.rs:735:5
[INFO] [stdout]     |
[INFO] [stdout] 735 | use hyperlane::*;
[INFO] [stdout]     |     ^^^^^^^^^ use of unresolved module or unlinked crate `hyperlane`
[INFO] [stdout]     |
[INFO] [stdout] help: to make use of source file src/hyperlane/mod.rs, use `mod hyperlane` in this file to declare the module
[INFO] [stdout]     |
[INFO] [stdout] 732 + mod hyperlane;
[INFO] [stdout]     |
[INFO] [stdout] 
[INFO] [stdout] error[E0433]: cannot find `hyperlane` in the list of imported crates
[INFO] [stdout]    --> src/lib.rs:738:1
[INFO] [stdout]     |
[INFO] [stdout] 738 | #[route("/is_http0_9_version")]
[INFO] [stdout]     | ^^^^^^^^^^^^^^^^^^^^^^^^^^^^^^^ could not find `hyperlane` in the list of imported crates
[INFO] [stdout]     |
[INFO] [stdout]     = note: this error originates in the attribute macro `route` (in Nightly builds, run with -Z macro-backtrace for more info)
[INFO] [stdout] 
[INFO] [stdout] error: aborting due to 2 previous errors
[INFO] [stdout] 
[INFO] [stdout] Some errors have detailed explanations: E0432, E0433.
[INFO] [stdout] For more information about an error, try `rustc --explain E0432`.
[INFO] [stdout] Couldn't compile the test.
[INFO] [stdout] ---- src/lib.rs - host (line 1773) stdout ----
[INFO] [stdout] error[E0432]: unresolved import `hyperlane`
[INFO] [stdout]     --> src/lib.rs:1775:5
[INFO] [stdout]      |
[INFO] [stdout] 1775 | use hyperlane::*;
[INFO] [stdout]      |     ^^^^^^^^^ use of unresolved module or unlinked crate `hyperlane`
[INFO] [stdout]      |
[INFO] [stdout] help: to make use of source file src/hyperlane/mod.rs, use `mod hyperlane` in this file to declare the module
[INFO] [stdout]      |
[INFO] [stdout] 1772 + mod hyperlane;
[INFO] [stdout]      |
[INFO] [stdout] 
[INFO] [stdout] error[E0433]: cannot find `hyperlane` in the list of imported crates
[INFO] [stdout]     --> src/lib.rs:1778:1
[INFO] [stdout]      |
[INFO] [stdout] 1778 | #[route("/host")]
[INFO] [stdout]      | ^^^^^^^^^^^^^^^^^ could not find `hyperlane` in the list of imported crates
[INFO] [stdout]      |
[INFO] [stdout]      = note: this error originates in the attribute macro `route` (in Nightly builds, run with -Z macro-backtrace for more info)
[INFO] [stdout] 
[INFO] [stdout] error: aborting due to 2 previous errors
[INFO] [stdout] 
[INFO] [stdout] Some errors have detailed explanations: E0432, E0433.
[INFO] [stdout] For more information about an error, try `rustc --explain E0432`.
[INFO] [stdout] Couldn't compile the test.
[INFO] [stdout] ---- src/lib.rs - filter (line 1679) stdout ----
[INFO] [stdout] error[E0432]: unresolved import `hyperlane`
[INFO] [stdout]     --> src/lib.rs:1681:5
[INFO] [stdout]      |
[INFO] [stdout] 1681 | use hyperlane::*;
[INFO] [stdout]      |     ^^^^^^^^^ use of unresolved module or unlinked crate `hyperlane`
[INFO] [stdout]      |
[INFO] [stdout] help: to make use of source file src/hyperlane/mod.rs, use `mod hyperlane` in this file to declare the module
[INFO] [stdout]      |
[INFO] [stdout] 1678 + mod hyperlane;
[INFO] [stdout]      |
[INFO] [stdout] 
[INFO] [stdout] error[E0433]: cannot find `hyperlane` in the list of imported crates
[INFO] [stdout]     --> src/lib.rs:1684:1
[INFO] [stdout]      |
[INFO] [stdout] 1684 | #[route("/is_unknown_method")]
[INFO] [stdout]      | ^^^^^^^^^^^^^^^^^^^^^^^^^^^^^^ could not find `hyperlane` in the list of imported crates
[INFO] [stdout]      |
[INFO] [stdout]      = note: this error originates in the attribute macro `route` (in Nightly builds, run with -Z macro-backtrace for more info)
[INFO] [stdout] 
[INFO] [stdout] error: aborting due to 2 previous errors
[INFO] [stdout] 
[INFO] [stdout] Some errors have detailed explanations: E0432, E0433.
[INFO] [stdout] For more information about an error, try `rustc --explain E0432`.
[INFO] [stdout] Couldn't compile the test.
[INFO] [stdout] ---- src/lib.rs - is_get_method (line 196) stdout ----
[INFO] [stdout] error[E0432]: unresolved import `hyperlane`
[INFO] [stdout]    --> src/lib.rs:198:5
[INFO] [stdout]     |
[INFO] [stdout] 198 | use hyperlane::*;
[INFO] [stdout]     |     ^^^^^^^^^ use of unresolved module or unlinked crate `hyperlane`
[INFO] [stdout]     |
[INFO] [stdout] help: to make use of source file src/hyperlane/mod.rs, use `mod hyperlane` in this file to declare the module
[INFO] [stdout]     |
[INFO] [stdout] 195 + mod hyperlane;
[INFO] [stdout]     |
[INFO] [stdout] 
[INFO] [stdout] error[E0433]: cannot find `hyperlane` in the list of imported crates
[INFO] [stdout]    --> src/lib.rs:201:1
[INFO] [stdout]     |
[INFO] [stdout] 201 | #[route("/is_get_method")]
[INFO] [stdout]     | ^^^^^^^^^^^^^^^^^^^^^^^^^^ could not find `hyperlane` in the list of imported crates
[INFO] [stdout]     |
[INFO] [stdout]     = note: this error originates in the attribute macro `route` (in Nightly builds, run with -Z macro-backtrace for more info)
[INFO] [stdout] 
[INFO] [stdout] error: aborting due to 2 previous errors
[INFO] [stdout] 
[INFO] [stdout] Some errors have detailed explanations: E0432, E0433.
[INFO] [stdout] For more information about an error, try `rustc --explain E0432`.
[INFO] [stdout] Couldn't compile the test.
[INFO] [stdout] ---- src/lib.rs - is_http1_1_or_higher_version (line 973) stdout ----
[INFO] [stdout] error[E0432]: unresolved import `hyperlane`
[INFO] [stdout]    --> src/lib.rs:975:5
[INFO] [stdout]     |
[INFO] [stdout] 975 | use hyperlane::*;
[INFO] [stdout]     |     ^^^^^^^^^ use of unresolved module or unlinked crate `hyperlane`
[INFO] [stdout]     |
[INFO] [stdout] help: to make use of source file src/hyperlane/mod.rs, use `mod hyperlane` in this file to declare the module
[INFO] [stdout]     |
[INFO] [stdout] 972 + mod hyperlane;
[INFO] [stdout]     |
[INFO] [stdout] 
[INFO] [stdout] error[E0433]: cannot find `hyperlane` in the list of imported crates
[INFO] [stdout]    --> src/lib.rs:978:1
[INFO] [stdout]     |
[INFO] [stdout] 978 | #[route("/is_http1_1_or_higher_version")]
[INFO] [stdout]     | ^^^^^^^^^^^^^^^^^^^^^^^^^^^^^^^^^^^^^^^^^ could not find `hyperlane` in the list of imported crates
[INFO] [stdout]     |
[INFO] [stdout]     = note: this error originates in the attribute macro `route` (in Nightly builds, run with -Z macro-backtrace for more info)
[INFO] [stdout] 
[INFO] [stdout] error: aborting due to 2 previous errors
[INFO] [stdout] 
[INFO] [stdout] Some errors have detailed explanations: E0432, E0433.
[INFO] [stdout] For more information about an error, try `rustc --explain E0432`.
[INFO] [stdout] Couldn't compile the test.
[INFO] [stdout] ---- src/lib.rs - is_http1_0_version (line 781) stdout ----
[INFO] [stdout] error[E0432]: unresolved import `hyperlane`
[INFO] [stdout]    --> src/lib.rs:783:5
[INFO] [stdout]     |
[INFO] [stdout] 783 | use hyperlane::*;
[INFO] [stdout]     |     ^^^^^^^^^ use of unresolved module or unlinked crate `hyperlane`
[INFO] [stdout]     |
[INFO] [stdout] help: to make use of source file src/hyperlane/mod.rs, use `mod hyperlane` in this file to declare the module
[INFO] [stdout]     |
[INFO] [stdout] 780 + mod hyperlane;
[INFO] [stdout]     |
[INFO] [stdout] 
[INFO] [stdout] error[E0433]: cannot find `hyperlane` in the list of imported crates
[INFO] [stdout]    --> src/lib.rs:786:1
[INFO] [stdout]     |
[INFO] [stdout] 786 | #[route("/is_http1_0_version")]
[INFO] [stdout]     | ^^^^^^^^^^^^^^^^^^^^^^^^^^^^^^^ could not find `hyperlane` in the list of imported crates
[INFO] [stdout]     |
[INFO] [stdout]     = note: this error originates in the attribute macro `route` (in Nightly builds, run with -Z macro-backtrace for more info)
[INFO] [stdout] 
[INFO] [stdout] error: aborting due to 2 previous errors
[INFO] [stdout] 
[INFO] [stdout] Some errors have detailed explanations: E0432, E0433.
[INFO] [stdout] For more information about an error, try `rustc --explain E0432`.
[INFO] [stdout] Couldn't compile the test.
[INFO] [stdout] ---- src/lib.rs - is_http3_version (line 925) stdout ----
[INFO] [stdout] error[E0432]: unresolved import `hyperlane`
[INFO] [stdout]    --> src/lib.rs:927:5
[INFO] [stdout]     |
[INFO] [stdout] 927 | use hyperlane::*;
[INFO] [stdout]     |     ^^^^^^^^^ use of unresolved module or unlinked crate `hyperlane`
[INFO] [stdout]     |
[INFO] [stdout] help: to make use of source file src/hyperlane/mod.rs, use `mod hyperlane` in this file to declare the module
[INFO] [stdout]     |
[INFO] [stdout] 924 + mod hyperlane;
[INFO] [stdout]     |
[INFO] [stdout] 
[INFO] [stdout] error[E0433]: cannot find `hyperlane` in the list of imported crates
[INFO] [stdout]    --> src/lib.rs:930:1
[INFO] [stdout]     |
[INFO] [stdout] 930 | #[route("/is_http3_version")]
[INFO] [stdout]     | ^^^^^^^^^^^^^^^^^^^^^^^^^^^^^ could not find `hyperlane` in the list of imported crates
[INFO] [stdout]     |
[INFO] [stdout]     = note: this error originates in the attribute macro `route` (in Nightly builds, run with -Z macro-backtrace for more info)
[INFO] [stdout] 
[INFO] [stdout] error: aborting due to 2 previous errors
[INFO] [stdout] 
[INFO] [stdout] Some errors have detailed explanations: E0432, E0433.
[INFO] [stdout] For more information about an error, try `rustc --explain E0432`.
[INFO] [stdout] Couldn't compile the test.
[INFO] [stdout] ---- src/lib.rs - is_http2_version (line 877) stdout ----
[INFO] [stdout] error[E0432]: unresolved import `hyperlane`
[INFO] [stdout]    --> src/lib.rs:879:5
[INFO] [stdout]     |
[INFO] [stdout] 879 | use hyperlane::*;
[INFO] [stdout]     |     ^^^^^^^^^ use of unresolved module or unlinked crate `hyperlane`
[INFO] [stdout]     |
[INFO] [stdout] help: to make use of source file src/hyperlane/mod.rs, use `mod hyperlane` in this file to declare the module
[INFO] [stdout]     |
[INFO] [stdout] 876 + mod hyperlane;
[INFO] [stdout]     |
[INFO] [stdout] 
[INFO] [stdout] error[E0433]: cannot find `hyperlane` in the list of imported crates
[INFO] [stdout]    --> src/lib.rs:882:1
[INFO] [stdout]     |
[INFO] [stdout] 882 | #[route("/is_http2_version")]
[INFO] [stdout]     | ^^^^^^^^^^^^^^^^^^^^^^^^^^^^^ could not find `hyperlane` in the list of imported crates
[INFO] [stdout]     |
[INFO] [stdout]     = note: this error originates in the attribute macro `route` (in Nightly builds, run with -Z macro-backtrace for more info)
[INFO] [stdout] 
[INFO] [stdout] error: aborting due to 2 previous errors
[INFO] [stdout] 
[INFO] [stdout] Some errors have detailed explanations: E0432, E0433.
[INFO] [stdout] For more information about an error, try `rustc --explain E0432`.
[INFO] [stdout] Couldn't compile the test.
[INFO] [stdout] ---- src/lib.rs - is_http_version (line 1021) stdout ----
[INFO] [stdout] error[E0432]: unresolved import `hyperlane`
[INFO] [stdout]     --> src/lib.rs:1023:5
[INFO] [stdout]      |
[INFO] [stdout] 1023 | use hyperlane::*;
[INFO] [stdout]      |     ^^^^^^^^^ use of unresolved module or unlinked crate `hyperlane`
[INFO] [stdout]      |
[INFO] [stdout] help: to make use of source file src/hyperlane/mod.rs, use `mod hyperlane` in this file to declare the module
[INFO] [stdout]      |
[INFO] [stdout] 1020 + mod hyperlane;
[INFO] [stdout]      |
[INFO] [stdout] 
[INFO] [stdout] error[E0433]: cannot find `hyperlane` in the list of imported crates
[INFO] [stdout]     --> src/lib.rs:1026:1
[INFO] [stdout]      |
[INFO] [stdout] 1026 | #[route("/http")]
[INFO] [stdout]      | ^^^^^^^^^^^^^^^^^ could not find `hyperlane` in the list of imported crates
[INFO] [stdout]      |
[INFO] [stdout]      = note: this error originates in the attribute macro `route` (in Nightly builds, run with -Z macro-backtrace for more info)
[INFO] [stdout] 
[INFO] [stdout] error: aborting due to 2 previous errors
[INFO] [stdout] 
[INFO] [stdout] Some errors have detailed explanations: E0432, E0433.
[INFO] [stdout] For more information about an error, try `rustc --explain E0432`.
[INFO] [stdout] Couldn't compile the test.
[INFO] [stdout] ---- src/lib.rs - is_post_method (line 244) stdout ----
[INFO] [stdout] error[E0432]: unresolved import `hyperlane`
[INFO] [stdout]    --> src/lib.rs:246:5
[INFO] [stdout]     |
[INFO] [stdout] 246 | use hyperlane::*;
[INFO] [stdout]     |     ^^^^^^^^^ use of unresolved module or unlinked crate `hyperlane`
[INFO] [stdout]     |
[INFO] [stdout] help: to make use of source file src/hyperlane/mod.rs, use `mod hyperlane` in this file to declare the module
[INFO] [stdout]     |
[INFO] [stdout] 243 + mod hyperlane;
[INFO] [stdout]     |
[INFO] [stdout] 
[INFO] [stdout] error[E0433]: cannot find `hyperlane` in the list of imported crates
[INFO] [stdout]    --> src/lib.rs:249:1
[INFO] [stdout]     |
[INFO] [stdout] 249 | #[route("/is_post_method")]
[INFO] [stdout]     | ^^^^^^^^^^^^^^^^^^^^^^^^^^^ could not find `hyperlane` in the list of imported crates
[INFO] [stdout]     |
[INFO] [stdout]     = note: this error originates in the attribute macro `route` (in Nightly builds, run with -Z macro-backtrace for more info)
[INFO] [stdout] 
[INFO] [stdout] error: aborting due to 2 previous errors
[INFO] [stdout] 
[INFO] [stdout] Some errors have detailed explanations: E0432, E0433.
[INFO] [stdout] For more information about an error, try `rustc --explain E0432`.
[INFO] [stdout] Couldn't compile the test.
[INFO] [stdout] ---- src/lib.rs - is_http1_1_version (line 829) stdout ----
[INFO] [stdout] error[E0432]: unresolved import `hyperlane`
[INFO] [stdout]    --> src/lib.rs:831:5
[INFO] [stdout]     |
[INFO] [stdout] 831 | use hyperlane::*;
[INFO] [stdout]     |     ^^^^^^^^^ use of unresolved module or unlinked crate `hyperlane`
[INFO] [stdout]     |
[INFO] [stdout] help: to make use of source file src/hyperlane/mod.rs, use `mod hyperlane` in this file to declare the module
[INFO] [stdout]     |
[INFO] [stdout] 828 + mod hyperlane;
[INFO] [stdout]     |
[INFO] [stdout] 
[INFO] [stdout] error[E0433]: cannot find `hyperlane` in the list of imported crates
[INFO] [stdout]    --> src/lib.rs:834:1
[INFO] [stdout]     |
[INFO] [stdout] 834 | #[route("/is_http1_1_version")]
[INFO] [stdout]     | ^^^^^^^^^^^^^^^^^^^^^^^^^^^^^^^ could not find `hyperlane` in the list of imported crates
[INFO] [stdout]     |
[INFO] [stdout]     = note: this error originates in the attribute macro `route` (in Nightly builds, run with -Z macro-backtrace for more info)
[INFO] [stdout] 
[INFO] [stdout] error: aborting due to 2 previous errors
[INFO] [stdout] 
[INFO] [stdout] Some errors have detailed explanations: E0432, E0433.
[INFO] [stdout] For more information about an error, try `rustc --explain E0432`.
[INFO] [stdout] Couldn't compile the test.
[INFO] [stdout] ---- src/lib.rs - is_unknown_method (line 629) stdout ----
[INFO] [stdout] error[E0432]: unresolved import `hyperlane`
[INFO] [stdout]    --> src/lib.rs:631:5
[INFO] [stdout]     |
[INFO] [stdout] 631 | use hyperlane::*;
[INFO] [stdout]     |     ^^^^^^^^^ use of unresolved module or unlinked crate `hyperlane`
[INFO] [stdout]     |
[INFO] [stdout] help: to make use of source file src/hyperlane/mod.rs, use `mod hyperlane` in this file to declare the module
[INFO] [stdout]     |
[INFO] [stdout] 628 + mod hyperlane;
[INFO] [stdout]     |
[INFO] [stdout] 
[INFO] [stdout] error[E0433]: cannot find `hyperlane` in the list of imported crates
[INFO] [stdout]    --> src/lib.rs:634:1
[INFO] [stdout]     |
[INFO] [stdout] 634 | #[route("/is_unknown_method")]
[INFO] [stdout]     | ^^^^^^^^^^^^^^^^^^^^^^^^^^^^^^ could not find `hyperlane` in the list of imported crates
[INFO] [stdout]     |
[INFO] [stdout]     = note: this error originates in the attribute macro `route` (in Nightly builds, run with -Z macro-backtrace for more info)
[INFO] [stdout] 
[INFO] [stdout] error: aborting due to 2 previous errors
[INFO] [stdout] 
[INFO] [stdout] Some errors have detailed explanations: E0432, E0433.
[INFO] [stdout] For more information about an error, try `rustc --explain E0432`.
[INFO] [stdout] Couldn't compile the test.
[INFO] [stdout] ---- src/lib.rs - is_unknown_upgrade_type (line 1265) stdout ----
[INFO] [stdout] error[E0432]: unresolved import `hyperlane`
[INFO] [stdout]     --> src/lib.rs:1267:5
[INFO] [stdout]      |
[INFO] [stdout] 1267 | use hyperlane::*;
[INFO] [stdout]      |     ^^^^^^^^^ use of unresolved module or unlinked crate `hyperlane`
[INFO] [stdout]      |
[INFO] [stdout] help: to make use of source file src/hyperlane/mod.rs, use `mod hyperlane` in this file to declare the module
[INFO] [stdout]      |
[INFO] [stdout] 1264 + mod hyperlane;
[INFO] [stdout]      |
[INFO] [stdout] 
[INFO] [stdout] error[E0433]: cannot find `hyperlane` in the list of imported crates
[INFO] [stdout]     --> src/lib.rs:1270:1
[INFO] [stdout]      |
[INFO] [stdout] 1270 | #[route("/is_unknown_upgrade_type")]
[INFO] [stdout]      | ^^^^^^^^^^^^^^^^^^^^^^^^^^^^^^^^^^^^ could not find `hyperlane` in the list of imported crates
[INFO] [stdout]      |
[INFO] [stdout]      = note: this error originates in the attribute macro `route` (in Nightly builds, run with -Z macro-backtrace for more info)
[INFO] [stdout] 
[INFO] [stdout] error: aborting due to 2 previous errors
[INFO] [stdout] 
[INFO] [stdout] Some errors have detailed explanations: E0432, E0433.
[INFO] [stdout] For more information about an error, try `rustc --explain E0432`.
[INFO] [stdout] Couldn't compile the test.
[INFO] [stdout] ---- src/lib.rs - is_options_method (line 484) stdout ----
[INFO] [stdout] error[E0432]: unresolved import `hyperlane`
[INFO] [stdout]    --> src/lib.rs:486:5
[INFO] [stdout]     |
[INFO] [stdout] 486 | use hyperlane::*;
[INFO] [stdout]     |     ^^^^^^^^^ use of unresolved module or unlinked crate `hyperlane`
[INFO] [stdout]     |
[INFO] [stdout] help: to make use of source file src/hyperlane/mod.rs, use `mod hyperlane` in this file to declare the module
[INFO] [stdout]     |
[INFO] [stdout] 483 + mod hyperlane;
[INFO] [stdout]     |
[INFO] [stdout] 
[INFO] [stdout] error[E0433]: cannot find `hyperlane` in the list of imported crates
[INFO] [stdout]    --> src/lib.rs:489:1
[INFO] [stdout]     |
[INFO] [stdout] 489 | #[route("/is_options_method")]
[INFO] [stdout]     | ^^^^^^^^^^^^^^^^^^^^^^^^^^^^^^ could not find `hyperlane` in the list of imported crates
[INFO] [stdout]     |
[INFO] [stdout]     = note: this error originates in the attribute macro `route` (in Nightly builds, run with -Z macro-backtrace for more info)
[INFO] [stdout] 
[INFO] [stdout] error: aborting due to 2 previous errors
[INFO] [stdout] 
[INFO] [stdout] Some errors have detailed explanations: E0432, E0433.
[INFO] [stdout] For more information about an error, try `rustc --explain E0432`.
[INFO] [stdout] Couldn't compile the test.
[INFO] [stdout] ---- src/lib.rs - is_patch_method (line 388) stdout ----
[INFO] [stdout] error[E0432]: unresolved import `hyperlane`
[INFO] [stdout]    --> src/lib.rs:390:5
[INFO] [stdout]     |
[INFO] [stdout] 390 | use hyperlane::*;
[INFO] [stdout]     |     ^^^^^^^^^ use of unresolved module or unlinked crate `hyperlane`
[INFO] [stdout]     |
[INFO] [stdout] help: to make use of source file src/hyperlane/mod.rs, use `mod hyperlane` in this file to declare the module
[INFO] [stdout]     |
[INFO] [stdout] 387 + mod hyperlane;
[INFO] [stdout]     |
[INFO] [stdout] 
[INFO] [stdout] error[E0433]: cannot find `hyperlane` in the list of imported crates
[INFO] [stdout]    --> src/lib.rs:393:1
[INFO] [stdout]     |
[INFO] [stdout] 393 | #[route("/is_patch_method")]
[INFO] [stdout]     | ^^^^^^^^^^^^^^^^^^^^^^^^^^^^ could not find `hyperlane` in the list of imported crates
[INFO] [stdout]     |
[INFO] [stdout]     = note: this error originates in the attribute macro `route` (in Nightly builds, run with -Z macro-backtrace for more info)
[INFO] [stdout] 
[INFO] [stdout] error: aborting due to 2 previous errors
[INFO] [stdout] 
[INFO] [stdout] Some errors have detailed explanations: E0432, E0433.
[INFO] [stdout] For more information about an error, try `rustc --explain E0432`.
[INFO] [stdout] Couldn't compile the test.
[INFO] [stdout] ---- src/lib.rs - hyperlane (line 3770) stdout ----
[INFO] [stdout] error[E0432]: unresolved import `hyperlane`
[INFO] [stdout]     --> src/lib.rs:3772:5
[INFO] [stdout]      |
[INFO] [stdout] 3772 | use hyperlane::*;
[INFO] [stdout]      |     ^^^^^^^^^ use of unresolved module or unlinked crate `hyperlane`
[INFO] [stdout]      |
[INFO] [stdout] help: to make use of source file src/hyperlane/mod.rs, use `mod hyperlane` in this file to declare the module
[INFO] [stdout]      |
[INFO] [stdout] 3769 + mod hyperlane;
[INFO] [stdout]      |
[INFO] [stdout] 
[INFO] [stdout] error: aborting due to 1 previous error
[INFO] [stdout] 
[INFO] [stdout] For more information about this error, try `rustc --explain E0432`.
[INFO] [stdout] Couldn't compile the test.
[INFO] [stdout] ---- src/lib.rs - is_put_method (line 292) stdout ----
[INFO] [stdout] error[E0432]: unresolved import `hyperlane`
[INFO] [stdout]    --> src/lib.rs:294:5
[INFO] [stdout]     |
[INFO] [stdout] 294 | use hyperlane::*;
[INFO] [stdout]     |     ^^^^^^^^^ use of unresolved module or unlinked crate `hyperlane`
[INFO] [stdout]     |
[INFO] [stdout] help: to make use of source file src/hyperlane/mod.rs, use `mod hyperlane` in this file to declare the module
[INFO] [stdout]     |
[INFO] [stdout] 291 + mod hyperlane;
[INFO] [stdout]     |
[INFO] [stdout] 
[INFO] [stdout] error[E0433]: cannot find `hyperlane` in the list of imported crates
[INFO] [stdout]    --> src/lib.rs:297:1
[INFO] [stdout]     |
[INFO] [stdout] 297 | #[route("/is_put_method")]
[INFO] [stdout]     | ^^^^^^^^^^^^^^^^^^^^^^^^^^ could not find `hyperlane` in the list of imported crates
[INFO] [stdout]     |
[INFO] [stdout]     = note: this error originates in the attribute macro `route` (in Nightly builds, run with -Z macro-backtrace for more info)
[INFO] [stdout] 
[INFO] [stdout] error: aborting due to 2 previous errors
[INFO] [stdout] 
[INFO] [stdout] Some errors have detailed explanations: E0432, E0433.
[INFO] [stdout] For more information about an error, try `rustc --explain E0432`.
[INFO] [stdout] Couldn't compile the test.
[INFO] [stdout] ---- src/lib.rs - prologue_hooks (line 1975) stdout ----
[INFO] [stdout] error[E0432]: unresolved import `hyperlane`
[INFO] [stdout]     --> src/lib.rs:1977:5
[INFO] [stdout]      |
[INFO] [stdout] 1977 | use hyperlane::*;
[INFO] [stdout]      |     ^^^^^^^^^ use of unresolved module or unlinked crate `hyperlane`
[INFO] [stdout]      |
[INFO] [stdout] help: to make use of source file src/hyperlane/mod.rs, use `mod hyperlane` in this file to declare the module
[INFO] [stdout]      |
[INFO] [stdout] 1974 + mod hyperlane;
[INFO] [stdout]      |
[INFO] [stdout] 
[INFO] [stdout] error[E0433]: cannot find `hyperlane` in the list of imported crates
[INFO] [stdout]     --> src/lib.rs:1997:1
[INFO] [stdout]      |
[INFO] [stdout] 1997 | #[route("/hook")]
[INFO] [stdout]      | ^^^^^^^^^^^^^^^^^ could not find `hyperlane` in the list of imported crates
[INFO] [stdout]      |
[INFO] [stdout]      = note: this error originates in the attribute macro `route` (in Nightly builds, run with -Z macro-backtrace for more info)
[INFO] [stdout] 
[INFO] [stdout] error: aborting due to 2 previous errors
[INFO] [stdout] 
[INFO] [stdout] Some errors have detailed explanations: E0432, E0433.
[INFO] [stdout] For more information about an error, try `rustc --explain E0432`.
[INFO] [stdout] Couldn't compile the test.
[INFO] [stdout] ---- src/lib.rs - is_ws_upgrade_type (line 1117) stdout ----
[INFO] [stdout] error[E0432]: unresolved import `hyperlane`
[INFO] [stdout]     --> src/lib.rs:1119:5
[INFO] [stdout]      |
[INFO] [stdout] 1119 | use hyperlane::*;
[INFO] [stdout]      |     ^^^^^^^^^ use of unresolved module or unlinked crate `hyperlane`
[INFO] [stdout]      |
[INFO] [stdout] help: to make use of source file src/hyperlane/mod.rs, use `mod hyperlane` in this file to declare the module
[INFO] [stdout]      |
[INFO] [stdout] 1116 + mod hyperlane;
[INFO] [stdout]      |
[INFO] [stdout] 
[INFO] [stdout] error[E0433]: cannot find `hyperlane` in the list of imported crates
[INFO] [stdout]     --> src/lib.rs:1122:1
[INFO] [stdout]      |
[INFO] [stdout] 1122 | #[route("/is_ws_upgrade_type")]
[INFO] [stdout]      | ^^^^^^^^^^^^^^^^^^^^^^^^^^^^^^^ could not find `hyperlane` in the list of imported crates
[INFO] [stdout]      |
[INFO] [stdout]      = note: this error originates in the attribute macro `route` (in Nightly builds, run with -Z macro-backtrace for more info)
[INFO] [stdout] 
[INFO] [stdout] error: aborting due to 2 previous errors
[INFO] [stdout] 
[INFO] [stdout] Some errors have detailed explanations: E0432, E0433.
[INFO] [stdout] For more information about an error, try `rustc --explain E0432`.
[INFO] [stdout] Couldn't compile the test.
[INFO] [stdout] ---- src/lib.rs - is_tls_upgrade_type (line 1217) stdout ----
[INFO] [stdout] error[E0432]: unresolved import `hyperlane`
[INFO] [stdout]     --> src/lib.rs:1219:5
[INFO] [stdout]      |
[INFO] [stdout] 1219 | use hyperlane::*;
[INFO] [stdout]      |     ^^^^^^^^^ use of unresolved module or unlinked crate `hyperlane`
[INFO] [stdout]      |
[INFO] [stdout] help: to make use of source file src/hyperlane/mod.rs, use `mod hyperlane` in this file to declare the module
[INFO] [stdout]      |
[INFO] [stdout] 1216 + mod hyperlane;
[INFO] [stdout]      |
[INFO] [stdout] 
[INFO] [stdout] error[E0433]: cannot find `hyperlane` in the list of imported crates
[INFO] [stdout]     --> src/lib.rs:1222:1
[INFO] [stdout]      |
[INFO] [stdout] 1222 | #[route("/is_tls_upgrade_type")]
[INFO] [stdout]      | ^^^^^^^^^^^^^^^^^^^^^^^^^^^^^^^^ could not find `hyperlane` in the list of imported crates
[INFO] [stdout]      |
[INFO] [stdout]      = note: this error originates in the attribute macro `route` (in Nightly builds, run with -Z macro-backtrace for more info)
[INFO] [stdout] 
[INFO] [stdout] error: aborting due to 2 previous errors
[INFO] [stdout] 
[INFO] [stdout] Some errors have detailed explanations: E0432, E0433.
[INFO] [stdout] For more information about an error, try `rustc --explain E0432`.
[INFO] [stdout] Couldn't compile the test.
[INFO] [stdout] ---- src/lib.rs - is_unknown_version (line 1069) stdout ----
[INFO] [stdout] error[E0432]: unresolved import `hyperlane`
[INFO] [stdout]     --> src/lib.rs:1071:5
[INFO] [stdout]      |
[INFO] [stdout] 1071 | use hyperlane::*;
[INFO] [stdout]      |     ^^^^^^^^^ use of unresolved module or unlinked crate `hyperlane`
[INFO] [stdout]      |
[INFO] [stdout] help: to make use of source file src/hyperlane/mod.rs, use `mod hyperlane` in this file to declare the module
[INFO] [stdout]      |
[INFO] [stdout] 1068 + mod hyperlane;
[INFO] [stdout]      |
[INFO] [stdout] 
[INFO] [stdout] error[E0433]: cannot find `hyperlane` in the list of imported crates
[INFO] [stdout]     --> src/lib.rs:1074:1
[INFO] [stdout]      |
[INFO] [stdout] 1074 | #[route("/is_unknown_version")]
[INFO] [stdout]      | ^^^^^^^^^^^^^^^^^^^^^^^^^^^^^^^ could not find `hyperlane` in the list of imported crates
[INFO] [stdout]      |
[INFO] [stdout]      = note: this error originates in the attribute macro `route` (in Nightly builds, run with -Z macro-backtrace for more info)
[INFO] [stdout] 
[INFO] [stdout] error: aborting due to 2 previous errors
[INFO] [stdout] 
[INFO] [stdout] Some errors have detailed explanations: E0432, E0433.
[INFO] [stdout] For more information about an error, try `rustc --explain E0432`.
[INFO] [stdout] Couldn't compile the test.
[INFO] [stdout] ---- src/lib.rs - is_trace_method (line 580) stdout ----
[INFO] [stdout] error[E0432]: unresolved import `hyperlane`
[INFO] [stdout]    --> src/lib.rs:582:5
[INFO] [stdout]     |
[INFO] [stdout] 582 | use hyperlane::*;
[INFO] [stdout]     |     ^^^^^^^^^ use of unresolved module or unlinked crate `hyperlane`
[INFO] [stdout]     |
[INFO] [stdout] help: to make use of source file src/hyperlane/mod.rs, use `mod hyperlane` in this file to declare the module
[INFO] [stdout]     |
[INFO] [stdout] 579 + mod hyperlane;
[INFO] [stdout]     |
[INFO] [stdout] 
[INFO] [stdout] error[E0433]: cannot find `hyperlane` in the list of imported crates
[INFO] [stdout]    --> src/lib.rs:585:1
[INFO] [stdout]     |
[INFO] [stdout] 585 | #[route("/is_trace_method")]
[INFO] [stdout]     | ^^^^^^^^^^^^^^^^^^^^^^^^^^^^ could not find `hyperlane` in the list of imported crates
[INFO] [stdout]     |
[INFO] [stdout]     = note: this error originates in the attribute macro `route` (in Nightly builds, run with -Z macro-backtrace for more info)
[INFO] [stdout] 
[INFO] [stdout] error: aborting due to 2 previous errors
[INFO] [stdout] 
[INFO] [stdout] Some errors have detailed explanations: E0432, E0433.
[INFO] [stdout] For more information about an error, try `rustc --explain E0432`.
[INFO] [stdout] Couldn't compile the test.
[INFO] [stdout] ---- src/lib.rs - prologue_macros (line 4052) stdout ----
[INFO] [stdout] error[E0432]: unresolved import `hyperlane`
[INFO] [stdout]     --> src/lib.rs:4054:5
[INFO] [stdout]      |
[INFO] [stdout] 4054 | use hyperlane::*;
[INFO] [stdout]      |     ^^^^^^^^^ use of unresolved module or unlinked crate `hyperlane`
[INFO] [stdout]      |
[INFO] [stdout] help: to make use of source file src/hyperlane/mod.rs, use `mod hyperlane` in this file to declare the module
[INFO] [stdout]      |
[INFO] [stdout] 4051 + mod hyperlane;
[INFO] [stdout]      |
[INFO] [stdout] 
[INFO] [stdout] error[E0433]: cannot find `hyperlane` in the list of imported crates
[INFO] [stdout]     --> src/lib.rs:4057:1
[INFO] [stdout]      |
[INFO] [stdout] 4057 | #[route("/prologue_macros")]
[INFO] [stdout]      | ^^^^^^^^^^^^^^^^^^^^^^^^^^^^ could not find `hyperlane` in the list of imported crates
[INFO] [stdout]      |
[INFO] [stdout]      = note: this error originates in the attribute macro `route` (in Nightly builds, run with -Z macro-backtrace for more info)
[INFO] [stdout] 
[INFO] [stdout] error: aborting due to 2 previous errors
[INFO] [stdout] 
[INFO] [stdout] Some errors have detailed explanations: E0432, E0433.
[INFO] [stdout] For more information about an error, try `rustc --explain E0432`.
[INFO] [stdout] Couldn't compile the test.
[INFO] [stdout] ---- src/lib.rs - prologue_hooks (line 2016) stdout ----
[INFO] [stdout] error[E0432]: unresolved import `hyperlane`
[INFO] [stdout]     --> src/lib.rs:2018:5
[INFO] [stdout]      |
[INFO] [stdout] 2018 | use hyperlane::*;
[INFO] [stdout]      |     ^^^^^^^^^ use of unresolved module or unlinked crate `hyperlane`
[INFO] [stdout]      |
[INFO] [stdout] help: to make use of source file src/hyperlane/mod.rs, use `mod hyperlane` in this file to declare the module
[INFO] [stdout]      |
[INFO] [stdout] 2015 + mod hyperlane;
[INFO] [stdout]      |
[INFO] [stdout] 
[INFO] [stdout] error[E0433]: cannot find `hyperlane` in the list of imported crates
[INFO] [stdout]     --> src/lib.rs:2021:1
[INFO] [stdout]      |
[INFO] [stdout] 2021 | #[route("/hooks_expression")]
[INFO] [stdout]      | ^^^^^^^^^^^^^^^^^^^^^^^^^^^^^ could not find `hyperlane` in the list of imported crates
[INFO] [stdout]      |
[INFO] [stdout]      = note: this error originates in the attribute macro `route` (in Nightly builds, run with -Z macro-backtrace for more info)
[INFO] [stdout] 
[INFO] [stdout] error: aborting due to 2 previous errors
[INFO] [stdout] 
[INFO] [stdout] Some errors have detailed explanations: E0432, E0433.
[INFO] [stdout] For more information about an error, try `rustc --explain E0432`.
[INFO] [stdout] Couldn't compile the test.
[INFO] [stdout] ---- src/lib.rs - methods (line 681) stdout ----
[INFO] [stdout] error[E0432]: unresolved import `hyperlane`
[INFO] [stdout]    --> src/lib.rs:683:5
[INFO] [stdout]     |
[INFO] [stdout] 683 | use hyperlane::*;
[INFO] [stdout]     |     ^^^^^^^^^ use of unresolved module or unlinked crate `hyperlane`
[INFO] [stdout]     |
[INFO] [stdout] help: to make use of source file src/hyperlane/mod.rs, use `mod hyperlane` in this file to declare the module
[INFO] [stdout]     |
[INFO] [stdout] 680 + mod hyperlane;
[INFO] [stdout]     |
[INFO] [stdout] 
[INFO] [stdout] error[E0433]: cannot find `hyperlane` in the list of imported crates
[INFO] [stdout]    --> src/lib.rs:686:1
[INFO] [stdout]     |
[INFO] [stdout] 686 | #[route("/methods")]
[INFO] [stdout]     | ^^^^^^^^^^^^^^^^^^^^ could not find `hyperlane` in the list of imported crates
[INFO] [stdout]     |
[INFO] [stdout]     = note: this error originates in the attribute macro `route` (in Nightly builds, run with -Z macro-backtrace for more info)
[INFO] [stdout] 
[INFO] [stdout] error: aborting due to 2 previous errors
[INFO] [stdout] 
[INFO] [stdout] Some errors have detailed explanations: E0432, E0433.
[INFO] [stdout] For more information about an error, try `rustc --explain E0432`.
[INFO] [stdout] Couldn't compile the test.
[INFO] [stdout] ---- src/lib.rs - request_body (line 2175) stdout ----
[INFO] [stdout] error[E0432]: unresolved import `hyperlane`
[INFO] [stdout]     --> src/lib.rs:2177:5
[INFO] [stdout]      |
[INFO] [stdout] 2177 | use hyperlane::*;
[INFO] [stdout]      |     ^^^^^^^^^ use of unresolved module or unlinked crate `hyperlane`
[INFO] [stdout]      |
[INFO] [stdout] help: to make use of source file src/hyperlane/mod.rs, use `mod hyperlane` in this file to declare the module
[INFO] [stdout]      |
[INFO] [stdout] 2174 + mod hyperlane;
[INFO] [stdout]      |
[INFO] [stdout] 
[INFO] [stdout] error[E0433]: cannot find `hyperlane` in the list of imported crates
[INFO] [stdout]     --> src/lib.rs:2180:1
[INFO] [stdout]      |
[INFO] [stdout] 2180 | #[route("/multi_body")]
[INFO] [stdout]      | ^^^^^^^^^^^^^^^^^^^^^^^ could not find `hyperlane` in the list of imported crates
[INFO] [stdout]      |
[INFO] [stdout]      = note: this error originates in the attribute macro `route` (in Nightly builds, run with -Z macro-backtrace for more info)
[INFO] [stdout] 
[INFO] [stdout] error: aborting due to 2 previous errors
[INFO] [stdout] 
[INFO] [stdout] Some errors have detailed explanations: E0432, E0433.
[INFO] [stdout] For more information about an error, try `rustc --explain E0432`.
[INFO] [stdout] Couldn't compile the test.
[INFO] [stdout] ---- src/lib.rs - request_body (line 2147) stdout ----
[INFO] [stdout] error[E0432]: unresolved import `hyperlane`
[INFO] [stdout]     --> src/lib.rs:2149:5
[INFO] [stdout]      |
[INFO] [stdout] 2149 | use hyperlane::*;
[INFO] [stdout]      |     ^^^^^^^^^ use of unresolved module or unlinked crate `hyperlane`
[INFO] [stdout]      |
[INFO] [stdout] help: to make use of source file src/hyperlane/mod.rs, use `mod hyperlane` in this file to declare the module
[INFO] [stdout]      |
[INFO] [stdout] 2146 + mod hyperlane;
[INFO] [stdout]      |
[INFO] [stdout] 
[INFO] [stdout] error[E0433]: cannot find `hyperlane` in the list of imported crates
[INFO] [stdout]     --> src/lib.rs:2152:1
[INFO] [stdout]      |
[INFO] [stdout] 2152 | #[route("/request_body")]
[INFO] [stdout]      | ^^^^^^^^^^^^^^^^^^^^^^^^^ could not find `hyperlane` in the list of imported crates
[INFO] [stdout]      |
[INFO] [stdout]      = note: this error originates in the attribute macro `route` (in Nightly builds, run with -Z macro-backtrace for more info)
[INFO] [stdout] 
[INFO] [stdout] error: aborting due to 2 previous errors
[INFO] [stdout] 
[INFO] [stdout] Some errors have detailed explanations: E0432, E0433.
[INFO] [stdout] For more information about an error, try `rustc --explain E0432`.
[INFO] [stdout] Couldn't compile the test.
[INFO] [stdout] ---- src/lib.rs - request_body_json (line 2340) stdout ----
[INFO] [stdout] error[E0432]: unresolved import `hyperlane`
[INFO] [stdout]     --> src/lib.rs:2342:5
[INFO] [stdout]      |
[INFO] [stdout] 2342 | use hyperlane::*;
[INFO] [stdout]      |     ^^^^^^^^^ use of unresolved module or unlinked crate `hyperlane`
[INFO] [stdout]      |
[INFO] [stdout] help: to make use of source file src/hyperlane/mod.rs, use `mod hyperlane` in this file to declare the module
[INFO] [stdout]      |
[INFO] [stdout] 2339 + mod hyperlane;
[INFO] [stdout]      |
[INFO] [stdout] 
[INFO] [stdout] error[E0433]: cannot find `hyperlane` in the list of imported crates
[INFO] [stdout]     --> src/lib.rs:2356:1
[INFO] [stdout]      |
[INFO] [stdout] 2356 | #[route("/request_body_json")]
[INFO] [stdout]      | ^^^^^^^^^^^^^^^^^^^^^^^^^^^^^^ could not find `hyperlane` in the list of imported crates
[INFO] [stdout]      |
[INFO] [stdout]      = note: this error originates in the attribute macro `route` (in Nightly builds, run with -Z macro-backtrace for more info)
[INFO] [stdout] 
[INFO] [stdout] error: aborting due to 2 previous errors
[INFO] [stdout] 
[INFO] [stdout] Some errors have detailed explanations: E0432, E0433.
[INFO] [stdout] For more information about an error, try `rustc --explain E0432`.
[INFO] [stdout] Couldn't compile the test.
[INFO] [stdout] ---- src/lib.rs - request_body_json (line 2305) stdout ----
[INFO] [stdout] error[E0432]: unresolved import `hyperlane`
[INFO] [stdout]     --> src/lib.rs:2307:5
[INFO] [stdout]      |
[INFO] [stdout] 2307 | use hyperlane::*;
[INFO] [stdout]      |     ^^^^^^^^^ use of unresolved module or unlinked crate `hyperlane`
[INFO] [stdout]      |
[INFO] [stdout] help: to make use of source file src/hyperlane/mod.rs, use `mod hyperlane` in this file to declare the module
[INFO] [stdout]      |
[INFO] [stdout] 2304 + mod hyperlane;
[INFO] [stdout]      |
[INFO] [stdout] 
[INFO] [stdout] error[E0433]: cannot find `hyperlane` in the list of imported crates
[INFO] [stdout]     --> src/lib.rs:2317:1
[INFO] [stdout]      |
[INFO] [stdout] 2317 | #[route("/request_body_json")]
[INFO] [stdout]      | ^^^^^^^^^^^^^^^^^^^^^^^^^^^^^^ could not find `hyperlane` in the list of imported crates
[INFO] [stdout]      |
[INFO] [stdout]      = note: this error originates in the attribute macro `route` (in Nightly builds, run with -Z macro-backtrace for more info)
[INFO] [stdout] 
[INFO] [stdout] error: aborting due to 2 previous errors
[INFO] [stdout] 
[INFO] [stdout] Some errors have detailed explanations: E0432, E0433.
[INFO] [stdout] For more information about an error, try `rustc --explain E0432`.
[INFO] [stdout] Couldn't compile the test.
[INFO] [stdout] ---- src/lib.rs - reject_host (line 1822) stdout ----
[INFO] [stdout] error[E0432]: unresolved import `hyperlane`
[INFO] [stdout]     --> src/lib.rs:1824:5
[INFO] [stdout]      |
[INFO] [stdout] 1824 | use hyperlane::*;
[INFO] [stdout]      |     ^^^^^^^^^ use of unresolved module or unlinked crate `hyperlane`
[INFO] [stdout]      |
[INFO] [stdout] help: to make use of source file src/hyperlane/mod.rs, use `mod hyperlane` in this file to declare the module
[INFO] [stdout]      |
[INFO] [stdout] 1821 + mod hyperlane;
[INFO] [stdout]      |
[INFO] [stdout] 
[INFO] [stdout] error[E0433]: cannot find `hyperlane` in the list of imported crates
[INFO] [stdout]     --> src/lib.rs:1827:1
[INFO] [stdout]      |
[INFO] [stdout] 1827 | #[route("/reject_host")]
[INFO] [stdout]      | ^^^^^^^^^^^^^^^^^^^^^^^^ could not find `hyperlane` in the list of imported crates
[INFO] [stdout]      |
[INFO] [stdout]      = note: this error originates in the attribute macro `route` (in Nightly builds, run with -Z macro-backtrace for more info)
[INFO] [stdout] 
[INFO] [stdout] error: aborting due to 2 previous errors
[INFO] [stdout] 
[INFO] [stdout] Some errors have detailed explanations: E0432, E0433.
[INFO] [stdout] For more information about an error, try `rustc --explain E0432`.
[INFO] [stdout] Couldn't compile the test.
[INFO] [stdout] ---- src/lib.rs - request_body_json_result (line 2217) stdout ----
[INFO] [stdout] error[E0432]: unresolved import `hyperlane`
[INFO] [stdout]     --> src/lib.rs:2219:5
[INFO] [stdout]      |
[INFO] [stdout] 2219 | use hyperlane::*;
[INFO] [stdout]      |     ^^^^^^^^^ use of unresolved module or unlinked crate `hyperlane`
[INFO] [stdout]      |
[INFO] [stdout] help: to make use of source file src/hyperlane/mod.rs, use `mod hyperlane` in this file to declare the module
[INFO] [stdout]      |
[INFO] [stdout] 2216 + mod hyperlane;
[INFO] [stdout]      |
[INFO] [stdout] 
[INFO] [stdout] error[E0433]: cannot find `hyperlane` in the list of imported crates
[INFO] [stdout]     --> src/lib.rs:2229:1
[INFO] [stdout]      |
[INFO] [stdout] 2229 | #[route("/request_body_json_result")]
[INFO] [stdout]      | ^^^^^^^^^^^^^^^^^^^^^^^^^^^^^^^^^^^^^ could not find `hyperlane` in the list of imported crates
[INFO] [stdout]      |
[INFO] [stdout]      = note: this error originates in the attribute macro `route` (in Nightly builds, run with -Z macro-backtrace for more info)
[INFO] [stdout] 
[INFO] [stdout] error: aborting due to 2 previous errors
[INFO] [stdout] 
[INFO] [stdout] Some errors have detailed explanations: E0432, E0433.
[INFO] [stdout] For more information about an error, try `rustc --explain E0432`.
[INFO] [stdout] Couldn't compile the test.
[INFO] [stdout] ---- src/lib.rs - reject (line 1726) stdout ----
[INFO] [stdout] error[E0432]: unresolved import `hyperlane`
[INFO] [stdout]     --> src/lib.rs:1728:5
[INFO] [stdout]      |
[INFO] [stdout] 1728 | use hyperlane::*;
[INFO] [stdout]      |     ^^^^^^^^^ use of unresolved module or unlinked crate `hyperlane`
[INFO] [stdout]      |
[INFO] [stdout] help: to make use of source file src/hyperlane/mod.rs, use `mod hyperlane` in this file to declare the module
[INFO] [stdout]      |
[INFO] [stdout] 1725 + mod hyperlane;
[INFO] [stdout]      |
[INFO] [stdout] 
[INFO] [stdout] error[E0433]: cannot find `hyperlane` in the list of imported crates
[INFO] [stdout]     --> src/lib.rs:1731:1
[INFO] [stdout]      |
[INFO] [stdout] 1731 | #[response_middleware(2)]
[INFO] [stdout]      | ^^^^^^^^^^^^^^^^^^^^^^^^^ could not find `hyperlane` in the list of imported crates
[INFO] [stdout]      |
[INFO] [stdout]      = note: this error originates in the attribute macro `response_middleware` (in Nightly builds, run with -Z macro-backtrace for more info)
[INFO] [stdout] 
[INFO] [stdout] error: aborting due to 2 previous errors
[INFO] [stdout] 
[INFO] [stdout] Some errors have detailed explanations: E0432, E0433.
[INFO] [stdout] For more information about an error, try `rustc --explain E0432`.
[INFO] [stdout] Couldn't compile the test.
[INFO] [stdout] ---- src/lib.rs - request_body_json_result (line 2252) stdout ----
[INFO] [stdout] error[E0432]: unresolved import `hyperlane`
[INFO] [stdout]     --> src/lib.rs:2254:5
[INFO] [stdout]      |
[INFO] [stdout] 2254 | use hyperlane::*;
[INFO] [stdout]      |     ^^^^^^^^^ use of unresolved module or unlinked crate `hyperlane`
[INFO] [stdout]      |
[INFO] [stdout] help: to make use of source file src/hyperlane/mod.rs, use `mod hyperlane` in this file to declare the module
[INFO] [stdout]      |
[INFO] [stdout] 2251 + mod hyperlane;
[INFO] [stdout]      |
[INFO] [stdout] 
[INFO] [stdout] error[E0433]: cannot find `hyperlane` in the list of imported crates
[INFO] [stdout]     --> src/lib.rs:2268:1
[INFO] [stdout]      |
[INFO] [stdout] 2268 | #[route("/request_body_json_result")]
[INFO] [stdout]      | ^^^^^^^^^^^^^^^^^^^^^^^^^^^^^^^^^^^^^ could not find `hyperlane` in the list of imported crates
[INFO] [stdout]      |
[INFO] [stdout]      = note: this error originates in the attribute macro `route` (in Nightly builds, run with -Z macro-backtrace for more info)
[INFO] [stdout] 
[INFO] [stdout] error: aborting due to 2 previous errors
[INFO] [stdout] 
[INFO] [stdout] Some errors have detailed explanations: E0432, E0433.
[INFO] [stdout] For more information about an error, try `rustc --explain E0432`.
[INFO] [stdout] Couldn't compile the test.
[INFO] [stdout] ---- src/lib.rs - reject_referer (line 1924) stdout ----
[INFO] [stdout] error[E0432]: unresolved import `hyperlane`
[INFO] [stdout]     --> src/lib.rs:1926:5
[INFO] [stdout]      |
[INFO] [stdout] 1926 | use hyperlane::*;
[INFO] [stdout]      |     ^^^^^^^^^ use of unresolved module or unlinked crate `hyperlane`
[INFO] [stdout]      |
[INFO] [stdout] help: to make use of source file src/hyperlane/mod.rs, use `mod hyperlane` in this file to declare the module
[INFO] [stdout]      |
[INFO] [stdout] 1923 + mod hyperlane;
[INFO] [stdout]      |
[INFO] [stdout] 
[INFO] [stdout] error[E0433]: cannot find `hyperlane` in the list of imported crates
[INFO] [stdout]     --> src/lib.rs:1929:1
[INFO] [stdout]      |
[INFO] [stdout] 1929 | #[route("/reject_referer")]
[INFO] [stdout]      | ^^^^^^^^^^^^^^^^^^^^^^^^^^^ could not find `hyperlane` in the list of imported crates
[INFO] [stdout]      |
[INFO] [stdout]      = note: this error originates in the attribute macro `route` (in Nightly builds, run with -Z macro-backtrace for more info)
[INFO] [stdout] 
[INFO] [stdout] error: aborting due to 2 previous errors
[INFO] [stdout] 
[INFO] [stdout] Some errors have detailed explanations: E0432, E0433.
[INFO] [stdout] For more information about an error, try `rustc --explain E0432`.
[INFO] [stdout] Couldn't compile the test.
[INFO] [stdout] ---- src/lib.rs - referer (line 1873) stdout ----
[INFO] [stdout] error[E0432]: unresolved import `hyperlane`
[INFO] [stdout]     --> src/lib.rs:1875:5
[INFO] [stdout]      |
[INFO] [stdout] 1875 | use hyperlane::*;
[INFO] [stdout]      |     ^^^^^^^^^ use of unresolved module or unlinked crate `hyperlane`
[INFO] [stdout]      |
[INFO] [stdout] help: to make use of source file src/hyperlane/mod.rs, use `mod hyperlane` in this file to declare the module
[INFO] [stdout]      |
[INFO] [stdout] 1872 + mod hyperlane;
[INFO] [stdout]      |
[INFO] [stdout] 
[INFO] [stdout] error[E0433]: cannot find `hyperlane` in the list of imported crates
[INFO] [stdout]     --> src/lib.rs:1878:1
[INFO] [stdout]      |
[INFO] [stdout] 1878 | #[route("/referer")]
[INFO] [stdout]      | ^^^^^^^^^^^^^^^^^^^^ could not find `hyperlane` in the list of imported crates
[INFO] [stdout]      |
[INFO] [stdout]      = note: this error originates in the attribute macro `route` (in Nightly builds, run with -Z macro-backtrace for more info)
[INFO] [stdout] 
[INFO] [stdout] error: aborting due to 2 previous errors
[INFO] [stdout] 
[INFO] [stdout] Some errors have detailed explanations: E0432, E0433.
[INFO] [stdout] For more information about an error, try `rustc --explain E0432`.
[INFO] [stdout] Couldn't compile the test.
[INFO] [stdout] ---- src/lib.rs - request_cookie (line 3532) stdout ----
[INFO] [stdout] error[E0432]: unresolved import `hyperlane`
[INFO] [stdout]     --> src/lib.rs:3534:5
[INFO] [stdout]      |
[INFO] [stdout] 3534 | use hyperlane::*;
[INFO] [stdout]      |     ^^^^^^^^^ use of unresolved module or unlinked crate `hyperlane`
[INFO] [stdout]      |
[INFO] [stdout] help: to make use of source file src/hyperlane/mod.rs, use `mod hyperlane` in this file to declare the module
[INFO] [stdout]      |
[INFO] [stdout] 3531 + mod hyperlane;
[INFO] [stdout]      |
[INFO] [stdout] 
[INFO] [stdout] error[E0433]: cannot find `hyperlane` in the list of imported crates
[INFO] [stdout]     --> src/lib.rs:3537:1
[INFO] [stdout]      |
[INFO] [stdout] 3537 | #[route("/cookie")]
[INFO] [stdout]      | ^^^^^^^^^^^^^^^^^^^ could not find `hyperlane` in the list of imported crates
[INFO] [stdout]      |
[INFO] [stdout]      = note: this error originates in the attribute macro `route` (in Nightly builds, run with -Z macro-backtrace for more info)
[INFO] [stdout] 
[INFO] [stdout] error: aborting due to 2 previous errors
[INFO] [stdout] 
[INFO] [stdout] Some errors have detailed explanations: E0432, E0433.
[INFO] [stdout] For more information about an error, try `rustc --explain E0432`.
[INFO] [stdout] Couldn't compile the test.
[INFO] [stdout] ---- src/lib.rs - request_error (line 4009) stdout ----
[INFO] [stdout] error[E0432]: unresolved import `hyperlane`
[INFO] [stdout]     --> src/lib.rs:4011:5
[INFO] [stdout]      |
[INFO] [stdout] 4011 | use hyperlane::*;
[INFO] [stdout]      |     ^^^^^^^^^ use of unresolved module or unlinked crate `hyperlane`
[INFO] [stdout]      |
[INFO] [stdout] help: to make use of source file src/hyperlane/mod.rs, use `mod hyperlane` in this file to declare the module
[INFO] [stdout]      |
[INFO] [stdout] 4008 + mod hyperlane;
[INFO] [stdout]      |
[INFO] [stdout] 
[INFO] [stdout] error[E0433]: cannot find `hyperlane` in the list of imported crates
[INFO] [stdout]     --> src/lib.rs:4016:1
[INFO] [stdout]      |
[INFO] [stdout] 4016 | #[request_error("2")]
[INFO] [stdout]      | ^^^^^^^^^^^^^^^^^^^^^ could not find `hyperlane` in the list of imported crates
[INFO] [stdout]      |
[INFO] [stdout]      = note: this error originates in the attribute macro `request_error` (in Nightly builds, run with -Z macro-backtrace for more info)
[INFO] [stdout] 
[INFO] [stdout] error[E0433]: cannot find `hyperlane` in the list of imported crates
[INFO] [stdout]     --> src/lib.rs:4015:1
[INFO] [stdout]      |
[INFO] [stdout] 4015 | #[request_error(1)]
[INFO] [stdout]      | ^^^^^^^^^^^^^^^^^^^ could not find `hyperlane` in the list of imported crates
[INFO] [stdout]      |
[INFO] [stdout]      = note: this error originates in the attribute macro `request_error` (in Nightly builds, run with -Z macro-backtrace for more info)
[INFO] [stdout] 
[INFO] [stdout] error[E0433]: cannot find `hyperlane` in the list of imported crates
[INFO] [stdout]     --> src/lib.rs:4014:1
[INFO] [stdout]      |
[INFO] [stdout] 4014 | #[request_error]
[INFO] [stdout]      | ^^^^^^^^^^^^^^^^ could not find `hyperlane` in the list of imported crates
[INFO] [stdout]      |
[INFO] [stdout]      = note: this error originates in the attribute macro `request_error` (in Nightly builds, run with -Z macro-backtrace for more info)
[INFO] [stdout] 
[INFO] [stdout] error: aborting due to 4 previous errors
[INFO] [stdout] 
[INFO] [stdout] Some errors have detailed explanations: E0432, E0433.
[INFO] [stdout] For more information about an error, try `rustc --explain E0432`.
[INFO] [stdout] Couldn't compile the test.
[INFO] [stdout] ---- src/lib.rs - request_cookies (line 3618) stdout ----
[INFO] [stdout] error[E0432]: unresolved import `hyperlane`
[INFO] [stdout]     --> src/lib.rs:3620:5
[INFO] [stdout]      |
[INFO] [stdout] 3620 | use hyperlane::*;
[INFO] [stdout]      |     ^^^^^^^^^ use of unresolved module or unlinked crate `hyperlane`
[INFO] [stdout]      |
[INFO] [stdout] help: to make use of source file src/hyperlane/mod.rs, use `mod hyperlane` in this file to declare the module
[INFO] [stdout]      |
[INFO] [stdout] 3617 + mod hyperlane;
[INFO] [stdout]      |
[INFO] [stdout] 
[INFO] [stdout] error[E0433]: cannot find `hyperlane` in the list of imported crates
[INFO] [stdout]     --> src/lib.rs:3623:1
[INFO] [stdout]      |
[INFO] [stdout] 3623 | #[route("/multi_cookies")]
[INFO] [stdout]      | ^^^^^^^^^^^^^^^^^^^^^^^^^^ could not find `hyperlane` in the list of imported crates
[INFO] [stdout]      |
[INFO] [stdout]      = note: this error originates in the attribute macro `route` (in Nightly builds, run with -Z macro-backtrace for more info)
[INFO] [stdout] 
[INFO] [stdout] error: aborting due to 2 previous errors
[INFO] [stdout] 
[INFO] [stdout] Some errors have detailed explanations: E0432, E0433.
[INFO] [stdout] For more information about an error, try `rustc --explain E0432`.
[INFO] [stdout] Couldn't compile the test.
[INFO] [stdout] ---- src/lib.rs - request_error_data (line 2885) stdout ----
[INFO] [stdout] error[E0432]: unresolved import `hyperlane`
[INFO] [stdout]     --> src/lib.rs:2887:5
[INFO] [stdout]      |
[INFO] [stdout] 2887 | use hyperlane::*;
[INFO] [stdout]      |     ^^^^^^^^^ use of unresolved module or unlinked crate `hyperlane`
[INFO] [stdout]      |
[INFO] [stdout] help: to make use of source file src/hyperlane/mod.rs, use `mod hyperlane` in this file to declare the module
[INFO] [stdout]      |
[INFO] [stdout] 2884 + mod hyperlane;
[INFO] [stdout]      |
[INFO] [stdout] 
[INFO] [stdout] error[E0433]: cannot find `hyperlane` in the list of imported crates
[INFO] [stdout]     --> src/lib.rs:2890:1
[INFO] [stdout]      |
[INFO] [stdout] 2890 | #[route("/request_error_data")]
[INFO] [stdout]      | ^^^^^^^^^^^^^^^^^^^^^^^^^^^^^^^ could not find `hyperlane` in the list of imported crates
[INFO] [stdout]      |
[INFO] [stdout]      = note: this error originates in the attribute macro `route` (in Nightly builds, run with -Z macro-backtrace for more info)
[INFO] [stdout] 
[INFO] [stdout] error: aborting due to 2 previous errors
[INFO] [stdout] 
[INFO] [stdout] Some errors have detailed explanations: E0432, E0433.
[INFO] [stdout] For more information about an error, try `rustc --explain E0432`.
[INFO] [stdout] Couldn't compile the test.
[INFO] [stdout] ---- src/lib.rs - request_cookies (line 3587) stdout ----
[INFO] [stdout] error[E0432]: unresolved import `hyperlane`
[INFO] [stdout]     --> src/lib.rs:3589:5
[INFO] [stdout]      |
[INFO] [stdout] 3589 | use hyperlane::*;
[INFO] [stdout]      |     ^^^^^^^^^ use of unresolved module or unlinked crate `hyperlane`
[INFO] [stderr] error: doctest failed, to rerun pass `--doc`
[INFO] [stdout]      |
[INFO] [stdout] help: to make use of source file src/hyperlane/mod.rs, use `mod hyperlane` in this file to declare the module
[INFO] [stdout]      |
[INFO] [stdout] 3586 + mod hyperlane;
[INFO] [stdout]      |
[INFO] [stdout] 
[INFO] [stdout] error[E0433]: cannot find `hyperlane` in the list of imported crates
[INFO] [stdout]     --> src/lib.rs:3592:1
[INFO] [stdout]      |
[INFO] [stdout] 3592 | #[route("/cookies")]
[INFO] [stdout]      | ^^^^^^^^^^^^^^^^^^^^ could not find `hyperlane` in the list of imported crates
[INFO] [stdout]      |
[INFO] [stdout]      = note: this error originates in the attribute macro `route` (in Nightly builds, run with -Z macro-backtrace for more info)
[INFO] [stdout] 
[INFO] [stdout] error: aborting due to 2 previous errors
[INFO] [stdout] 
[INFO] [stdout] Some errors have detailed explanations: E0432, E0433.
[INFO] [stdout] For more information about an error, try `rustc --explain E0432`.
[INFO] [stdout] Couldn't compile the test.
[INFO] [stdout] ---- src/lib.rs - request_error_data (line 2854) stdout ----
[INFO] [stdout] error[E0432]: unresolved import `hyperlane`
[INFO] [stdout]     --> src/lib.rs:2856:5
[INFO] [stdout]      |
[INFO] [stdout] 2856 | use hyperlane::*;
[INFO] [stdout]      |     ^^^^^^^^^ use of unresolved module or unlinked crate `hyperlane`
[INFO] [stdout]      |
[INFO] [stdout] help: to make use of source file src/hyperlane/mod.rs, use `mod hyperlane` in this file to declare the module
[INFO] [stdout]      |
[INFO] [stdout] 2853 + mod hyperlane;
[INFO] [stdout]      |
[INFO] [stdout] 
[INFO] [stdout] error[E0433]: cannot find `hyperlane` in the list of imported crates
[INFO] [stdout]     --> src/lib.rs:2859:1
[INFO] [stdout]      |
[INFO] [stdout] 2859 | #[route("/request_error_data")]
[INFO] [stdout]      | ^^^^^^^^^^^^^^^^^^^^^^^^^^^^^^^ could not find `hyperlane` in the list of imported crates
[INFO] [stdout]      |
[INFO] [stdout]      = note: this error originates in the attribute macro `route` (in Nightly builds, run with -Z macro-backtrace for more info)
[INFO] [stdout] 
[INFO] [stdout] error: aborting due to 2 previous errors
[INFO] [stdout] 
[INFO] [stdout] Some errors have detailed explanations: E0432, E0433.
[INFO] [stdout] For more information about an error, try `rustc --explain E0432`.
[INFO] [stdout] Couldn't compile the test.
[INFO] [stdout] ---- src/lib.rs - request_header (line 3371) stdout ----
[INFO] [stdout] error[E0432]: unresolved import `hyperlane`
[INFO] [stdout]     --> src/lib.rs:3373:5
[INFO] [stdout]      |
[INFO] [stdout] 3373 | use hyperlane::*;
[INFO] [stdout]      |     ^^^^^^^^^ use of unresolved module or unlinked crate `hyperlane`
[INFO] [stdout]      |
[INFO] [stdout] help: to make use of source file src/hyperlane/mod.rs, use `mod hyperlane` in this file to declare the module
[INFO] [stdout]      |
[INFO] [stdout] 3370 + mod hyperlane;
[INFO] [stdout]      |
[INFO] [stdout] 
[INFO] [stdout] error[E0433]: cannot find `hyperlane` in the list of imported crates
[INFO] [stdout]     --> src/lib.rs:3376:1
[INFO] [stdout]      |
[INFO] [stdout] 3376 | #[route("/request_header")]
[INFO] [stdout]      | ^^^^^^^^^^^^^^^^^^^^^^^^^^^ could not find `hyperlane` in the list of imported crates
[INFO] [stdout]      |
[INFO] [stdout]      = note: this error originates in the attribute macro `route` (in Nightly builds, run with -Z macro-backtrace for more info)
[INFO] [stdout] 
[INFO] [stdout] error: aborting due to 2 previous errors
[INFO] [stdout] 
[INFO] [stdout] Some errors have detailed explanations: E0432, E0433.
[INFO] [stdout] For more information about an error, try `rustc --explain E0432`.
[INFO] [stdout] Couldn't compile the test.
[INFO] [stdout] ---- src/lib.rs - request_version (line 3656) stdout ----
[INFO] [stdout] error[E0432]: unresolved import `hyperlane`
[INFO] [stdout]     --> src/lib.rs:3658:5
[INFO] [stdout]      |
[INFO] [stdout] 3658 | use hyperlane::*;
[INFO] [stdout]      |     ^^^^^^^^^ use of unresolved module or unlinked crate `hyperlane`
[INFO] [stdout]      |
[INFO] [stdout] help: to make use of source file src/hyperlane/mod.rs, use `mod hyperlane` in this file to declare the module
[INFO] [stdout]      |
[INFO] [stdout] 3655 + mod hyperlane;
[INFO] [stdout]      |
[INFO] [stdout] 
[INFO] [stdout] error[E0433]: cannot find `hyperlane` in the list of imported crates
[INFO] [stdout]     --> src/lib.rs:3661:1
[INFO] [stdout]      |
[INFO] [stdout] 3661 | #[route("/request_version")]
[INFO] [stdout]      | ^^^^^^^^^^^^^^^^^^^^^^^^^^^^ could not find `hyperlane` in the list of imported crates
[INFO] [stdout]      |
[INFO] [stdout]      = note: this error originates in the attribute macro `route` (in Nightly builds, run with -Z macro-backtrace for more info)
[INFO] [stdout] 
[INFO] [stdout] error: aborting due to 2 previous errors
[INFO] [stdout] 
[INFO] [stdout] Some errors have detailed explanations: E0432, E0433.
[INFO] [stdout] For more information about an error, try `rustc --explain E0432`.
[INFO] [stdout] Couldn't compile the test.
[INFO] [stdout] ---- src/lib.rs - response_middleware (line 3918) stdout ----
[INFO] [stdout] error[E0432]: unresolved import `hyperlane`
[INFO] [stdout]     --> src/lib.rs:3920:5
[INFO] [stdout]      |
[INFO] [stdout] 3920 | use hyperlane::*;
[INFO] [stdout]      |     ^^^^^^^^^ use of unresolved module or unlinked crate `hyperlane`
[INFO] [stdout]      |
[INFO] [stdout] help: to make use of source file src/hyperlane/mod.rs, use `mod hyperlane` in this file to declare the module
[INFO] [stdout]      |
[INFO] [stdout] 3917 + mod hyperlane;
[INFO] [stdout]      |
[INFO] [stdout] 
[INFO] [stdout] error[E0433]: cannot find `hyperlane` in the list of imported crates
[INFO] [stdout]     --> src/lib.rs:3923:1
[INFO] [stdout]      |
[INFO] [stdout] 3923 | #[response_middleware]
[INFO] [stdout]      | ^^^^^^^^^^^^^^^^^^^^^^ could not find `hyperlane` in the list of imported crates
[INFO] [stdout]      |
[INFO] [stdout]      = note: this error originates in the attribute macro `response_middleware` (in Nightly builds, run with -Z macro-backtrace for more info)
[INFO] [stdout] 
[INFO] [stdout] error: aborting due to 2 previous errors
[INFO] [stdout] 
[INFO] [stdout] Some errors have detailed explanations: E0432, E0433.
[INFO] [stdout] For more information about an error, try `rustc --explain E0432`.
[INFO] [stdout] Couldn't compile the test.
[INFO] [stdout] ---- src/lib.rs - response_reason_phrase (line 1363) stdout ----
[INFO] [stdout] error[E0432]: unresolved import `hyperlane`
[INFO] [stdout]     --> src/lib.rs:1365:5
[INFO] [stdout]      |
[INFO] [stdout] 1365 | use hyperlane::*;
[INFO] [stdout]      |     ^^^^^^^^^ use of unresolved module or unlinked crate `hyperlane`
[INFO] [stdout]      |
[INFO] [stdout] help: to make use of source file src/hyperlane/mod.rs, use `mod hyperlane` in this file to declare the module
[INFO] [stdout]      |
[INFO] [stdout] 1362 + mod hyperlane;
[INFO] [stdout]      |
[INFO] [stdout] 
[INFO] [stdout] error[E0433]: cannot find `hyperlane` in the list of imported crates
[INFO] [stdout]     --> src/lib.rs:1370:1
[INFO] [stdout]      |
[INFO] [stdout] 1370 | #[route("/response_reason")]
[INFO] [stdout]      | ^^^^^^^^^^^^^^^^^^^^^^^^^^^^ could not find `hyperlane` in the list of imported crates
[INFO] [stdout]      |
[INFO] [stdout]      = note: this error originates in the attribute macro `route` (in Nightly builds, run with -Z macro-backtrace for more info)
[INFO] [stdout] 
[INFO] [stdout] error: aborting due to 2 previous errors
[INFO] [stdout] 
[INFO] [stdout] Some errors have detailed explanations: E0432, E0433.
[INFO] [stdout] For more information about an error, try `rustc --explain E0432`.
[INFO] [stdout] Couldn't compile the test.
[INFO] [stdout] ---- src/lib.rs - request_middleware (line 3869) stdout ----
[INFO] [stdout] error[E0432]: unresolved import `hyperlane`
[INFO] [stdout]     --> src/lib.rs:3871:5
[INFO] [stdout]      |
[INFO] [stdout] 3871 | use hyperlane::*;
[INFO] [stdout]      |     ^^^^^^^^^ use of unresolved module or unlinked crate `hyperlane`
[INFO] [stdout]      |
[INFO] [stdout] help: to make use of source file src/hyperlane/mod.rs, use `mod hyperlane` in this file to declare the module
[INFO] [stdout]      |
[INFO] [stdout] 3868 + mod hyperlane;
[INFO] [stdout]      |
[INFO] [stdout] 
[INFO] [stdout] error[E0433]: cannot find `hyperlane` in the list of imported crates
[INFO] [stdout]     --> src/lib.rs:3874:1
[INFO] [stdout]      |
[INFO] [stdout] 3874 | #[request_middleware]
[INFO] [stdout]      | ^^^^^^^^^^^^^^^^^^^^^ could not find `hyperlane` in the list of imported crates
[INFO] [stdout]      |
[INFO] [stdout]      = note: this error originates in the attribute macro `request_middleware` (in Nightly builds, run with -Z macro-backtrace for more info)
[INFO] [stdout] 
[INFO] [stdout] error: aborting due to 2 previous errors
[INFO] [stdout] 
[INFO] [stdout] Some errors have detailed explanations: E0432, E0433.
[INFO] [stdout] For more information about an error, try `rustc --explain E0432`.
[INFO] [stdout] Couldn't compile the test.
[INFO] [stdout] ---- src/lib.rs - request_query (line 3205) stdout ----
[INFO] [stdout] error[E0432]: unresolved import `hyperlane`
[INFO] [stdout]     --> src/lib.rs:3207:5
[INFO] [stdout]      |
[INFO] [stdout] 3207 | use hyperlane::*;
[INFO] [stdout]      |     ^^^^^^^^^ use of unresolved module or unlinked crate `hyperlane`
[INFO] [stdout]      |
[INFO] [stdout] help: to make use of source file src/hyperlane/mod.rs, use `mod hyperlane` in this file to declare the module
[INFO] [stdout]      |
[INFO] [stdout] 3204 + mod hyperlane;
[INFO] [stdout]      |
[INFO] [stdout] 
[INFO] [stdout] error[E0433]: cannot find `hyperlane` in the list of imported crates
[INFO] [stdout]     --> src/lib.rs:3210:1
[INFO] [stdout]      |
[INFO] [stdout] 3210 | #[route("/request_query")]
[INFO] [stdout]      | ^^^^^^^^^^^^^^^^^^^^^^^^^^ could not find `hyperlane` in the list of imported crates
[INFO] [stdout]      |
[INFO] [stdout]      = note: this error originates in the attribute macro `route` (in Nightly builds, run with -Z macro-backtrace for more info)
[INFO] [stdout] 
[INFO] [stdout] error: aborting due to 2 previous errors
[INFO] [stdout] 
[INFO] [stdout] Some errors have detailed explanations: E0432, E0433.
[INFO] [stdout] For more information about an error, try `rustc --explain E0432`.
[INFO] [stdout] Couldn't compile the test.
[INFO] [stdout] ---- src/lib.rs - response_status_code (line 1313) stdout ----
[INFO] [stdout] error[E0432]: unresolved import `hyperlane`
[INFO] [stdout]     --> src/lib.rs:1315:5
[INFO] [stdout]      |
[INFO] [stdout] 1315 | use hyperlane::*;
[INFO] [stdout]      |     ^^^^^^^^^ use of unresolved module or unlinked crate `hyperlane`
[INFO] [stdout]      |
[INFO] [stdout] help: to make use of source file src/hyperlane/mod.rs, use `mod hyperlane` in this file to declare the module
[INFO] [stdout]      |
[INFO] [stdout] 1312 + mod hyperlane;
[INFO] [stdout]      |
[INFO] [stdout] 
[INFO] [stdout] error[E0433]: cannot find `hyperlane` in the list of imported crates
[INFO] [stdout]     --> src/lib.rs:1320:1
[INFO] [stdout]      |
[INFO] [stdout] 1320 | #[route("/response_status_code")]
[INFO] [stdout]      | ^^^^^^^^^^^^^^^^^^^^^^^^^^^^^^^^^ could not find `hyperlane` in the list of imported crates
[INFO] [stdout]      |
[INFO] [stdout]      = note: this error originates in the attribute macro `route` (in Nightly builds, run with -Z macro-backtrace for more info)
[INFO] [stdout] 
[INFO] [stdout] error: aborting due to 2 previous errors
[INFO] [stdout] 
[INFO] [stdout] Some errors have detailed explanations: E0432, E0433.
[INFO] [stdout] For more information about an error, try `rustc --explain E0432`.
[INFO] [stdout] Couldn't compile the test.
[INFO] [stdout] ---- src/lib.rs - request_path (line 3705) stdout ----
[INFO] [stdout] error[E0432]: unresolved import `hyperlane`
[INFO] [stdout]     --> src/lib.rs:3707:5
[INFO] [stdout]      |
[INFO] [stdout] 3707 | use hyperlane::*;
[INFO] [stdout]      |     ^^^^^^^^^ use of unresolved module or unlinked crate `hyperlane`
[INFO] [stdout]      |
[INFO] [stdout] help: to make use of source file src/hyperlane/mod.rs, use `mod hyperlane` in this file to declare the module
[INFO] [stdout]      |
[INFO] [stdout] 3704 + mod hyperlane;
[INFO] [stdout]      |
[INFO] [stdout] 
[INFO] [stdout] error[E0433]: cannot find `hyperlane` in the list of imported crates
[INFO] [stdout]     --> src/lib.rs:3710:1
[INFO] [stdout]      |
[INFO] [stdout] 3710 | #[route("/request_path")]
[INFO] [stdout]      | ^^^^^^^^^^^^^^^^^^^^^^^^^ could not find `hyperlane` in the list of imported crates
[INFO] [stdout]      |
[INFO] [stdout]      = note: this error originates in the attribute macro `route` (in Nightly builds, run with -Z macro-backtrace for more info)
[INFO] [stdout] 
[INFO] [stdout] error: aborting due to 2 previous errors
[INFO] [stdout] 
[INFO] [stdout] Some errors have detailed explanations: E0432, E0433.
[INFO] [stdout] For more information about an error, try `rustc --explain E0432`.
[INFO] [stdout] Couldn't compile the test.
[INFO] [stdout] ---- src/lib.rs - response_body (line 1480) stdout ----
[INFO] [stdout] error[E0432]: unresolved import `hyperlane`
[INFO] [stdout]     --> src/lib.rs:1482:5
[INFO] [stdout]      |
[INFO] [stdout] 1482 | use hyperlane::*;
[INFO] [stdout]      |     ^^^^^^^^^ use of unresolved module or unlinked crate `hyperlane`
[INFO] [stdout]      |
[INFO] [stdout] help: to make use of source file src/hyperlane/mod.rs, use `mod hyperlane` in this file to declare the module
[INFO] [stdout]      |
[INFO] [stdout] 1479 + mod hyperlane;
[INFO] [stdout]      |
[INFO] [stdout] 
[INFO] [stdout] error[E0433]: cannot find `hyperlane` in the list of imported crates
[INFO] [stdout]     --> src/lib.rs:1487:1
[INFO] [stdout]      |
[INFO] [stdout] 1487 | #[route("/response_body")]
[INFO] [stdout]      | ^^^^^^^^^^^^^^^^^^^^^^^^^^ could not find `hyperlane` in the list of imported crates
[INFO] [stdout]      |
[INFO] [stdout]      = note: this error originates in the attribute macro `route` (in Nightly builds, run with -Z macro-backtrace for more info)
[INFO] [stdout] 
[INFO] [stdout] error: aborting due to 2 previous errors
[INFO] [stdout] 
[INFO] [stdout] Some errors have detailed explanations: E0432, E0433.
[INFO] [stdout] For more information about an error, try `rustc --explain E0432`.
[INFO] [stdout] Couldn't compile the test.
[INFO] [stdout] ---- src/lib.rs - response_header (line 1414) stdout ----
[INFO] [stdout] error[E0432]: unresolved import `hyperlane`
[INFO] [stdout]     --> src/lib.rs:1416:5
[INFO] [stdout]      |
[INFO] [stdout] 1416 | use hyperlane::*;
[INFO] [stdout]      |     ^^^^^^^^^ use of unresolved module or unlinked crate `hyperlane`
[INFO] [stdout]      |
[INFO] [stdout] help: to make use of source file src/hyperlane/mod.rs, use `mod hyperlane` in this file to declare the module
[INFO] [stdout]      |
[INFO] [stdout] 1413 + mod hyperlane;
[INFO] [stdout]      |
[INFO] [stdout] 
[INFO] [stdout] error[E0433]: cannot find `hyperlane` in the list of imported crates
[INFO] [stdout]     --> src/lib.rs:1422:1
[INFO] [stdout]      |
[INFO] [stdout] 1422 | #[route("/response_header")]
[INFO] [stdout]      | ^^^^^^^^^^^^^^^^^^^^^^^^^^^^ could not find `hyperlane` in the list of imported crates
[INFO] [stdout]      |
[INFO] [stdout]      = note: this error originates in the attribute macro `route` (in Nightly builds, run with -Z macro-backtrace for more info)
[INFO] [stdout] 
[INFO] [stdout] error[E0433]: cannot find `hyperlane` in the list of imported crates
[INFO] [stdout]     --> src/lib.rs:1439:1
[INFO] [stdout]      |
[INFO] [stdout] 1439 | #[route("/response_header")]
[INFO] [stdout]      | ^^^^^^^^^^^^^^^^^^^^^^^^^^^^ could not find `hyperlane` in the list of imported crates
[INFO] [stdout]      |
[INFO] [stdout]      = note: this error originates in the attribute macro `route` (in Nightly builds, run with -Z macro-backtrace for more info)
[INFO] [stdout] 
[INFO] [stdout] error: aborting due to 3 previous errors
[INFO] [stdout] 
[INFO] [stdout] Some errors have detailed explanations: E0432, E0433.
[INFO] [stdout] For more information about an error, try `rustc --explain E0432`.
[INFO] [stdout] Couldn't compile the test.
[INFO] [stdout] ---- src/lib.rs - request_querys (line 3263) stdout ----
[INFO] [stdout] error[E0432]: unresolved import `hyperlane`
[INFO] [stdout]     --> src/lib.rs:3265:5
[INFO] [stdout]      |
[INFO] [stdout] 3265 | use hyperlane::*;
[INFO] [stdout]      |     ^^^^^^^^^ use of unresolved module or unlinked crate `hyperlane`
[INFO] [stdout]      |
[INFO] [stdout] help: to make use of source file src/hyperlane/mod.rs, use `mod hyperlane` in this file to declare the module
[INFO] [stdout]      |
[INFO] [stdout] 3262 + mod hyperlane;
[INFO] [stdout]      |
[INFO] [stdout] 
[INFO] [stdout] error[E0433]: cannot find `hyperlane` in the list of imported crates
[INFO] [stdout]     --> src/lib.rs:3268:1
[INFO] [stdout]      |
[INFO] [stdout] 3268 | #[route("/request_querys")]
[INFO] [stdout]      | ^^^^^^^^^^^^^^^^^^^^^^^^^^^ could not find `hyperlane` in the list of imported crates
[INFO] [stdout]      |
[INFO] [stdout]      = note: this error originates in the attribute macro `route` (in Nightly builds, run with -Z macro-backtrace for more info)
[INFO] [stdout] 
[INFO] [stdout] error: aborting due to 2 previous errors
[INFO] [stdout] 
[INFO] [stdout] Some errors have detailed explanations: E0432, E0433.
[INFO] [stdout] For more information about an error, try `rustc --explain E0432`.
[INFO] [stdout] Couldn't compile the test.
[INFO] [stdout] ---- src/lib.rs - request_headers (line 3427) stdout ----
[INFO] [stdout] error[E0432]: unresolved import `hyperlane`
[INFO] [stdout]     --> src/lib.rs:3429:5
[INFO] [stdout]      |
[INFO] [stdout] 3429 | use hyperlane::*;
[INFO] [stdout]      |     ^^^^^^^^^ use of unresolved module or unlinked crate `hyperlane`
[INFO] [stdout]      |
[INFO] [stdout] help: to make use of source file src/hyperlane/mod.rs, use `mod hyperlane` in this file to declare the module
[INFO] [stdout]      |
[INFO] [stdout] 3426 + mod hyperlane;
[INFO] [stdout]      |
[INFO] [stdout] 
[INFO] [stdout] error[E0433]: cannot find `hyperlane` in the list of imported crates
[INFO] [stdout]     --> src/lib.rs:3432:1
[INFO] [stdout]      |
[INFO] [stdout] 3432 | #[route("/request_headers")]
[INFO] [stdout]      | ^^^^^^^^^^^^^^^^^^^^^^^^^^^^ could not find `hyperlane` in the list of imported crates
[INFO] [stdout]      |
[INFO] [stdout]      = note: this error originates in the attribute macro `route` (in Nightly builds, run with -Z macro-backtrace for more info)
[INFO] [stdout] 
[INFO] [stdout] error: aborting due to 2 previous errors
[INFO] [stdout] 
[INFO] [stdout] Some errors have detailed explanations: E0432, E0433.
[INFO] [stdout] For more information about an error, try `rustc --explain E0432`.
[INFO] [stdout] Couldn't compile the test.
[INFO] [stdout] ---- src/lib.rs - response_version (line 1580) stdout ----
[INFO] [stdout] error[E0432]: unresolved import `hyperlane`
[INFO] [stdout]     --> src/lib.rs:1582:5
[INFO] [stdout]      |
[INFO] [stdout] 1582 | use hyperlane::*;
[INFO] [stdout]      |     ^^^^^^^^^ use of unresolved module or unlinked crate `hyperlane`
[INFO] [stdout]      |
[INFO] [stdout] help: to make use of source file src/hyperlane/mod.rs, use `mod hyperlane` in this file to declare the module
[INFO] [stdout]      |
[INFO] [stdout] 1579 + mod hyperlane;
[INFO] [stdout]      |
[INFO] [stdout] 
[INFO] [stdout] error[E0433]: cannot find `hyperlane` in the list of imported crates
[INFO] [stdout]     --> src/lib.rs:1585:1
[INFO] [stdout]      |
[INFO] [stdout] 1585 | #[request_middleware]
[INFO] [stdout]      | ^^^^^^^^^^^^^^^^^^^^^ could not find `hyperlane` in the list of imported crates
[INFO] [stdout]      |
[INFO] [stdout]      = note: this error originates in the attribute macro `request_middleware` (in Nightly builds, run with -Z macro-backtrace for more info)
[INFO] [stdout] 
[INFO] [stdout] error: aborting due to 2 previous errors
[INFO] [stdout] 
[INFO] [stdout] Some errors have detailed explanations: E0432, E0433.
[INFO] [stdout] For more information about an error, try `rustc --explain E0432`.
[INFO] [stdout] Couldn't compile the test.
[INFO] [stdout] ---- src/lib.rs - task_panic (line 3962) stdout ----
[INFO] [stdout] error[E0432]: unresolved import `hyperlane`
[INFO] [stdout]     --> src/lib.rs:3964:5
[INFO] [stdout]      |
[INFO] [stdout] 3964 | use hyperlane::*;
[INFO] [stdout]      |     ^^^^^^^^^ use of unresolved module or unlinked crate `hyperlane`
[INFO] [stdout]      |
[INFO] [stdout] help: to make use of source file src/hyperlane/mod.rs, use `mod hyperlane` in this file to declare the module
[INFO] [stdout]      |
[INFO] [stdout] 3961 + mod hyperlane;
[INFO] [stdout]      |
[INFO] [stdout] 
[INFO] [stdout] error[E0433]: cannot find `hyperlane` in the list of imported crates
[INFO] [stdout]     --> src/lib.rs:3969:1
[INFO] [stdout]      |
[INFO] [stdout] 3969 | #[task_panic("2")]
[INFO] [stdout]      | ^^^^^^^^^^^^^^^^^^ could not find `hyperlane` in the list of imported crates
[INFO] [stdout]      |
[INFO] [stdout]      = note: this error originates in the attribute macro `task_panic` (in Nightly builds, run with -Z macro-backtrace for more info)
[INFO] [stdout] 
[INFO] [stdout] error[E0433]: cannot find `hyperlane` in the list of imported crates
[INFO] [stdout]     --> src/lib.rs:3968:1
[INFO] [stdout]      |
[INFO] [stdout] 3968 | #[task_panic(1)]
[INFO] [stdout]      | ^^^^^^^^^^^^^^^^ could not find `hyperlane` in the list of imported crates
[INFO] [stdout]      |
[INFO] [stdout]      = note: this error originates in the attribute macro `task_panic` (in Nightly builds, run with -Z macro-backtrace for more info)
[INFO] [stdout] 
[INFO] [stdout] error[E0433]: cannot find `hyperlane` in the list of imported crates
[INFO] [stdout]     --> src/lib.rs:3967:1
[INFO] [stdout]      |
[INFO] [stdout] 3967 | #[task_panic]
[INFO] [stdout]      | ^^^^^^^^^^^^^ could not find `hyperlane` in the list of imported crates
[INFO] [stdout]      |
[INFO] [stdout]      = note: this error originates in the attribute macro `task_panic` (in Nightly builds, run with -Z macro-backtrace for more info)
[INFO] [stdout] 
[INFO] [stdout] error: aborting due to 4 previous errors
[INFO] [stdout] 
[INFO] [stdout] Some errors have detailed explanations: E0432, E0433.
[INFO] [stdout] For more information about an error, try `rustc --explain E0432`.
[INFO] [stdout] Couldn't compile the test.
[INFO] [stdout] ---- src/lib.rs - route (line 3820) stdout ----
[INFO] [stdout] error[E0432]: unresolved import `hyperlane`
[INFO] [stdout]     --> src/lib.rs:3822:5
[INFO] [stdout]      |
[INFO] [stdout] 3822 | use hyperlane::*;
[INFO] [stdout]      |     ^^^^^^^^^ use of unresolved module or unlinked crate `hyperlane`
[INFO] [stdout]      |
[INFO] [stdout] help: to make use of source file src/hyperlane/mod.rs, use `mod hyperlane` in this file to declare the module
[INFO] [stdout]      |
[INFO] [stdout] 3819 + mod hyperlane;
[INFO] [stdout]      |
[INFO] [stdout] 
[INFO] [stdout] error[E0433]: cannot find `hyperlane` in the list of imported crates
[INFO] [stdout]     --> src/lib.rs:3825:1
[INFO] [stdout]      |
[INFO] [stdout] 3825 | #[route("/response")]
[INFO] [stdout]      | ^^^^^^^^^^^^^^^^^^^^^ could not find `hyperlane` in the list of imported crates
[INFO] [stdout]      |
[INFO] [stdout]      = note: this error originates in the attribute macro `route` (in Nightly builds, run with -Z macro-backtrace for more info)
[INFO] [stdout] 
[INFO] [stdout] error: aborting due to 2 previous errors
[INFO] [stdout] 
[INFO] [stdout] Some errors have detailed explanations: E0432, E0433.
[INFO] [stdout] For more information about an error, try `rustc --explain E0432`.
[INFO] [stdout] Couldn't compile the test.
[INFO] [stdout] ---- src/lib.rs - send (line 4199) stdout ----
[INFO] [stdout] error[E0432]: unresolved import `hyperlane`
[INFO] [stdout]     --> src/lib.rs:4201:5
[INFO] [stdout]      |
[INFO] [stdout] 4201 | use hyperlane::*;
[INFO] [stdout]      |     ^^^^^^^^^ use of unresolved module or unlinked crate `hyperlane`
[INFO] [stdout]      |
[INFO] [stdout] help: to make use of source file src/hyperlane/mod.rs, use `mod hyperlane` in this file to declare the module
[INFO] [stdout]      |
[INFO] [stdout] 4198 + mod hyperlane;
[INFO] [stdout]      |
[INFO] [stdout] 
[INFO] [stdout] error[E0433]: cannot find `hyperlane` in the list of imported crates
[INFO] [stdout]     --> src/lib.rs:4204:1
[INFO] [stdout]      |
[INFO] [stdout] 4204 | #[route("/send")]
[INFO] [stdout]      | ^^^^^^^^^^^^^^^^^ could not find `hyperlane` in the list of imported crates
[INFO] [stdout]      |
[INFO] [stdout]      = note: this error originates in the attribute macro `route` (in Nightly builds, run with -Z macro-backtrace for more info)
[INFO] [stdout] 
[INFO] [stdout] error: aborting due to 2 previous errors
[INFO] [stdout] 
[INFO] [stdout] Some errors have detailed explanations: E0432, E0433.
[INFO] [stdout] For more information about an error, try `rustc --explain E0432`.
[INFO] [stdout] Couldn't compile the test.
[INFO] [stdout] ---- src/lib.rs - route_param (line 3034) stdout ----
[INFO] [stdout] error[E0432]: unresolved import `hyperlane`
[INFO] [stdout]     --> src/lib.rs:3036:5
[INFO] [stdout]      |
[INFO] [stdout] 3036 | use hyperlane::*;
[INFO] [stdout]      |     ^^^^^^^^^ use of unresolved module or unlinked crate `hyperlane`
[INFO] [stdout]      |
[INFO] [stdout] help: to make use of source file src/hyperlane/mod.rs, use `mod hyperlane` in this file to declare the module
[INFO] [stdout]      |
[INFO] [stdout] 3033 + mod hyperlane;
[INFO] [stdout]      |
[INFO] [stdout] 
[INFO] [stdout] error[E0433]: cannot find `hyperlane` in the list of imported crates
[INFO] [stdout]     --> src/lib.rs:3039:1
[INFO] [stdout]      |
[INFO] [stdout] 3039 | #[route("/multi_param/:id/:name")]
[INFO] [stdout]      | ^^^^^^^^^^^^^^^^^^^^^^^^^^^^^^^^^^ could not find `hyperlane` in the list of imported crates
[INFO] [stdout]      |
[INFO] [stdout]      = note: this error originates in the attribute macro `route` (in Nightly builds, run with -Z macro-backtrace for more info)
[INFO] [stdout] 
[INFO] [stdout] error: aborting due to 2 previous errors
[INFO] [stdout] 
[INFO] [stdout] Some errors have detailed explanations: E0432, E0433.
[INFO] [stdout] For more information about an error, try `rustc --explain E0432`.
[INFO] [stdout] Couldn't compile the test.
[INFO] [stdout] ---- src/lib.rs - send (line 4226) stdout ----
[INFO] [stdout] error[E0432]: unresolved import `hyperlane`
[INFO] [stdout]     --> src/lib.rs:4228:5
[INFO] [stdout]      |
[INFO] [stdout] 4228 | use hyperlane::*;
[INFO] [stdout]      |     ^^^^^^^^^ use of unresolved module or unlinked crate `hyperlane`
[INFO] [stdout]      |
[INFO] [stdout] help: to make use of source file src/hyperlane/mod.rs, use `mod hyperlane` in this file to declare the module
[INFO] [stdout]      |
[INFO] [stdout] 4225 + mod hyperlane;
[INFO] [stdout]      |
[INFO] [stdout] 
[INFO] [stdout] error[E0433]: cannot find `hyperlane` in the list of imported crates
[INFO] [stdout]     --> src/lib.rs:4231:1
[INFO] [stdout]      |
[INFO] [stdout] 4231 | #[route("/send_with_data")]
[INFO] [stdout]      | ^^^^^^^^^^^^^^^^^^^^^^^^^^^ could not find `hyperlane` in the list of imported crates
[INFO] [stdout]      |
[INFO] [stdout]      = note: this error originates in the attribute macro `route` (in Nightly builds, run with -Z macro-backtrace for more info)
[INFO] [stdout] 
[INFO] [stdout] error: aborting due to 2 previous errors
[INFO] [stdout] 
[INFO] [stdout] Some errors have detailed explanations: E0432, E0433.
[INFO] [stdout] For more information about an error, try `rustc --explain E0432`.
[INFO] [stdout] Couldn't compile the test.
[INFO] [stdout] ---- src/lib.rs - route_params (line 3109) stdout ----
[INFO] [stdout] error[E0432]: unresolved import `hyperlane`
[INFO] [stdout]     --> src/lib.rs:3111:5
[INFO] [stdout]      |
[INFO] [stdout] 3111 | use hyperlane::*;
[INFO] [stdout]      |     ^^^^^^^^^ use of unresolved module or unlinked crate `hyperlane`
[INFO] [stdout]      |
[INFO] [stdout] help: to make use of source file src/hyperlane/mod.rs, use `mod hyperlane` in this file to declare the module
[INFO] [stdout]      |
[INFO] [stdout] 3108 + mod hyperlane;
[INFO] [stdout]      |
[INFO] [stdout] 
[INFO] [stdout] error[E0433]: cannot find `hyperlane` in the list of imported crates
[INFO] [stdout]     --> src/lib.rs:3114:1
[INFO] [stdout]      |
[INFO] [stdout] 3114 | #[route("/multi_params/:id")]
[INFO] [stdout]      | ^^^^^^^^^^^^^^^^^^^^^^^^^^^^^ could not find `hyperlane` in the list of imported crates
[INFO] [stdout]      |
[INFO] [stdout]      = note: this error originates in the attribute macro `route` (in Nightly builds, run with -Z macro-backtrace for more info)
[INFO] [stdout] 
[INFO] [stdout] error: aborting due to 2 previous errors
[INFO] [stdout] 
[INFO] [stdout] Some errors have detailed explanations: E0432, E0433.
[INFO] [stdout] For more information about an error, try `rustc --explain E0432`.
[INFO] [stdout] Couldn't compile the test.
[INFO] [stdout] ---- src/lib.rs - task_panic_data (line 2737) stdout ----
[INFO] [stdout] error[E0432]: unresolved import `hyperlane`
[INFO] [stdout]     --> src/lib.rs:2739:5
[INFO] [stdout]      |
[INFO] [stdout] 2739 | use hyperlane::*;
[INFO] [stdout]      |     ^^^^^^^^^ use of unresolved module or unlinked crate `hyperlane`
[INFO] [stdout]      |
[INFO] [stdout] help: to make use of source file src/hyperlane/mod.rs, use `mod hyperlane` in this file to declare the module
[INFO] [stdout]      |
[INFO] [stdout] 2736 + mod hyperlane;
[INFO] [stdout]      |
[INFO] [stdout] 
[INFO] [stdout] error[E0433]: cannot find `hyperlane` in the list of imported crates
[INFO] [stdout]     --> src/lib.rs:2742:1
[INFO] [stdout]      |
[INFO] [stdout] 2742 | #[route("/task_panic_data")]
[INFO] [stdout]      | ^^^^^^^^^^^^^^^^^^^^^^^^^^^^ could not find `hyperlane` in the list of imported crates
[INFO] [stdout]      |
[INFO] [stdout]      = note: this error originates in the attribute macro `route` (in Nightly builds, run with -Z macro-backtrace for more info)
[INFO] [stdout] 
[INFO] [stdout] error: aborting due to 2 previous errors
[INFO] [stdout] 
[INFO] [stdout] Some errors have detailed explanations: E0432, E0433.
[INFO] [stdout] For more information about an error, try `rustc --explain E0432`.
[INFO] [stdout] Couldn't compile the test.
[INFO] [stdout] ---- src/lib.rs - route_param (line 3002) stdout ----
[INFO] [stdout] error[E0432]: unresolved import `hyperlane`
[INFO] [stdout]     --> src/lib.rs:3004:5
[INFO] [stdout]      |
[INFO] [stdout] 3004 | use hyperlane::*;
[INFO] [stdout]      |     ^^^^^^^^^ use of unresolved module or unlinked crate `hyperlane`
[INFO] [stdout]      |
[INFO] [stdout] help: to make use of source file src/hyperlane/mod.rs, use `mod hyperlane` in this file to declare the module
[INFO] [stdout]      |
[INFO] [stdout] 3001 + mod hyperlane;
[INFO] [stdout]      |
[INFO] [stdout] 
[INFO] [stdout] error[E0433]: cannot find `hyperlane` in the list of imported crates
[INFO] [stdout]     --> src/lib.rs:3007:1
[INFO] [stdout]      |
[INFO] [stdout] 3007 | #[route("/route_param/:test")]
[INFO] [stdout]      | ^^^^^^^^^^^^^^^^^^^^^^^^^^^^^^ could not find `hyperlane` in the list of imported crates
[INFO] [stdout]      |
[INFO] [stdout]      = note: this error originates in the attribute macro `route` (in Nightly builds, run with -Z macro-backtrace for more info)
[INFO] [stdout] 
[INFO] [stdout] error: aborting due to 2 previous errors
[INFO] [stdout] 
[INFO] [stdout] Some errors have detailed explanations: E0432, E0433.
[INFO] [stdout] For more information about an error, try `rustc --explain E0432`.
[INFO] [stdout] Couldn't compile the test.
[INFO] [stdout] ---- src/lib.rs - route_params (line 3078) stdout ----
[INFO] [stdout] error[E0432]: unresolved import `hyperlane`
[INFO] [stdout]     --> src/lib.rs:3080:5
[INFO] [stdout]      |
[INFO] [stdout] 3080 | use hyperlane::*;
[INFO] [stdout]      |     ^^^^^^^^^ use of unresolved module or unlinked crate `hyperlane`
[INFO] [stdout]      |
[INFO] [stdout] help: to make use of source file src/hyperlane/mod.rs, use `mod hyperlane` in this file to declare the module
[INFO] [stdout]      |
[INFO] [stdout] 3077 + mod hyperlane;
[INFO] [stdout]      |
[INFO] [stdout] 
[INFO] [stdout] error[E0433]: cannot find `hyperlane` in the list of imported crates
[INFO] [stdout]     --> src/lib.rs:3083:1
[INFO] [stdout]      |
[INFO] [stdout] 3083 | #[route("/route_params/:test")]
[INFO] [stdout]      | ^^^^^^^^^^^^^^^^^^^^^^^^^^^^^^^ could not find `hyperlane` in the list of imported crates
[INFO] [stdout]      |
[INFO] [stdout]      = note: this error originates in the attribute macro `route` (in Nightly builds, run with -Z macro-backtrace for more info)
[INFO] [stdout] 
[INFO] [stdout] error: aborting due to 2 previous errors
[INFO] [stdout] 
[INFO] [stdout] Some errors have detailed explanations: E0432, E0433.
[INFO] [stdout] For more information about an error, try `rustc --explain E0432`.
[INFO] [stdout] Couldn't compile the test.
[INFO] [stdout] ---- src/lib.rs - try_flush (line 4270) stdout ----
[INFO] [stdout] error[E0432]: unresolved import `hyperlane`
[INFO] [stdout]     --> src/lib.rs:4272:5
[INFO] [stdout]      |
[INFO] [stdout] 4272 | use hyperlane::*;
[INFO] [stdout]      |     ^^^^^^^^^ use of unresolved module or unlinked crate `hyperlane`
[INFO] [stdout]      |
[INFO] [stdout] help: to make use of source file src/hyperlane/mod.rs, use `mod hyperlane` in this file to declare the module
[INFO] [stdout]      |
[INFO] [stdout] 4269 + mod hyperlane;
[INFO] [stdout]      |
[INFO] [stdout] 
[INFO] [stdout] error[E0433]: cannot find `hyperlane` in the list of imported crates
[INFO] [stdout]     --> src/lib.rs:4275:1
[INFO] [stdout]      |
[INFO] [stdout] 4275 | #[route("/try_flush")]
[INFO] [stdout]      | ^^^^^^^^^^^^^^^^^^^^^^ could not find `hyperlane` in the list of imported crates
[INFO] [stdout]      |
[INFO] [stdout]      = note: this error originates in the attribute macro `route` (in Nightly builds, run with -Z macro-backtrace for more info)
[INFO] [stdout] 
[INFO] [stdout] error: aborting due to 2 previous errors
[INFO] [stdout] 
[INFO] [stdout] Some errors have detailed explanations: E0432, E0433.
[INFO] [stdout] For more information about an error, try `rustc --explain E0432`.
[INFO] [stdout] Couldn't compile the test.
[INFO] [stdout] ---- src/lib.rs - try_get_http_request (line 141) stdout ----
[INFO] [stdout] error[E0432]: unresolved import `hyperlane`
[INFO] [stdout]    --> src/lib.rs:143:5
[INFO] [stdout]     |
[INFO] [stdout] 143 | use hyperlane::*;
[INFO] [stdout]     |     ^^^^^^^^^ use of unresolved module or unlinked crate `hyperlane`
[INFO] [stdout]     |
[INFO] [stdout] help: to make use of source file src/hyperlane/mod.rs, use `mod hyperlane` in this file to declare the module
[INFO] [stdout]     |
[INFO] [stdout] 140 + mod hyperlane;
[INFO] [stdout]     |
[INFO] [stdout] 
[INFO] [stdout] error[E0433]: cannot find `hyperlane` in the list of imported crates
[INFO] [stdout]    --> src/lib.rs:146:1
[INFO] [stdout]     |
[INFO] [stdout] 146 | #[route("/try_get_http_request")]
[INFO] [stdout]     | ^^^^^^^^^^^^^^^^^^^^^^^^^^^^^^^^^ could not find `hyperlane` in the list of imported crates
[INFO] [stdout]     |
[INFO] [stdout]     = note: this error originates in the attribute macro `route` (in Nightly builds, run with -Z macro-backtrace for more info)
[INFO] [stdout] 
[INFO] [stdout] error: aborting due to 2 previous errors
[INFO] [stdout] 
[INFO] [stdout] Some errors have detailed explanations: E0432, E0433.
[INFO] [stdout] For more information about an error, try `rustc --explain E0432`.
[INFO] [stdout] Couldn't compile the test.
[INFO] [stdout] ---- src/lib.rs - task_panic_data (line 2706) stdout ----
[INFO] [stdout] error[E0432]: unresolved import `hyperlane`
[INFO] [stdout]     --> src/lib.rs:2708:5
[INFO] [stdout]      |
[INFO] [stdout] 2708 | use hyperlane::*;
[INFO] [stdout]      |     ^^^^^^^^^ use of unresolved module or unlinked crate `hyperlane`
[INFO] [stdout]      |
[INFO] [stdout] help: to make use of source file src/hyperlane/mod.rs, use `mod hyperlane` in this file to declare the module
[INFO] [stdout]      |
[INFO] [stdout] 2705 + mod hyperlane;
[INFO] [stdout]      |
[INFO] [stdout] 
[INFO] [stdout] error[E0433]: cannot find `hyperlane` in the list of imported crates
[INFO] [stdout]     --> src/lib.rs:2711:1
[INFO] [stdout]      |
[INFO] [stdout] 2711 | #[route("/task_panic_data")]
[INFO] [stdout]      | ^^^^^^^^^^^^^^^^^^^^^^^^^^^^ could not find `hyperlane` in the list of imported crates
[INFO] [stdout]      |
[INFO] [stdout]      = note: this error originates in the attribute macro `route` (in Nightly builds, run with -Z macro-backtrace for more info)
[INFO] [stdout] 
[INFO] [stdout] error: aborting due to 2 previous errors
[INFO] [stdout] 
[INFO] [stdout] Some errors have detailed explanations: E0432, E0433.
[INFO] [stdout] For more information about an error, try `rustc --explain E0432`.
[INFO] [stdout] Couldn't compile the test.
[INFO] [stdout] ---- src/lib.rs - try_get_http_request (line 160) stdout ----
[INFO] [stdout] error[E0432]: unresolved import `hyperlane`
[INFO] [stdout]    --> src/lib.rs:162:5
[INFO] [stdout]     |
[INFO] [stdout] 162 | use hyperlane::*;
[INFO] [stdout]     |     ^^^^^^^^^ use of unresolved module or unlinked crate `hyperlane`
[INFO] [stdout]     |
[INFO] [stdout] help: to make use of source file src/hyperlane/mod.rs, use `mod hyperlane` in this file to declare the module
[INFO] [stdout]     |
[INFO] [stdout] 159 + mod hyperlane;
[INFO] [stdout]     |
[INFO] [stdout] 
[INFO] [stdout] error[E0433]: cannot find `hyperlane` in the list of imported crates
[INFO] [stdout]    --> src/lib.rs:165:1
[INFO] [stdout]     |
[INFO] [stdout] 165 | #[route("/try_get_http_request")]
[INFO] [stdout]     | ^^^^^^^^^^^^^^^^^^^^^^^^^^^^^^^^^ could not find `hyperlane` in the list of imported crates
[INFO] [stdout]     |
[INFO] [stdout]     = note: this error originates in the attribute macro `route` (in Nightly builds, run with -Z macro-backtrace for more info)
[INFO] [stdout] 
[INFO] [stdout] error: aborting due to 2 previous errors
[INFO] [stdout] 
[INFO] [stdout] Some errors have detailed explanations: E0432, E0433.
[INFO] [stdout] For more information about an error, try `rustc --explain E0432`.
[INFO] [stdout] Couldn't compile the test.
[INFO] [stdout] ---- src/lib.rs - try_get_attribute (line 2437) stdout ----
[INFO] [stdout] error[E0432]: unresolved import `hyperlane`
[INFO] [stdout]     --> src/lib.rs:2439:5
[INFO] [stdout]      |
[INFO] [stdout] 2439 | use hyperlane::*;
[INFO] [stdout]      |     ^^^^^^^^^ use of unresolved module or unlinked crate `hyperlane`
[INFO] [stdout]      |
[INFO] [stdout] help: to make use of source file src/hyperlane/mod.rs, use `mod hyperlane` in this file to declare the module
[INFO] [stdout]      |
[INFO] [stdout] 2436 + mod hyperlane;
[INFO] [stdout]      |
[INFO] [stdout] 
[INFO] [stdout] error[E0433]: cannot find `hyperlane` in the list of imported crates
[INFO] [stdout]     --> src/lib.rs:2442:1
[INFO] [stdout]      |
[INFO] [stdout] 2442 | #[route("/try_get_attribute")]
[INFO] [stdout]      | ^^^^^^^^^^^^^^^^^^^^^^^^^^^^^^ could not find `hyperlane` in the list of imported crates
[INFO] [stdout]      |
[INFO] [stdout]      = note: this error originates in the attribute macro `route` (in Nightly builds, run with -Z macro-backtrace for more info)
[INFO] [stdout] 
[INFO] [stdout] error: aborting due to 2 previous errors
[INFO] [stdout] 
[INFO] [stdout] Some errors have detailed explanations: E0432, E0433.
[INFO] [stdout] For more information about an error, try `rustc --explain E0432`.
[INFO] [stdout] Couldn't compile the test.
[INFO] [stdout] ---- src/lib.rs - try_get_attribute (line 2397) stdout ----
[INFO] [stdout] error[E0432]: unresolved import `hyperlane`
[INFO] [stdout]     --> src/lib.rs:2399:5
[INFO] [stdout]      |
[INFO] [stdout] 2399 | use hyperlane::*;
[INFO] [stdout]      |     ^^^^^^^^^ use of unresolved module or unlinked crate `hyperlane`
[INFO] [stdout]      |
[INFO] [stdout] help: to make use of source file src/hyperlane/mod.rs, use `mod hyperlane` in this file to declare the module
[INFO] [stdout]      |
[INFO] [stdout] 2396 + mod hyperlane;
[INFO] [stdout]      |
[INFO] [stdout] 
[INFO] [stdout] error[E0433]: cannot find `hyperlane` in the list of imported crates
[INFO] [stdout]     --> src/lib.rs:2411:1
[INFO] [stdout]      |
[INFO] [stdout] 2411 | #[route("/try_get_attribute")]
[INFO] [stdout]      | ^^^^^^^^^^^^^^^^^^^^^^^^^^^^^^ could not find `hyperlane` in the list of imported crates
[INFO] [stdout]      |
[INFO] [stdout]      = note: this error originates in the attribute macro `route` (in Nightly builds, run with -Z macro-backtrace for more info)
[INFO] [stdout] 
[INFO] [stdout] error: aborting due to 2 previous errors
[INFO] [stdout] 
[INFO] [stdout] Some errors have detailed explanations: E0432, E0433.
[INFO] [stdout] For more information about an error, try `rustc --explain E0432`.
[INFO] [stdout] Couldn't compile the test.
[INFO] [stdout] ---- src/lib.rs - try_get_request_query (line 3150) stdout ----
[INFO] [stdout] error[E0432]: unresolved import `hyperlane`
[INFO] [stdout]     --> src/lib.rs:3152:5
[INFO] [stdout]      |
[INFO] [stdout] 3152 | use hyperlane::*;
[INFO] [stdout]      |     ^^^^^^^^^ use of unresolved module or unlinked crate `hyperlane`
[INFO] [stdout]      |
[INFO] [stdout] help: to make use of source file src/hyperlane/mod.rs, use `mod hyperlane` in this file to declare the module
[INFO] [stdout]      |
[INFO] [stdout] 3149 + mod hyperlane;
[INFO] [stdout]      |
[INFO] [stdout] 
[INFO] [stdout] error[E0433]: cannot find `hyperlane` in the list of imported crates
[INFO] [stdout]     --> src/lib.rs:3155:1
[INFO] [stdout]      |
[INFO] [stdout] 3155 | #[route("/try_get_request_query")]
[INFO] [stdout]      | ^^^^^^^^^^^^^^^^^^^^^^^^^^^^^^^^^^ could not find `hyperlane` in the list of imported crates
[INFO] [stdout]      |
[INFO] [stdout]      = note: this error originates in the attribute macro `route` (in Nightly builds, run with -Z macro-backtrace for more info)
[INFO] [stdout] 
[INFO] [stdout] error: aborting due to 2 previous errors
[INFO] [stdout] 
[INFO] [stdout] Some errors have detailed explanations: E0432, E0433.
[INFO] [stdout] For more information about an error, try `rustc --explain E0432`.
[INFO] [stdout] Couldn't compile the test.
[INFO] [stdout] ---- src/lib.rs - try_get_request_error_data (line 2813) stdout ----
[INFO] [stdout] error[E0432]: unresolved import `hyperlane`
[INFO] [stdout]     --> src/lib.rs:2815:5
[INFO] [stdout]      |
[INFO] [stdout] 2815 | use hyperlane::*;
[INFO] [stdout]      |     ^^^^^^^^^ use of unresolved module or unlinked crate `hyperlane`
[INFO] [stdout]      |
[INFO] [stdout] help: to make use of source file src/hyperlane/mod.rs, use `mod hyperlane` in this file to declare the module
[INFO] [stdout]      |
[INFO] [stdout] 2812 + mod hyperlane;
[INFO] [stdout]      |
[INFO] [stdout] 
[INFO] [stdout] error[E0433]: cannot find `hyperlane` in the list of imported crates
[INFO] [stdout]     --> src/lib.rs:2818:1
[INFO] [stdout]      |
[INFO] [stdout] 2818 | #[route("/try_get_request_error_data")]
[INFO] [stdout]      | ^^^^^^^^^^^^^^^^^^^^^^^^^^^^^^^^^^^^^^^ could not find `hyperlane` in the list of imported crates
[INFO] [stdout]      |
[INFO] [stdout]      = note: this error originates in the attribute macro `route` (in Nightly builds, run with -Z macro-backtrace for more info)
[INFO] [stdout] 
[INFO] [stdout] error: aborting due to 2 previous errors
[INFO] [stdout] 
[INFO] [stdout] Some errors have detailed explanations: E0432, E0433.
[INFO] [stdout] For more information about an error, try `rustc --explain E0432`.
[INFO] [stdout] Couldn't compile the test.
[INFO] [stdout] ---- src/lib.rs - try_get_route_param (line 2930) stdout ----
[INFO] [stdout] error[E0432]: unresolved import `hyperlane`
[INFO] [stdout]     --> src/lib.rs:2932:5
[INFO] [stdout]      |
[INFO] [stdout] 2932 | use hyperlane::*;
[INFO] [stdout]      |     ^^^^^^^^^ use of unresolved module or unlinked crate `hyperlane`
[INFO] [stdout]      |
[INFO] [stdout] help: to make use of source file src/hyperlane/mod.rs, use `mod hyperlane` in this file to declare the module
[INFO] [stdout]      |
[INFO] [stdout] 2929 + mod hyperlane;
[INFO] [stdout]      |
[INFO] [stdout] 
[INFO] [stdout] error[E0433]: cannot find `hyperlane` in the list of imported crates
[INFO] [stdout]     --> src/lib.rs:2935:1
[INFO] [stdout]      |
[INFO] [stdout] 2935 | #[route("/try_get_route_param/:test")]
[INFO] [stdout]      | ^^^^^^^^^^^^^^^^^^^^^^^^^^^^^^^^^^^^^^ could not find `hyperlane` in the list of imported crates
[INFO] [stdout]      |
[INFO] [stdout]      = note: this error originates in the attribute macro `route` (in Nightly builds, run with -Z macro-backtrace for more info)
[INFO] [stdout] 
[INFO] [stdout] error: aborting due to 2 previous errors
[INFO] [stdout] 
[INFO] [stdout] Some errors have detailed explanations: E0432, E0433.
[INFO] [stdout] For more information about an error, try `rustc --explain E0432`.
[INFO] [stdout] Couldn't compile the test.
[INFO] [stdout] ---- src/lib.rs - try_get_request_error_data (line 2782) stdout ----
[INFO] [stdout] error[E0432]: unresolved import `hyperlane`
[INFO] [stdout]     --> src/lib.rs:2784:5
[INFO] [stdout]      |
[INFO] [stdout] 2784 | use hyperlane::*;
[INFO] [stdout]      |     ^^^^^^^^^ use of unresolved module or unlinked crate `hyperlane`
[INFO] [stdout]      |
[INFO] [stdout] help: to make use of source file src/hyperlane/mod.rs, use `mod hyperlane` in this file to declare the module
[INFO] [stdout]      |
[INFO] [stdout] 2781 + mod hyperlane;
[INFO] [stdout]      |
[INFO] [stdout] 
[INFO] [stdout] error[E0433]: cannot find `hyperlane` in the list of imported crates
[INFO] [stdout]     --> src/lib.rs:2787:1
[INFO] [stdout]      |
[INFO] [stdout] 2787 | #[route("/try_get_request_error_data")]
[INFO] [stdout]      | ^^^^^^^^^^^^^^^^^^^^^^^^^^^^^^^^^^^^^^^ could not find `hyperlane` in the list of imported crates
[INFO] [stdout]      |
[INFO] [stdout]      = note: this error originates in the attribute macro `route` (in Nightly builds, run with -Z macro-backtrace for more info)
[INFO] [stdout] 
[INFO] [stdout] error: aborting due to 2 previous errors
[INFO] [stdout] 
[INFO] [stdout] Some errors have detailed explanations: E0432, E0433.
[INFO] [stdout] For more information about an error, try `rustc --explain E0432`.
[INFO] [stdout] Couldn't compile the test.
[INFO] [stdout] ---- src/lib.rs - try_get_route_param (line 2961) stdout ----
[INFO] [stdout] error[E0432]: unresolved import `hyperlane`
[INFO] [stdout]     --> src/lib.rs:2963:5
[INFO] [stdout]      |
[INFO] [stdout] 2963 | use hyperlane::*;
[INFO] [stdout]      |     ^^^^^^^^^ use of unresolved module or unlinked crate `hyperlane`
[INFO] [stdout]      |
[INFO] [stdout] help: to make use of source file src/hyperlane/mod.rs, use `mod hyperlane` in this file to declare the module
[INFO] [stdout]      |
[INFO] [stdout] 2960 + mod hyperlane;
[INFO] [stdout]      |
[INFO] [stdout] 
[INFO] [stdout] error[E0433]: cannot find `hyperlane` in the list of imported crates
[INFO] [stdout]     --> src/lib.rs:2966:1
[INFO] [stdout]      |
[INFO] [stdout] 2966 | #[route("/multi_param/:id/:name")]
[INFO] [stdout]      | ^^^^^^^^^^^^^^^^^^^^^^^^^^^^^^^^^^ could not find `hyperlane` in the list of imported crates
[INFO] [stdout]      |
[INFO] [stdout]      = note: this error originates in the attribute macro `route` (in Nightly builds, run with -Z macro-backtrace for more info)
[INFO] [stdout] 
[INFO] [stdout] error: aborting due to 2 previous errors
[INFO] [stdout] 
[INFO] [stdout] Some errors have detailed explanations: E0432, E0433.
[INFO] [stdout] For more information about an error, try `rustc --explain E0432`.
[INFO] [stdout] Couldn't compile the test.
[INFO] [stdout] ---- src/lib.rs - try_get_request_header (line 3318) stdout ----
[INFO] [stdout] error[E0432]: unresolved import `hyperlane`
[INFO] [stdout]     --> src/lib.rs:3320:5
[INFO] [stdout]      |
[INFO] [stdout] 3320 | use hyperlane::*;
[INFO] [stdout]      |     ^^^^^^^^^ use of unresolved module or unlinked crate `hyperlane`
[INFO] [stdout]      |
[INFO] [stdout] help: to make use of source file src/hyperlane/mod.rs, use `mod hyperlane` in this file to declare the module
[INFO] [stdout]      |
[INFO] [stdout] 3317 + mod hyperlane;
[INFO] [stdout]      |
[INFO] [stdout] 
[INFO] [stdout] error[E0433]: cannot find `hyperlane` in the list of imported crates
[INFO] [stdout]     --> src/lib.rs:3323:1
[INFO] [stdout]      |
[INFO] [stdout] 3323 | #[route("/try_get_request_header")]
[INFO] [stdout]      | ^^^^^^^^^^^^^^^^^^^^^^^^^^^^^^^^^^^ could not find `hyperlane` in the list of imported crates
[INFO] [stdout]      |
[INFO] [stdout]      = note: this error originates in the attribute macro `route` (in Nightly builds, run with -Z macro-backtrace for more info)
[INFO] [stdout] 
[INFO] [stdout] error: aborting due to 2 previous errors
[INFO] [stdout] 
[INFO] [stdout] Some errors have detailed explanations: E0432, E0433.
[INFO] [stdout] For more information about an error, try `rustc --explain E0432`.
[INFO] [stdout] Couldn't compile the test.
[INFO] [stdout] ---- src/lib.rs - try_get_request_cookie (line 3480) stdout ----
[INFO] [stdout] error[E0432]: unresolved import `hyperlane`
[INFO] [stdout]     --> src/lib.rs:3482:5
[INFO] [stdout]      |
[INFO] [stdout] 3482 | use hyperlane::*;
[INFO] [stdout]      |     ^^^^^^^^^ use of unresolved module or unlinked crate `hyperlane`
[INFO] [stdout]      |
[INFO] [stdout] help: to make use of source file src/hyperlane/mod.rs, use `mod hyperlane` in this file to declare the module
[INFO] [stdout]      |
[INFO] [stdout] 3479 + mod hyperlane;
[INFO] [stdout]      |
[INFO] [stdout] 
[INFO] [stdout] error[E0433]: cannot find `hyperlane` in the list of imported crates
[INFO] [stdout]     --> src/lib.rs:3485:1
[INFO] [stdout]      |
[INFO] [stdout] 3485 | #[route("/cookie")]
[INFO] [stdout]      | ^^^^^^^^^^^^^^^^^^^ could not find `hyperlane` in the list of imported crates
[INFO] [stdout]      |
[INFO] [stdout]      = note: this error originates in the attribute macro `route` (in Nightly builds, run with -Z macro-backtrace for more info)
[INFO] [stdout] 
[INFO] [stdout] error: aborting due to 2 previous errors
[INFO] [stdout] 
[INFO] [stdout] Some errors have detailed explanations: E0432, E0433.
[INFO] [stdout] For more information about an error, try `rustc --explain E0432`.
[INFO] [stdout] Couldn't compile the test.
[INFO] [stdout] ---- src/lib.rs - try_get_task_panic_data (line 2665) stdout ----
[INFO] [stdout] error[E0432]: unresolved import `hyperlane`
[INFO] [stdout]     --> src/lib.rs:2667:5
[INFO] [stdout]      |
[INFO] [stdout] 2667 | use hyperlane::*;
[INFO] [stdout]      |     ^^^^^^^^^ use of unresolved module or unlinked crate `hyperlane`
[INFO] [stdout]      |
[INFO] [stdout] help: to make use of source file src/hyperlane/mod.rs, use `mod hyperlane` in this file to declare the module
[INFO] [stdout]      |
[INFO] [stdout] 2664 + mod hyperlane;
[INFO] [stdout]      |
[INFO] [stdout] 
[INFO] [stdout] error[E0433]: cannot find `hyperlane` in the list of imported crates
[INFO] [stdout]     --> src/lib.rs:2670:1
[INFO] [stdout]      |
[INFO] [stdout] 2670 | #[route("/try_get_task_panic_data")]
[INFO] [stdout]      | ^^^^^^^^^^^^^^^^^^^^^^^^^^^^^^^^^^^^ could not find `hyperlane` in the list of imported crates
[INFO] [stdout]      |
[INFO] [stdout]      = note: this error originates in the attribute macro `route` (in Nightly builds, run with -Z macro-backtrace for more info)
[INFO] [stdout] 
[INFO] [stdout] error: aborting due to 2 previous errors
[INFO] [stdout] 
[INFO] [stdout] Some errors have detailed explanations: E0432, E0433.
[INFO] [stdout] For more information about an error, try `rustc --explain E0432`.
[INFO] [stdout] Couldn't compile the test.
[INFO] [stdout] ---- src/lib.rs - try_send (line 4156) stdout ----
[INFO] [stdout] error[E0432]: unresolved import `hyperlane`
[INFO] [stdout]     --> src/lib.rs:4158:5
[INFO] [stdout]      |
[INFO] [stdout] 4158 | use hyperlane::*;
[INFO] [stdout]      |     ^^^^^^^^^ use of unresolved module or unlinked crate `hyperlane`
[INFO] [stdout]      |
[INFO] [stdout] help: to make use of source file src/hyperlane/mod.rs, use `mod hyperlane` in this file to declare the module
[INFO] [stdout]      |
[INFO] [stdout] 4155 + mod hyperlane;
[INFO] [stdout]      |
[INFO] [stdout] 
[INFO] [stdout] error[E0433]: cannot find `hyperlane` in the list of imported crates
[INFO] [stdout]     --> src/lib.rs:4161:1
[INFO] [stdout]      |
[INFO] [stdout] 4161 | #[route("/try_send_with_data")]
[INFO] [stdout]      | ^^^^^^^^^^^^^^^^^^^^^^^^^^^^^^^ could not find `hyperlane` in the list of imported crates
[INFO] [stdout]      |
[INFO] [stdout]      = note: this error originates in the attribute macro `route` (in Nightly builds, run with -Z macro-backtrace for more info)
[INFO] [stdout] 
[INFO] [stdout] error: aborting due to 2 previous errors
[INFO] [stdout] 
[INFO] [stdout] Some errors have detailed explanations: E0432, E0433.
[INFO] [stdout] For more information about an error, try `rustc --explain E0432`.
[INFO] [stdout] Couldn't compile the test.
[INFO] [stdout] ---- src/lib.rs - try_get_task_panic_data (line 2634) stdout ----
[INFO] [stdout] error[E0432]: unresolved import `hyperlane`
[INFO] [stdout]     --> src/lib.rs:2636:5
[INFO] [stdout]      |
[INFO] [stdout] 2636 | use hyperlane::*;
[INFO] [stdout]      |     ^^^^^^^^^ use of unresolved module or unlinked crate `hyperlane`
[INFO] [stdout]      |
[INFO] [stdout] help: to make use of source file src/hyperlane/mod.rs, use `mod hyperlane` in this file to declare the module
[INFO] [stdout]      |
[INFO] [stdout] 2633 + mod hyperlane;
[INFO] [stdout]      |
[INFO] [stdout] 
[INFO] [stdout] error[E0433]: cannot find `hyperlane` in the list of imported crates
[INFO] [stdout]     --> src/lib.rs:2639:1
[INFO] [stdout]      |
[INFO] [stdout] 2639 | #[route("/try_get_task_panic_data")]
[INFO] [stdout]      | ^^^^^^^^^^^^^^^^^^^^^^^^^^^^^^^^^^^^ could not find `hyperlane` in the list of imported crates
[INFO] [stdout]      |
[INFO] [stdout]      = note: this error originates in the attribute macro `route` (in Nightly builds, run with -Z macro-backtrace for more info)
[INFO] [stdout] 
[INFO] [stdout] error: aborting due to 2 previous errors
[INFO] [stdout] 
[INFO] [stdout] Some errors have detailed explanations: E0432, E0433.
[INFO] [stdout] For more information about an error, try `rustc --explain E0432`.
[INFO] [stdout] Couldn't compile the test.
[INFO] [stdout] ---- src/lib.rs - try_get_websocket_request (line 66) stdout ----
[INFO] [stdout] error[E0432]: unresolved import `hyperlane`
[INFO] [stdout]   --> src/lib.rs:68:5
[INFO] [stdout]    |
[INFO] [stdout] 68 | use hyperlane::*;
[INFO] [stdout]    |     ^^^^^^^^^ use of unresolved module or unlinked crate `hyperlane`
[INFO] [stdout]    |
[INFO] [stdout] help: to make use of source file src/hyperlane/mod.rs, use `mod hyperlane` in this file to declare the module
[INFO] [stdout]    |
[INFO] [stdout] 65 + mod hyperlane;
[INFO] [stdout]    |
[INFO] [stdout] 
[INFO] [stdout] error[E0433]: cannot find `hyperlane` in the list of imported crates
[INFO] [stdout]   --> src/lib.rs:71:1
[INFO] [stdout]    |
[INFO] [stdout] 71 | #[route("/is_ws_upgrade_type")]
[INFO] [stdout]    | ^^^^^^^^^^^^^^^^^^^^^^^^^^^^^^^ could not find `hyperlane` in the list of imported crates
[INFO] [stdout]    |
[INFO] [stdout]    = note: this error originates in the attribute macro `route` (in Nightly builds, run with -Z macro-backtrace for more info)
[INFO] [stdout] 
[INFO] [stdout] error: aborting due to 2 previous errors
[INFO] [stdout] 
[INFO] [stdout] Some errors have detailed explanations: E0432, E0433.
[INFO] [stdout] For more information about an error, try `rustc --explain E0432`.
[INFO] [stdout] Couldn't compile the test.
[INFO] [stdout] ---- src/lib.rs - try_send (line 4129) stdout ----
[INFO] [stdout] error[E0432]: unresolved import `hyperlane`
[INFO] [stdout]     --> src/lib.rs:4131:5
[INFO] [stdout]      |
[INFO] [stdout] 4131 | use hyperlane::*;
[INFO] [stdout]      |     ^^^^^^^^^ use of unresolved module or unlinked crate `hyperlane`
[INFO] [stdout]      |
[INFO] [stdout] help: to make use of source file src/hyperlane/mod.rs, use `mod hyperlane` in this file to declare the module
[INFO] [stdout]      |
[INFO] [stdout] 4128 + mod hyperlane;
[INFO] [stdout]      |
[INFO] [stdout] 
[INFO] [stdout] error[E0433]: cannot find `hyperlane` in the list of imported crates
[INFO] [stdout]     --> src/lib.rs:4134:1
[INFO] [stdout]      |
[INFO] [stdout] 4134 | #[route("/try_send")]
[INFO] [stdout]      | ^^^^^^^^^^^^^^^^^^^^^ could not find `hyperlane` in the list of imported crates
[INFO] [stdout]      |
[INFO] [stdout]      = note: this error originates in the attribute macro `route` (in Nightly builds, run with -Z macro-backtrace for more info)
[INFO] [stdout] 
[INFO] [stdout] error: aborting due to 2 previous errors
[INFO] [stdout] 
[INFO] [stdout] Some errors have detailed explanations: E0432, E0433.
[INFO] [stdout] For more information about an error, try `rustc --explain E0432`.
[INFO] [stdout] Couldn't compile the test.
[INFO] [stdout] ---- src/lib.rs - try_get_websocket_request (line 89) stdout ----
[INFO] [stdout] error[E0432]: unresolved import `hyperlane`
[INFO] [stdout]   --> src/lib.rs:91:5
[INFO] [stdout]    |
[INFO] [stdout] 91 | use hyperlane::*;
[INFO] [stdout]    |     ^^^^^^^^^ use of unresolved module or unlinked crate `hyperlane`
[INFO] [stdout]    |
[INFO] [stdout] help: to make use of source file src/hyperlane/mod.rs, use `mod hyperlane` in this file to declare the module
[INFO] [stdout]    |
[INFO] [stdout] 88 + mod hyperlane;
[INFO] [stdout]    |
[INFO] [stdout] 
[INFO] [stdout] error[E0433]: cannot find `hyperlane` in the list of imported crates
[INFO] [stdout]   --> src/lib.rs:94:1
[INFO] [stdout]    |
[INFO] [stdout] 94 | #[route("/is_ws_upgrade_type")]
[INFO] [stdout]    | ^^^^^^^^^^^^^^^^^^^^^^^^^^^^^^^ could not find `hyperlane` in the list of imported crates
[INFO] [stdout]    |
[INFO] [stdout]    = note: this error originates in the attribute macro `route` (in Nightly builds, run with -Z macro-backtrace for more info)
[INFO] [stdout] 
[INFO] [stdout] error: aborting due to 2 previous errors
[INFO] [stdout] 
[INFO] [stdout] Some errors have detailed explanations: E0432, E0433.
[INFO] [stdout] For more information about an error, try `rustc --explain E0432`.
[INFO] [stdout] Couldn't compile the test.
[INFO] [stdout] 
[INFO] [stdout] failures:
[INFO] [stdout]     src/lib.rs - attribute (line 2478)
[INFO] [stdout]     src/lib.rs - attribute (line 2518)
[INFO] [stdout]     src/lib.rs - attributes (line 2562)
[INFO] [stdout]     src/lib.rs - attributes (line 2593)
[INFO] [stdout]     src/lib.rs - clear_response_headers (line 1529)
[INFO] [stdout]     src/lib.rs - closed (line 1632)
[INFO] [stdout]     src/lib.rs - context (line 4387)
[INFO] [stdout]     src/lib.rs - context (line 4413)
[INFO] [stdout]     src/lib.rs - context (line 4439)
[INFO] [stdout]     src/lib.rs - epilogue_hooks (line 2061)
[INFO] [stdout]     src/lib.rs - epilogue_hooks (line 2102)
[INFO] [stdout]     src/lib.rs - epilogue_macros (line 4089)
[INFO] [stdout]     src/lib.rs - filter (line 1679)
[INFO] [stdout]     src/lib.rs - flush (line 4318)
[INFO] [stdout]     src/lib.rs - host (line 1773)
[INFO] [stdout]     src/lib.rs - hyperlane (line 3753)
[INFO] [stdout]     src/lib.rs - hyperlane (line 3770)
[INFO] [stdout]     src/lib.rs - is_connect_method (line 532)
[INFO] [stdout]     src/lib.rs - is_delete_method (line 340)
[INFO] [stdout]     src/lib.rs - is_get_method (line 196)
[INFO] [stdout]     src/lib.rs - is_h2c_upgrade_type (line 1169)
[INFO] [stdout]     src/lib.rs - is_head_method (line 436)
[INFO] [stdout]     src/lib.rs - is_http0_9_version (line 733)
[INFO] [stdout]     src/lib.rs - is_http1_0_version (line 781)
[INFO] [stdout]     src/lib.rs - is_http1_1_or_higher_version (line 973)
[INFO] [stdout]     src/lib.rs - is_http1_1_version (line 829)
[INFO] [stdout]     src/lib.rs - is_http2_version (line 877)
[INFO] [stdout]     src/lib.rs - is_http3_version (line 925)
[INFO] [stdout]     src/lib.rs - is_http_version (line 1021)
[INFO] [stdout]     src/lib.rs - is_options_method (line 484)
[INFO] [stdout]     src/lib.rs - is_patch_method (line 388)
[INFO] [stdout]     src/lib.rs - is_post_method (line 244)
[INFO] [stdout]     src/lib.rs - is_put_method (line 292)
[INFO] [stdout]     src/lib.rs - is_tls_upgrade_type (line 1217)
[INFO] [stdout]     src/lib.rs - is_trace_method (line 580)
[INFO] [stdout]     src/lib.rs - is_unknown_method (line 629)
[INFO] [stdout]     src/lib.rs - is_unknown_upgrade_type (line 1265)
[INFO] [stdout]     src/lib.rs - is_unknown_version (line 1069)
[INFO] [stdout]     src/lib.rs - is_ws_upgrade_type (line 1117)
[INFO] [stdout]     src/lib.rs - methods (line 681)
[INFO] [stdout]     src/lib.rs - prologue_hooks (line 1975)
[INFO] [stdout]     src/lib.rs - prologue_hooks (line 2016)
[INFO] [stdout]     src/lib.rs - prologue_macros (line 4052)
[INFO] [stdout]     src/lib.rs - referer (line 1873)
[INFO] [stdout]     src/lib.rs - reject (line 1726)
[INFO] [stdout]     src/lib.rs - reject_host (line 1822)
[INFO] [stdout]     src/lib.rs - reject_referer (line 1924)
[INFO] [stdout]     src/lib.rs - request_body (line 2147)
[INFO] [stdout]     src/lib.rs - request_body (line 2175)
[INFO] [stdout]     src/lib.rs - request_body_json (line 2305)
[INFO] [stdout]     src/lib.rs - request_body_json (line 2340)
[INFO] [stdout]     src/lib.rs - request_body_json_result (line 2217)
[INFO] [stdout]     src/lib.rs - request_body_json_result (line 2252)
[INFO] [stdout]     src/lib.rs - request_cookie (line 3532)
[INFO] [stdout]     src/lib.rs - request_cookies (line 3587)
[INFO] [stdout]     src/lib.rs - request_cookies (line 3618)
[INFO] [stdout]     src/lib.rs - request_error (line 4009)
[INFO] [stdout]     src/lib.rs - request_error_data (line 2854)
[INFO] [stdout]     src/lib.rs - request_error_data (line 2885)
[INFO] [stdout]     src/lib.rs - request_header (line 3371)
[INFO] [stdout]     src/lib.rs - request_headers (line 3427)
[INFO] [stdout]     src/lib.rs - request_middleware (line 3869)
[INFO] [stdout]     src/lib.rs - request_path (line 3705)
[INFO] [stdout]     src/lib.rs - request_query (line 3205)
[INFO] [stdout]     src/lib.rs - request_querys (line 3263)
[INFO] [stdout]     src/lib.rs - request_version (line 3656)
[INFO] [stdout]     src/lib.rs - response_body (line 1480)
[INFO] [stdout]     src/lib.rs - response_header (line 1414)
[INFO] [stdout]     src/lib.rs - response_middleware (line 3918)
[INFO] [stdout]     src/lib.rs - response_reason_phrase (line 1363)
[INFO] [stdout]     src/lib.rs - response_status_code (line 1313)
[INFO] [stdout]     src/lib.rs - response_version (line 1580)
[INFO] [stdout]     src/lib.rs - route (line 3820)
[INFO] [stdout]     src/lib.rs - route_param (line 3002)
[INFO] [stdout]     src/lib.rs - route_param (line 3034)
[INFO] [stdout]     src/lib.rs - route_params (line 3078)
[INFO] [stdout]     src/lib.rs - route_params (line 3109)
[INFO] [stdout]     src/lib.rs - send (line 4199)
[INFO] [stdout]     src/lib.rs - send (line 4226)
[INFO] [stdout]     src/lib.rs - task_panic (line 3962)
[INFO] [stdout]     src/lib.rs - task_panic_data (line 2706)
[INFO] [stdout]     src/lib.rs - task_panic_data (line 2737)
[INFO] [stdout]     src/lib.rs - try_flush (line 4270)
[INFO] [stdout]     src/lib.rs - try_get_attribute (line 2397)
[INFO] [stdout]     src/lib.rs - try_get_attribute (line 2437)
[INFO] [stdout]     src/lib.rs - try_get_http_request (line 141)
[INFO] [stdout]     src/lib.rs - try_get_http_request (line 160)
[INFO] [stdout]     src/lib.rs - try_get_request_cookie (line 3480)
[INFO] [stdout]     src/lib.rs - try_get_request_error_data (line 2782)
[INFO] [stdout]     src/lib.rs - try_get_request_error_data (line 2813)
[INFO] [stdout]     src/lib.rs - try_get_request_header (line 3318)
[INFO] [stdout]     src/lib.rs - try_get_request_query (line 3150)
[INFO] [stdout]     src/lib.rs - try_get_route_param (line 2930)
[INFO] [stdout]     src/lib.rs - try_get_route_param (line 2961)
[INFO] [stdout]     src/lib.rs - try_get_task_panic_data (line 2634)
[INFO] [stdout]     src/lib.rs - try_get_task_panic_data (line 2665)
[INFO] [stdout]     src/lib.rs - try_get_websocket_request (line 66)
[INFO] [stdout]     src/lib.rs - try_get_websocket_request (line 89)
[INFO] [stdout]     src/lib.rs - try_send (line 4129)
[INFO] [stdout]     src/lib.rs - try_send (line 4156)
[INFO] [stdout] 
[INFO] [stdout] test result: FAILED. 0 passed; 100 failed; 0 ignored; 0 measured; 0 filtered out; finished in 7.96s
[INFO] [stdout] 
[INFO] [stdout] all doctests ran in 11.77s; merged doctests compilation took 3.79s
[INFO] running `Command { std: "docker" "inspect" "3f052c945565aa31539f2b41ce218c65ad960f22d7a38941c202d2b8fd5b2640", kill_on_drop: false }`
[INFO] running `Command { std: "docker" "rm" "-f" "3f052c945565aa31539f2b41ce218c65ad960f22d7a38941c202d2b8fd5b2640", kill_on_drop: false }`
[INFO] [stdout] 3f052c945565aa31539f2b41ce218c65ad960f22d7a38941c202d2b8fd5b2640
