[INFO] fetching crate hyperdriver 0.12.8...
[INFO] testing hyperdriver-0.12.8 against 1.99.0-beta.8+cargoflags=--release for beta-release-1.100-2
[INFO] extracting crate hyperdriver 0.12.8 into /workspace/builds/worker-5-tc1/source
[INFO] removed /workspace/builds/worker-5-tc1/source/rust-toolchain.toml
[INFO] started tweaking crates.io crate hyperdriver 0.12.8
[INFO] removed 0 missing examples
[INFO] removed 0 missing tests
[INFO] finished tweaking crates.io crate hyperdriver 0.12.8
[INFO] tweaked toml for crates.io crate hyperdriver 0.12.8 written to /workspace/builds/worker-5-tc1/source/Cargo.toml
[INFO] validating manifest of crates.io crate hyperdriver 0.12.8 on toolchain 1.99.0-beta.8
[INFO] running `Command { std: CARGO_HOME="/workspace/cargo-home" RUSTUP_HOME="/workspace/rustup-home" "/workspace/cargo-home/bin/cargo" "+1.99.0-beta.8" "metadata" "--manifest-path" "Cargo.toml" "--no-deps", kill_on_drop: false }`
[INFO] crate crates.io crate hyperdriver 0.12.8 already has a lockfile, it will not be regenerated
[INFO] running `Command { std: CARGO_HOME="/workspace/cargo-home" RUSTUP_HOME="/workspace/rustup-home" "/workspace/cargo-home/bin/cargo" "+1.99.0-beta.8" "fetch" "--manifest-path" "Cargo.toml", kill_on_drop: false }`
[INFO] [stderr]     Updating crates.io index
[INFO] [stderr]  Downloading crates ...
[INFO] [stderr]   Downloaded zerovec-derive v0.11.5
[INFO] [stderr]   Downloaded zerovec v0.11.7
[INFO] [stderr]   Downloaded tonic v0.14.5
[INFO] [stderr]   Downloaded tonic-types v0.14.5
[INFO] [stderr]   Downloaded tonic-prost v0.14.5
[INFO] [stderr]   Downloaded eyre v0.6.14
[INFO] [stderr]   Downloaded camino v1.2.6
[INFO] [stderr]   Downloaded chateau v0.4.2
[INFO] running `Command { std: "docker" "create" "-v" "/var/lib/crater-agent-workspace/builds/worker-5-tc1/source:/opt/rustwide/workdir:ro,Z" "-v" "/var/lib/crater-agent-workspace/builds/worker-5-tc1/target:/opt/rustwide/target:rw,Z" "-v" "/var/lib/crater-agent-workspace/cargo-home:/opt/rustwide/cargo-home:ro,Z" "-v" "/var/lib/crater-agent-workspace/rustup-home:/opt/rustwide/rustup-home:ro,Z" "-m" "1610612736" "--network" "none" "ghcr.io/rust-lang/crates-build-env/linux@sha256:77db811e55d90add9212f6832c23229e3de5f1c1f9905e8cb07319ea15df73ac" "sleep" "infinity", kill_on_drop: false }`
[INFO] [stdout] 25d139f21b9de26cc5e4e19cc58b85d28813c598decf97cb20f1041055a6c5a5
[INFO] running `Command { std: "docker" "start" "25d139f21b9de26cc5e4e19cc58b85d28813c598decf97cb20f1041055a6c5a5", kill_on_drop: false }`
[INFO] running `Command { std: "docker" "inspect" "25d139f21b9de26cc5e4e19cc58b85d28813c598decf97cb20f1041055a6c5a5", kill_on_drop: false }`
[INFO] running `Command { std: "docker" "exec" "-e" "SOURCE_DIR=/opt/rustwide/workdir" "-e" "CARGO_HOME=/opt/rustwide/cargo-home" "-e" "RUSTUP_HOME=/opt/rustwide/rustup-home" "-e" "CARGO_TARGET_DIR=/opt/rustwide/target" "-w" "/opt/rustwide/workdir" "--user" "0:0" "25d139f21b9de26cc5e4e19cc58b85d28813c598decf97cb20f1041055a6c5a5" "/opt/rustwide/cargo-home/bin/cargo" "+1.99.0-beta.8" "metadata" "--no-deps" "--format-version=1", kill_on_drop: false }`
[INFO] running `Command { std: "docker" "inspect" "25d139f21b9de26cc5e4e19cc58b85d28813c598decf97cb20f1041055a6c5a5", kill_on_drop: false }`
[INFO] running `Command { std: "docker" "exec" "-e" "SOURCE_DIR=/opt/rustwide/workdir" "-e" "CARGO_HOME=/opt/rustwide/cargo-home" "-e" "RUSTUP_HOME=/opt/rustwide/rustup-home" "-e" "CARGO_TARGET_DIR=/opt/rustwide/target" "-e" "CARGO_INCREMENTAL=0" "-e" "RUST_BACKTRACE=full" "-e" "RUSTFLAGS=--cap-lints=warn" "-e" "RUSTDOCFLAGS=--cap-lints=warn" "-w" "/opt/rustwide/workdir" "--user" "0:0" "25d139f21b9de26cc5e4e19cc58b85d28813c598decf97cb20f1041055a6c5a5" "/opt/rustwide/cargo-home/bin/cargo" "+1.99.0-beta.8" "build" "--frozen" "--message-format=json" "--release", kill_on_drop: false }`
[INFO] [stderr]    Compiling syn v3.0.3
[INFO] [stderr]    Compiling syn v2.0.119
[INFO] [stderr]    Compiling smallvec v1.15.2
[INFO] [stderr]    Compiling errno v0.3.14
[INFO] [stderr]    Compiling lock_api v0.4.14
[INFO] [stderr]    Compiling mio v1.2.2
[INFO] [stderr]    Compiling futures-channel v0.3.34
[INFO] [stderr]    Compiling futures-io v0.3.34
[INFO] [stderr]    Compiling signal-hook-registry v1.4.8
[INFO] [stderr]    Compiling futures-task v0.3.34
[INFO] [stderr]    Compiling parking_lot_core v0.9.12
[INFO] [stderr]    Compiling http v1.5.0
[INFO] [stderr]    Compiling proc-macro2-diagnostics v0.10.1
[INFO] [stderr]    Compiling thiserror v2.0.20
[INFO] [stderr]    Compiling parking_lot v0.12.5
[INFO] [stderr]    Compiling yansi v1.0.1
[INFO] [stderr]    Compiling indexmap v2.14.0
[INFO] [stderr]    Compiling camino v1.2.6
[INFO] [stderr]    Compiling heck v0.4.1
[INFO] [stderr]    Compiling bitflags v2.13.1
[INFO] [stderr]    Compiling aliasable v0.1.3
[INFO] [stderr]    Compiling http-body v1.1.0
[INFO] [stderr]    Compiling http-body-util v0.1.5
[INFO] [stderr]    Compiling zerovec-derive v0.11.5
[INFO] [stderr]    Compiling displaydoc v0.2.7
[INFO] [stderr]    Compiling tokio-macros v2.7.2
[INFO] [stderr]    Compiling futures-macro v0.3.34
[INFO] [stderr]    Compiling thiserror-impl v2.0.20
[INFO] [stderr]    Compiling synstructure v0.13.2
[INFO] [stderr]    Compiling tokio v1.53.1
[INFO] [stderr]    Compiling futures-util v0.3.34
[INFO] [stderr]    Compiling zerofrom-derive v0.1.7
[INFO] [stderr]    Compiling yoke-derive v0.8.2
[INFO] [stderr]    Compiling tracing-attributes v0.1.31
[INFO] [stderr]    Compiling pin-project-internal v1.1.13
[INFO] [stderr]    Compiling ouroboros_macro v0.18.5
[INFO] [stderr]    Compiling zerofrom v0.1.8
[INFO] [stderr]    Compiling pin-project v1.1.13
[INFO] [stderr]    Compiling yoke v0.8.3
[INFO] [stderr]    Compiling tracing v0.1.44
[INFO] [stderr]    Compiling ouroboros v0.18.5
[INFO] [stderr]    Compiling zerovec v0.11.7
[INFO] [stderr]    Compiling zerotrie v0.2.5
[INFO] [stderr]    Compiling tinystr v0.8.4
[INFO] [stderr]    Compiling potential_utf v0.1.6
[INFO] [stderr]    Compiling icu_collections v2.2.0
[INFO] [stderr]    Compiling icu_locale_core v2.2.0
[INFO] [stderr]    Compiling futures-executor v0.3.34
[INFO] [stderr]    Compiling futures v0.3.34
[INFO] [stderr]    Compiling icu_provider v2.2.0
[INFO] [stderr]    Compiling icu_properties v2.2.0
[INFO] [stderr]    Compiling icu_normalizer v2.2.0
[INFO] [stderr]    Compiling idna_adapter v1.2.2
[INFO] [stderr]    Compiling idna v1.1.0
[INFO] [stderr]    Compiling tokio-util v0.7.19
[INFO] [stderr]    Compiling tower v0.5.3
[INFO] [stderr]    Compiling url v2.5.8
[INFO] [stderr]    Compiling h2 v0.4.16
[INFO] [stderr]    Compiling chateau v0.4.2
[INFO] [stderr]    Compiling tower-http v0.7.1
[INFO] [stderr]    Compiling hyper v1.11.1
[INFO] [stderr]    Compiling hyperdriver v0.12.8 (/opt/rustwide/workdir)
[INFO] [stderr]     Finished `release` profile [optimized] target(s) in 1m 37s
[INFO] running `Command { std: "docker" "inspect" "25d139f21b9de26cc5e4e19cc58b85d28813c598decf97cb20f1041055a6c5a5", kill_on_drop: false }`
[INFO] running `Command { std: "docker" "exec" "-e" "SOURCE_DIR=/opt/rustwide/workdir" "-e" "CARGO_HOME=/opt/rustwide/cargo-home" "-e" "RUSTUP_HOME=/opt/rustwide/rustup-home" "-e" "CARGO_TARGET_DIR=/opt/rustwide/target" "-e" "CARGO_INCREMENTAL=0" "-e" "RUST_BACKTRACE=full" "-e" "RUSTFLAGS=--cap-lints=warn" "-e" "RUSTDOCFLAGS=--cap-lints=warn" "-w" "/opt/rustwide/workdir" "--user" "0:0" "25d139f21b9de26cc5e4e19cc58b85d28813c598decf97cb20f1041055a6c5a5" "/opt/rustwide/cargo-home/bin/cargo" "+1.99.0-beta.8" "test" "--frozen" "--no-run" "--message-format=json" "--release", kill_on_drop: false }`
[INFO] [stderr]    Compiling syn v3.0.3
[INFO] [stderr]    Compiling tracing v0.1.44
[INFO] [stderr]    Compiling sync_wrapper v1.0.2
[INFO] [stderr]    Compiling ipnet v2.12.1
[INFO] [stderr]    Compiling either v1.17.0
[INFO] [stderr]    Compiling zerocopy v0.8.56
[INFO] [stderr]    Compiling regex-automata v0.4.18
[INFO] [stderr]    Compiling getrandom v0.3.4
[INFO] [stderr]    Compiling tracing-log v0.2.0
[INFO] [stderr]    Compiling itertools v0.14.0
[INFO] [stderr]    Compiling thread_local v1.1.10
[INFO] [stderr]    Compiling rand_core v0.9.5
[INFO] [stderr]    Compiling owo-colors v4.3.0
[INFO] [stderr]    Compiling eyre v0.6.14
[INFO] [stderr]    Compiling object v0.37.3
[INFO] [stderr]    Compiling clap_builder v4.6.7
[INFO] [stderr]    Compiling tracing-test-macro v0.2.6
[INFO] [stderr]    Compiling rustls-pki-types v1.15.1
[INFO] [stderr]    Compiling prost-derive v0.14.4
[INFO] [stderr]    Compiling base64ct v1.8.3
[INFO] [stderr]    Compiling pem-rfc7468 v0.7.0
[INFO] [stderr]    Compiling webpki-roots v1.0.9
[INFO] [stderr]    Compiling tempfile v3.27.0
[INFO] [stderr]    Compiling matchers v0.2.0
[INFO] [stderr]    Compiling tracing-subscriber v0.3.23
[INFO] [stderr]    Compiling opentelemetry-semantic-conventions v0.32.1
[INFO] [stderr]    Compiling prost v0.14.4
[INFO] [stderr]    Compiling prost-types v0.14.4
[INFO] [stderr]    Compiling clap v4.6.7
[INFO] [stderr]    Compiling ppv-lite86 v0.2.21
[INFO] [stderr]    Compiling tracing-error v0.2.1
[INFO] [stderr]    Compiling tokio-macros v2.7.2
[INFO] [stderr]    Compiling futures-macro v0.3.34
[INFO] [stderr]    Compiling zerovec-derive v0.11.5
[INFO] [stderr]    Compiling displaydoc v0.2.7
[INFO] [stderr]    Compiling tokio v1.53.1
[INFO] [stderr]    Compiling zerotrie v0.2.5
[INFO] [stderr]    Compiling futures-util v0.3.34
[INFO] [stderr]    Compiling thiserror-impl v2.0.20
[INFO] [stderr]    Compiling zerovec v0.11.7
[INFO] [stderr]    Compiling async-trait v0.1.92
[INFO] [stderr]    Compiling tinystr v0.8.4
[INFO] [stderr]    Compiling potential_utf v0.1.6
[INFO] [stderr]    Compiling icu_collections v2.2.0
[INFO] [stderr]    Compiling icu_locale_core v2.2.0
[INFO] [stderr]    Compiling thiserror v2.0.20
[INFO] [stderr]    Compiling opentelemetry v0.32.0
[INFO] [stderr]    Compiling rand_chacha v0.9.0
[INFO] [stderr]    Compiling icu_provider v2.2.0
[INFO] [stderr]    Compiling icu_normalizer v2.2.0
[INFO] [stderr]    Compiling icu_properties v2.2.0
[INFO] [stderr]    Compiling futures-executor v0.3.34
[INFO] [stderr]    Compiling rand v0.9.5
[INFO] [stderr]    Compiling futures v0.3.34
[INFO] [stderr]    Compiling color-spantrace v0.3.0
[INFO] [stderr]    Compiling backtrace v0.3.76
[INFO] [stderr]    Compiling tracing-opentelemetry v0.33.0
[INFO] [stderr]    Compiling tracing-test v0.2.6
[INFO] [stderr]    Compiling idna_adapter v1.2.2
[INFO] [stderr]    Compiling idna v1.1.0
[INFO] [stderr]    Compiling url v2.5.8
[INFO] [stderr]    Compiling color-eyre v0.6.5
[INFO] [stderr]    Compiling tokio-util v0.7.19
[INFO] [stderr]    Compiling h2 v0.4.16
[INFO] [stderr]    Compiling tower v0.5.3
[INFO] [stderr]    Compiling tokio-stream v0.1.19
[INFO] [stderr]    Compiling opentelemetry_sdk v0.32.1
[INFO] [stderr]    Compiling tower-http v0.6.11
[INFO] [stderr]    Compiling tower-http v0.7.1
[INFO] [stderr]    Compiling chateau v0.4.2
[INFO] [stderr]    Compiling hyper v1.11.1
[INFO] [stderr]    Compiling hyper-util v0.1.20
[INFO] [stderr]    Compiling hyperdriver v0.12.8 (/opt/rustwide/workdir)
[INFO] [stderr]    Compiling hyper-timeout v0.5.2
[INFO] [stderr]    Compiling reqwest v0.13.4
[INFO] [stderr]    Compiling tonic v0.14.5
[INFO] [stderr]    Compiling opentelemetry-http v0.32.0
[INFO] [stderr]    Compiling tonic-prost v0.14.5
[INFO] [stderr]    Compiling tonic-types v0.14.5
[INFO] [stderr]    Compiling opentelemetry-proto v0.32.0
[INFO] [stderr]    Compiling opentelemetry-otlp v0.32.0
[INFO] [stderr]     Finished `release` profile [optimized] target(s) in 5m 58s
[INFO] running `Command { std: "docker" "inspect" "25d139f21b9de26cc5e4e19cc58b85d28813c598decf97cb20f1041055a6c5a5", kill_on_drop: false }`
[INFO] running `Command { std: "docker" "exec" "-e" "SOURCE_DIR=/opt/rustwide/workdir" "-e" "CARGO_HOME=/opt/rustwide/cargo-home" "-e" "RUSTUP_HOME=/opt/rustwide/rustup-home" "-e" "CARGO_TARGET_DIR=/opt/rustwide/target" "-e" "CARGO_INCREMENTAL=0" "-e" "RUST_BACKTRACE=full" "-e" "RUSTFLAGS=--cap-lints=warn" "-e" "RUSTDOCFLAGS=--cap-lints=warn" "-w" "/opt/rustwide/workdir" "--user" "0:0" "25d139f21b9de26cc5e4e19cc58b85d28813c598decf97cb20f1041055a6c5a5" "/opt/rustwide/cargo-home/bin/cargo" "+1.99.0-beta.8" "test" "--frozen" "--release", kill_on_drop: false }`
[INFO] [stderr]     Finished `release` profile [optimized] target(s) in 0.29s
[INFO] [stderr]      Running unittests src/lib.rs (/opt/rustwide/target/release/deps/hyperdriver-6f8cce76047c9b9d)
[INFO] [stdout] 
[INFO] [stdout] running 36 tests
[INFO] [stdout] test body::tests::check_body_empty ... ok
[INFO] [stdout] test body::tests::check_body_from_empty_string ... ok
[INFO] [stdout] test body::tests::check_body_from_string ... ok
[INFO] [stdout] test body::tests::check_body_from_vec ... ok
[INFO] [stdout] test client::builder::tests::build_default_compiles ... ok
[INFO] [stdout] test client::test_key::key_debug ... ok
[INFO] [stdout] test body::tests::check_body_from_bytes ... ok
[INFO] [stdout] test body::tests::check_body_from_empty_bytes ... ok
[INFO] [stdout] test client::test_key::key_display ... ok
[INFO] [stdout] test happy_eyeballs::tests::multiple_futures_error ... ok
[INFO] [stdout] test happy_eyeballs::tests::multiple_futures_success ... ok
[INFO] [stdout] test client::test_key::key_from_tuple ... ok
[INFO] [stdout] test happy_eyeballs::tests::no_timeout ... ok
[INFO] [stdout] test client::test_key::key_from_uri ... ok
[INFO] [stdout] test happy_eyeballs::tests::empty_set ... ok
[INFO] [stdout] test happy_eyeballs::tests::multiple_futures_until_finished ... ok
[INFO] [stdout] test happy_eyeballs::tests::one_future_error ... ok
[INFO] [stdout] test happy_eyeballs::tests::one_future_success ... ok
[INFO] [stdout] test info::tests::parse_protocol ... ok
[INFO] [stdout] test info::tests::connection_info_map ... ok
[INFO] [stdout] test info::tests::connection_info_default ... ok
[INFO] [stdout] test happy_eyeballs::tests::one_future_timeout ... ok
[INFO] [stdout] test info::tests::unix_connection_info_unnamed ... ok
[INFO] [stdout] test info::tests::protocol_display ... ok
[INFO] [stdout] test info::tests::tcp_connection_info ... ok
[INFO] [stdout] test server::conn::auto::tests::test_read_version_h1 ... ok
[INFO] [stdout] test server::conn::auto::tests::test_read_version_h2 ... ok
[INFO] [stdout] test server::conn::auto::tests::test_rewind_returns_full_data ... ok
[INFO] [stdout] test info::tests::unix_addr ... ok
[INFO] [stdout] test service::http::http1::tests::test_absolute_form ... ok
[INFO] [stdout] test server::conn::info::tests::connection_info_from_service ... ok
[INFO] [stdout] test service::host::tests::test_is_schema_secure ... ok
[INFO] [stdout] test service::host::tests::test_get_non_default_port ... ok
[INFO] [stdout] test service::host::tests::test_set_host_header ... ok
[INFO] [stdout] test info::tests::unix_connection_info_named ... ok
[INFO] [stderr]      Running tests/client.rs (/opt/rustwide/target/release/deps/client-d664140a8c4790f0)
[INFO] [stdout] test service::http::http1::tests::test_origin_form ... ok
[INFO] [stdout] 
[INFO] [stdout] test result: ok. 36 passed; 0 failed; 0 ignored; 0 measured; 0 filtered out; finished in 0.03s
[INFO] [stdout] 
[INFO] [stdout] 
[INFO] [stdout] running 2 tests
[INFO] [stdout] test client_h2 ... ok
[INFO] [stdout] test client ... ok
[INFO] [stdout] 
[INFO] [stdout] test result: ok. 2 passed; 0 failed; 0 ignored; 0 measured; 0 filtered out; finished in 0.00s
[INFO] [stdout] 
[INFO] [stderr]      Running tests/client/connector.rs (/opt/rustwide/target/release/deps/client_connector-2e27c2f3525001ec)
[INFO] [stdout] 
[INFO] [stdout] running 2 tests
[INFO] [stdout] test client ... ok
[INFO] [stderr]      Running tests/client/custombody.rs (/opt/rustwide/target/release/deps/client_custom_body-768be7364310c737)
[INFO] [stdout] test connector ... ok
[INFO] [stdout] 
[INFO] [stdout] test result: ok. 2 passed; 0 failed; 0 ignored; 0 measured; 0 filtered out; finished in 0.00s
[INFO] [stdout] 
[INFO] [stdout] 
[INFO] [stdout] running 1 test
[INFO] [stderr]      Running tests/client/unix.rs (/opt/rustwide/target/release/deps/client_unix-ea760a0aeee5ce9d)
[INFO] [stdout] test client ... ok
[INFO] [stdout] 
[INFO] [stdout] test result: ok. 1 passed; 0 failed; 0 ignored; 0 measured; 0 filtered out; finished in 0.00s
[INFO] [stdout] 
[INFO] [stdout] 
[INFO] [stdout] running 2 tests
[INFO] [stdout] test transport ... ok
[INFO] [stdout] test static_address_transport ... ok
[INFO] [stdout] 
[INFO] [stdout] test result: ok. 2 passed; 0 failed; 0 ignored; 0 measured; 0 filtered out; finished in 0.01s
[INFO] [stdout] 
[INFO] [stderr]      Running tests/server/graceful.rs (/opt/rustwide/target/release/deps/graceful_shutdown-23033a866d7755cc)
[INFO] [stdout] 
[INFO] [stdout] running 1 test
[INFO] [stdout] test before_request ... ok
[INFO] [stdout] 
[INFO] [stdout] test result: ok. 1 passed; 0 failed; 0 ignored; 0 measured; 0 filtered out; finished in 0.00s
[INFO] [stdout] 
[INFO] [stderr]      Running tests/server.rs (/opt/rustwide/target/release/deps/server-320b801f112b2236)
[INFO] [stdout] 
[INFO] [stdout] running 5 tests
[INFO] [stdout] test echo_h2 ... ok
[INFO] [stdout] test echo_auto_h2 ... ok
[INFO] [stdout] test echo_auto_h1 ... ok
[INFO] [stdout] test echo_h1 ... FAILED
[INFO] [stdout] test echo_h1_early_disconnect ... FAILED
[INFO] [stdout] 
[INFO] [stdout] failures:
[INFO] [stdout] 
[INFO] [stdout] ---- echo_h1 stdout ----
[INFO] [stdout] 
[INFO] [stdout] thread 'echo_h1' (3149) panicked at tests/server.rs:120:1:
[INFO] [stdout] Once instance has previously been poisoned
[INFO] [stdout] stack backtrace:
[INFO] [stdout]    0:     0x57797f8fcfc1 - <<std[70759c8f55707aa4]::sys::backtrace::BacktraceLock>::print::DisplayBacktrace as core[df12db4294e9bfd3]::fmt::Display>::fmt
[INFO] [stdout]    1:     0x57797f9136da - core[df12db4294e9bfd3]::fmt::write
[INFO] [stdout]    2:     0x57797f90188c - <alloc[2182bb758b4b3781]::vec::Vec<u8> as core[df12db4294e9bfd3]::io::write::Write>::write_fmt
[INFO] [stdout]    3:     0x57797f8d86f6 - std[70759c8f55707aa4]::panicking::default_hook::{closure#0}
[INFO] [stdout]    4:     0x57797f8f5259 - std[70759c8f55707aa4]::panicking::default_hook
[INFO] [stdout]    5:     0x57797f76b2a0 - test[9d35eded1c95d3be]::test_main_inner::<test[9d35eded1c95d3be]::test_main_static::{closure#0}>::{closure#0}
[INFO] [stdout]    6:     0x57797f8f5582 - std[70759c8f55707aa4]::panicking::panic_with_hook
[INFO] [stdout]    7:     0x57797f8d87d4 - std[70759c8f55707aa4]::panicking::panic_handler::{closure#0}
[INFO] [stdout]    8:     0x57797f8d14f9 - std[70759c8f55707aa4]::sys::backtrace::__rust_end_short_backtrace::<std[70759c8f55707aa4]::panicking::panic_handler::{closure#0}, !>
[INFO] [stdout]    9:     0x57797f8d939d - __rustc[8fa7c3cbc660c2b3]::rust_begin_unwind
[INFO] [stdout]   10:     0x57797f913ebc - core[df12db4294e9bfd3]::panicking::panic_fmt
[INFO] [stdout]   11:     0x57797f8de541 - <std[70759c8f55707aa4]::sys::sync::once::futex::Once>::call
[INFO] [stdout]   12:     0x57797f74b05e - <server[295556a6055e3a46]::echo_h1::{closure#0} as core[df12db4294e9bfd3]::ops::function::FnOnce<()>>::call_once
[INFO] [stdout]   13:     0x57797f75e58b - test[9d35eded1c95d3be]::__rust_begin_short_backtrace::<core[df12db4294e9bfd3]::result::Result<(), alloc[2182bb758b4b3781]::string::String>, fn() -> core[df12db4294e9bfd3]::result::Result<(), alloc[2182bb758b4b3781]::string::String>>
[INFO] [stdout]   14:     0x57797f76bbf5 - test[9d35eded1c95d3be]::run_test::{closure#0}
[INFO] [stdout]   15:     0x57797f7654b4 - std[70759c8f55707aa4]::sys::backtrace::__rust_begin_short_backtrace::<test[9d35eded1c95d3be]::run_test::{closure#1}, ()>
[INFO] [stdout]   16:     0x57797f76ed52 - <std[70759c8f55707aa4]::thread::lifecycle::spawn_unchecked<test[9d35eded1c95d3be]::run_test::{closure#1}, ()>::{closure#1} as core[df12db4294e9bfd3]::ops::function::FnOnce<()>>::call_once::{shim:vtable#0}
[INFO] [stdout]   17:     0x57797f8fc859 - <std[70759c8f55707aa4]::sys::thread::unix::Thread>::new::thread_start
[INFO] [stdout]   18:     0x7f9cbe291dfa - <unknown>
[INFO] [stdout]   19:     0x7f9cbe3253d4 - clone
[INFO] [stdout]   20:                0x0 - <unknown>
[INFO] [stdout] 
[INFO] [stdout] ---- echo_h1_early_disconnect stdout ----
[INFO] [stdout] 
[INFO] [stdout] thread 'echo_h1_early_disconnect' (3150) panicked at tests/server.rs:226:1:
[INFO] [stdout] Could not set global tracing subscriber: SetGlobalDefaultError("a global default trace dispatcher has already been set")
[INFO] [stdout] stack backtrace:
[INFO] [stdout]    0:     0x57797f8fcfc1 - <<std[70759c8f55707aa4]::sys::backtrace::BacktraceLock>::print::DisplayBacktrace as core[df12db4294e9bfd3]::fmt::Display>::fmt
[INFO] [stdout]    1:     0x57797f9136da - core[df12db4294e9bfd3]::fmt::write
[INFO] [stdout]    2:     0x57797f90188c - <alloc[2182bb758b4b3781]::vec::Vec<u8> as core[df12db4294e9bfd3]::io::write::Write>::write_fmt
[INFO] [stdout]    3:     0x57797f8d86f6 - std[70759c8f55707aa4]::panicking::default_hook::{closure#0}
[INFO] [stdout]    4:     0x57797f8f5259 - std[70759c8f55707aa4]::panicking::default_hook
[INFO] [stdout]    5:     0x57797f76b2a0 - test[9d35eded1c95d3be]::test_main_inner::<test[9d35eded1c95d3be]::test_main_static::{closure#0}>::{closure#0}
[INFO] [stdout]    6:     0x57797f8f5582 - std[70759c8f55707aa4]::panicking::panic_with_hook
[INFO] [stdout]    7:     0x57797f8d87a2 - std[70759c8f55707aa4]::panicking::panic_handler::{closure#0}
[INFO] [stdout]    8:     0x57797f8d14f9 - std[70759c8f55707aa4]::sys::backtrace::__rust_end_short_backtrace::<std[70759c8f55707aa4]::panicking::panic_handler::{closure#0}, !>
[INFO] [stdout]    9:     0x57797f8d939d - __rustc[8fa7c3cbc660c2b3]::rust_begin_unwind
[INFO] [stdout]   10:     0x57797f913ebc - core[df12db4294e9bfd3]::panicking::panic_fmt
[INFO] [stdout]   11:     0x57797f913c92 - core[df12db4294e9bfd3]::result::unwrap_failed
[INFO] [stdout]   12:     0x57797f745a0d - <std[70759c8f55707aa4]::sync::once::Once>::call_once::<server[295556a6055e3a46]::echo_h1_early_disconnect::{closure#0}>::{closure#0}
[INFO] [stdout]   13:     0x57797f8de409 - <std[70759c8f55707aa4]::sys::sync::once::futex::Once>::call
[INFO] [stdout]   14:     0x57797f74ad08 - <server[295556a6055e3a46]::echo_h1_early_disconnect::{closure#0} as core[df12db4294e9bfd3]::ops::function::FnOnce<()>>::call_once
[INFO] [stdout]   15:     0x57797f75e58b - test[9d35eded1c95d3be]::__rust_begin_short_backtrace::<core[df12db4294e9bfd3]::result::Result<(), alloc[2182bb758b4b3781]::string::String>, fn() -> core[df12db4294e9bfd3]::result::Result<(), alloc[2182bb758b4b3781]::string::String>>
[INFO] [stdout]   16:     0x57797f76bbf5 - test[9d35eded1c95d3be]::run_test::{closure#0}
[INFO] [stdout]   17:     0x57797f7654b4 - std[70759c8f55707aa4]::sys::backtrace::__rust_begin_short_backtrace::<test[9d35eded1c95d3be]::run_test::{closure#1}, ()>
[INFO] [stdout]   18:     0x57797f76ed52 - <std[70759c8f55707aa4]::thread::lifecycle::spawn_unchecked<test[9d35eded1c95d3be]::run_test::{closure#1}, ()>::{closure#1} as core[df12db4294e9bfd3]::ops::function::FnOnce<()>>::call_once::{shim:vtable#0}
[INFO] [stdout]   19:     0x57797f8fc859 - <std[70759c8f55707aa4]::sys::thread::unix::Thread>::new::thread_start
[INFO] [stdout]   20:     0x7f9cbe291dfa - <unknown>
[INFO] [stdout]   21:     0x7f9cbe3253d4 - clone
[INFO] [stdout]   22:                0x0 - <unknown>
[INFO] [stdout] 
[INFO] [stdout] 
[INFO] [stdout] failures:
[INFO] [stdout]     echo_h1
[INFO] [stdout]     echo_h1_early_disconnect
[INFO] [stdout] 
[INFO] [stdout] test result: FAILED. 3 passed; 2 failed; 0 ignored; 0 measured; 0 filtered out; finished in 0.01s
[INFO] [stdout] 
[INFO] [stderr] error: test failed, to rerun pass `--test server`
[INFO] running `Command { std: "docker" "inspect" "25d139f21b9de26cc5e4e19cc58b85d28813c598decf97cb20f1041055a6c5a5", kill_on_drop: false }`
[INFO] running `Command { std: "docker" "rm" "-f" "25d139f21b9de26cc5e4e19cc58b85d28813c598decf97cb20f1041055a6c5a5", kill_on_drop: false }`
[INFO] [stdout] 25d139f21b9de26cc5e4e19cc58b85d28813c598decf97cb20f1041055a6c5a5
