[INFO] fetching crate hypercast 0.8.0...
[INFO] testing hypercast-0.8.0 against 1.100.0-beta.1+cargoflags=--release for beta-release-1.100-2
[INFO] extracting crate hypercast 0.8.0 into /workspace/builds/worker-1-tc2/source
[INFO] removed /workspace/builds/worker-1-tc2/source/.cargo/config.toml
[INFO] started tweaking crates.io crate hypercast 0.8.0
[INFO] removed 0 missing tests
[INFO] finished tweaking crates.io crate hypercast 0.8.0
[INFO] tweaked toml for crates.io crate hypercast 0.8.0 written to /workspace/builds/worker-1-tc2/source/Cargo.toml
[INFO] validating manifest of crates.io crate hypercast 0.8.0 on toolchain 1.100.0-beta.1
[INFO] running `Command { std: CARGO_HOME="/workspace/cargo-home" RUSTUP_HOME="/workspace/rustup-home" "/workspace/cargo-home/bin/cargo" "+1.100.0-beta.1" "metadata" "--manifest-path" "Cargo.toml" "--no-deps", kill_on_drop: false }`
[INFO] crate crates.io crate hypercast 0.8.0 already has a lockfile, it will not be regenerated
[INFO] running `Command { std: CARGO_HOME="/workspace/cargo-home" RUSTUP_HOME="/workspace/rustup-home" "/workspace/cargo-home/bin/cargo" "+1.100.0-beta.1" "fetch" "--manifest-path" "Cargo.toml", kill_on_drop: false }`
[INFO] running `Command { std: "docker" "create" "-v" "/var/lib/crater-agent-workspace/builds/worker-1-tc2/source:/opt/rustwide/workdir:ro,Z" "-v" "/var/lib/crater-agent-workspace/builds/worker-1-tc2/target:/opt/rustwide/target:rw,Z" "-v" "/var/lib/crater-agent-workspace/cargo-home:/opt/rustwide/cargo-home:ro,Z" "-v" "/var/lib/crater-agent-workspace/rustup-home:/opt/rustwide/rustup-home:ro,Z" "-m" "1610612736" "--network" "none" "ghcr.io/rust-lang/crates-build-env/linux@sha256:77db811e55d90add9212f6832c23229e3de5f1c1f9905e8cb07319ea15df73ac" "sleep" "infinity", kill_on_drop: false }`
[INFO] [stdout] c62d92044ccedc33c54f6e72ae86e4ea4cae43e5802cb9bd0e3b7d99be25594f
[INFO] running `Command { std: "docker" "start" "c62d92044ccedc33c54f6e72ae86e4ea4cae43e5802cb9bd0e3b7d99be25594f", kill_on_drop: false }`
[INFO] running `Command { std: "docker" "inspect" "c62d92044ccedc33c54f6e72ae86e4ea4cae43e5802cb9bd0e3b7d99be25594f", kill_on_drop: false }`
[INFO] running `Command { std: "docker" "exec" "-e" "SOURCE_DIR=/opt/rustwide/workdir" "-e" "CARGO_HOME=/opt/rustwide/cargo-home" "-e" "RUSTUP_HOME=/opt/rustwide/rustup-home" "-e" "CARGO_TARGET_DIR=/opt/rustwide/target" "-w" "/opt/rustwide/workdir" "--user" "0:0" "c62d92044ccedc33c54f6e72ae86e4ea4cae43e5802cb9bd0e3b7d99be25594f" "/opt/rustwide/cargo-home/bin/cargo" "+1.100.0-beta.1" "metadata" "--no-deps" "--format-version=1", kill_on_drop: false }`
[INFO] running `Command { std: "docker" "inspect" "c62d92044ccedc33c54f6e72ae86e4ea4cae43e5802cb9bd0e3b7d99be25594f", kill_on_drop: false }`
[INFO] running `Command { std: "docker" "exec" "-e" "SOURCE_DIR=/opt/rustwide/workdir" "-e" "CARGO_HOME=/opt/rustwide/cargo-home" "-e" "RUSTUP_HOME=/opt/rustwide/rustup-home" "-e" "CARGO_TARGET_DIR=/opt/rustwide/target" "-e" "CARGO_INCREMENTAL=0" "-e" "RUST_BACKTRACE=full" "-e" "RUSTFLAGS=--cap-lints=warn" "-e" "RUSTDOCFLAGS=--cap-lints=warn" "-w" "/opt/rustwide/workdir" "--user" "0:0" "c62d92044ccedc33c54f6e72ae86e4ea4cae43e5802cb9bd0e3b7d99be25594f" "/opt/rustwide/cargo-home/bin/cargo" "+1.100.0-beta.1" "build" "--frozen" "--message-format=json" "--release", kill_on_drop: false }`
[INFO] [stderr]    Compiling hypercast v0.8.0 (/opt/rustwide/workdir)
[INFO] [stderr]     Finished `release` profile [optimized] target(s) in 2.35s
[INFO] running `Command { std: "docker" "inspect" "c62d92044ccedc33c54f6e72ae86e4ea4cae43e5802cb9bd0e3b7d99be25594f", kill_on_drop: false }`
[INFO] running `Command { std: "docker" "exec" "-e" "SOURCE_DIR=/opt/rustwide/workdir" "-e" "CARGO_HOME=/opt/rustwide/cargo-home" "-e" "RUSTUP_HOME=/opt/rustwide/rustup-home" "-e" "CARGO_TARGET_DIR=/opt/rustwide/target" "-e" "CARGO_INCREMENTAL=0" "-e" "RUST_BACKTRACE=full" "-e" "RUSTFLAGS=--cap-lints=warn" "-e" "RUSTDOCFLAGS=--cap-lints=warn" "-w" "/opt/rustwide/workdir" "--user" "0:0" "c62d92044ccedc33c54f6e72ae86e4ea4cae43e5802cb9bd0e3b7d99be25594f" "/opt/rustwide/cargo-home/bin/cargo" "+1.100.0-beta.1" "test" "--frozen" "--no-run" "--message-format=json" "--release", kill_on_drop: false }`
[INFO] [stderr]    Compiling unicode-ident v1.0.24
[INFO] [stderr]    Compiling serde_core v1.0.229
[INFO] [stderr]    Compiling zerocopy v0.8.56
[INFO] [stderr]    Compiling find-msvc-tools v0.1.11
[INFO] [stderr]    Compiling serde_json v1.0.151
[INFO] [stderr]    Compiling cfg-if v1.0.4
[INFO] [stderr]    Compiling anstyle v1.0.14
[INFO] [stderr]    Compiling regex-syntax v0.8.11
[INFO] [stderr]    Compiling memchr v2.8.3
[INFO] [stderr]    Compiling either v1.18.0
[INFO] [stderr]    Compiling clap_lex v1.1.0
[INFO] [stderr]    Compiling num-traits v0.2.19
[INFO] [stderr]    Compiling ciborium-io v0.2.2
[INFO] [stderr]    Compiling zmij v1.0.23
[INFO] [stderr]    Compiling itoa v1.0.18
[INFO] [stderr]    Compiling libc v0.2.189
[INFO] [stderr]    Compiling same-file v1.0.6
[INFO] [stderr]    Compiling cast v0.3.0
[INFO] [stderr]    Compiling proc-macro2 v1.0.107
[INFO] [stderr]    Compiling cc v1.4.4
[INFO] [stderr]    Compiling walkdir v2.5.0
[INFO] [stderr]    Compiling num-conv v0.2.2
[INFO] [stderr]    Compiling time-core v0.1.9
[INFO] [stderr]    Compiling clap_builder v4.6.6
[INFO] [stderr]    Compiling oorandom v11.1.5
[INFO] [stderr]    Compiling anes v0.1.6
[INFO] [stderr]    Compiling deranged v0.5.8
[INFO] [stderr]    Compiling itertools v0.13.0
[INFO] [stderr]    Compiling powerfmt v0.2.0
[INFO] [stderr]    Compiling uuid v1.26.0
[INFO] [stderr]    Compiling quote v1.0.47
[INFO] [stderr]    Compiling syn v2.0.119
[INFO] [stderr]    Compiling syn v3.0.4
[INFO] [stderr]    Compiling alloca v0.4.0
[INFO] [stderr]    Compiling page_size v0.6.0
[INFO] [stderr]    Compiling regex-automata v0.4.18
[INFO] [stderr]    Compiling criterion-plot v0.8.2
[INFO] [stderr]    Compiling time v0.3.55
[INFO] [stderr]    Compiling serde_derive v1.0.229
[INFO] [stderr]    Compiling zerocopy-derive v0.8.56
[INFO] [stderr]    Compiling clap v4.6.6
[INFO] [stderr]    Compiling regex v1.13.1
[INFO] [stderr]    Compiling serde v1.0.229
[INFO] [stderr]    Compiling tinytemplate v1.2.1
[INFO] [stderr]    Compiling half v2.7.1
[INFO] [stderr]    Compiling ciborium-ll v0.2.2
[INFO] [stderr]    Compiling ciborium v0.2.2
[INFO] [stderr]    Compiling criterion v0.8.2
[INFO] [stderr]    Compiling hypercast v0.8.0 (/opt/rustwide/workdir)
[INFO] [stderr]     Finished `release` profile [optimized] target(s) in 1m 14s
[INFO] running `Command { std: "docker" "inspect" "c62d92044ccedc33c54f6e72ae86e4ea4cae43e5802cb9bd0e3b7d99be25594f", kill_on_drop: false }`
[INFO] running `Command { std: "docker" "exec" "-e" "SOURCE_DIR=/opt/rustwide/workdir" "-e" "CARGO_HOME=/opt/rustwide/cargo-home" "-e" "RUSTUP_HOME=/opt/rustwide/rustup-home" "-e" "CARGO_TARGET_DIR=/opt/rustwide/target" "-e" "CARGO_INCREMENTAL=0" "-e" "RUST_BACKTRACE=full" "-e" "RUSTFLAGS=--cap-lints=warn" "-e" "RUSTDOCFLAGS=--cap-lints=warn" "-w" "/opt/rustwide/workdir" "--user" "0:0" "c62d92044ccedc33c54f6e72ae86e4ea4cae43e5802cb9bd0e3b7d99be25594f" "/opt/rustwide/cargo-home/bin/cargo" "+1.100.0-beta.1" "test" "--frozen" "--release", kill_on_drop: false }`
[INFO] [stderr]     Finished `release` profile [optimized] target(s) in 0.21s
[INFO] [stderr]      Running unittests src/lib.rs (/opt/rustwide/target/release/build/hypercast/9b0af4f949245c87/out/hypercast-9b0af4f949245c87)
[INFO] [stdout] 
[INFO] [stdout] running 83 tests
[INFO] [stdout] test tests::bool_and_f32_from_a_double ... ok
[INFO] [stdout] test tests::bool_fault_spans_the_trimmed_token ... ok
[INFO] [stdout] test tests::bool_trims_ascii_whitespace ... ok
[INFO] [stdout] test tests::char_is_never_verbatim_for_ill_formed_utf8 ... ok
[INFO] [stdout] test tests::currency_symbol_rejects_what_would_collide_with_the_scan ... ok
[INFO] [stdout] test tests::date_accepts_exactly_the_iso_profile ... ok
[INFO] [stdout] test tests::currency_symbol_is_matched_at_either_edge_once ... ok
[INFO] [stdout] test tests::currency_symbol_may_contain_separator_characters ... ok
[INFO] [stdout] test tests::date_ordered_disambiguates_by_declaration_never_by_guessing ... ok
[INFO] [stdout] test tests::date_ordered_rejects_ambiguity_reintroducers ... ok
[INFO] [stdout] test tests::char_saturates_rather_than_wrapping_back_into_range ... ok
[INFO] [stdout] test tests::a_format_crosses_as_its_bytes_and_comes_back ... ok
[INFO] [stdout] test tests::decimal_is_exact_and_canonical ... ok
[INFO] [stdout] test tests::decimal_range_is_96_bits_and_28_places_with_no_rounding ... ok
[INFO] [stdout] test tests::decimal_renders_its_canonical_text ... ok
[INFO] [stdout] test tests::decimal_rejects_the_same_shapes_the_real_doors_do ... ok
[INFO] [stdout] test tests::bool_rejects_unrecognized_and_empty ... ok
[INFO] [stdout] test float::tests::the_shapes_and_the_edges ... ok
[INFO] [stdout] test tests::datetime_reads_civil_wall_clock_under_the_declared_order ... ok
[INFO] [stdout] test tests::datetime_rejects_what_names_no_civil_time ... ok
[INFO] [stdout] test tests::bool_recognizes_the_full_lexicon_case_insensitively ... ok
[INFO] [stdout] test tests::duration_rejects_calendar_units_and_shapeless_input ... ok
[INFO] [stdout] test tests::every_code_decodes_to_the_member_it_names_and_nothing_else_decodes ... ok
[INFO] [stdout] test tests::excel_duration_reads_days_sign_and_all ... ok
[INFO] [stdout] test tests::excel_serial_agrees_with_the_well_known_anchor_serials ... ok
[INFO] [stdout] test tests::excel_serial_reads_the_fraction_as_time_of_day ... ok
[INFO] [stdout] test tests::excel_serial_rejects_malformed_text_and_the_out_of_window ... ok
[INFO] [stdout] test tests::excel_serial_rejects_the_phantom_leap_day_and_shifts_everything_after_it ... ok
[INFO] [stdout] test tests::excel_time_reads_the_fraction_of_any_serial ... ok
[INFO] [stdout] test tests::decimal_zero_is_never_negative ... ok
[INFO] [stdout] test tests::faults_compose_with_ordinary_error_propagation ... ok
[INFO] [stdout] test tests::faults_display_the_reason_and_span ... ok
[INFO] [stdout] test tests::int_fault_points_at_the_offending_byte ... ok
[INFO] [stdout] test tests::int_flags_gate_each_lenience ... ok
[INFO] [stdout] test tests::int_group_separator_must_sit_between_digits ... ok
[INFO] [stdout] test tests::int_honors_declared_eurozone_grouping ... ok
[INFO] [stdout] test tests::int_parses_the_svartalfheim_notation_set ... ok
[INFO] [stdout] test tests::int_range_is_the_types_own ... ok
[INFO] [stdout] test tests::int_reads_hex_as_the_twos_complement_bit_pattern ... ok
[INFO] [stdout] test tests::int_rejects_signed_radix_and_garbage ... ok
[INFO] [stdout] test tests::int_rejects_decimal_points_in_any_disguise ... ok
[INFO] [stdout] test tests::optional_presents_empty_as_absent_and_nothing_else ... ok
[INFO] [stdout] test tests::real_admits_only_finite_values ... ok
[INFO] [stdout] test tests::real_honors_declared_eurozone_separators ... ok
[INFO] [stdout] test tests::real_parses_the_svartalfheim_notation_set ... ok
[INFO] [stdout] test tests::real_rejects_malformed_shapes ... ok
[INFO] [stdout] test tests::separator_detection_carries_the_currency_through ... ok
[INFO] [stdout] test tests::separator_detection_resolves_structure_and_refuses_ambiguity ... ok
[INFO] [stdout] test tests::doors_accept_anything_byte_viewable ... ok
[INFO] [stdout] test tests::duration_accepts_iso_8601_comma_decimal_marks ... ok
[INFO] [stdout] test tests::duration_bounds_the_protobuf_window ... ok
[INFO] [stdout] test tests::duration_colon_hours_cap_at_23_without_a_day_part ... ok
[INFO] [stdout] test tests::duration_parses_all_three_shapes_to_the_same_span ... ok
[INFO] [stdout] test tests::time_reads_the_24_hour_profile_to_nanos_since_midnight ... ok
[INFO] [stdout] test tests::a_double_is_the_decimal_it_is_written_as ... ok
[INFO] [stdout] test tests::time_rejects_non_iso_readings ... ok
[INFO] [stdout] test tests::currency_flag_gates_the_symbol_and_no_symbol_matches_nothing ... ok
[INFO] [stdout] test tests::timestamp_demands_a_zone_and_the_t_separator ... ok
[INFO] [stdout] test tests::duration_carries_same_signed_fractions ... ok
[INFO] [stdout] test tests::timestamp_parses_rfc3339_and_normalizes_to_utc ... ok
[INFO] [stdout] test tests::unix_handles_pre_epoch_values_with_forward_counting_nanos ... ok
[INFO] [stdout] test tests::timestamp_faults_outside_the_window_as_out_of_range ... ok
[INFO] [stdout] test tests::timestamp_fraction_carries_nanosecond_fidelity ... ok
[INFO] [stdout] test tests::timestamp_rejects_impossible_calendar_and_clock_readings ... ok
[INFO] [stdout] test tests::uuid_accepts_every_dotnet_format_and_prefix ... ok
[INFO] [stdout] test tests::version_is_packed_from_the_manifest ... ok
[INFO] [stdout] test tests::uuid_rejects_malformed_shapes ... ok
[INFO] [stdout] test tests::date_rejects_everything_else ... ok
[INFO] [stdout] test uuid::tests::swar_decode_faults_at_the_first_bad_digit ... ok
[INFO] [stdout] test tests::timestamp_window_boundaries_are_legal_values ... ok
[INFO] [stdout] test uuid::tests::swar_decode_matches_pairwise_for_every_byte_at_every_position ... ok
[INFO] [stdout] test uuid::tests::swar_decode_matches_uuid_crate ... ok
[INFO] [stdout] test tests::unix_reads_the_declared_precision_and_never_guesses ... ok
[INFO] [stdout] test tests::unix_rejects_non_integers_and_the_out_of_window ... ok
[INFO] [stdout] test real::tests::float_parse_accepts_exactly_the_plain_shape ... ok
[INFO] [stdout] test tests::the_lenient_lane_changes_no_verdict_at_its_own_limits ... ok
[INFO] [stdout] test float::tests::full_expansions_and_subnormals_agree_with_core ... ok
[INFO] [stdout] test tests::the_lenient_lane_rounds_reals_exactly_as_the_engine_does ... ok
[INFO] [stdout] test float::tests::halfway_points_round_to_even_and_their_neighbours_do_not ... ok
[INFO] [stdout] test float::tests::random_digit_strings_agree_with_core ... ok
[INFO] [stdout] test float::tests::every_float_round_trips_through_its_own_text ... ok
[INFO] [stdout] test tests::the_lenient_lane_changes_no_verdict_over_the_grammars_vocabulary ... ok
[INFO] [stdout] test tests::the_lenient_lane_changes_no_verdict_over_longer_money_shapes ... ok
[INFO] [stdout] 
[INFO] [stdout] test result: ok. 83 passed; 0 failed; 0 ignored; 0 measured; 0 filtered out; finished in 16.75s
[INFO] [stdout] 
[INFO] [stderr]      Running tests/allocation_free.rs (/opt/rustwide/target/release/build/hypercast/72b69a1bd136b4be/out/allocation_free-72b69a1bd136b4be)
[INFO] [stdout] 
[INFO] [stdout] running 1 test
[INFO] [stdout] test allocation_free ... ok
[INFO] [stdout] 
[INFO] [stdout] test result: ok. 1 passed; 0 failed; 0 ignored; 0 measured; 0 filtered out; finished in 0.01s
[INFO] [stdout] 
[INFO] [stderr]      Running tests/conformance.rs (/opt/rustwide/target/release/build/hypercast/c063c0216b9d2447/out/conformance-c063c0216b9d2447)
[INFO] [stdout] 
[INFO] [stdout] running 16 tests
[INFO] [stdout] test date_order_corpus ... FAILED
[INFO] [stdout] test duration_corpus ... FAILED
[INFO] [stdout] test date_corpus ... FAILED
[INFO] [stdout] test decimal_corpus ... FAILED
[INFO] [stdout] test excel_serial_typed_agrees_with_the_text_door ... FAILED
[INFO] [stdout] test boolean_corpus ... FAILED
[INFO] [stdout] test datetime_corpus ... FAILED
[INFO] [stdout] test integer_corpus ... FAILED
[INFO] [stdout] test char_corpus ... FAILED
[INFO] [stdout] test time_corpus ... FAILED
[INFO] [stdout] test real_corpus ... FAILED
[INFO] [stdout] test typed_corpus ... FAILED
[INFO] [stdout] test excel_serial_corpus ... FAILED
[INFO] [stdout] test unix_corpus ... FAILED
[INFO] [stdout] test uuid_corpus ... FAILED
[INFO] [stdout] test timestamp_corpus ... FAILED
[INFO] [stdout] 
[INFO] [stdout] failures:
[INFO] [stdout] 
[INFO] [stdout] ---- date_order_corpus stdout ----
[INFO] [stdout] 
[INFO] [stdout] thread 'date_order_corpus' (949) panicked at tests/conformance.rs:17:33:
[INFO] [stdout] reading /opt/rustwide/workdir/../corpus/date_order.json: No such file or directory (os error 2)
[INFO] [stdout] stack backtrace:
[INFO] [stdout]    0:     0x63ca8d7a4917 - <unknown>
[INFO] [stdout]    1:     0x63ca8d77dada - <unknown>
[INFO] [stdout]    2:     0x63ca8d7a3ecb - <unknown>
[INFO] [stdout]    3:     0x63ca8d7a39af - <unknown>
[INFO] [stdout]    4:     0x63ca8d7a35da - <unknown>
[INFO] [stdout]    5:     0x63ca8d7a3115 - <unknown>
[INFO] [stdout]    6:     0x63ca8d7c9ec1 - <unknown>
[INFO] [stdout]    7:     0x63ca8d7c9e79 - <unknown>
[INFO] [stdout]    8:     0x63ca8d7ca37c - <unknown>
[INFO] [stdout]    9:     0x63ca8d77d96b - <unknown>
[INFO] [stdout]   10:     0x63ca8d759578 - <unknown>
[INFO] [stdout]   11:     0x63ca8d75bf2a - <unknown>
[INFO] [stdout]   12:     0x63ca8d778baf - <unknown>
[INFO] [stdout]   13:     0x63ca8d7e2d8b - <unknown>
[INFO] [stdout]   14:     0x63ca8d7de1ef - <unknown>
[INFO] [stdout]   15:     0x63ca8d7ddc6c - <unknown>
[INFO] [stdout]   16:     0x63ca8d7fe1dc - <unknown>
[INFO] [stdout]   17:     0x63ca8d7cbb54 - <unknown>
[INFO] [stdout]   18:     0x71394f63edfa - <unknown>
[INFO] [stdout]   19:     0x71394f6d23d4 - clone
[INFO] [stdout]   20:                0x0 - <unknown>
[INFO] [stdout] 
[INFO] [stdout] ---- duration_corpus stdout ----
[INFO] [stdout] 
[INFO] [stdout] thread 'duration_corpus' (952) panicked at tests/conformance.rs:17:33:
[INFO] [stdout] reading /opt/rustwide/workdir/../corpus/duration.json: No such file or directory (os error 2)
[INFO] [stdout] stack backtrace:
[INFO] [stdout]    0:     0x63ca8d7a4917 - <unknown>
[INFO] [stdout]    1:     0x63ca8d77dada - <unknown>
[INFO] [stdout]    2:     0x63ca8d7a3ecb - <unknown>
[INFO] [stdout]    3:     0x63ca8d7a39af - <unknown>
[INFO] [stdout]    4:     0x63ca8d7a35da - <unknown>
[INFO] [stdout]    5:     0x63ca8d7a3115 - <unknown>
[INFO] [stdout]    6:     0x63ca8d7c9ec1 - <unknown>
[INFO] [stdout]    7:     0x63ca8d7c9e79 - <unknown>
[INFO] [stdout]    8:     0x63ca8d7ca37c - <unknown>
[INFO] [stdout]    9:     0x63ca8d77d96b - <unknown>
[INFO] [stdout]   10:     0x63ca8d759578 - <unknown>
[INFO] [stdout]   11:     0x63ca8d75bf2a - <unknown>
[INFO] [stdout]   12:     0x63ca8d7774ef - <unknown>
[INFO] [stdout]   13:     0x63ca8d7e2d8b - <unknown>
[INFO] [stdout]   14:     0x63ca8d7de1ef - <unknown>
[INFO] [stdout]   15:     0x63ca8d7ddc6c - <unknown>
[INFO] [stdout]   16:     0x63ca8d7fe1dc - <unknown>
[INFO] [stdout]   17:     0x63ca8d7cbb54 - <unknown>
[INFO] [stdout]   18:     0x71394f63edfa - <unknown>
[INFO] [stdout]   19:     0x71394f6d23d4 - clone
[INFO] [stdout]   20:                0x0 - <unknown>
[INFO] [stdout] 
[INFO] [stdout] ---- date_corpus stdout ----
[INFO] [stdout] 
[INFO] [stdout] thread 'date_corpus' (948) panicked at tests/conformance.rs:17:33:
[INFO] [stdout] reading /opt/rustwide/workdir/../corpus/date.json: No such file or directory (os error 2)
[INFO] [stdout] stack backtrace:
[INFO] [stdout]    0:     0x63ca8d7a4917 - <unknown>
[INFO] [stdout]    1:     0x63ca8d77dada - <unknown>
[INFO] [stdout]    2:     0x63ca8d7a3ecb - <unknown>
[INFO] [stdout]    3:     0x63ca8d7a39af - <unknown>
[INFO] [stdout]    4:     0x63ca8d7a35da - <unknown>
[INFO] [stdout]    5:     0x63ca8d7a3115 - <unknown>
[INFO] [stdout]    6:     0x63ca8d7c9ec1 - <unknown>
[INFO] [stdout]    7:     0x63ca8d7c9e79 - <unknown>
[INFO] [stdout]    8:     0x63ca8d7ca37c - <unknown>
[INFO] [stdout]    9:     0x63ca8d77d96b - <unknown>
[INFO] [stdout]   10:     0x63ca8d759578 - <unknown>
[INFO] [stdout]   11:     0x63ca8d75bf2a - <unknown>
[INFO] [stdout]   12:     0x63ca8d76a51f - <unknown>
[INFO] [stdout]   13:     0x63ca8d7e2d8b - <unknown>
[INFO] [stdout]   14:     0x63ca8d7de1ef - <unknown>
[INFO] [stdout]   15:     0x63ca8d7ddc6c - <unknown>
[INFO] [stdout]   16:     0x63ca8d7fe1dc - <unknown>
[INFO] [stdout]   17:     0x63ca8d7cbb54 - <unknown>
[INFO] [stdout]   18:     0x71394f63edfa - <unknown>
[INFO] [stdout]   19:     0x71394f6d23d4 - clone
[INFO] [stdout]   20:                0x0 - <unknown>
[INFO] [stdout] 
[INFO] [stdout] ---- decimal_corpus stdout ----
[INFO] [stdout] 
[INFO] [stdout] thread 'decimal_corpus' (951) panicked at tests/conformance.rs:17:33:
[INFO] [stdout] reading /opt/rustwide/workdir/../corpus/decimal.json: No such file or directory (os error 2)
[INFO] [stdout] stack backtrace:
[INFO] [stdout]    0:     0x63ca8d7a4917 - <unknown>
[INFO] [stdout]    1:     0x63ca8d77dada - <unknown>
[INFO] [stdout]    2:     0x63ca8d7a3ecb - <unknown>
[INFO] [stdout]    3:     0x63ca8d7a39af - <unknown>
[INFO] [stdout]    4:     0x63ca8d7a35da - <unknown>
[INFO] [stdout]    5:     0x63ca8d7a3115 - <unknown>
[INFO] [stdout]    6:     0x63ca8d7c9ec1 - <unknown>
[INFO] [stdout]    7:     0x63ca8d7c9e79 - <unknown>
[INFO] [stdout]    8:     0x63ca8d7ca37c - <unknown>
[INFO] [stdout]    9:     0x63ca8d77d96b - <unknown>
[INFO] [stdout]   10:     0x63ca8d759578 - <unknown>
[INFO] [stdout]   11:     0x63ca8d75bf2a - <unknown>
[INFO] [stdout]   12:     0x63ca8d7737d5 - <unknown>
[INFO] [stdout]   13:     0x63ca8d7e2d8b - <unknown>
[INFO] [stdout]   14:     0x63ca8d7de1ef - <unknown>
[INFO] [stdout]   15:     0x63ca8d7ddc6c - <unknown>
[INFO] [stdout]   16:     0x63ca8d7fe1dc - <unknown>
[INFO] [stdout]   17:     0x63ca8d7cbb54 - <unknown>
[INFO] [stdout]   18:     0x71394f63edfa - <unknown>
[INFO] [stdout]   19:     0x71394f6d23d4 - clone
[INFO] [stdout]   20:                0x0 - <unknown>
[INFO] [stdout] 
[INFO] [stdout] ---- excel_serial_typed_agrees_with_the_text_door stdout ----
[INFO] [stdout] 
[INFO] [stdout] thread 'excel_serial_typed_agrees_with_the_text_door' (954) panicked at tests/conformance.rs:17:33:
[INFO] [stdout] reading /opt/rustwide/workdir/../corpus/excel_serial.json: No such file or directory (os error 2)
[INFO] [stdout] stack backtrace:
[INFO] [stdout]    0:     0x63ca8d7a4917 - <unknown>
[INFO] [stdout]    1:     0x63ca8d77dada - <unknown>
[INFO] [stdout]    2:     0x63ca8d7a3ecb - <unknown>
[INFO] [stdout]    3:     0x63ca8d7a39af - <unknown>
[INFO] [stdout]    4:     0x63ca8d7a35da - <unknown>
[INFO] [stdout]    5:     0x63ca8d7a3115 - <unknown>
[INFO] [stdout]    6:     0x63ca8d7c9ec1 - <unknown>
[INFO] [stdout]    7:     0x63ca8d7c9e79 - <unknown>
[INFO] [stdout]    8:     0x63ca8d7ca37c - <unknown>
[INFO] [stdout]    9:     0x63ca8d77d96b - <unknown>
[INFO] [stdout]   10:     0x63ca8d759578 - <unknown>
[INFO] [stdout]   11:     0x63ca8d75bf2a - <unknown>
[INFO] [stdout]   12:     0x63ca8d77b1e7 - <unknown>
[INFO] [stdout]   13:     0x63ca8d7e2d8b - <unknown>
[INFO] [stdout]   14:     0x63ca8d7de1ef - <unknown>
[INFO] [stdout]   15:     0x63ca8d7ddc6c - <unknown>
[INFO] [stdout]   16:     0x63ca8d7fe1dc - <unknown>
[INFO] [stdout]   17:     0x63ca8d7cbb54 - <unknown>
[INFO] [stdout]   18:     0x71394f63edfa - <unknown>
[INFO] [stdout]   19:     0x71394f6d23d4 - clone
[INFO] [stdout]   20:                0x0 - <unknown>
[INFO] [stdout] 
[INFO] [stdout] ---- boolean_corpus stdout ----
[INFO] [stdout] 
[INFO] [stdout] thread 'boolean_corpus' (946) panicked at tests/conformance.rs:17:33:
[INFO] [stdout] reading /opt/rustwide/workdir/../corpus/boolean.json: No such file or directory (os error 2)
[INFO] [stdout] stack backtrace:
[INFO] [stdout]    0:     0x63ca8d7a4917 - <unknown>
[INFO] [stdout]    1:     0x63ca8d77dada - <unknown>
[INFO] [stdout]    2:     0x63ca8d7a3ecb - <unknown>
[INFO] [stdout]    3:     0x63ca8d7a39af - <unknown>
[INFO] [stdout]    4:     0x63ca8d7a35da - <unknown>
[INFO] [stdout]    5:     0x63ca8d7a3115 - <unknown>
[INFO] [stdout]    6:     0x63ca8d7c9ec1 - <unknown>
[INFO] [stdout]    7:     0x63ca8d7c9e79 - <unknown>
[INFO] [stdout]    8:     0x63ca8d7ca37c - <unknown>
[INFO] [stdout]    9:     0x63ca8d77d96b - <unknown>
[INFO] [stdout]   10:     0x63ca8d759578 - <unknown>
[INFO] [stdout]   11:     0x63ca8d75bf2a - <unknown>
[INFO] [stdout]   12:     0x63ca8d77282f - <unknown>
[INFO] [stdout]   13:     0x63ca8d7e2d8b - <unknown>
[INFO] [stdout]   14:     0x63ca8d7de1ef - <unknown>
[INFO] [stdout]   15:     0x63ca8d7ddc6c - <unknown>
[INFO] [stdout]   16:     0x63ca8d7fe1dc - <unknown>
[INFO] [stdout]   17:     0x63ca8d7cbb54 - <unknown>
[INFO] [stdout]   18:     0x71394f63edfa - <unknown>
[INFO] [stdout]   19:     0x71394f6d23d4 - clone
[INFO] [stdout]   20:                0x0 - <unknown>
[INFO] [stdout] 
[INFO] [stdout] ---- datetime_corpus stdout ----
[INFO] [stdout] 
[INFO] [stdout] thread 'datetime_corpus' (950) panicked at tests/conformance.rs:17:33:
[INFO] [stdout] reading /opt/rustwide/workdir/../corpus/datetime.json: No such file or directory (os error 2)
[INFO] [stdout] stack backtrace:
[INFO] [stdout]    0:     0x63ca8d7a4917 - <unknown>
[INFO] [stdout]    1:     0x63ca8d77dada - <unknown>
[INFO] [stdout]    2:     0x63ca8d7a3ecb - <unknown>
[INFO] [stdout]    3:     0x63ca8d7a39af - <unknown>
[INFO] [stdout]    4:     0x63ca8d7a35da - <unknown>
[INFO] [stdout]    5:     0x63ca8d7a3115 - <unknown>
[INFO] [stdout]    6:     0x63ca8d7c9ec1 - <unknown>
[INFO] [stdout]    7:     0x63ca8d7c9e79 - <unknown>
[INFO] [stdout]    8:     0x63ca8d7ca37c - <unknown>
[INFO] [stdout]    9:     0x63ca8d77d96b - <unknown>
[INFO] [stdout]   10:     0x63ca8d759578 - <unknown>
[INFO] [stdout]   11:     0x63ca8d75bf2a - <unknown>
[INFO] [stdout]   12:     0x63ca8d7751c2 - <unknown>
[INFO] [stdout]   13:     0x63ca8d7e2d8b - <unknown>
[INFO] [stdout]   14:     0x63ca8d7de1ef - <unknown>
[INFO] [stdout]   15:     0x63ca8d7ddc6c - <unknown>
[INFO] [stdout]   16:     0x63ca8d7fe1dc - <unknown>
[INFO] [stdout]   17:     0x63ca8d7cbb54 - <unknown>
[INFO] [stdout]   18:     0x71394f63edfa - <unknown>
[INFO] [stdout]   19:     0x71394f6d23d4 - clone
[INFO] [stdout]   20:                0x0 - <unknown>
[INFO] [stdout] 
[INFO] [stdout] ---- integer_corpus stdout ----
[INFO] [stdout] 
[INFO] [stdout] thread 'integer_corpus' (955) panicked at tests/conformance.rs:17:33:
[INFO] [stdout] reading /opt/rustwide/workdir/../corpus/integer.json: No such file or directory (os error 2)
[INFO] [stdout] stack backtrace:
[INFO] [stdout]    0:     0x63ca8d7a4917 - <unknown>
[INFO] [stdout]    1:     0x63ca8d77dada - <unknown>
[INFO] [stdout]    2:     0x63ca8d7a3ecb - <unknown>
[INFO] [stdout]    3:     0x63ca8d7a39af - <unknown>
[INFO] [stdout]    4:     0x63ca8d7a35da - <unknown>
[INFO] [stdout]    5:     0x63ca8d7a3115 - <unknown>
[INFO] [stdout]    6:     0x63ca8d7c9ec1 - <unknown>
[INFO] [stdout]    7:     0x63ca8d7c9e79 - <unknown>
[INFO] [stdout]    8:     0x63ca8d7ca37c - <unknown>
[INFO] [stdout]    9:     0x63ca8d77d96b - <unknown>
[INFO] [stdout]   10:     0x63ca8d759578 - <unknown>
[INFO] [stdout]   11:     0x63ca8d75bf2a - <unknown>
[INFO] [stdout]   12:     0x63ca8d75c9b7 - <unknown>
[INFO] [stdout]   13:     0x63ca8d775179 - <unknown>
[INFO] [stdout]   14:     0x63ca8d7e2d8b - <unknown>
[INFO] [stdout]   15:     0x63ca8d7de1ef - <unknown>
[INFO] [stdout]   16:     0x63ca8d7ddc6c - <unknown>
[INFO] [stdout]   17:     0x63ca8d7fe1dc - <unknown>
[INFO] [stdout]   18:     0x63ca8d7cbb54 - <unknown>
[INFO] [stdout]   19:     0x71394f63edfa - <unknown>
[INFO] [stdout]   20:     0x71394f6d23d4 - clone
[INFO] [stdout]   21:                0x0 - <unknown>
[INFO] [stdout] 
[INFO] [stdout] ---- char_corpus stdout ----
[INFO] [stdout] 
[INFO] [stdout] thread 'char_corpus' (947) panicked at tests/conformance.rs:17:33:
[INFO] [stdout] reading /opt/rustwide/workdir/../corpus/char.json: No such file or directory (os error 2)
[INFO] [stdout] stack backtrace:
[INFO] [stdout]    0:     0x63ca8d7a4917 - <unknown>
[INFO] [stdout]    1:     0x63ca8d77dada - <unknown>
[INFO] [stdout]    2:     0x63ca8d7a3ecb - <unknown>
[INFO] [stdout]    3:     0x63ca8d7a39af - <unknown>
[INFO] [stdout]    4:     0x63ca8d7a35da - <unknown>
[INFO] [stdout]    5:     0x63ca8d7a3115 - <unknown>
[INFO] [stdout]    6:     0x63ca8d7c9ec1 - <unknown>
[INFO] [stdout]    7:     0x63ca8d7c9e79 - <unknown>
[INFO] [stdout]    8:     0x63ca8d7ca37c - <unknown>
[INFO] [stdout]    9:     0x63ca8d77d96b - <unknown>
[INFO] [stdout]   10:     0x63ca8d759578 - <unknown>
[INFO] [stdout]   11:     0x63ca8d75bf2a - <unknown>
[INFO] [stdout]   12:     0x63ca8d76992f - <unknown>
[INFO] [stdout]   13:     0x63ca8d7e2d8b - <unknown>
[INFO] [stdout]   14:     0x63ca8d7de1ef - <unknown>
[INFO] [stdout]   15:     0x63ca8d7ddc6c - <unknown>
[INFO] [stdout]   16:     0x63ca8d7fe1dc - <unknown>
[INFO] [stdout]   17:     0x63ca8d7cbb54 - <unknown>
[INFO] [stdout]   18:     0x71394f63edfa - <unknown>
[INFO] [stdout]   19:     0x71394f6d23d4 - clone
[INFO] [stdout]   20:                0x0 - <unknown>
[INFO] [stdout] 
[INFO] [stdout] ---- time_corpus stdout ----
[INFO] [stdout] 
[INFO] [stdout] thread 'time_corpus' (957) panicked at tests/conformance.rs:17:33:
[INFO] [stdout] reading /opt/rustwide/workdir/../corpus/time.json: No such file or directory (os error 2)
[INFO] [stdout] stack backtrace:
[INFO] [stdout]    0:     0x63ca8d7a4917 - <unknown>
[INFO] [stdout]    1:     0x63ca8d77dada - <unknown>
[INFO] [stdout]    2:     0x63ca8d7a3ecb - <unknown>
[INFO] [stdout]    3:     0x63ca8d7a39af - <unknown>
[INFO] [stdout]    4:     0x63ca8d7a35da - <unknown>
[INFO] [stdout]    5:     0x63ca8d7a3115 - <unknown>
[INFO] [stdout]    6:     0x63ca8d7c9ec1 - <unknown>
[INFO] [stdout]    7:     0x63ca8d7c9e79 - <unknown>
[INFO] [stdout]    8:     0x63ca8d7ca37c - <unknown>
[INFO] [stdout]    9:     0x63ca8d77d96b - <unknown>
[INFO] [stdout]   10:     0x63ca8d759578 - <unknown>
[INFO] [stdout]   11:     0x63ca8d75bf2a - <unknown>
[INFO] [stdout]   12:     0x63ca8d76d70f - <unknown>
[INFO] [stdout]   13:     0x63ca8d7e2d8b - <unknown>
[INFO] [stdout]   14:     0x63ca8d7de1ef - <unknown>
[INFO] [stdout]   15:     0x63ca8d7ddc6c - <unknown>
[INFO] [stdout]   16:     0x63ca8d7fe1dc - <unknown>
[INFO] [stdout]   17:     0x63ca8d7cbb54 - <unknown>
[INFO] [stdout]   18:     0x71394f63edfa - <unknown>
[INFO] [stdout]   19:     0x71394f6d23d4 - clone
[INFO] [stdout]   20:                0x0 - <unknown>
[INFO] [stdout] 
[INFO] [stdout] ---- real_corpus stdout ----
[INFO] [stdout] 
[INFO] [stdout] thread 'real_corpus' (956) panicked at tests/conformance.rs:17:33:
[INFO] [stdout] reading /opt/rustwide/workdir/../corpus/real.json: No such file or directory (os error 2)
[INFO] [stdout] stack backtrace:
[INFO] [stdout]    0:     0x63ca8d7a4917 - <unknown>
[INFO] [stdout]    1:     0x63ca8d77dada - <unknown>
[INFO] [stdout]    2:     0x63ca8d7a3ecb - <unknown>
[INFO] [stdout]    3:     0x63ca8d7a39af - <unknown>
[INFO] [stdout]    4:     0x63ca8d7a35da - <unknown>
[INFO] [stdout]    5:     0x63ca8d7a3115 - <unknown>
[INFO] [stdout]    6:     0x63ca8d7c9ec1 - <unknown>
[INFO] [stdout]    7:     0x63ca8d7c9e79 - <unknown>
[INFO] [stdout]    8:     0x63ca8d7ca37c - <unknown>
[INFO] [stdout]    9:     0x63ca8d77d96b - <unknown>
[INFO] [stdout]   10:     0x63ca8d759578 - <unknown>
[INFO] [stdout]   11:     0x63ca8d75bf2a - <unknown>
[INFO] [stdout]   12:     0x63ca8d76b34a - <unknown>
[INFO] [stdout]   13:     0x63ca8d7e2d8b - <unknown>
[INFO] [stdout]   14:     0x63ca8d7de1ef - <unknown>
[INFO] [stdout]   15:     0x63ca8d7ddc6c - <unknown>
[INFO] [stdout]   16:     0x63ca8d7fe1dc - <unknown>
[INFO] [stdout]   17:     0x63ca8d7cbb54 - <unknown>
[INFO] [stdout]   18:     0x71394f63edfa - <unknown>
[INFO] [stdout]   19:     0x71394f6d23d4 - clone
[INFO] [stdout]   20:                0x0 - <unknown>
[INFO] [stdout] 
[INFO] [stdout] ---- typed_corpus stdout ----
[INFO] [stdout] 
[INFO] [stdout] thread 'typed_corpus' (959) panicked at tests/conformance.rs:17:33:
[INFO] [stdout] reading /opt/rustwide/workdir/../corpus/typed.json: No such file or directory (os error 2)
[INFO] [stdout] stack backtrace:
[INFO] [stdout]    0:     0x63ca8d7a4917 - <unknown>
[INFO] [stdout]    1:     0x63ca8d77dada - <unknown>
[INFO] [stdout]    2:     0x63ca8d7a3ecb - <unknown>
[INFO] [stdout]    3:     0x63ca8d7a39af - <unknown>
[INFO] [stdout]    4:     0x63ca8d7a35da - <unknown>
[INFO] [stdout]    5:     0x63ca8d7a3115 - <unknown>
[INFO] [stdout]    6:     0x63ca8d7c9ec1 - <unknown>
[INFO] [stdout]    7:     0x63ca8d7c9e79 - <unknown>
[INFO] [stdout]    8:     0x63ca8d7ca37c - <unknown>
[INFO] [stdout]    9:     0x63ca8d77d96b - <unknown>
[INFO] [stdout]   10:     0x63ca8d759578 - <unknown>
[INFO] [stdout]   11:     0x63ca8d75bf2a - <unknown>
[INFO] [stdout]   12:     0x63ca8d76f4cd - <unknown>
[INFO] [stdout]   13:     0x63ca8d7e2d8b - <unknown>
[INFO] [stdout]   14:     0x63ca8d7de1ef - <unknown>
[INFO] [stdout]   15:     0x63ca8d7ddc6c - <unknown>
[INFO] [stdout]   16:     0x63ca8d7fe1dc - <unknown>
[INFO] [stdout]   17:     0x63ca8d7cbb54 - <unknown>
[INFO] [stdout]   18:     0x71394f63edfa - <unknown>
[INFO] [stdout]   19:     0x71394f6d23d4 - clone
[INFO] [stdout]   20:                0x0 - <unknown>
[INFO] [stdout] 
[INFO] [stdout] ---- excel_serial_corpus stdout ----
[INFO] [stdout] 
[INFO] [stdout] thread 'excel_serial_corpus' (953) panicked at tests/conformance.rs:17:33:
[INFO] [stdout] reading /opt/rustwide/workdir/../corpus/excel_serial.json: No such file or directory (os error 2)
[INFO] [stdout] stack backtrace:
[INFO] [stdout]    0:     0x63ca8d7a4917 - <unknown>
[INFO] [stdout]    1:     0x63ca8d77dada - <unknown>
[INFO] [stdout]    2:     0x63ca8d7a3ecb - <unknown>
[INFO] [stdout]    3:     0x63ca8d7a39af - <unknown>
[INFO] [stdout]    4:     0x63ca8d7a35da - <unknown>
[INFO] [stdout]    5:     0x63ca8d7a3115 - <unknown>
[INFO] [stdout]    6:     0x63ca8d7c9ec1 - <unknown>
[INFO] [stdout]    7:     0x63ca8d7c9e79 - <unknown>
[INFO] [stdout]    8:     0x63ca8d7ca37c - <unknown>
[INFO] [stdout]    9:     0x63ca8d77d96b - <unknown>
[INFO] [stdout]   10:     0x63ca8d759578 - <unknown>
[INFO] [stdout]   11:     0x63ca8d75bf2a - <unknown>
[INFO] [stdout]   12:     0x63ca8d77a8af - <unknown>
[INFO] [stdout]   13:     0x63ca8d7e2d8b - <unknown>
[INFO] [stdout]   14:     0x63ca8d7de1ef - <unknown>
[INFO] [stdout]   15:     0x63ca8d7ddc6c - <unknown>
[INFO] [stdout]   16:     0x63ca8d7fe1dc - <unknown>
[INFO] [stdout]   17:     0x63ca8d7cbb54 - <unknown>
[INFO] [stdout]   18:     0x71394f63edfa - <unknown>
[INFO] [stdout]   19:     0x71394f6d23d4 - clone
[INFO] [stdout]   20:                0x0 - <unknown>
[INFO] [stdout] 
[INFO] [stdout] ---- unix_corpus stdout ----
[INFO] [stdout] 
[INFO] [stdout] thread 'unix_corpus' (960) panicked at tests/conformance.rs:17:33:
[INFO] [stdout] reading /opt/rustwide/workdir/../corpus/unix.json: No such file or directory (os error 2)
[INFO] [stdout] stack backtrace:
[INFO] [stdout]    0:     0x63ca8d7a4917 - <unknown>
[INFO] [stdout]    1:     0x63ca8d77dada - <unknown>
[INFO] [stdout]    2:     0x63ca8d7a3ecb - <unknown>
[INFO] [stdout]    3:     0x63ca8d7a39af - <unknown>
[INFO] [stdout]    4:     0x63ca8d7a35da - <unknown>
[INFO] [stdout]    5:     0x63ca8d7a3115 - <unknown>
[INFO] [stdout]    6:     0x63ca8d7c9ec1 - <unknown>
[INFO] [stdout]    7:     0x63ca8d7c9e79 - <unknown>
[INFO] [stdout]    8:     0x63ca8d7ca37c - <unknown>
[INFO] [stdout]    9:     0x63ca8d77d96b - <unknown>
[INFO] [stdout]   10:     0x63ca8d759578 - <unknown>
[INFO] [stdout]   11:     0x63ca8d75bf2a - <unknown>
[INFO] [stdout]   12:     0x63ca8d76de89 - <unknown>
[INFO] [stdout]   13:     0x63ca8d7e2d8b - <unknown>
[INFO] [stdout]   14:     0x63ca8d7de1ef - <unknown>
[INFO] [stdout]   15:     0x63ca8d7ddc6c - <unknown>
[INFO] [stdout]   16:     0x63ca8d7fe1dc - <unknown>
[INFO] [stdout]   17:     0x63ca8d7cbb54 - <unknown>
[INFO] [stdout]   18:     0x71394f63edfa - <unknown>
[INFO] [stdout]   19:     0x71394f6d23d4 - clone
[INFO] [stdout]   20:                0x0 - <unknown>
[INFO] [stdout] 
[INFO] [stdout] ---- uuid_corpus stdout ----
[INFO] [stdout] 
[INFO] [stdout] thread 'uuid_corpus' (961) panicked at tests/conformance.rs:17:33:
[INFO] [stdout] reading /opt/rustwide/workdir/../corpus/uuid.json: No such file or directory (os error 2)
[INFO] [stdout] stack backtrace:
[INFO] [stdout]    0:     0x63ca8d7a4917 - <unknown>
[INFO] [stdout]    1:     0x63ca8d77dada - <unknown>
[INFO] [stdout]    2:     0x63ca8d7a3ecb - <unknown>
[INFO] [stdout]    3:     0x63ca8d7a39af - <unknown>
[INFO] [stdout]    4:     0x63ca8d7a35da - <unknown>
[INFO] [stdout]    5:     0x63ca8d7a3115 - <unknown>
[INFO] [stdout]    6:     0x63ca8d7c9ec1 - <unknown>
[INFO] [stdout]    7:     0x63ca8d7c9e79 - <unknown>
[INFO] [stdout]    8:     0x63ca8d7ca37c - <unknown>
[INFO] [stdout]    9:     0x63ca8d77d96b - <unknown>
[INFO] [stdout]   10:     0x63ca8d759578 - <unknown>
[INFO] [stdout]   11:     0x63ca8d75bf2a - <unknown>
[INFO] [stdout]   12:     0x63ca8d76e6c2 - <unknown>
[INFO] [stdout]   13:     0x63ca8d7e2d8b - <unknown>
[INFO] [stdout]   14:     0x63ca8d7de1ef - <unknown>
[INFO] [stdout]   15:     0x63ca8d7ddc6c - <unknown>
[INFO] [stdout]   16:     0x63ca8d7fe1dc - <unknown>
[INFO] [stdout]   17:     0x63ca8d7cbb54 - <unknown>
[INFO] [stdout]   18:     0x71394f63edfa - <unknown>
[INFO] [stdout]   19:     0x71394f6d23d4 - clone
[INFO] [stdout]   20:                0x0 - <unknown>
[INFO] [stdout] 
[INFO] [stdout] ---- timestamp_corpus stdout ----
[INFO] [stdout] 
[INFO] [stdout] thread 'timestamp_corpus' (958) panicked at tests/conformance.rs:17:33:
[INFO] [stdout] reading /opt/rustwide/workdir/../corpus/timestamp.json: No such file or directory (os error 2)
[INFO] [stdout] stack backtrace:
[INFO] [stdout]    0:     0x63ca8d7a4917 - <unknown>
[INFO] [stdout]    1:     0x63ca8d77dada - <unknown>
[INFO] [stdout]    2:     0x63ca8d7a3ecb - <unknown>
[INFO] [stdout]    3:     0x63ca8d7a39af - <unknown>
[INFO] [stdout]    4:     0x63ca8d7a35da - <unknown>
[INFO] [stdout]    5:     0x63ca8d7a3115 - <unknown>
[INFO] [stdout]    6:     0x63ca8d7c9ec1 - <unknown>
[INFO] [stdout]    7:     0x63ca8d7c9e79 - <unknown>
[INFO] [stdout]    8:     0x63ca8d7ca37c - <unknown>
[INFO] [stdout]    9:     0x63ca8d77d96b - <unknown>
[INFO] [stdout]   10:     0x63ca8d759578 - <unknown>
[INFO] [stdout]   11:     0x63ca8d75bf2a - <unknown>
[INFO] [stdout]   12:     0x63ca8d7780b2 - <unknown>
[INFO] [stdout]   13:     0x63ca8d7e2d8b - <unknown>
[INFO] [stdout]   14:     0x63ca8d7de1ef - <unknown>
[INFO] [stdout]   15:     0x63ca8d7ddc6c - <unknown>
[INFO] [stdout]   16:     0x63ca8d7fe1dc - <unknown>
[INFO] [stdout]   17:     0x63ca8d7cbb54 - <unknown>
[INFO] [stdout]   18:     0x71394f63edfa - <unknown>
[INFO] [stdout]   19:     0x71394f6d23d4 - clone
[INFO] [stdout]   20:                0x0 - <unknown>
[INFO] [stdout] 
[INFO] [stdout] 
[INFO] [stdout] failures:
[INFO] [stdout]     boolean_corpus
[INFO] [stdout]     char_corpus
[INFO] [stdout]     date_corpus
[INFO] [stdout]     date_order_corpus
[INFO] [stdout]     datetime_corpus
[INFO] [stdout]     decimal_corpus
[INFO] [stdout]     duration_corpus
[INFO] [stdout]     excel_serial_corpus
[INFO] [stdout]     excel_serial_typed_agrees_with_the_text_door
[INFO] [stdout]     integer_corpus
[INFO] [stdout]     real_corpus
[INFO] [stdout]     time_corpus
[INFO] [stdout]     timestamp_corpus
[INFO] [stdout]     typed_corpus
[INFO] [stdout]     unix_corpus
[INFO] [stdout]     uuid_corpus
[INFO] [stdout] 
[INFO] [stdout] test result: FAILED. 0 passed; 16 failed; 0 ignored; 0 measured; 0 filtered out; finished in 0.01s
[INFO] [stdout] 
[INFO] [stderr] error: test failed, to rerun pass `--test conformance`
[INFO] running `Command { std: "docker" "inspect" "c62d92044ccedc33c54f6e72ae86e4ea4cae43e5802cb9bd0e3b7d99be25594f", kill_on_drop: false }`
[INFO] running `Command { std: "docker" "rm" "-f" "c62d92044ccedc33c54f6e72ae86e4ea4cae43e5802cb9bd0e3b7d99be25594f", kill_on_drop: false }`
[INFO] [stdout] c62d92044ccedc33c54f6e72ae86e4ea4cae43e5802cb9bd0e3b7d99be25594f
