[INFO] fetching crate hyper-socks2 0.9.1...
[INFO] testing hyper-socks2-0.9.1 against 1.99.0-beta.8+cargoflags=--release for beta-release-1.100-2
[INFO] extracting crate hyper-socks2 0.9.1 into /workspace/builds/worker-6-tc1/source
[INFO] started tweaking crates.io crate hyper-socks2 0.9.1
[INFO] finished tweaking crates.io crate hyper-socks2 0.9.1
[INFO] tweaked toml for crates.io crate hyper-socks2 0.9.1 written to /workspace/builds/worker-6-tc1/source/Cargo.toml
[INFO] validating manifest of crates.io crate hyper-socks2 0.9.1 on toolchain 1.99.0-beta.8
[INFO] running `Command { std: CARGO_HOME="/workspace/cargo-home" RUSTUP_HOME="/workspace/rustup-home" "/workspace/cargo-home/bin/cargo" "+1.99.0-beta.8" "metadata" "--manifest-path" "Cargo.toml" "--no-deps", kill_on_drop: false }`
[INFO] running `Command { std: CARGO_HOME="/workspace/cargo-home" RUSTUP_HOME="/workspace/rustup-home" "/workspace/cargo-home/bin/cargo" "+1.99.0-beta.8" "generate-lockfile" "--manifest-path" "Cargo.toml", kill_on_drop: false }`
[INFO] [stderr]     Updating crates.io index
[INFO] [stderr]      Locking 91 packages to highest compatible versions
[INFO] [stderr]       Adding hyper-rustls v0.26.0 (available: v0.27.10)
[INFO] [stderr]       Adding rustls v0.22.4 (available: v0.23.46)
[INFO] [stderr]       Adding rustls-native-certs v0.7.3 (available: v0.8.5)
[INFO] [stderr]       Adding thiserror v1.0.69 (available: v2.0.21)
[INFO] running `Command { std: CARGO_HOME="/workspace/cargo-home" RUSTUP_HOME="/workspace/rustup-home" "/workspace/cargo-home/bin/cargo" "+1.99.0-beta.8" "fetch" "--manifest-path" "Cargo.toml", kill_on_drop: false }`
[INFO] [stderr]  Downloading crates ...
[INFO] [stderr]   Downloaded hyper-rustls v0.26.0
[INFO] [stderr]   Downloaded rustls-native-certs v0.7.3
[INFO] [stderr]   Downloaded async-socks5 v0.6.0
[INFO] [stderr]   Downloaded rustls v0.22.4
[INFO] running `Command { std: "docker" "create" "-v" "/var/lib/crater-agent-workspace/builds/worker-6-tc1/source:/opt/rustwide/workdir:ro,Z" "-v" "/var/lib/crater-agent-workspace/builds/worker-6-tc1/target:/opt/rustwide/target:rw,Z" "-v" "/var/lib/crater-agent-workspace/cargo-home:/opt/rustwide/cargo-home:ro,Z" "-v" "/var/lib/crater-agent-workspace/rustup-home:/opt/rustwide/rustup-home:ro,Z" "-m" "1610612736" "--network" "none" "ghcr.io/rust-lang/crates-build-env/linux@sha256:77db811e55d90add9212f6832c23229e3de5f1c1f9905e8cb07319ea15df73ac" "sleep" "infinity", kill_on_drop: false }`
[INFO] [stdout] 9d23d8f30a9c77e6e19491e469b735f17cfbd22bc3e6bc2794ce9bfd099880e8
[INFO] running `Command { std: "docker" "start" "9d23d8f30a9c77e6e19491e469b735f17cfbd22bc3e6bc2794ce9bfd099880e8", kill_on_drop: false }`
[INFO] running `Command { std: "docker" "inspect" "9d23d8f30a9c77e6e19491e469b735f17cfbd22bc3e6bc2794ce9bfd099880e8", kill_on_drop: false }`
[INFO] running `Command { std: "docker" "exec" "-e" "SOURCE_DIR=/opt/rustwide/workdir" "-e" "CARGO_HOME=/opt/rustwide/cargo-home" "-e" "RUSTUP_HOME=/opt/rustwide/rustup-home" "-e" "CARGO_TARGET_DIR=/opt/rustwide/target" "-w" "/opt/rustwide/workdir" "--user" "0:0" "9d23d8f30a9c77e6e19491e469b735f17cfbd22bc3e6bc2794ce9bfd099880e8" "/opt/rustwide/cargo-home/bin/cargo" "+1.99.0-beta.8" "metadata" "--no-deps" "--format-version=1", kill_on_drop: false }`
[INFO] running `Command { std: "docker" "inspect" "9d23d8f30a9c77e6e19491e469b735f17cfbd22bc3e6bc2794ce9bfd099880e8", kill_on_drop: false }`
[INFO] running `Command { std: "docker" "exec" "-e" "SOURCE_DIR=/opt/rustwide/workdir" "-e" "CARGO_HOME=/opt/rustwide/cargo-home" "-e" "RUSTUP_HOME=/opt/rustwide/rustup-home" "-e" "CARGO_TARGET_DIR=/opt/rustwide/target" "-e" "CARGO_INCREMENTAL=0" "-e" "RUST_BACKTRACE=full" "-e" "RUSTFLAGS=--cap-lints=warn" "-e" "RUSTDOCFLAGS=--cap-lints=warn" "-w" "/opt/rustwide/workdir" "--user" "0:0" "9d23d8f30a9c77e6e19491e469b735f17cfbd22bc3e6bc2794ce9bfd099880e8" "/opt/rustwide/cargo-home/bin/cargo" "+1.99.0-beta.8" "build" "--frozen" "--message-format=json" "--release", kill_on_drop: false }`
[INFO] [stderr]    Compiling tokio v1.53.3
[INFO] [stderr]    Compiling futures-task v0.3.34
[INFO] [stderr]    Compiling thiserror-impl v1.0.69
[INFO] [stderr]    Compiling futures-channel v0.3.34
[INFO] [stderr]    Compiling openssl v0.10.81
[INFO] [stderr]    Compiling http-body-util v0.1.5
[INFO] [stderr]    Compiling futures-util v0.3.34
[INFO] [stderr]    Compiling thiserror v1.0.69
[INFO] [stderr]    Compiling native-tls v0.2.18
[INFO] [stderr]    Compiling hyper v1.12.0
[INFO] [stderr]    Compiling tokio-native-tls v0.3.1
[INFO] [stderr]    Compiling async-socks5 v0.6.0
[INFO] [stderr]    Compiling hyper-util v0.1.21
[INFO] [stderr]    Compiling hyper-tls v0.6.0
[INFO] [stderr]    Compiling hyper-socks2 v0.9.1 (/opt/rustwide/workdir)
[INFO] [stderr]     Finished `release` profile [optimized] target(s) in 12.98s
[INFO] running `Command { std: "docker" "inspect" "9d23d8f30a9c77e6e19491e469b735f17cfbd22bc3e6bc2794ce9bfd099880e8", kill_on_drop: false }`
[INFO] running `Command { std: "docker" "exec" "-e" "SOURCE_DIR=/opt/rustwide/workdir" "-e" "CARGO_HOME=/opt/rustwide/cargo-home" "-e" "RUSTUP_HOME=/opt/rustwide/rustup-home" "-e" "CARGO_TARGET_DIR=/opt/rustwide/target" "-e" "CARGO_INCREMENTAL=0" "-e" "RUST_BACKTRACE=full" "-e" "RUSTFLAGS=--cap-lints=warn" "-e" "RUSTDOCFLAGS=--cap-lints=warn" "-w" "/opt/rustwide/workdir" "--user" "0:0" "9d23d8f30a9c77e6e19491e469b735f17cfbd22bc3e6bc2794ce9bfd099880e8" "/opt/rustwide/cargo-home/bin/cargo" "+1.99.0-beta.8" "test" "--frozen" "--no-run" "--message-format=json" "--release", kill_on_drop: false }`
[INFO] [stderr]    Compiling tokio-macros v2.7.2
[INFO] [stderr]    Compiling futures-util v0.3.34
[INFO] [stderr]    Compiling tokio v1.53.3
[INFO] [stderr]    Compiling hyper v1.12.0
[INFO] [stderr]    Compiling tokio-native-tls v0.3.1
[INFO] [stderr]    Compiling async-socks5 v0.6.0
[INFO] [stderr]    Compiling hyper-util v0.1.21
[INFO] [stderr]    Compiling hyper-tls v0.6.0
[INFO] [stderr]    Compiling hyper-socks2 v0.9.1 (/opt/rustwide/workdir)
[INFO] [stderr]     Finished `release` profile [optimized] target(s) in 16.62s
[INFO] running `Command { std: "docker" "inspect" "9d23d8f30a9c77e6e19491e469b735f17cfbd22bc3e6bc2794ce9bfd099880e8", kill_on_drop: false }`
[INFO] running `Command { std: "docker" "exec" "-e" "SOURCE_DIR=/opt/rustwide/workdir" "-e" "CARGO_HOME=/opt/rustwide/cargo-home" "-e" "RUSTUP_HOME=/opt/rustwide/rustup-home" "-e" "CARGO_TARGET_DIR=/opt/rustwide/target" "-e" "CARGO_INCREMENTAL=0" "-e" "RUST_BACKTRACE=full" "-e" "RUSTFLAGS=--cap-lints=warn" "-e" "RUSTDOCFLAGS=--cap-lints=warn" "-w" "/opt/rustwide/workdir" "--user" "0:0" "9d23d8f30a9c77e6e19491e469b735f17cfbd22bc3e6bc2794ce9bfd099880e8" "/opt/rustwide/cargo-home/bin/cargo" "+1.99.0-beta.8" "test" "--frozen" "--release", kill_on_drop: false }`
[INFO] [stderr]     Finished `release` profile [optimized] target(s) in 0.07s
[INFO] [stderr]      Running unittests src/lib.rs (/opt/rustwide/target/release/deps/hyper_socks2-e342fbad4f512e9f)
[INFO] [stdout] 
[INFO] [stdout] running 8 tests
[INFO] [stdout] test tests::https_auth_swap - should panic ... FAILED
[INFO] [stdout] test tests::http_auth ... FAILED
[INFO] [stdout] test tests::http_no_auth ... FAILED
[INFO] [stdout] test tests::https_no_auth_swap - should panic ... FAILED
[INFO] [stdout] test tests::https_no_auth ... FAILED
[INFO] [stdout] test tests::http_auth_swap ... FAILED
[INFO] [stdout] test tests::http_no_auth_swap ... FAILED
[INFO] [stdout] test tests::https_auth ... FAILED
[INFO] [stdout] 
[INFO] [stdout] failures:
[INFO] [stdout] 
[INFO] [stdout] ---- tests::https_auth_swap stdout ----
[INFO] [stdout] 
[INFO] [stdout] thread 'tests::https_auth_swap' (554) panicked at src/lib.rs:265:31:
[INFO] [stdout] called `Result::unwrap()` on an `Err` value: hyper_util::client::legacy::Error(Connect, Connector(ConnectError("tcp connect error", 127.0.0.1:1080, Os { code: 111, kind: ConnectionRefused, message: "Connection refused" })))
[INFO] [stdout] stack backtrace:
[INFO] [stdout]    0:     0x6246159d92b1 - <<std[70759c8f55707aa4]::sys::backtrace::BacktraceLock>::print::DisplayBacktrace as core[df12db4294e9bfd3]::fmt::Display>::fmt
[INFO] [stdout]    1:     0x6246159eea5a - core[df12db4294e9bfd3]::fmt::write
[INFO] [stdout]    2:     0x6246159ddbac - <alloc[2182bb758b4b3781]::vec::Vec<u8> as core[df12db4294e9bfd3]::io::write::Write>::write_fmt
[INFO] [stdout]    3:     0x6246159b46e6 - std[70759c8f55707aa4]::panicking::default_hook::{closure#0}
[INFO] [stdout]    4:     0x6246159d12d9 - std[70759c8f55707aa4]::panicking::default_hook
[INFO] [stdout]    5:     0x62461592fc10 - test[9d35eded1c95d3be]::test_main_inner::<test[9d35eded1c95d3be]::test_main_static::{closure#0}>::{closure#0}
[INFO] [stdout]    6:     0x6246159d1602 - std[70759c8f55707aa4]::panicking::panic_with_hook
[INFO] [stdout]    7:     0x6246159b4792 - std[70759c8f55707aa4]::panicking::panic_handler::{closure#0}
[INFO] [stdout]    8:     0x6246159ad469 - std[70759c8f55707aa4]::sys::backtrace::__rust_end_short_backtrace::<std[70759c8f55707aa4]::panicking::panic_handler::{closure#0}, !>
[INFO] [stdout]    9:     0x6246159b557d - __rustc[8fa7c3cbc660c2b3]::rust_begin_unwind
[INFO] [stdout]   10:     0x6246159ef1bc - core[df12db4294e9bfd3]::panicking::panic_fmt
[INFO] [stdout]   11:     0x6246159eef92 - core[df12db4294e9bfd3]::result::unwrap_failed
[INFO] [stdout]   12:     0x624615908d80 - <hyper_socks2[46d63d02812e06f1]::tests::Tester>::test::{closure#0}
[INFO] [stdout]   13:     0x624615909670 - hyper_socks2[46d63d02812e06f1]::tests::https_auth_swap::{closure#0}
[INFO] [stdout]   14:     0x6246159016c3 - <tokio[51bcdddfaf40bac1]::runtime::scheduler::current_thread::Context>::enter::<core[df12db4294e9bfd3]::task::poll::Poll<()>, <tokio[51bcdddfaf40bac1]::runtime::scheduler::current_thread::CoreGuard>::block_on<core[df12db4294e9bfd3]::pin::Pin<&mut core[df12db4294e9bfd3]::pin::Pin<&mut dyn core[df12db4294e9bfd3]::future::future::Future<Output = ()>>>>::{closure#0}::{closure#0}>
[INFO] [stdout]   15:     0x6246158f3bac - <tokio[51bcdddfaf40bac1]::runtime::context::scoped::Scoped<tokio[51bcdddfaf40bac1]::runtime::scheduler::Context>>::set::<<tokio[51bcdddfaf40bac1]::runtime::scheduler::current_thread::CoreGuard>::enter<<tokio[51bcdddfaf40bac1]::runtime::scheduler::current_thread::CoreGuard>::block_on<core[df12db4294e9bfd3]::pin::Pin<&mut core[df12db4294e9bfd3]::pin::Pin<&mut dyn core[df12db4294e9bfd3]::future::future::Future<Output = ()>>>>::{closure#0}, core[df12db4294e9bfd3]::option::Option<()>>::{closure#0}, (alloc[2182bb758b4b3781]::boxed::Box<tokio[51bcdddfaf40bac1]::runtime::scheduler::current_thread::Core>, core[df12db4294e9bfd3]::option::Option<()>)>
[INFO] [stdout]   16:     0x624615901955 - <tokio[51bcdddfaf40bac1]::runtime::scheduler::current_thread::CoreGuard>::block_on::<core[df12db4294e9bfd3]::pin::Pin<&mut core[df12db4294e9bfd3]::pin::Pin<&mut dyn core[df12db4294e9bfd3]::future::future::Future<Output = ()>>>>
[INFO] [stdout]   17:     0x6246158eb4b3 - tokio[51bcdddfaf40bac1]::runtime::context::runtime::enter_runtime::<<tokio[51bcdddfaf40bac1]::runtime::scheduler::current_thread::CurrentThread>::block_on<core[df12db4294e9bfd3]::pin::Pin<&mut dyn core[df12db4294e9bfd3]::future::future::Future<Output = ()>>>::{closure#0}, ()>
[INFO] [stdout]   18:     0x6246158ec12b - <tokio[51bcdddfaf40bac1]::runtime::runtime::Runtime>::block_on::<core[df12db4294e9bfd3]::pin::Pin<&mut dyn core[df12db4294e9bfd3]::future::future::Future<Output = ()>>>
[INFO] [stdout]   19:     0x62461590b2c8 - hyper_socks2[46d63d02812e06f1]::tests::https_auth_swap
[INFO] [stdout]   20:     0x6246158e2cf9 - <hyper_socks2[46d63d02812e06f1]::tests::https_auth_swap::{closure#0} as core[df12db4294e9bfd3]::ops::function::FnOnce<()>>::call_once
[INFO] [stdout]   21:     0x624615922efb - test[9d35eded1c95d3be]::__rust_begin_short_backtrace::<core[df12db4294e9bfd3]::result::Result<(), alloc[2182bb758b4b3781]::string::String>, fn() -> core[df12db4294e9bfd3]::result::Result<(), alloc[2182bb758b4b3781]::string::String>>
[INFO] [stdout]   22:     0x624615930565 - test[9d35eded1c95d3be]::run_test::{closure#0}
[INFO] [stdout]   23:     0x624615929e24 - std[70759c8f55707aa4]::sys::backtrace::__rust_begin_short_backtrace::<test[9d35eded1c95d3be]::run_test::{closure#1}, ()>
[INFO] [stdout]   24:     0x6246159336c2 - <std[70759c8f55707aa4]::thread::lifecycle::spawn_unchecked<test[9d35eded1c95d3be]::run_test::{closure#1}, ()>::{closure#1} as core[df12db4294e9bfd3]::ops::function::FnOnce<()>>::call_once::{shim:vtable#0}
[INFO] [stdout]   25:     0x6246159d87d9 - <std[70759c8f55707aa4]::sys::thread::unix::Thread>::new::thread_start
[INFO] [stdout]   26:     0x7affeffe1dfa - <unknown>
[INFO] [stdout]   27:     0x7afff00753d4 - clone
[INFO] [stdout]   28:                0x0 - <unknown>
[INFO] [stdout] note: panic did not contain expected string
[INFO] [stdout]       panic message: "called `Result::unwrap()` on an `Err` value: hyper_util::client::legacy::Error(Connect, Connector(ConnectError(\"tcp connect error\", 127.0.0.1:1080, Os { code: 111, kind: ConnectionRefused, message: \"Connection refused\" })))"
[INFO] [stdout]  expected substring: "IncompleteMessage"
[INFO] [stdout] ---- tests::http_auth stdout ----
[INFO] [stdout] 
[INFO] [stdout] thread 'tests::http_auth' (549) panicked at src/lib.rs:265:31:
[INFO] [stdout] called `Result::unwrap()` on an `Err` value: hyper_util::client::legacy::Error(Connect, Connector(ConnectError("tcp connect error", 127.0.0.1:1080, Os { code: 111, kind: ConnectionRefused, message: "Connection refused" })))
[INFO] [stdout] stack backtrace:
[INFO] [stdout]    0:     0x6246159d92b1 - <<std[70759c8f55707aa4]::sys::backtrace::BacktraceLock>::print::DisplayBacktrace as core[df12db4294e9bfd3]::fmt::Display>::fmt
[INFO] [stdout]    1:     0x6246159eea5a - core[df12db4294e9bfd3]::fmt::write
[INFO] [stdout]    2:     0x6246159ddbac - <alloc[2182bb758b4b3781]::vec::Vec<u8> as core[df12db4294e9bfd3]::io::write::Write>::write_fmt
[INFO] [stdout]    3:     0x6246159b46e6 - std[70759c8f55707aa4]::panicking::default_hook::{closure#0}
[INFO] [stdout]    4:     0x6246159d12d9 - std[70759c8f55707aa4]::panicking::default_hook
[INFO] [stdout]    5:     0x62461592fc10 - test[9d35eded1c95d3be]::test_main_inner::<test[9d35eded1c95d3be]::test_main_static::{closure#0}>::{closure#0}
[INFO] [stdout]    6:     0x6246159d1602 - std[70759c8f55707aa4]::panicking::panic_with_hook
[INFO] [stdout]    7:     0x6246159b4792 - std[70759c8f55707aa4]::panicking::panic_handler::{closure#0}
[INFO] [stdout]    8:     0x6246159ad469 - std[70759c8f55707aa4]::sys::backtrace::__rust_end_short_backtrace::<std[70759c8f55707aa4]::panicking::panic_handler::{closure#0}, !>
[INFO] [stdout]    9:     0x6246159b557d - __rustc[8fa7c3cbc660c2b3]::rust_begin_unwind
[INFO] [stdout]   10:     0x6246159ef1bc - core[df12db4294e9bfd3]::panicking::panic_fmt
[INFO] [stdout]   11:     0x6246159eef92 - core[df12db4294e9bfd3]::result::unwrap_failed
[INFO] [stdout]   12:     0x624615908d80 - <hyper_socks2[46d63d02812e06f1]::tests::Tester>::test::{closure#0}
[INFO] [stdout]   13:     0x6246159099a8 - hyper_socks2[46d63d02812e06f1]::tests::http_auth::{closure#0}
[INFO] [stdout]   14:     0x6246159016c3 - <tokio[51bcdddfaf40bac1]::runtime::scheduler::current_thread::Context>::enter::<core[df12db4294e9bfd3]::task::poll::Poll<()>, <tokio[51bcdddfaf40bac1]::runtime::scheduler::current_thread::CoreGuard>::block_on<core[df12db4294e9bfd3]::pin::Pin<&mut core[df12db4294e9bfd3]::pin::Pin<&mut dyn core[df12db4294e9bfd3]::future::future::Future<Output = ()>>>>::{closure#0}::{closure#0}>
[INFO] [stdout]   15:     0x6246158f3bac - <tokio[51bcdddfaf40bac1]::runtime::context::scoped::Scoped<tokio[51bcdddfaf40bac1]::runtime::scheduler::Context>>::set::<<tokio[51bcdddfaf40bac1]::runtime::scheduler::current_thread::CoreGuard>::enter<<tokio[51bcdddfaf40bac1]::runtime::scheduler::current_thread::CoreGuard>::block_on<core[df12db4294e9bfd3]::pin::Pin<&mut core[df12db4294e9bfd3]::pin::Pin<&mut dyn core[df12db4294e9bfd3]::future::future::Future<Output = ()>>>>::{closure#0}, core[df12db4294e9bfd3]::option::Option<()>>::{closure#0}, (alloc[2182bb758b4b3781]::boxed::Box<tokio[51bcdddfaf40bac1]::runtime::scheduler::current_thread::Core>, core[df12db4294e9bfd3]::option::Option<()>)>
[INFO] [stdout]   16:     0x624615901955 - <tokio[51bcdddfaf40bac1]::runtime::scheduler::current_thread::CoreGuard>::block_on::<core[df12db4294e9bfd3]::pin::Pin<&mut core[df12db4294e9bfd3]::pin::Pin<&mut dyn core[df12db4294e9bfd3]::future::future::Future<Output = ()>>>>
[INFO] [stdout]   17:     0x6246158eb4b3 - tokio[51bcdddfaf40bac1]::runtime::context::runtime::enter_runtime::<<tokio[51bcdddfaf40bac1]::runtime::scheduler::current_thread::CurrentThread>::block_on<core[df12db4294e9bfd3]::pin::Pin<&mut dyn core[df12db4294e9bfd3]::future::future::Future<Output = ()>>>::{closure#0}, ()>
[INFO] [stdout]   18:     0x6246158ec12b - <tokio[51bcdddfaf40bac1]::runtime::runtime::Runtime>::block_on::<core[df12db4294e9bfd3]::pin::Pin<&mut dyn core[df12db4294e9bfd3]::future::future::Future<Output = ()>>>
[INFO] [stdout]   19:     0x62461590b6b8 - hyper_socks2[46d63d02812e06f1]::tests::http_auth
[INFO] [stdout]   20:     0x6246158e2d59 - <hyper_socks2[46d63d02812e06f1]::tests::http_auth::{closure#0} as core[df12db4294e9bfd3]::ops::function::FnOnce<()>>::call_once
[INFO] [stdout]   21:     0x624615922efb - test[9d35eded1c95d3be]::__rust_begin_short_backtrace::<core[df12db4294e9bfd3]::result::Result<(), alloc[2182bb758b4b3781]::string::String>, fn() -> core[df12db4294e9bfd3]::result::Result<(), alloc[2182bb758b4b3781]::string::String>>
[INFO] [stdout]   22:     0x624615930565 - test[9d35eded1c95d3be]::run_test::{closure#0}
[INFO] [stdout]   23:     0x624615929e24 - std[70759c8f55707aa4]::sys::backtrace::__rust_begin_short_backtrace::<test[9d35eded1c95d3be]::run_test::{closure#1}, ()>
[INFO] [stdout]   24:     0x6246159336c2 - <std[70759c8f55707aa4]::thread::lifecycle::spawn_unchecked<test[9d35eded1c95d3be]::run_test::{closure#1}, ()>::{closure#1} as core[df12db4294e9bfd3]::ops::function::FnOnce<()>>::call_once::{shim:vtable#0}
[INFO] [stdout]   25:     0x6246159d87d9 - <std[70759c8f55707aa4]::sys::thread::unix::Thread>::new::thread_start
[INFO] [stdout]   26:     0x7affeffe1dfa - <unknown>
[INFO] [stdout]   27:     0x7afff00753d4 - clone
[INFO] [stdout]   28:                0x0 - <unknown>
[INFO] [stdout] 
[INFO] [stdout] ---- tests::http_no_auth stdout ----
[INFO] [stdout] 
[INFO] [stdout] thread 'tests::http_no_auth' (551) panicked at src/lib.rs:265:31:
[INFO] [stdout] called `Result::unwrap()` on an `Err` value: hyper_util::client::legacy::Error(Connect, Connector(ConnectError("tcp connect error", 127.0.0.1:1080, Os { code: 111, kind: ConnectionRefused, message: "Connection refused" })))
[INFO] [stdout] stack backtrace:
[INFO] [stdout]    0:     0x6246159d92b1 - <<std[70759c8f55707aa4]::sys::backtrace::BacktraceLock>::print::DisplayBacktrace as core[df12db4294e9bfd3]::fmt::Display>::fmt
[INFO] [stdout]    1:     0x6246159eea5a - core[df12db4294e9bfd3]::fmt::write
[INFO] [stdout]    2:     0x6246159ddbac - <alloc[2182bb758b4b3781]::vec::Vec<u8> as core[df12db4294e9bfd3]::io::write::Write>::write_fmt
[INFO] [stdout]    3:     0x6246159b46e6 - std[70759c8f55707aa4]::panicking::default_hook::{closure#0}
[INFO] [stdout]    4:     0x6246159d12d9 - std[70759c8f55707aa4]::panicking::default_hook
[INFO] [stdout]    5:     0x62461592fc10 - test[9d35eded1c95d3be]::test_main_inner::<test[9d35eded1c95d3be]::test_main_static::{closure#0}>::{closure#0}
[INFO] [stdout]    6:     0x6246159d1602 - std[70759c8f55707aa4]::panicking::panic_with_hook
[INFO] [stdout]    7:     0x6246159b4792 - std[70759c8f55707aa4]::panicking::panic_handler::{closure#0}
[INFO] [stdout]    8:     0x6246159ad469 - std[70759c8f55707aa4]::sys::backtrace::__rust_end_short_backtrace::<std[70759c8f55707aa4]::panicking::panic_handler::{closure#0}, !>
[INFO] [stdout]    9:     0x6246159b557d - __rustc[8fa7c3cbc660c2b3]::rust_begin_unwind
[INFO] [stdout]   10:     0x6246159ef1bc - core[df12db4294e9bfd3]::panicking::panic_fmt
[INFO] [stdout]   11:     0x6246159eef92 - core[df12db4294e9bfd3]::result::unwrap_failed
[INFO] [stdout]   12:     0x624615908d80 - <hyper_socks2[46d63d02812e06f1]::tests::Tester>::test::{closure#0}
[INFO] [stdout]   13:     0x624615909313 - hyper_socks2[46d63d02812e06f1]::tests::http_no_auth::{closure#0}
[INFO] [stdout]   14:     0x6246159016c3 - <tokio[51bcdddfaf40bac1]::runtime::scheduler::current_thread::Context>::enter::<core[df12db4294e9bfd3]::task::poll::Poll<()>, <tokio[51bcdddfaf40bac1]::runtime::scheduler::current_thread::CoreGuard>::block_on<core[df12db4294e9bfd3]::pin::Pin<&mut core[df12db4294e9bfd3]::pin::Pin<&mut dyn core[df12db4294e9bfd3]::future::future::Future<Output = ()>>>>::{closure#0}::{closure#0}>
[INFO] [stdout]   15:     0x6246158f3bac - <tokio[51bcdddfaf40bac1]::runtime::context::scoped::Scoped<tokio[51bcdddfaf40bac1]::runtime::scheduler::Context>>::set::<<tokio[51bcdddfaf40bac1]::runtime::scheduler::current_thread::CoreGuard>::enter<<tokio[51bcdddfaf40bac1]::runtime::scheduler::current_thread::CoreGuard>::block_on<core[df12db4294e9bfd3]::pin::Pin<&mut core[df12db4294e9bfd3]::pin::Pin<&mut dyn core[df12db4294e9bfd3]::future::future::Future<Output = ()>>>>::{closure#0}, core[df12db4294e9bfd3]::option::Option<()>>::{closure#0}, (alloc[2182bb758b4b3781]::boxed::Box<tokio[51bcdddfaf40bac1]::runtime::scheduler::current_thread::Core>, core[df12db4294e9bfd3]::option::Option<()>)>
[INFO] [stdout]   16:     0x624615901955 - <tokio[51bcdddfaf40bac1]::runtime::scheduler::current_thread::CoreGuard>::block_on::<core[df12db4294e9bfd3]::pin::Pin<&mut core[df12db4294e9bfd3]::pin::Pin<&mut dyn core[df12db4294e9bfd3]::future::future::Future<Output = ()>>>>
[INFO] [stdout]   17:     0x6246158eb4b3 - tokio[51bcdddfaf40bac1]::runtime::context::runtime::enter_runtime::<<tokio[51bcdddfaf40bac1]::runtime::scheduler::current_thread::CurrentThread>::block_on<core[df12db4294e9bfd3]::pin::Pin<&mut dyn core[df12db4294e9bfd3]::future::future::Future<Output = ()>>>::{closure#0}, ()>
[INFO] [stdout]   18:     0x6246158ec12b - <tokio[51bcdddfaf40bac1]::runtime::runtime::Runtime>::block_on::<core[df12db4294e9bfd3]::pin::Pin<&mut dyn core[df12db4294e9bfd3]::future::future::Future<Output = ()>>>
[INFO] [stdout]   19:     0x62461590aed8 - hyper_socks2[46d63d02812e06f1]::tests::http_no_auth
[INFO] [stdout]   20:     0x6246158e2c99 - <hyper_socks2[46d63d02812e06f1]::tests::http_no_auth::{closure#0} as core[df12db4294e9bfd3]::ops::function::FnOnce<()>>::call_once
[INFO] [stdout]   21:     0x624615922efb - test[9d35eded1c95d3be]::__rust_begin_short_backtrace::<core[df12db4294e9bfd3]::result::Result<(), alloc[2182bb758b4b3781]::string::String>, fn() -> core[df12db4294e9bfd3]::result::Result<(), alloc[2182bb758b4b3781]::string::String>>
[INFO] [stdout]   22:     0x624615930565 - test[9d35eded1c95d3be]::run_test::{closure#0}
[INFO] [stdout]   23:     0x624615929e24 - std[70759c8f55707aa4]::sys::backtrace::__rust_begin_short_backtrace::<test[9d35eded1c95d3be]::run_test::{closure#1}, ()>
[INFO] [stdout]   24:     0x6246159336c2 - <std[70759c8f55707aa4]::thread::lifecycle::spawn_unchecked<test[9d35eded1c95d3be]::run_test::{closure#1}, ()>::{closure#1} as core[df12db4294e9bfd3]::ops::function::FnOnce<()>>::call_once::{shim:vtable#0}
[INFO] [stdout]   25:     0x6246159d87d9 - <std[70759c8f55707aa4]::sys::thread::unix::Thread>::new::thread_start
[INFO] [stdout]   26:     0x7affeffe1dfa - <unknown>
[INFO] [stdout]   27:     0x7afff00753d4 - clone
[INFO] [stdout]   28:                0x0 - <unknown>
[INFO] [stdout] 
[INFO] [stdout] ---- tests::https_no_auth_swap stdout ----
[INFO] [stdout] 
[INFO] [stdout] thread 'tests::https_no_auth_swap' (556) panicked at src/lib.rs:265:31:
[INFO] [stdout] called `Result::unwrap()` on an `Err` value: hyper_util::client::legacy::Error(Connect, Connector(ConnectError("tcp connect error", 127.0.0.1:1080, Os { code: 111, kind: ConnectionRefused, message: "Connection refused" })))
[INFO] [stdout] stack backtrace:
[INFO] [stdout]    0:     0x6246159d92b1 - <<std[70759c8f55707aa4]::sys::backtrace::BacktraceLock>::print::DisplayBacktrace as core[df12db4294e9bfd3]::fmt::Display>::fmt
[INFO] [stdout]    1:     0x6246159eea5a - core[df12db4294e9bfd3]::fmt::write
[INFO] [stdout]    2:     0x6246159ddbac - <alloc[2182bb758b4b3781]::vec::Vec<u8> as core[df12db4294e9bfd3]::io::write::Write>::write_fmt
[INFO] [stdout]    3:     0x6246159b46e6 - std[70759c8f55707aa4]::panicking::default_hook::{closure#0}
[INFO] [stdout]    4:     0x6246159d12d9 - std[70759c8f55707aa4]::panicking::default_hook
[INFO] [stdout]    5:     0x62461592fc10 - test[9d35eded1c95d3be]::test_main_inner::<test[9d35eded1c95d3be]::test_main_static::{closure#0}>::{closure#0}
[INFO] [stdout]    6:     0x6246159d1602 - std[70759c8f55707aa4]::panicking::panic_with_hook
[INFO] [stdout]    7:     0x6246159b4792 - std[70759c8f55707aa4]::panicking::panic_handler::{closure#0}
[INFO] [stdout]    8:     0x6246159ad469 - std[70759c8f55707aa4]::sys::backtrace::__rust_end_short_backtrace::<std[70759c8f55707aa4]::panicking::panic_handler::{closure#0}, !>
[INFO] [stdout]    9:     0x6246159b557d - __rustc[8fa7c3cbc660c2b3]::rust_begin_unwind
[INFO] [stdout]   10:     0x6246159ef1bc - core[df12db4294e9bfd3]::panicking::panic_fmt
[INFO] [stdout]   11:     0x6246159eef92 - core[df12db4294e9bfd3]::result::unwrap_failed
[INFO] [stdout]   12:     0x624615908d80 - <hyper_socks2[46d63d02812e06f1]::tests::Tester>::test::{closure#0}
[INFO] [stdout]   13:     0x624615909883 - hyper_socks2[46d63d02812e06f1]::tests::https_no_auth_swap::{closure#0}
[INFO] [stdout]   14:     0x6246159016c3 - <tokio[51bcdddfaf40bac1]::runtime::scheduler::current_thread::Context>::enter::<core[df12db4294e9bfd3]::task::poll::Poll<()>, <tokio[51bcdddfaf40bac1]::runtime::scheduler::current_thread::CoreGuard>::block_on<core[df12db4294e9bfd3]::pin::Pin<&mut core[df12db4294e9bfd3]::pin::Pin<&mut dyn core[df12db4294e9bfd3]::future::future::Future<Output = ()>>>>::{closure#0}::{closure#0}>
[INFO] [stdout]   15:     0x6246158f3bac - <tokio[51bcdddfaf40bac1]::runtime::context::scoped::Scoped<tokio[51bcdddfaf40bac1]::runtime::scheduler::Context>>::set::<<tokio[51bcdddfaf40bac1]::runtime::scheduler::current_thread::CoreGuard>::enter<<tokio[51bcdddfaf40bac1]::runtime::scheduler::current_thread::CoreGuard>::block_on<core[df12db4294e9bfd3]::pin::Pin<&mut core[df12db4294e9bfd3]::pin::Pin<&mut dyn core[df12db4294e9bfd3]::future::future::Future<Output = ()>>>>::{closure#0}, core[df12db4294e9bfd3]::option::Option<()>>::{closure#0}, (alloc[2182bb758b4b3781]::boxed::Box<tokio[51bcdddfaf40bac1]::runtime::scheduler::current_thread::Core>, core[df12db4294e9bfd3]::option::Option<()>)>
[INFO] [stdout]   16:     0x624615901955 - <tokio[51bcdddfaf40bac1]::runtime::scheduler::current_thread::CoreGuard>::block_on::<core[df12db4294e9bfd3]::pin::Pin<&mut core[df12db4294e9bfd3]::pin::Pin<&mut dyn core[df12db4294e9bfd3]::future::future::Future<Output = ()>>>>
[INFO] [stdout]   17:     0x6246158eb4b3 - tokio[51bcdddfaf40bac1]::runtime::context::runtime::enter_runtime::<<tokio[51bcdddfaf40bac1]::runtime::scheduler::current_thread::CurrentThread>::block_on<core[df12db4294e9bfd3]::pin::Pin<&mut dyn core[df12db4294e9bfd3]::future::future::Future<Output = ()>>>::{closure#0}, ()>
[INFO] [stdout]   18:     0x6246158ec12b - <tokio[51bcdddfaf40bac1]::runtime::runtime::Runtime>::block_on::<core[df12db4294e9bfd3]::pin::Pin<&mut dyn core[df12db4294e9bfd3]::future::future::Future<Output = ()>>>
[INFO] [stdout]   19:     0x62461590b568 - hyper_socks2[46d63d02812e06f1]::tests::https_no_auth_swap
[INFO] [stdout]   20:     0x6246158e2d39 - <hyper_socks2[46d63d02812e06f1]::tests::https_no_auth_swap::{closure#0} as core[df12db4294e9bfd3]::ops::function::FnOnce<()>>::call_once
[INFO] [stdout]   21:     0x624615922efb - test[9d35eded1c95d3be]::__rust_begin_short_backtrace::<core[df12db4294e9bfd3]::result::Result<(), alloc[2182bb758b4b3781]::string::String>, fn() -> core[df12db4294e9bfd3]::result::Result<(), alloc[2182bb758b4b3781]::string::String>>
[INFO] [stdout]   22:     0x624615930565 - test[9d35eded1c95d3be]::run_test::{closure#0}
[INFO] [stdout]   23:     0x624615929e24 - std[70759c8f55707aa4]::sys::backtrace::__rust_begin_short_backtrace::<test[9d35eded1c95d3be]::run_test::{closure#1}, ()>
[INFO] [stdout]   24:     0x6246159336c2 - <std[70759c8f55707aa4]::thread::lifecycle::spawn_unchecked<test[9d35eded1c95d3be]::run_test::{closure#1}, ()>::{closure#1} as core[df12db4294e9bfd3]::ops::function::FnOnce<()>>::call_once::{shim:vtable#0}
[INFO] [stdout]   25:     0x6246159d87d9 - <std[70759c8f55707aa4]::sys::thread::unix::Thread>::new::thread_start
[INFO] [stdout]   26:     0x7affeffe1dfa - <unknown>
[INFO] [stdout]   27:     0x7afff00753d4 - clone
[INFO] [stdout]   28:                0x0 - <unknown>
[INFO] [stdout] note: panic did not contain expected string
[INFO] [stdout]       panic message: "called `Result::unwrap()` on an `Err` value: hyper_util::client::legacy::Error(Connect, Connector(ConnectError(\"tcp connect error\", 127.0.0.1:1080, Os { code: 111, kind: ConnectionRefused, message: \"Connection refused\" })))"
[INFO] [stdout]  expected substring: "IncompleteMessage"
[INFO] [stdout] ---- tests::https_no_auth stdout ----
[INFO] [stdout] 
[INFO] [stdout] thread 'tests::https_no_auth' (555) panicked at src/lib.rs:265:31:
[INFO] [stdout] called `Result::unwrap()` on an `Err` value: hyper_util::client::legacy::Error(Connect, Connector(ConnectError("tcp connect error", 127.0.0.1:1080, Os { code: 111, kind: ConnectionRefused, message: "Connection refused" })))
[INFO] [stdout] stack backtrace:
[INFO] [stdout]    0:     0x6246159d92b1 - <<std[70759c8f55707aa4]::sys::backtrace::BacktraceLock>::print::DisplayBacktrace as core[df12db4294e9bfd3]::fmt::Display>::fmt
[INFO] [stdout]    1:     0x6246159eea5a - core[df12db4294e9bfd3]::fmt::write
[INFO] [stdout]    2:     0x6246159ddbac - <alloc[2182bb758b4b3781]::vec::Vec<u8> as core[df12db4294e9bfd3]::io::write::Write>::write_fmt
[INFO] [stdout]    3:     0x6246159b46e6 - std[70759c8f55707aa4]::panicking::default_hook::{closure#0}
[INFO] [stdout]    4:     0x6246159d12d9 - std[70759c8f55707aa4]::panicking::default_hook
[INFO] [stdout]    5:     0x62461592fc10 - test[9d35eded1c95d3be]::test_main_inner::<test[9d35eded1c95d3be]::test_main_static::{closure#0}>::{closure#0}
[INFO] [stdout]    6:     0x6246159d1602 - std[70759c8f55707aa4]::panicking::panic_with_hook
[INFO] [stdout]    7:     0x6246159b4792 - std[70759c8f55707aa4]::panicking::panic_handler::{closure#0}
[INFO] [stdout]    8:     0x6246159ad469 - std[70759c8f55707aa4]::sys::backtrace::__rust_end_short_backtrace::<std[70759c8f55707aa4]::panicking::panic_handler::{closure#0}, !>
[INFO] [stdout]    9:     0x6246159b557d - __rustc[8fa7c3cbc660c2b3]::rust_begin_unwind
[INFO] [stdout]   10:     0x6246159ef1bc - core[df12db4294e9bfd3]::panicking::panic_fmt
[INFO] [stdout]   11:     0x6246159eef92 - core[df12db4294e9bfd3]::result::unwrap_failed
[INFO] [stdout]   12:     0x624615908d80 - <hyper_socks2[46d63d02812e06f1]::tests::Tester>::test::{closure#0}
[INFO] [stdout]   13:     0x624615909423 - hyper_socks2[46d63d02812e06f1]::tests::https_no_auth::{closure#0}
[INFO] [stdout]   14:     0x6246159016c3 - <tokio[51bcdddfaf40bac1]::runtime::scheduler::current_thread::Context>::enter::<core[df12db4294e9bfd3]::task::poll::Poll<()>, <tokio[51bcdddfaf40bac1]::runtime::scheduler::current_thread::CoreGuard>::block_on<core[df12db4294e9bfd3]::pin::Pin<&mut core[df12db4294e9bfd3]::pin::Pin<&mut dyn core[df12db4294e9bfd3]::future::future::Future<Output = ()>>>>::{closure#0}::{closure#0}>
[INFO] [stdout]   15:     0x6246158f3bac - <tokio[51bcdddfaf40bac1]::runtime::context::scoped::Scoped<tokio[51bcdddfaf40bac1]::runtime::scheduler::Context>>::set::<<tokio[51bcdddfaf40bac1]::runtime::scheduler::current_thread::CoreGuard>::enter<<tokio[51bcdddfaf40bac1]::runtime::scheduler::current_thread::CoreGuard>::block_on<core[df12db4294e9bfd3]::pin::Pin<&mut core[df12db4294e9bfd3]::pin::Pin<&mut dyn core[df12db4294e9bfd3]::future::future::Future<Output = ()>>>>::{closure#0}, core[df12db4294e9bfd3]::option::Option<()>>::{closure#0}, (alloc[2182bb758b4b3781]::boxed::Box<tokio[51bcdddfaf40bac1]::runtime::scheduler::current_thread::Core>, core[df12db4294e9bfd3]::option::Option<()>)>
[INFO] [stdout]   16:     0x624615901955 - <tokio[51bcdddfaf40bac1]::runtime::scheduler::current_thread::CoreGuard>::block_on::<core[df12db4294e9bfd3]::pin::Pin<&mut core[df12db4294e9bfd3]::pin::Pin<&mut dyn core[df12db4294e9bfd3]::future::future::Future<Output = ()>>>>
[INFO] [stdout]   17:     0x6246158eb4b3 - tokio[51bcdddfaf40bac1]::runtime::context::runtime::enter_runtime::<<tokio[51bcdddfaf40bac1]::runtime::scheduler::current_thread::CurrentThread>::block_on<core[df12db4294e9bfd3]::pin::Pin<&mut dyn core[df12db4294e9bfd3]::future::future::Future<Output = ()>>>::{closure#0}, ()>
[INFO] [stdout]   18:     0x6246158ec12b - <tokio[51bcdddfaf40bac1]::runtime::runtime::Runtime>::block_on::<core[df12db4294e9bfd3]::pin::Pin<&mut dyn core[df12db4294e9bfd3]::future::future::Future<Output = ()>>>
[INFO] [stdout]   19:     0x62461590b028 - hyper_socks2[46d63d02812e06f1]::tests::https_no_auth
[INFO] [stdout]   20:     0x6246158e2cb9 - <hyper_socks2[46d63d02812e06f1]::tests::https_no_auth::{closure#0} as core[df12db4294e9bfd3]::ops::function::FnOnce<()>>::call_once
[INFO] [stdout]   21:     0x624615922efb - test[9d35eded1c95d3be]::__rust_begin_short_backtrace::<core[df12db4294e9bfd3]::result::Result<(), alloc[2182bb758b4b3781]::string::String>, fn() -> core[df12db4294e9bfd3]::result::Result<(), alloc[2182bb758b4b3781]::string::String>>
[INFO] [stdout]   22:     0x624615930565 - test[9d35eded1c95d3be]::run_test::{closure#0}
[INFO] [stdout]   23:     0x624615929e24 - std[70759c8f55707aa4]::sys::backtrace::__rust_begin_short_backtrace::<test[9d35eded1c95d3be]::run_test::{closure#1}, ()>
[INFO] [stdout]   24:     0x6246159336c2 - <std[70759c8f55707aa4]::thread::lifecycle::spawn_unchecked<test[9d35eded1c95d3be]::run_test::{closure#1}, ()>::{closure#1} as core[df12db4294e9bfd3]::ops::function::FnOnce<()>>::call_once::{shim:vtable#0}
[INFO] [stdout]   25:     0x6246159d87d9 - <std[70759c8f55707aa4]::sys::thread::unix::Thread>::new::thread_start
[INFO] [stdout]   26:     0x7affeffe1dfa - <unknown>
[INFO] [stdout]   27:     0x7afff00753d4 - clone
[INFO] [stdout]   28:                0x0 - <unknown>
[INFO] [stdout] 
[INFO] [stdout] ---- tests::http_auth_swap stdout ----
[INFO] [stdout] 
[INFO] [stdout] thread 'tests::http_auth_swap' (550) panicked at src/lib.rs:265:31:
[INFO] [stdout] called `Result::unwrap()` on an `Err` value: hyper_util::client::legacy::Error(Connect, Connector(ConnectError("tcp connect error", 127.0.0.1:1080, Os { code: 111, kind: ConnectionRefused, message: "Connection refused" })))
[INFO] [stdout] stack backtrace:
[INFO] [stdout]    0:     0x6246159d92b1 - <<std[70759c8f55707aa4]::sys::backtrace::BacktraceLock>::print::DisplayBacktrace as core[df12db4294e9bfd3]::fmt::Display>::fmt
[INFO] [stdout]    1:     0x6246159eea5a - core[df12db4294e9bfd3]::fmt::write
[INFO] [stdout]    2:     0x6246159ddbac - <alloc[2182bb758b4b3781]::vec::Vec<u8> as core[df12db4294e9bfd3]::io::write::Write>::write_fmt
[INFO] [stdout]    3:     0x6246159b46e6 - std[70759c8f55707aa4]::panicking::default_hook::{closure#0}
[INFO] [stdout]    4:     0x6246159d12d9 - std[70759c8f55707aa4]::panicking::default_hook
[INFO] [stdout]    5:     0x62461592fc10 - test[9d35eded1c95d3be]::test_main_inner::<test[9d35eded1c95d3be]::test_main_static::{closure#0}>::{closure#0}
[INFO] [stdout]    6:     0x6246159d1602 - std[70759c8f55707aa4]::panicking::panic_with_hook
[INFO] [stdout]    7:     0x6246159b4792 - std[70759c8f55707aa4]::panicking::panic_handler::{closure#0}
[INFO] [stdout]    8:     0x6246159ad469 - std[70759c8f55707aa4]::sys::backtrace::__rust_end_short_backtrace::<std[70759c8f55707aa4]::panicking::panic_handler::{closure#0}, !>
[INFO] [stdout]    9:     0x6246159b557d - __rustc[8fa7c3cbc660c2b3]::rust_begin_unwind
[INFO] [stdout]   10:     0x6246159ef1bc - core[df12db4294e9bfd3]::panicking::panic_fmt
[INFO] [stdout]   11:     0x6246159eef92 - core[df12db4294e9bfd3]::result::unwrap_failed
[INFO] [stdout]   12:     0x624615908d80 - <hyper_socks2[46d63d02812e06f1]::tests::Tester>::test::{closure#0}
[INFO] [stdout]   13:     0x624615909550 - hyper_socks2[46d63d02812e06f1]::tests::http_auth_swap::{closure#0}
[INFO] [stdout]   14:     0x6246159016c3 - <tokio[51bcdddfaf40bac1]::runtime::scheduler::current_thread::Context>::enter::<core[df12db4294e9bfd3]::task::poll::Poll<()>, <tokio[51bcdddfaf40bac1]::runtime::scheduler::current_thread::CoreGuard>::block_on<core[df12db4294e9bfd3]::pin::Pin<&mut core[df12db4294e9bfd3]::pin::Pin<&mut dyn core[df12db4294e9bfd3]::future::future::Future<Output = ()>>>>::{closure#0}::{closure#0}>
[INFO] [stdout]   15:     0x6246158f3bac - <tokio[51bcdddfaf40bac1]::runtime::context::scoped::Scoped<tokio[51bcdddfaf40bac1]::runtime::scheduler::Context>>::set::<<tokio[51bcdddfaf40bac1]::runtime::scheduler::current_thread::CoreGuard>::enter<<tokio[51bcdddfaf40bac1]::runtime::scheduler::current_thread::CoreGuard>::block_on<core[df12db4294e9bfd3]::pin::Pin<&mut core[df12db4294e9bfd3]::pin::Pin<&mut dyn core[df12db4294e9bfd3]::future::future::Future<Output = ()>>>>::{closure#0}, core[df12db4294e9bfd3]::option::Option<()>>::{closure#0}, (alloc[2182bb758b4b3781]::boxed::Box<tokio[51bcdddfaf40bac1]::runtime::scheduler::current_thread::Core>, core[df12db4294e9bfd3]::option::Option<()>)>
[INFO] [stdout]   16:     0x624615901955 - <tokio[51bcdddfaf40bac1]::runtime::scheduler::current_thread::CoreGuard>::block_on::<core[df12db4294e9bfd3]::pin::Pin<&mut core[df12db4294e9bfd3]::pin::Pin<&mut dyn core[df12db4294e9bfd3]::future::future::Future<Output = ()>>>>
[INFO] [stdout]   17:     0x6246158eb4b3 - tokio[51bcdddfaf40bac1]::runtime::context::runtime::enter_runtime::<<tokio[51bcdddfaf40bac1]::runtime::scheduler::current_thread::CurrentThread>::block_on<core[df12db4294e9bfd3]::pin::Pin<&mut dyn core[df12db4294e9bfd3]::future::future::Future<Output = ()>>>::{closure#0}, ()>
[INFO] [stdout]   18:     0x6246158ec12b - <tokio[51bcdddfaf40bac1]::runtime::runtime::Runtime>::block_on::<core[df12db4294e9bfd3]::pin::Pin<&mut dyn core[df12db4294e9bfd3]::future::future::Future<Output = ()>>>
[INFO] [stdout]   19:     0x62461590b178 - hyper_socks2[46d63d02812e06f1]::tests::http_auth_swap
[INFO] [stdout]   20:     0x6246158e2cd9 - <hyper_socks2[46d63d02812e06f1]::tests::http_auth_swap::{closure#0} as core[df12db4294e9bfd3]::ops::function::FnOnce<()>>::call_once
[INFO] [stdout]   21:     0x624615922efb - test[9d35eded1c95d3be]::__rust_begin_short_backtrace::<core[df12db4294e9bfd3]::result::Result<(), alloc[2182bb758b4b3781]::string::String>, fn() -> core[df12db4294e9bfd3]::result::Result<(), alloc[2182bb758b4b3781]::string::String>>
[INFO] [stdout]   22:     0x624615930565 - test[9d35eded1c95d3be]::run_test::{closure#0}
[INFO] [stdout]   23:     0x624615929e24 - std[70759c8f55707aa4]::sys::backtrace::__rust_begin_short_backtrace::<test[9d35eded1c95d3be]::run_test::{closure#1}, ()>
[INFO] [stdout]   24:     0x6246159336c2 - <std[70759c8f55707aa4]::thread::lifecycle::spawn_unchecked<test[9d35eded1c95d3be]::run_test::{closure#1}, ()>::{closure#1} as core[df12db4294e9bfd3]::ops::function::FnOnce<()>>::call_once::{shim:vtable#0}
[INFO] [stdout]   25:     0x6246159d87d9 - <std[70759c8f55707aa4]::sys::thread::unix::Thread>::new::thread_start
[INFO] [stdout]   26:     0x7affeffe1dfa - <unknown>
[INFO] [stdout]   27:     0x7afff00753d4 - clone
[INFO] [stdout]   28:                0x0 - <unknown>
[INFO] [stdout] 
[INFO] [stdout] ---- tests::http_no_auth_swap stdout ----
[INFO] [stdout] 
[INFO] [stdout] thread 'tests::http_no_auth_swap' (552) panicked at src/lib.rs:265:31:
[INFO] [stdout] called `Result::unwrap()` on an `Err` value: hyper_util::client::legacy::Error(Connect, Connector(ConnectError("tcp connect error", 127.0.0.1:1080, Os { code: 111, kind: ConnectionRefused, message: "Connection refused" })))
[INFO] [stdout] stack backtrace:
[INFO] [stdout]    0:     0x6246159d92b1 - <<std[70759c8f55707aa4]::sys::backtrace::BacktraceLock>::print::DisplayBacktrace as core[df12db4294e9bfd3]::fmt::Display>::fmt
[INFO] [stdout]    1:     0x6246159eea5a - core[df12db4294e9bfd3]::fmt::write
[INFO] [stdout]    2:     0x6246159ddbac - <alloc[2182bb758b4b3781]::vec::Vec<u8> as core[df12db4294e9bfd3]::io::write::Write>::write_fmt
[INFO] [stdout]    3:     0x6246159b46e6 - std[70759c8f55707aa4]::panicking::default_hook::{closure#0}
[INFO] [stdout]    4:     0x6246159d12d9 - std[70759c8f55707aa4]::panicking::default_hook
[INFO] [stdout]    5:     0x62461592fc10 - test[9d35eded1c95d3be]::test_main_inner::<test[9d35eded1c95d3be]::test_main_static::{closure#0}>::{closure#0}
[INFO] [stdout]    6:     0x6246159d1602 - std[70759c8f55707aa4]::panicking::panic_with_hook
[INFO] [stdout]    7:     0x6246159b4792 - std[70759c8f55707aa4]::panicking::panic_handler::{closure#0}
[INFO] [stdout]    8:     0x6246159ad469 - std[70759c8f55707aa4]::sys::backtrace::__rust_end_short_backtrace::<std[70759c8f55707aa4]::panicking::panic_handler::{closure#0}, !>
[INFO] [stdout]    9:     0x6246159b557d - __rustc[8fa7c3cbc660c2b3]::rust_begin_unwind
[INFO] [stdout]   10:     0x6246159ef1bc - core[df12db4294e9bfd3]::panicking::panic_fmt
[INFO] [stdout]   11:     0x6246159eef92 - core[df12db4294e9bfd3]::result::unwrap_failed
[INFO] [stdout]   12:     0x624615908d80 - <hyper_socks2[46d63d02812e06f1]::tests::Tester>::test::{closure#0}
[INFO] [stdout]   13:     0x624615909773 - hyper_socks2[46d63d02812e06f1]::tests::http_no_auth_swap::{closure#0}
[INFO] [stdout]   14:     0x6246159016c3 - <tokio[51bcdddfaf40bac1]::runtime::scheduler::current_thread::Context>::enter::<core[df12db4294e9bfd3]::task::poll::Poll<()>, <tokio[51bcdddfaf40bac1]::runtime::scheduler::current_thread::CoreGuard>::block_on<core[df12db4294e9bfd3]::pin::Pin<&mut core[df12db4294e9bfd3]::pin::Pin<&mut dyn core[df12db4294e9bfd3]::future::future::Future<Output = ()>>>>::{closure#0}::{closure#0}>
[INFO] [stdout]   15:     0x6246158f3bac - <tokio[51bcdddfaf40bac1]::runtime::context::scoped::Scoped<tokio[51bcdddfaf40bac1]::runtime::scheduler::Context>>::set::<<tokio[51bcdddfaf40bac1]::runtime::scheduler::current_thread::CoreGuard>::enter<<tokio[51bcdddfaf40bac1]::runtime::scheduler::current_thread::CoreGuard>::block_on<core[df12db4294e9bfd3]::pin::Pin<&mut core[df12db4294e9bfd3]::pin::Pin<&mut dyn core[df12db4294e9bfd3]::future::future::Future<Output = ()>>>>::{closure#0}, core[df12db4294e9bfd3]::option::Option<()>>::{closure#0}, (alloc[2182bb758b4b3781]::boxed::Box<tokio[51bcdddfaf40bac1]::runtime::scheduler::current_thread::Core>, core[df12db4294e9bfd3]::option::Option<()>)>
[INFO] [stdout]   16:     0x624615901955 - <tokio[51bcdddfaf40bac1]::runtime::scheduler::current_thread::CoreGuard>::block_on::<core[df12db4294e9bfd3]::pin::Pin<&mut core[df12db4294e9bfd3]::pin::Pin<&mut dyn core[df12db4294e9bfd3]::future::future::Future<Output = ()>>>>
[INFO] [stdout]   17:     0x6246158eb4b3 - tokio[51bcdddfaf40bac1]::runtime::context::runtime::enter_runtime::<<tokio[51bcdddfaf40bac1]::runtime::scheduler::current_thread::CurrentThread>::block_on<core[df12db4294e9bfd3]::pin::Pin<&mut dyn core[df12db4294e9bfd3]::future::future::Future<Output = ()>>>::{closure#0}, ()>
[INFO] [stdout]   18:     0x6246158ec12b - <tokio[51bcdddfaf40bac1]::runtime::runtime::Runtime>::block_on::<core[df12db4294e9bfd3]::pin::Pin<&mut dyn core[df12db4294e9bfd3]::future::future::Future<Output = ()>>>
[INFO] [stdout]   19:     0x62461590b418 - hyper_socks2[46d63d02812e06f1]::tests::http_no_auth_swap
[INFO] [stdout]   20:     0x6246158e2d19 - <hyper_socks2[46d63d02812e06f1]::tests::http_no_auth_swap::{closure#0} as core[df12db4294e9bfd3]::ops::function::FnOnce<()>>::call_once
[INFO] [stdout]   21:     0x624615922efb - test[9d35eded1c95d3be]::__rust_begin_short_backtrace::<core[df12db4294e9bfd3]::result::Result<(), alloc[2182bb758b4b3781]::string::String>, fn() -> core[df12db4294e9bfd3]::result::Result<(), alloc[2182bb758b4b3781]::string::String>>
[INFO] [stdout]   22:     0x624615930565 - test[9d35eded1c95d3be]::run_test::{closure#0}
[INFO] [stdout]   23:     0x624615929e24 - std[70759c8f55707aa4]::sys::backtrace::__rust_begin_short_backtrace::<test[9d35eded1c95d3be]::run_test::{closure#1}, ()>
[INFO] [stdout]   24:     0x6246159336c2 - <std[70759c8f55707aa4]::thread::lifecycle::spawn_unchecked<test[9d35eded1c95d3be]::run_test::{closure#1}, ()>::{closure#1} as core[df12db4294e9bfd3]::ops::function::FnOnce<()>>::call_once::{shim:vtable#0}
[INFO] [stdout]   25:     0x6246159d87d9 - <std[70759c8f55707aa4]::sys::thread::unix::Thread>::new::thread_start
[INFO] [stdout]   26:     0x7affeffe1dfa - <unknown>
[INFO] [stdout]   27:     0x7afff00753d4 - clone
[INFO] [stdout]   28:                0x0 - <unknown>
[INFO] [stdout] 
[INFO] [stdout] ---- tests::https_auth stdout ----
[INFO] [stdout] 
[INFO] [stdout] thread 'tests::https_auth' (553) panicked at src/lib.rs:265:31:
[INFO] [stdout] called `Result::unwrap()` on an `Err` value: hyper_util::client::legacy::Error(Connect, Connector(ConnectError("tcp connect error", 127.0.0.1:1080, Os { code: 111, kind: ConnectionRefused, message: "Connection refused" })))
[INFO] [stdout] stack backtrace:
[INFO] [stdout]    0:     0x6246159d92b1 - <<std[70759c8f55707aa4]::sys::backtrace::BacktraceLock>::print::DisplayBacktrace as core[df12db4294e9bfd3]::fmt::Display>::fmt
[INFO] [stdout]    1:     0x6246159eea5a - core[df12db4294e9bfd3]::fmt::write
[INFO] [stdout]    2:     0x6246159ddbac - <alloc[2182bb758b4b3781]::vec::Vec<u8> as core[df12db4294e9bfd3]::io::write::Write>::write_fmt
[INFO] [stdout]    3:     0x6246159b46e6 - std[70759c8f55707aa4]::panicking::default_hook::{closure#0}
[INFO] [stdout]    4:     0x6246159d12d9 - std[70759c8f55707aa4]::panicking::default_hook
[INFO] [stdout]    5:     0x62461592fc10 - test[9d35eded1c95d3be]::test_main_inner::<test[9d35eded1c95d3be]::test_main_static::{closure#0}>::{closure#0}
[INFO] [stdout]    6:     0x6246159d1602 - std[70759c8f55707aa4]::panicking::panic_with_hook
[INFO] [stdout]    7:     0x6246159b4792 - std[70759c8f55707aa4]::panicking::panic_handler::{closure#0}
[INFO] [stdout]    8:     0x6246159ad469 - std[70759c8f55707aa4]::sys::backtrace::__rust_end_short_backtrace::<std[70759c8f55707aa4]::panicking::panic_handler::{closure#0}, !>
[INFO] [stdout]    9:     0x6246159b557d - __rustc[8fa7c3cbc660c2b3]::rust_begin_unwind
[INFO] [stdout]   10:     0x6246159ef1bc - core[df12db4294e9bfd3]::panicking::panic_fmt
[INFO] [stdout]   11:     0x6246159eef92 - core[df12db4294e9bfd3]::result::unwrap_failed
[INFO] [stdout]   12:     0x624615908d80 - <hyper_socks2[46d63d02812e06f1]::tests::Tester>::test::{closure#0}
[INFO] [stdout]   13:     0x624615909208 - hyper_socks2[46d63d02812e06f1]::tests::https_auth::{closure#0}
[INFO] [stdout]   14:     0x6246159016c3 - <tokio[51bcdddfaf40bac1]::runtime::scheduler::current_thread::Context>::enter::<core[df12db4294e9bfd3]::task::poll::Poll<()>, <tokio[51bcdddfaf40bac1]::runtime::scheduler::current_thread::CoreGuard>::block_on<core[df12db4294e9bfd3]::pin::Pin<&mut core[df12db4294e9bfd3]::pin::Pin<&mut dyn core[df12db4294e9bfd3]::future::future::Future<Output = ()>>>>::{closure#0}::{closure#0}>
[INFO] [stdout]   15:     0x6246158f3bac - <tokio[51bcdddfaf40bac1]::runtime::context::scoped::Scoped<tokio[51bcdddfaf40bac1]::runtime::scheduler::Context>>::set::<<tokio[51bcdddfaf40bac1]::runtime::scheduler::current_thread::CoreGuard>::enter<<tokio[51bcdddfaf40bac1]::runtime::scheduler::current_thread::CoreGuard>::block_on<core[df12db4294e9bfd3]::pin::Pin<&mut core[df12db4294e9bfd3]::pin::Pin<&mut dyn core[df12db4294e9bfd3]::future::future::Future<Output = ()>>>>::{closure#0}, core[df12db4294e9bfd3]::option::Option<()>>::{closure#0}, (alloc[2182bb758b4b3781]::boxed::Box<tokio[51bcdddfaf40bac1]::runtime::scheduler::current_thread::Core>, core[df12db4294e9bfd3]::option::Option<()>)>
[INFO] [stdout]   16:     0x624615901955 - <tokio[51bcdddfaf40bac1]::runtime::scheduler::current_thread::CoreGuard>::block_on::<core[df12db4294e9bfd3]::pin::Pin<&mut core[df12db4294e9bfd3]::pin::Pin<&mut dyn core[df12db4294e9bfd3]::future::future::Future<Output = ()>>>>
[INFO] [stdout]   17:     0x6246158eb4b3 - tokio[51bcdddfaf40bac1]::runtime::context::runtime::enter_runtime::<<tokio[51bcdddfaf40bac1]::runtime::scheduler::current_thread::CurrentThread>::block_on<core[df12db4294e9bfd3]::pin::Pin<&mut dyn core[df12db4294e9bfd3]::future::future::Future<Output = ()>>>::{closure#0}, ()>
[INFO] [stdout]   18:     0x6246158ec12b - <tokio[51bcdddfaf40bac1]::runtime::runtime::Runtime>::block_on::<core[df12db4294e9bfd3]::pin::Pin<&mut dyn core[df12db4294e9bfd3]::future::future::Future<Output = ()>>>
[INFO] [stdout]   19:     0x62461590ad88 - hyper_socks2[46d63d02812e06f1]::tests::https_auth
[INFO] [stdout]   20:     0x6246158e2c79 - <hyper_socks2[46d63d02812e06f1]::tests::https_auth::{closure#0} as core[df12db4294e9bfd3]::ops::function::FnOnce<()>>::call_once
[INFO] [stdout]   21:     0x624615922efb - test[9d35eded1c95d3be]::__rust_begin_short_backtrace::<core[df12db4294e9bfd3]::result::Result<(), alloc[2182bb758b4b3781]::string::String>, fn() -> core[df12db4294e9bfd3]::result::Result<(), alloc[2182bb758b4b3781]::string::String>>
[INFO] [stdout]   22:     0x624615930565 - test[9d35eded1c95d3be]::run_test::{closure#0}
[INFO] [stdout]   23:     0x624615929e24 - std[70759c8f55707aa4]::sys::backtrace::__rust_begin_short_backtrace::<test[9d35eded1c95d3be]::run_test::{closure#1}, ()>
[INFO] [stdout]   24:     0x6246159336c2 - <std[70759c8f55707aa4]::thread::lifecycle::spawn_unchecked<test[9d35eded1c95d3be]::run_test::{closure#1}, ()>::{closure#1} as core[df12db4294e9bfd3]::ops::function::FnOnce<()>>::call_once::{shim:vtable#0}
[INFO] [stdout]   25:     0x6246159d87d9 - <std[70759c8f55707aa4]::sys::thread::unix::Thread>::new::thread_start
[INFO] [stdout]   26:     0x7affeffe1dfa - <unknown>
[INFO] [stdout]   27:     0x7afff00753d4 - clone
[INFO] [stdout]   28:                0x0 - <unknown>
[INFO] [stdout] 
[INFO] [stdout] 
[INFO] [stdout] failures:
[INFO] [stdout]     tests::http_auth
[INFO] [stdout]     tests::http_auth_swap
[INFO] [stdout]     tests::http_no_auth
[INFO] [stdout]     tests::http_no_auth_swap
[INFO] [stdout]     tests::https_auth
[INFO] [stdout]     tests::https_auth_swap
[INFO] [stdout]     tests::https_no_auth
[INFO] [stdout]     tests::https_no_auth_swap
[INFO] [stdout] 
[INFO] [stdout] test result: FAILED. 0 passed; 8 failed; 0 ignored; 0 measured; 0 filtered out; finished in 0.07s
[INFO] [stdout] 
[INFO] [stderr] error: test failed, to rerun pass `--lib`
[INFO] running `Command { std: "docker" "inspect" "9d23d8f30a9c77e6e19491e469b735f17cfbd22bc3e6bc2794ce9bfd099880e8", kill_on_drop: false }`
[INFO] running `Command { std: "docker" "rm" "-f" "9d23d8f30a9c77e6e19491e469b735f17cfbd22bc3e6bc2794ce9bfd099880e8", kill_on_drop: false }`
[INFO] [stdout] 9d23d8f30a9c77e6e19491e469b735f17cfbd22bc3e6bc2794ce9bfd099880e8
