[INFO] fetching crate hyper-rustls-spider 0.27.5...
[INFO] testing hyper-rustls-spider-0.27.5 against 1.99.0-beta.8+cargoflags=--release for beta-release-1.100-2
[INFO] extracting crate hyper-rustls-spider 0.27.5 into /workspace/builds/worker-5-tc1/source
[INFO] started tweaking crates.io crate hyper-rustls-spider 0.27.5
[INFO] removed 0 missing examples
[INFO] removed 0 missing tests
[INFO] finished tweaking crates.io crate hyper-rustls-spider 0.27.5
[INFO] tweaked toml for crates.io crate hyper-rustls-spider 0.27.5 written to /workspace/builds/worker-5-tc1/source/Cargo.toml
[INFO] validating manifest of crates.io crate hyper-rustls-spider 0.27.5 on toolchain 1.99.0-beta.8
[INFO] running `Command { std: CARGO_HOME="/workspace/cargo-home" RUSTUP_HOME="/workspace/rustup-home" "/workspace/cargo-home/bin/cargo" "+1.99.0-beta.8" "metadata" "--manifest-path" "Cargo.toml" "--no-deps", kill_on_drop: false }`
[INFO] crate crates.io crate hyper-rustls-spider 0.27.5 already has a lockfile, it will not be regenerated
[INFO] running `Command { std: CARGO_HOME="/workspace/cargo-home" RUSTUP_HOME="/workspace/rustup-home" "/workspace/cargo-home/bin/cargo" "+1.99.0-beta.8" "fetch" "--manifest-path" "Cargo.toml", kill_on_drop: false }`
[INFO] [stderr]     Updating crates.io index
[INFO] [stderr]  Downloading crates ...
[INFO] [stderr]   Downloaded rustls-platform-verifier v0.5.1
[INFO] [stderr]   Downloaded hyper-util-spider v0.1.13
[INFO] [stderr]   Downloaded h2 v0.4.9
[INFO] [stderr]   Downloaded webpki-root-certs v0.26.8
[INFO] [stderr]   Downloaded hyper-spider v1.6.0
[INFO] running `Command { std: "docker" "create" "-v" "/var/lib/crater-agent-workspace/builds/worker-5-tc1/source:/opt/rustwide/workdir:ro,Z" "-v" "/var/lib/crater-agent-workspace/builds/worker-5-tc1/target:/opt/rustwide/target:rw,Z" "-v" "/var/lib/crater-agent-workspace/cargo-home:/opt/rustwide/cargo-home:ro,Z" "-v" "/var/lib/crater-agent-workspace/rustup-home:/opt/rustwide/rustup-home:ro,Z" "-m" "1610612736" "--network" "none" "ghcr.io/rust-lang/crates-build-env/linux@sha256:77db811e55d90add9212f6832c23229e3de5f1c1f9905e8cb07319ea15df73ac" "sleep" "infinity", kill_on_drop: false }`
[INFO] [stdout] ccc544fcab87a1ebd25c65c2649481db328babe5329ae8060bf236e8bf79be19
[INFO] running `Command { std: "docker" "start" "ccc544fcab87a1ebd25c65c2649481db328babe5329ae8060bf236e8bf79be19", kill_on_drop: false }`
[INFO] running `Command { std: "docker" "inspect" "ccc544fcab87a1ebd25c65c2649481db328babe5329ae8060bf236e8bf79be19", kill_on_drop: false }`
[INFO] running `Command { std: "docker" "exec" "-e" "SOURCE_DIR=/opt/rustwide/workdir" "-e" "CARGO_HOME=/opt/rustwide/cargo-home" "-e" "RUSTUP_HOME=/opt/rustwide/rustup-home" "-e" "CARGO_TARGET_DIR=/opt/rustwide/target" "-w" "/opt/rustwide/workdir" "--user" "0:0" "ccc544fcab87a1ebd25c65c2649481db328babe5329ae8060bf236e8bf79be19" "/opt/rustwide/cargo-home/bin/cargo" "+1.99.0-beta.8" "metadata" "--no-deps" "--format-version=1", kill_on_drop: false }`
[INFO] running `Command { std: "docker" "inspect" "ccc544fcab87a1ebd25c65c2649481db328babe5329ae8060bf236e8bf79be19", kill_on_drop: false }`
[INFO] running `Command { std: "docker" "exec" "-e" "SOURCE_DIR=/opt/rustwide/workdir" "-e" "CARGO_HOME=/opt/rustwide/cargo-home" "-e" "RUSTUP_HOME=/opt/rustwide/rustup-home" "-e" "CARGO_TARGET_DIR=/opt/rustwide/target" "-e" "CARGO_INCREMENTAL=0" "-e" "RUST_BACKTRACE=full" "-e" "RUSTFLAGS=--cap-lints=warn" "-e" "RUSTDOCFLAGS=--cap-lints=warn" "-w" "/opt/rustwide/workdir" "--user" "0:0" "ccc544fcab87a1ebd25c65c2649481db328babe5329ae8060bf236e8bf79be19" "/opt/rustwide/cargo-home/bin/cargo" "+1.99.0-beta.8" "build" "--frozen" "--message-format=json" "--release", kill_on_drop: false }`
[INFO] [stderr]    Compiling libc v0.2.172
[INFO] [stderr]    Compiling aws-lc-rs v1.13.0
[INFO] [stderr]    Compiling rustls-pki-types v1.11.0
[INFO] [stderr]    Compiling futures-task v0.3.31
[INFO] [stderr]    Compiling rustls v0.23.26
[INFO] [stderr]    Compiling futures-channel v0.3.31
[INFO] [stderr]    Compiling tokio v1.44.2
[INFO] [stderr]    Compiling futures-util v0.3.31
[INFO] [stderr]    Compiling rustls-native-certs v0.8.1
[INFO] [stderr]    Compiling jobserver v0.1.33
[INFO] [stderr]    Compiling cc v1.2.19
[INFO] [stderr]    Compiling cmake v0.1.54
[INFO] [stderr]    Compiling aws-lc-sys v0.28.0
[INFO] [stderr]    Compiling hyper-spider v1.6.0
[INFO] [stderr]    Compiling hyper-util-spider v0.1.13
[INFO] [stderr]    Compiling rustls-webpki v0.103.1
[INFO] [stderr]    Compiling tokio-rustls v0.26.2
[INFO] [stderr]    Compiling hyper-rustls-spider v0.27.5 (/opt/rustwide/workdir)
[INFO] [stderr]     Finished `release` profile [optimized] target(s) in 1m 17s
[INFO] running `Command { std: "docker" "inspect" "ccc544fcab87a1ebd25c65c2649481db328babe5329ae8060bf236e8bf79be19", kill_on_drop: false }`
[INFO] running `Command { std: "docker" "exec" "-e" "SOURCE_DIR=/opt/rustwide/workdir" "-e" "CARGO_HOME=/opt/rustwide/cargo-home" "-e" "RUSTUP_HOME=/opt/rustwide/rustup-home" "-e" "CARGO_TARGET_DIR=/opt/rustwide/target" "-e" "CARGO_INCREMENTAL=0" "-e" "RUST_BACKTRACE=full" "-e" "RUSTFLAGS=--cap-lints=warn" "-e" "RUSTDOCFLAGS=--cap-lints=warn" "-w" "/opt/rustwide/workdir" "--user" "0:0" "ccc544fcab87a1ebd25c65c2649481db328babe5329ae8060bf236e8bf79be19" "/opt/rustwide/cargo-home/bin/cargo" "+1.99.0-beta.8" "test" "--frozen" "--no-run" "--message-format=json" "--release", kill_on_drop: false }`
[INFO] [stderr]    Compiling syn v2.0.100
[INFO] [stderr]    Compiling hashbrown v0.15.2
[INFO] [stderr]    Compiling futures-channel v0.3.31
[INFO] [stderr]    Compiling futures-util v0.3.31
[INFO] [stderr]    Compiling rustls-pemfile v2.2.0
[INFO] [stderr]    Compiling indexmap v2.9.0
[INFO] [stderr]    Compiling tokio-macros v2.5.0
[INFO] [stderr]    Compiling tokio v1.44.2
[INFO] [stderr]    Compiling tokio-util v0.7.14
[INFO] [stderr]    Compiling tokio-rustls v0.26.2
[INFO] [stderr]    Compiling h2 v0.4.9
[INFO] [stderr]    Compiling hyper-spider v1.6.0
[INFO] [stderr]    Compiling hyper-util-spider v0.1.13
[INFO] [stderr]    Compiling hyper-rustls-spider v0.27.5 (/opt/rustwide/workdir)
[INFO] [stderr]     Finished `release` profile [optimized] target(s) in 40.89s
[INFO] running `Command { std: "docker" "inspect" "ccc544fcab87a1ebd25c65c2649481db328babe5329ae8060bf236e8bf79be19", kill_on_drop: false }`
[INFO] running `Command { std: "docker" "exec" "-e" "SOURCE_DIR=/opt/rustwide/workdir" "-e" "CARGO_HOME=/opt/rustwide/cargo-home" "-e" "RUSTUP_HOME=/opt/rustwide/rustup-home" "-e" "CARGO_TARGET_DIR=/opt/rustwide/target" "-e" "CARGO_INCREMENTAL=0" "-e" "RUST_BACKTRACE=full" "-e" "RUSTFLAGS=--cap-lints=warn" "-e" "RUSTDOCFLAGS=--cap-lints=warn" "-w" "/opt/rustwide/workdir" "--user" "0:0" "ccc544fcab87a1ebd25c65c2649481db328babe5329ae8060bf236e8bf79be19" "/opt/rustwide/cargo-home/bin/cargo" "+1.99.0-beta.8" "test" "--frozen" "--release", kill_on_drop: false }`
[INFO] [stderr]     Finished `release` profile [optimized] target(s) in 0.41s
[INFO] [stderr]      Running unittests src/lib.rs (/opt/rustwide/target/release/deps/hyper_rustls-cc2e3239c4966e69)
[INFO] [stdout] 
[INFO] [stdout] running 5 tests
[INFO] [stdout] test connector::builder::tests::test_reject_predefined_alpn - should panic ... ok
[INFO] [stdout] test connector::tests::enforces_https_only ... ok
[INFO] [stdout] test connector::tests::connects_https ... FAILED
[INFO] [stdout] test connector::tests::connects_http ... FAILED
[INFO] [stdout] test connector::tests::connects_https_only ... FAILED
[INFO] [stderr] error: test failed, to rerun pass `--lib`
[INFO] [stdout] 
[INFO] [stdout] failures:
[INFO] [stdout] 
[INFO] [stdout] ---- connector::tests::connects_https stdout ----
[INFO] [stdout] 
[INFO] [stdout] thread 'connector::tests::connects_https' (1946) panicked at src/connector.rs:227:14:
[INFO] [stdout] called `Result::unwrap()` on an `Err` value: ConnectError("dns error", Custom { kind: Uncategorized, error: "failed to lookup address information: Temporary failure in name resolution" })
[INFO] [stdout] stack backtrace:
[INFO] [stdout]    0:     0x624aa2aff521 - <<std[70759c8f55707aa4]::sys::backtrace::BacktraceLock>::print::DisplayBacktrace as core[df12db4294e9bfd3]::fmt::Display>::fmt
[INFO] [stdout]    1:     0x624aa2b14d5a - core[df12db4294e9bfd3]::fmt::write
[INFO] [stdout]    2:     0x624aa2b040ec - <alloc[2182bb758b4b3781]::vec::Vec<u8> as core[df12db4294e9bfd3]::io::write::Write>::write_fmt
[INFO] [stdout]    3:     0x624aa2ada7c6 - std[70759c8f55707aa4]::panicking::default_hook::{closure#0}
[INFO] [stdout]    4:     0x624aa2af7359 - std[70759c8f55707aa4]::panicking::default_hook
[INFO] [stdout]    5:     0x624aa27ff010 - test[9d35eded1c95d3be]::test_main_inner::<test[9d35eded1c95d3be]::test_main_static::{closure#0}>::{closure#0}
[INFO] [stdout]    6:     0x624aa2af7682 - std[70759c8f55707aa4]::panicking::panic_with_hook
[INFO] [stdout]    7:     0x624aa2ada872 - std[70759c8f55707aa4]::panicking::panic_handler::{closure#0}
[INFO] [stdout]    8:     0x624aa2ad34a9 - std[70759c8f55707aa4]::sys::backtrace::__rust_end_short_backtrace::<std[70759c8f55707aa4]::panicking::panic_handler::{closure#0}, !>
[INFO] [stdout]    9:     0x624aa2adb65d - __rustc[8fa7c3cbc660c2b3]::rust_begin_unwind
[INFO] [stdout]   10:     0x624aa2b154bc - core[df12db4294e9bfd3]::panicking::panic_fmt
[INFO] [stdout]   11:     0x624aa2b15292 - core[df12db4294e9bfd3]::result::unwrap_failed
[INFO] [stdout]   12:     0x624aa27efce7 - hyper_rustls[26d6af1cea040ef2]::connector::tests::connects_https::{closure#0}
[INFO] [stdout]   13:     0x624aa27e0003 - <tokio[8b2cbfdd9162b5a0]::runtime::scheduler::current_thread::Context>::enter::<core[df12db4294e9bfd3]::task::poll::Poll<()>, <tokio[8b2cbfdd9162b5a0]::runtime::scheduler::current_thread::CoreGuard>::block_on<core[df12db4294e9bfd3]::pin::Pin<&mut core[df12db4294e9bfd3]::pin::Pin<&mut dyn core[df12db4294e9bfd3]::future::future::Future<Output = ()>>>>::{closure#0}::{closure#0}>
[INFO] [stdout]   14:     0x624aa27da02f - <std[70759c8f55707aa4]::thread::local::LocalKey<tokio[8b2cbfdd9162b5a0]::runtime::context::Context>>::with::<tokio[8b2cbfdd9162b5a0]::runtime::context::set_scheduler<(alloc[2182bb758b4b3781]::boxed::Box<tokio[8b2cbfdd9162b5a0]::runtime::scheduler::current_thread::Core>, core[df12db4294e9bfd3]::option::Option<()>), <tokio[8b2cbfdd9162b5a0]::runtime::scheduler::current_thread::CoreGuard>::enter<<tokio[8b2cbfdd9162b5a0]::runtime::scheduler::current_thread::CoreGuard>::block_on<core[df12db4294e9bfd3]::pin::Pin<&mut core[df12db4294e9bfd3]::pin::Pin<&mut dyn core[df12db4294e9bfd3]::future::future::Future<Output = ()>>>>::{closure#0}, core[df12db4294e9bfd3]::option::Option<()>>::{closure#0}>::{closure#0}, (alloc[2182bb758b4b3781]::boxed::Box<tokio[8b2cbfdd9162b5a0]::runtime::scheduler::current_thread::Core>, core[df12db4294e9bfd3]::option::Option<()>)>
[INFO] [stdout]   15:     0x624aa27e0607 - <tokio[8b2cbfdd9162b5a0]::runtime::scheduler::current_thread::CoreGuard>::block_on::<core[df12db4294e9bfd3]::pin::Pin<&mut core[df12db4294e9bfd3]::pin::Pin<&mut dyn core[df12db4294e9bfd3]::future::future::Future<Output = ()>>>>
[INFO] [stdout]   16:     0x624aa27d9069 - tokio[8b2cbfdd9162b5a0]::runtime::context::runtime::enter_runtime::<<tokio[8b2cbfdd9162b5a0]::runtime::scheduler::current_thread::CurrentThread>::block_on<core[df12db4294e9bfd3]::pin::Pin<&mut dyn core[df12db4294e9bfd3]::future::future::Future<Output = ()>>>::{closure#0}, ()>
[INFO] [stdout]   17:     0x624aa27d784a - <tokio[8b2cbfdd9162b5a0]::runtime::runtime::Runtime>::block_on::<core[df12db4294e9bfd3]::pin::Pin<&mut dyn core[df12db4294e9bfd3]::future::future::Future<Output = ()>>>
[INFO] [stdout]   18:     0x624aa27f03ab - hyper_rustls[26d6af1cea040ef2]::connector::tests::connects_https
[INFO] [stdout]   19:     0x624aa27e56b9 - <hyper_rustls[26d6af1cea040ef2]::connector::tests::connects_https::{closure#0} as core[df12db4294e9bfd3]::ops::function::FnOnce<()>>::call_once
[INFO] [stdout]   20:     0x624aa27f22fb - test[9d35eded1c95d3be]::__rust_begin_short_backtrace::<core[df12db4294e9bfd3]::result::Result<(), alloc[2182bb758b4b3781]::string::String>, fn() -> core[df12db4294e9bfd3]::result::Result<(), alloc[2182bb758b4b3781]::string::String>>
[INFO] [stdout]   21:     0x624aa27ff965 - test[9d35eded1c95d3be]::run_test::{closure#0}
[INFO] [stdout]   22:     0x624aa27f9224 - std[70759c8f55707aa4]::sys::backtrace::__rust_begin_short_backtrace::<test[9d35eded1c95d3be]::run_test::{closure#1}, ()>
[INFO] [stdout]   23:     0x624aa2802ac2 - <std[70759c8f55707aa4]::thread::lifecycle::spawn_unchecked<test[9d35eded1c95d3be]::run_test::{closure#1}, ()>::{closure#1} as core[df12db4294e9bfd3]::ops::function::FnOnce<()>>::call_once::{shim:vtable#0}
[INFO] [stdout]   24:     0x624aa2afea49 - <std[70759c8f55707aa4]::sys::thread::unix::Thread>::new::thread_start
[INFO] [stdout]   25:     0x738a28460dfa - <unknown>
[INFO] [stdout]   26:     0x738a284f43d4 - clone
[INFO] [stdout]   27:                0x0 - <unknown>
[INFO] [stdout] 
[INFO] [stdout] ---- connector::tests::connects_http stdout ----
[INFO] [stdout] 
[INFO] [stdout] thread 'connector::tests::connects_http' (1945) panicked at src/connector.rs:234:14:
[INFO] [stdout] called `Result::unwrap()` on an `Err` value: ConnectError("dns error", Custom { kind: Uncategorized, error: "failed to lookup address information: Temporary failure in name resolution" })
[INFO] [stdout] stack backtrace:
[INFO] [stdout]    0:     0x624aa2aff521 - <<std[70759c8f55707aa4]::sys::backtrace::BacktraceLock>::print::DisplayBacktrace as core[df12db4294e9bfd3]::fmt::Display>::fmt
[INFO] [stdout]    1:     0x624aa2b14d5a - core[df12db4294e9bfd3]::fmt::write
[INFO] [stdout]    2:     0x624aa2b040ec - <alloc[2182bb758b4b3781]::vec::Vec<u8> as core[df12db4294e9bfd3]::io::write::Write>::write_fmt
[INFO] [stdout]    3:     0x624aa2ada7c6 - std[70759c8f55707aa4]::panicking::default_hook::{closure#0}
[INFO] [stdout]    4:     0x624aa2af7359 - std[70759c8f55707aa4]::panicking::default_hook
[INFO] [stdout]    5:     0x624aa27ff010 - test[9d35eded1c95d3be]::test_main_inner::<test[9d35eded1c95d3be]::test_main_static::{closure#0}>::{closure#0}
[INFO] [stdout]    6:     0x624aa2af7682 - std[70759c8f55707aa4]::panicking::panic_with_hook
[INFO] [stdout]    7:     0x624aa2ada872 - std[70759c8f55707aa4]::panicking::panic_handler::{closure#0}
[INFO] [stdout]    8:     0x624aa2ad34a9 - std[70759c8f55707aa4]::sys::backtrace::__rust_end_short_backtrace::<std[70759c8f55707aa4]::panicking::panic_handler::{closure#0}, !>
[INFO] [stdout]    9:     0x624aa2adb65d - __rustc[8fa7c3cbc660c2b3]::rust_begin_unwind
[INFO] [stdout]   10:     0x624aa2b154bc - core[df12db4294e9bfd3]::panicking::panic_fmt
[INFO] [stdout]   11:     0x624aa2b15292 - core[df12db4294e9bfd3]::result::unwrap_failed
[INFO] [stdout]   12:     0x624aa27efb77 - hyper_rustls[26d6af1cea040ef2]::connector::tests::connects_http::{closure#0}
[INFO] [stdout]   13:     0x624aa27e0003 - <tokio[8b2cbfdd9162b5a0]::runtime::scheduler::current_thread::Context>::enter::<core[df12db4294e9bfd3]::task::poll::Poll<()>, <tokio[8b2cbfdd9162b5a0]::runtime::scheduler::current_thread::CoreGuard>::block_on<core[df12db4294e9bfd3]::pin::Pin<&mut core[df12db4294e9bfd3]::pin::Pin<&mut dyn core[df12db4294e9bfd3]::future::future::Future<Output = ()>>>>::{closure#0}::{closure#0}>
[INFO] [stdout]   14:     0x624aa27da02f - <std[70759c8f55707aa4]::thread::local::LocalKey<tokio[8b2cbfdd9162b5a0]::runtime::context::Context>>::with::<tokio[8b2cbfdd9162b5a0]::runtime::context::set_scheduler<(alloc[2182bb758b4b3781]::boxed::Box<tokio[8b2cbfdd9162b5a0]::runtime::scheduler::current_thread::Core>, core[df12db4294e9bfd3]::option::Option<()>), <tokio[8b2cbfdd9162b5a0]::runtime::scheduler::current_thread::CoreGuard>::enter<<tokio[8b2cbfdd9162b5a0]::runtime::scheduler::current_thread::CoreGuard>::block_on<core[df12db4294e9bfd3]::pin::Pin<&mut core[df12db4294e9bfd3]::pin::Pin<&mut dyn core[df12db4294e9bfd3]::future::future::Future<Output = ()>>>>::{closure#0}, core[df12db4294e9bfd3]::option::Option<()>>::{closure#0}>::{closure#0}, (alloc[2182bb758b4b3781]::boxed::Box<tokio[8b2cbfdd9162b5a0]::runtime::scheduler::current_thread::Core>, core[df12db4294e9bfd3]::option::Option<()>)>
[INFO] [stdout]   15:     0x624aa27e0607 - <tokio[8b2cbfdd9162b5a0]::runtime::scheduler::current_thread::CoreGuard>::block_on::<core[df12db4294e9bfd3]::pin::Pin<&mut core[df12db4294e9bfd3]::pin::Pin<&mut dyn core[df12db4294e9bfd3]::future::future::Future<Output = ()>>>>
[INFO] [stdout]   16:     0x624aa27d9069 - tokio[8b2cbfdd9162b5a0]::runtime::context::runtime::enter_runtime::<<tokio[8b2cbfdd9162b5a0]::runtime::scheduler::current_thread::CurrentThread>::block_on<core[df12db4294e9bfd3]::pin::Pin<&mut dyn core[df12db4294e9bfd3]::future::future::Future<Output = ()>>>::{closure#0}, ()>
[INFO] [stdout]   17:     0x624aa27d784a - <tokio[8b2cbfdd9162b5a0]::runtime::runtime::Runtime>::block_on::<core[df12db4294e9bfd3]::pin::Pin<&mut dyn core[df12db4294e9bfd3]::future::future::Future<Output = ()>>>
[INFO] [stdout]   18:     0x624aa27f024b - hyper_rustls[26d6af1cea040ef2]::connector::tests::connects_http
[INFO] [stdout]   19:     0x624aa27e5699 - <hyper_rustls[26d6af1cea040ef2]::connector::tests::connects_http::{closure#0} as core[df12db4294e9bfd3]::ops::function::FnOnce<()>>::call_once
[INFO] [stdout]   20:     0x624aa27f22fb - test[9d35eded1c95d3be]::__rust_begin_short_backtrace::<core[df12db4294e9bfd3]::result::Result<(), alloc[2182bb758b4b3781]::string::String>, fn() -> core[df12db4294e9bfd3]::result::Result<(), alloc[2182bb758b4b3781]::string::String>>
[INFO] [stdout]   21:     0x624aa27ff965 - test[9d35eded1c95d3be]::run_test::{closure#0}
[INFO] [stdout]   22:     0x624aa27f9224 - std[70759c8f55707aa4]::sys::backtrace::__rust_begin_short_backtrace::<test[9d35eded1c95d3be]::run_test::{closure#1}, ()>
[INFO] [stdout]   23:     0x624aa2802ac2 - <std[70759c8f55707aa4]::thread::lifecycle::spawn_unchecked<test[9d35eded1c95d3be]::run_test::{closure#1}, ()>::{closure#1} as core[df12db4294e9bfd3]::ops::function::FnOnce<()>>::call_once::{shim:vtable#0}
[INFO] [stdout]   24:     0x624aa2afea49 - <std[70759c8f55707aa4]::sys::thread::unix::Thread>::new::thread_start
[INFO] [stdout]   25:     0x738a28460dfa - <unknown>
[INFO] [stdout]   26:     0x738a284f43d4 - clone
[INFO] [stdout]   27:                0x0 - <unknown>
[INFO] [stdout] 
[INFO] [stdout] ---- connector::tests::connects_https_only stdout ----
[INFO] [stdout] 
[INFO] [stdout] thread 'connector::tests::connects_https_only' (1947) panicked at src/connector.rs:241:14:
[INFO] [stdout] called `Result::unwrap()` on an `Err` value: ConnectError("dns error", Custom { kind: Uncategorized, error: "failed to lookup address information: Temporary failure in name resolution" })
[INFO] [stdout] stack backtrace:
[INFO] [stdout]    0:     0x624aa2aff521 - <<std[70759c8f55707aa4]::sys::backtrace::BacktraceLock>::print::DisplayBacktrace as core[df12db4294e9bfd3]::fmt::Display>::fmt
[INFO] [stdout]    1:     0x624aa2b14d5a - core[df12db4294e9bfd3]::fmt::write
[INFO] [stdout]    2:     0x624aa2b040ec - <alloc[2182bb758b4b3781]::vec::Vec<u8> as core[df12db4294e9bfd3]::io::write::Write>::write_fmt
[INFO] [stdout]    3:     0x624aa2ada7c6 - std[70759c8f55707aa4]::panicking::default_hook::{closure#0}
[INFO] [stdout]    4:     0x624aa2af7359 - std[70759c8f55707aa4]::panicking::default_hook
[INFO] [stdout]    5:     0x624aa27ff010 - test[9d35eded1c95d3be]::test_main_inner::<test[9d35eded1c95d3be]::test_main_static::{closure#0}>::{closure#0}
[INFO] [stdout]    6:     0x624aa2af7682 - std[70759c8f55707aa4]::panicking::panic_with_hook
[INFO] [stdout]    7:     0x624aa2ada872 - std[70759c8f55707aa4]::panicking::panic_handler::{closure#0}
[INFO] [stdout]    8:     0x624aa2ad34a9 - std[70759c8f55707aa4]::sys::backtrace::__rust_end_short_backtrace::<std[70759c8f55707aa4]::panicking::panic_handler::{closure#0}, !>
[INFO] [stdout]    9:     0x624aa2adb65d - __rustc[8fa7c3cbc660c2b3]::rust_begin_unwind
[INFO] [stdout]   10:     0x624aa2b154bc - core[df12db4294e9bfd3]::panicking::panic_fmt
[INFO] [stdout]   11:     0x624aa2b15292 - core[df12db4294e9bfd3]::result::unwrap_failed
[INFO] [stdout]   12:     0x624aa27efe57 - hyper_rustls[26d6af1cea040ef2]::connector::tests::connects_https_only::{closure#0}
[INFO] [stdout]   13:     0x624aa27e0003 - <tokio[8b2cbfdd9162b5a0]::runtime::scheduler::current_thread::Context>::enter::<core[df12db4294e9bfd3]::task::poll::Poll<()>, <tokio[8b2cbfdd9162b5a0]::runtime::scheduler::current_thread::CoreGuard>::block_on<core[df12db4294e9bfd3]::pin::Pin<&mut core[df12db4294e9bfd3]::pin::Pin<&mut dyn core[df12db4294e9bfd3]::future::future::Future<Output = ()>>>>::{closure#0}::{closure#0}>
[INFO] [stdout]   14:     0x624aa27da02f - <std[70759c8f55707aa4]::thread::local::LocalKey<tokio[8b2cbfdd9162b5a0]::runtime::context::Context>>::with::<tokio[8b2cbfdd9162b5a0]::runtime::context::set_scheduler<(alloc[2182bb758b4b3781]::boxed::Box<tokio[8b2cbfdd9162b5a0]::runtime::scheduler::current_thread::Core>, core[df12db4294e9bfd3]::option::Option<()>), <tokio[8b2cbfdd9162b5a0]::runtime::scheduler::current_thread::CoreGuard>::enter<<tokio[8b2cbfdd9162b5a0]::runtime::scheduler::current_thread::CoreGuard>::block_on<core[df12db4294e9bfd3]::pin::Pin<&mut core[df12db4294e9bfd3]::pin::Pin<&mut dyn core[df12db4294e9bfd3]::future::future::Future<Output = ()>>>>::{closure#0}, core[df12db4294e9bfd3]::option::Option<()>>::{closure#0}>::{closure#0}, (alloc[2182bb758b4b3781]::boxed::Box<tokio[8b2cbfdd9162b5a0]::runtime::scheduler::current_thread::Core>, core[df12db4294e9bfd3]::option::Option<()>)>
[INFO] [stdout]   15:     0x624aa27e0607 - <tokio[8b2cbfdd9162b5a0]::runtime::scheduler::current_thread::CoreGuard>::block_on::<core[df12db4294e9bfd3]::pin::Pin<&mut core[df12db4294e9bfd3]::pin::Pin<&mut dyn core[df12db4294e9bfd3]::future::future::Future<Output = ()>>>>
[INFO] [stdout]   16:     0x624aa27d9069 - tokio[8b2cbfdd9162b5a0]::runtime::context::runtime::enter_runtime::<<tokio[8b2cbfdd9162b5a0]::runtime::scheduler::current_thread::CurrentThread>::block_on<core[df12db4294e9bfd3]::pin::Pin<&mut dyn core[df12db4294e9bfd3]::future::future::Future<Output = ()>>>::{closure#0}, ()>
[INFO] [stdout]   17:     0x624aa27d784a - <tokio[8b2cbfdd9162b5a0]::runtime::runtime::Runtime>::block_on::<core[df12db4294e9bfd3]::pin::Pin<&mut dyn core[df12db4294e9bfd3]::future::future::Future<Output = ()>>>
[INFO] [stdout]   18:     0x624aa27f050b - hyper_rustls[26d6af1cea040ef2]::connector::tests::connects_https_only
[INFO] [stdout]   19:     0x624aa27e56d9 - <hyper_rustls[26d6af1cea040ef2]::connector::tests::connects_https_only::{closure#0} as core[df12db4294e9bfd3]::ops::function::FnOnce<()>>::call_once
[INFO] [stdout]   20:     0x624aa27f22fb - test[9d35eded1c95d3be]::__rust_begin_short_backtrace::<core[df12db4294e9bfd3]::result::Result<(), alloc[2182bb758b4b3781]::string::String>, fn() -> core[df12db4294e9bfd3]::result::Result<(), alloc[2182bb758b4b3781]::string::String>>
[INFO] [stdout]   21:     0x624aa27ff965 - test[9d35eded1c95d3be]::run_test::{closure#0}
[INFO] [stdout]   22:     0x624aa27f9224 - std[70759c8f55707aa4]::sys::backtrace::__rust_begin_short_backtrace::<test[9d35eded1c95d3be]::run_test::{closure#1}, ()>
[INFO] [stdout]   23:     0x624aa2802ac2 - <std[70759c8f55707aa4]::thread::lifecycle::spawn_unchecked<test[9d35eded1c95d3be]::run_test::{closure#1}, ()>::{closure#1} as core[df12db4294e9bfd3]::ops::function::FnOnce<()>>::call_once::{shim:vtable#0}
[INFO] [stdout]   24:     0x624aa2afea49 - <std[70759c8f55707aa4]::sys::thread::unix::Thread>::new::thread_start
[INFO] [stdout]   25:     0x738a28460dfa - <unknown>
[INFO] [stdout]   26:     0x738a284f43d4 - clone
[INFO] [stdout]   27:                0x0 - <unknown>
[INFO] [stdout] 
[INFO] [stdout] 
[INFO] [stdout] failures:
[INFO] [stdout]     connector::tests::connects_http
[INFO] [stdout]     connector::tests::connects_https
[INFO] [stdout]     connector::tests::connects_https_only
[INFO] [stdout] 
[INFO] [stdout] test result: FAILED. 2 passed; 3 failed; 0 ignored; 0 measured; 0 filtered out; finished in 0.10s
[INFO] [stdout] 
[INFO] running `Command { std: "docker" "inspect" "ccc544fcab87a1ebd25c65c2649481db328babe5329ae8060bf236e8bf79be19", kill_on_drop: false }`
[INFO] running `Command { std: "docker" "rm" "-f" "ccc544fcab87a1ebd25c65c2649481db328babe5329ae8060bf236e8bf79be19", kill_on_drop: false }`
[INFO] [stdout] ccc544fcab87a1ebd25c65c2649481db328babe5329ae8060bf236e8bf79be19
