[INFO] fetching crate hydracache-db 0.73.0...
[INFO] testing hydracache-db-0.73.0 against 1.99.0-beta.8+cargoflags=--release for beta-release-1.100-2
[INFO] extracting crate hydracache-db 0.73.0 into /workspace/builds/worker-0-tc1/source
[INFO] started tweaking crates.io crate hydracache-db 0.73.0
[INFO] removed 0 missing tests
[INFO] finished tweaking crates.io crate hydracache-db 0.73.0
[INFO] tweaked toml for crates.io crate hydracache-db 0.73.0 written to /workspace/builds/worker-0-tc1/source/Cargo.toml
[INFO] validating manifest of crates.io crate hydracache-db 0.73.0 on toolchain 1.99.0-beta.8
[INFO] running `Command { std: CARGO_HOME="/workspace/cargo-home" RUSTUP_HOME="/workspace/rustup-home" "/workspace/cargo-home/bin/cargo" "+1.99.0-beta.8" "metadata" "--manifest-path" "Cargo.toml" "--no-deps", kill_on_drop: false }`
[INFO] crate crates.io crate hydracache-db 0.73.0 already has a lockfile, it will not be regenerated
[INFO] running `Command { std: CARGO_HOME="/workspace/cargo-home" RUSTUP_HOME="/workspace/rustup-home" "/workspace/cargo-home/bin/cargo" "+1.99.0-beta.8" "fetch" "--manifest-path" "Cargo.toml", kill_on_drop: false }`
[INFO] [stderr]  Downloading crates ...
[INFO] [stderr]   Downloaded trybuild v1.0.117
[INFO] [stderr]   Downloaded redox_syscall v0.9.0
[INFO] running `Command { std: "docker" "create" "-v" "/var/lib/crater-agent-workspace/builds/worker-0-tc1/source:/opt/rustwide/workdir:ro,Z" "-v" "/var/lib/crater-agent-workspace/builds/worker-0-tc1/target:/opt/rustwide/target:rw,Z" "-v" "/var/lib/crater-agent-workspace/cargo-home:/opt/rustwide/cargo-home:ro,Z" "-v" "/var/lib/crater-agent-workspace/rustup-home:/opt/rustwide/rustup-home:ro,Z" "-m" "1610612736" "--network" "none" "ghcr.io/rust-lang/crates-build-env/linux@sha256:77db811e55d90add9212f6832c23229e3de5f1c1f9905e8cb07319ea15df73ac" "sleep" "infinity", kill_on_drop: false }`
[INFO] [stdout] 31264abc4ba4aa56506ba863251d80854d3edc23d42adbc6e232e00608a47e4f
[INFO] running `Command { std: "docker" "start" "31264abc4ba4aa56506ba863251d80854d3edc23d42adbc6e232e00608a47e4f", kill_on_drop: false }`
[INFO] running `Command { std: "docker" "inspect" "31264abc4ba4aa56506ba863251d80854d3edc23d42adbc6e232e00608a47e4f", kill_on_drop: false }`
[INFO] running `Command { std: "docker" "exec" "-e" "SOURCE_DIR=/opt/rustwide/workdir" "-e" "CARGO_HOME=/opt/rustwide/cargo-home" "-e" "RUSTUP_HOME=/opt/rustwide/rustup-home" "-e" "CARGO_TARGET_DIR=/opt/rustwide/target" "-w" "/opt/rustwide/workdir" "--user" "0:0" "31264abc4ba4aa56506ba863251d80854d3edc23d42adbc6e232e00608a47e4f" "/opt/rustwide/cargo-home/bin/cargo" "+1.99.0-beta.8" "metadata" "--no-deps" "--format-version=1", kill_on_drop: false }`
[INFO] running `Command { std: "docker" "inspect" "31264abc4ba4aa56506ba863251d80854d3edc23d42adbc6e232e00608a47e4f", kill_on_drop: false }`
[INFO] running `Command { std: "docker" "exec" "-e" "SOURCE_DIR=/opt/rustwide/workdir" "-e" "CARGO_HOME=/opt/rustwide/cargo-home" "-e" "RUSTUP_HOME=/opt/rustwide/rustup-home" "-e" "CARGO_TARGET_DIR=/opt/rustwide/target" "-e" "CARGO_INCREMENTAL=0" "-e" "RUST_BACKTRACE=full" "-e" "RUSTFLAGS=--cap-lints=warn" "-e" "RUSTDOCFLAGS=--cap-lints=warn" "-w" "/opt/rustwide/workdir" "--user" "0:0" "31264abc4ba4aa56506ba863251d80854d3edc23d42adbc6e232e00608a47e4f" "/opt/rustwide/cargo-home/bin/cargo" "+1.99.0-beta.8" "build" "--frozen" "--message-format=json" "--release", kill_on_drop: false }`
[INFO] [stderr]    Compiling hash32 v0.2.1
[INFO] [stderr]    Compiling smallvec v1.15.2
[INFO] [stderr]    Compiling futures-core v0.3.32
[INFO] [stderr]    Compiling syn v2.0.118
[INFO] [stderr]    Compiling concurrent-queue v2.5.0
[INFO] [stderr]    Compiling crossbeam-channel v0.5.15
[INFO] [stderr]    Compiling crossbeam-epoch v0.9.20
[INFO] [stderr]    Compiling uuid v1.23.4
[INFO] [stderr]    Compiling crossbeam-queue v0.3.12
[INFO] [stderr]    Compiling digest v0.11.3
[INFO] [stderr]    Compiling event-listener v5.4.1
[INFO] [stderr]    Compiling sha2 v0.11.0
[INFO] [stderr]    Compiling parking_lot_core v0.9.12
[INFO] [stderr]    Compiling event-listener-strategy v0.5.4
[INFO] [stderr]    Compiling async-lock v3.4.2
[INFO] [stderr]    Compiling parking_lot v0.12.5
[INFO] [stderr]    Compiling serde_derive v1.0.228
[INFO] [stderr]    Compiling thiserror-impl v2.0.18
[INFO] [stderr]    Compiling futures-macro v0.3.32
[INFO] [stderr]    Compiling async-trait v0.1.89
[INFO] [stderr]    Compiling tokio-macros v2.7.0
[INFO] [stderr]    Compiling hydracache-macros v0.73.0
[INFO] [stderr]    Compiling tokio v1.52.3
[INFO] [stderr]    Compiling futures-util v0.3.32
[INFO] [stderr]    Compiling thiserror v2.0.18
[INFO] [stderr]    Compiling cobs v0.3.0
[INFO] [stderr]    Compiling serde v1.0.228
[INFO] [stderr]    Compiling hydra-moka v0.12.15-hydra.1
[INFO] [stderr]    Compiling heapless v0.7.17
[INFO] [stderr]    Compiling postcard v1.1.3
[INFO] [stderr]    Compiling hydracache-core v0.73.0
[INFO] [stderr]    Compiling hydracache v0.73.0
[INFO] [stderr]    Compiling hydracache-db v0.73.0 (/opt/rustwide/workdir)
[INFO] [stderr]     Finished `release` profile [optimized] target(s) in 55.73s
[INFO] running `Command { std: "docker" "inspect" "31264abc4ba4aa56506ba863251d80854d3edc23d42adbc6e232e00608a47e4f", kill_on_drop: false }`
[INFO] running `Command { std: "docker" "exec" "-e" "SOURCE_DIR=/opt/rustwide/workdir" "-e" "CARGO_HOME=/opt/rustwide/cargo-home" "-e" "RUSTUP_HOME=/opt/rustwide/rustup-home" "-e" "CARGO_TARGET_DIR=/opt/rustwide/target" "-e" "CARGO_INCREMENTAL=0" "-e" "RUST_BACKTRACE=full" "-e" "RUSTFLAGS=--cap-lints=warn" "-e" "RUSTDOCFLAGS=--cap-lints=warn" "-w" "/opt/rustwide/workdir" "--user" "0:0" "31264abc4ba4aa56506ba863251d80854d3edc23d42adbc6e232e00608a47e4f" "/opt/rustwide/cargo-home/bin/cargo" "+1.99.0-beta.8" "test" "--frozen" "--no-run" "--message-format=json" "--release", kill_on_drop: false }`
[INFO] [stderr]    Compiling zerocopy v0.8.52
[INFO] [stderr]    Compiling zerocopy-derive v0.8.52
[INFO] [stderr]    Compiling cc v1.2.65
[INFO] [stderr]    Compiling serde_json v1.0.150
[INFO] [stderr]    Compiling crossbeam-deque v0.8.6
[INFO] [stderr]    Compiling target-triple v1.0.0
[INFO] [stderr]    Compiling winnow v1.0.3
[INFO] [stderr]    Compiling clap_builder v4.6.0
[INFO] [stderr]    Compiling tempfile v3.27.0
[INFO] [stderr]    Compiling regex-automata v0.4.14
[INFO] [stderr]    Compiling serde_spanned v1.1.1
[INFO] [stderr]    Compiling toml_datetime v1.1.1+spec-1.1.0
[INFO] [stderr]    Compiling wait-timeout v0.2.1
[INFO] [stderr]    Compiling toml_writer v1.1.1+spec-1.1.0
[INFO] [stderr]    Compiling criterion-plot v0.8.2
[INFO] [stderr]    Compiling plotters v0.3.7
[INFO] [stderr]    Compiling rand v0.9.4
[INFO] [stderr]    Compiling rand_xorshift v0.4.0
[INFO] [stderr]    Compiling page_size v0.6.0
[INFO] [stderr]    Compiling rayon-core v1.13.0
[INFO] [stderr]    Compiling rusty-fork v0.3.1
[INFO] [stderr]    Compiling toml_parser v1.1.2+spec-1.1.0
[INFO] [stderr]    Compiling rayon v1.12.0
[INFO] [stderr]    Compiling toml v1.1.2+spec-1.1.0
[INFO] [stderr]    Compiling tinytemplate v1.2.1
[INFO] [stderr]    Compiling alloca v0.4.0
[INFO] [stderr]    Compiling trybuild v1.0.117
[INFO] [stderr]    Compiling regex v1.12.4
[INFO] [stderr]    Compiling clap v4.6.1
[INFO] [stderr]    Compiling half v2.7.1
[INFO] [stderr]    Compiling ppv-lite86 v0.2.21
[INFO] [stderr]    Compiling ciborium-ll v0.2.2
[INFO] [stderr]    Compiling rand_chacha v0.9.0
[INFO] [stderr]    Compiling ciborium v0.2.2
[INFO] [stderr]    Compiling proptest v1.11.0
[INFO] [stderr]    Compiling criterion v0.8.2
[INFO] [stderr]    Compiling hydracache-db v0.73.0 (/opt/rustwide/workdir)
[INFO] [stderr]     Finished `release` profile [optimized] target(s) in 2m 36s
[INFO] running `Command { std: "docker" "inspect" "31264abc4ba4aa56506ba863251d80854d3edc23d42adbc6e232e00608a47e4f", kill_on_drop: false }`
[INFO] running `Command { std: "docker" "exec" "-e" "SOURCE_DIR=/opt/rustwide/workdir" "-e" "CARGO_HOME=/opt/rustwide/cargo-home" "-e" "RUSTUP_HOME=/opt/rustwide/rustup-home" "-e" "CARGO_TARGET_DIR=/opt/rustwide/target" "-e" "CARGO_INCREMENTAL=0" "-e" "RUST_BACKTRACE=full" "-e" "RUSTFLAGS=--cap-lints=warn" "-e" "RUSTDOCFLAGS=--cap-lints=warn" "-w" "/opt/rustwide/workdir" "--user" "0:0" "31264abc4ba4aa56506ba863251d80854d3edc23d42adbc6e232e00608a47e4f" "/opt/rustwide/cargo-home/bin/cargo" "+1.99.0-beta.8" "test" "--frozen" "--release", kill_on_drop: false }`
[INFO] [stderr]     Finished `release` profile [optimized] target(s) in 0.26s
[INFO] [stderr]      Running unittests src/lib.rs (/opt/rustwide/target/release/deps/hydracache_db-c1d96746c2e00481)
[INFO] [stdout] 
[INFO] [stdout] running 74 tests
[INFO] [stdout] test outbox::tests::intent_target_hash_distinguishes_kind_and_length_prefixed_parts ... ok
[INFO] [stdout] test lint::tests::table_metadata_normalizes_names ... ok
[INFO] [stdout] test outbox::tests::commit_position_wraps_database_identity ... ok
[INFO] [stdout] test hooks::tests::schema_version_names_table_and_dialect ... ok
[INFO] [stdout] test prepared::tests::prepared_cache_entity_composes_with_presets ... ok
[INFO] [stdout] test prepared::tests::prepared_cache_entity_policy_reuses_entity_metadata ... ok
[INFO] [stdout] test prepared::tests::prepared_entity_policy_precomputes_prefix_and_binds_id ... ok
[INFO] [stdout] test prepared::tests::prepared_presets_compose_with_bound_entity_metadata ... ok
[INFO] [stdout] test outbox::tests::in_memory_outbox_enqueue_is_idempotent_for_same_commit_and_target ... ok
[INFO] [stdout] test prepared::tests::prepared_presets_encode_common_ttl_intent ... ok
[INFO] [stdout] test prepared::tests::prepared_static_policy_builds_reusable_runtime_policy ... ok
[INFO] [stdout] test reconcile::tests::reconcile_report_status_collects_mandatory_reasons ... ok
[INFO] [stdout] test outbox::tests::intent_batch_preserves_reason_and_order ... ok
[INFO] [stdout] test outbox::tests::intent_target_hash_is_stable ... ok
[INFO] [stdout] test reconcile::tests::reconcile_report_status_is_clean_for_matching_signals ... ok
[INFO] [stdout] test outbox::tests::intent_to_cache_invalidation_maps_each_kind ... ok
[INFO] [stdout] test tests::adapter_error_display_contains_operation_context ... ok
[INFO] [stdout] test tests::cache_entity_helper_caches_and_invalidates_by_collection_tag ... ok
[INFO] [stdout] test tests::cache_entity_trait_generates_default_metadata ... ok
[INFO] [stdout] test tests::cache_entity_without_collection_only_adds_entity_tag ... ok
[INFO] [stdout] test tests::adapter_and_query_derived_impls_are_usable ... ok
[INFO] [stdout] test tests::collection_tag_escapes_collection_segment ... ok
[INFO] [stdout] test tests::db_cache_error_stays_small_enough_for_result_returns ... ok
[INFO] [stdout] test tests::collection_helper_sets_escaped_key_and_collection_tag ... ok
[INFO] [stdout] test tests::cached_with_applies_reusable_query_cache_policy ... ok
[INFO] [stdout] test tests::cache_entity_helper_escapes_entity_id_and_collection_segments ... ok
[INFO] [stdout] test tests::cache_entity_helper_sets_key_entity_tag_and_collection_tag ... ok
[INFO] [stdout] test tests::collection_helper_caches_adapter_chosen_output_type ... ok
[INFO] [stdout] test tests::entity_helper_caches_loaded_value_and_uses_generated_tag ... ok
[INFO] [stdout] test tests::descriptor_collection_method_sets_escaped_key_and_collection_tag ... ok
[INFO] [stdout] test tests::entity_helper_sets_escaped_key_and_entity_tag ... ok
[INFO] [stdout] test tests::fetch_with_caches_loaded_value ... ok
[INFO] [stdout] test tests::dropped_invalidation_plan_leaves_cached_values_for_rollback ... ok
[INFO] [stdout] test tests::invalidation_plan_stages_entity_collection_keys_and_tags_deterministically ... ok
[INFO] [stdout] test tests::for_entity_replaces_key_and_preserves_existing_tags ... ok
[INFO] [stdout] test tests::fetch_value_with_caches_empty_vectors ... ok
[INFO] [stdout] test tests::fetch_value_with_requires_explicit_key ... ok
[INFO] [stdout] test tests::missing_key_error_includes_operation_adapter_and_shape_context ... ok
[INFO] [stdout] test tests::fetch_with_requires_explicit_key ... ok
[INFO] [stdout] test tests::missing_key_error_uses_key_context_for_unnamed_queries ... ok
[INFO] [stdout] test tests::negative_cache_preset_caches_absence_briefly ... ok
[INFO] [stdout] test tests::prepared_entity_helper_uses_cache_entity_metadata ... ok
[INFO] [stdout] test tests::prepared_entity_without_bound_id_reports_missing_key ... ok
[INFO] [stdout] test tests::missing_key_error_uses_available_context ... ok
[INFO] [stdout] test tests::load_alias_caches_repository_result ... ok
[INFO] [stdout] test tests::prepared_query_load_id_caches_and_invalidates_entity_result ... ok
[INFO] [stdout] test tests::explicit_key_can_override_generated_entity_key ... ok
[INFO] [stdout] test tests::fetch_value_with_caches_adapter_chosen_output_type ... ok
[INFO] [stdout] test tests::invalidation_plan_executes_after_commit_and_reports_removed_entries ... ok
[INFO] [stdout] test tests::empty_namespace_uses_logical_key_as_physical_key ... ok
[INFO] [stdout] test tests::query_cache_policy_presets_compose_with_entity_and_collection_metadata ... ok
[INFO] [stdout] test tests::query_cache_policy_presets_encode_common_ttl_intent ... ok
[INFO] [stdout] test tests::prepared_query_policy_descriptor_binds_entity_ids ... ok
[INFO] [stdout] test tests::prepared_query_policy_macro_builds_entity_collection_and_manual_forms ... ok
[INFO] [stdout] test tests::prepared_static_query_loads_collection_values ... ok
[INFO] [stdout] test tests::prepared_query_policy_preserves_refresh_policy_when_binding_id ... ok
[INFO] [stdout] test tests::query_cache_policy_stores_refresh_policy_metadata ... ok
[INFO] [stdout] test tests::query_as_keeps_sql_text_as_diagnostic_name ... ok
[INFO] [stdout] test tests::query_cache_policy_exposes_reusable_metadata ... ok
[INFO] [stdout] test tests::query_for_cache_entity_preserves_existing_tags ... ok
[INFO] [stdout] test tests::query_cache_policy_collection_sets_key_and_tag ... ok
[INFO] [stdout] test tests::repeated_invalidation_plan_execution_is_idempotent ... ok
[INFO] [stdout] test tests::query_builder_exposes_metadata ... ok
[INFO] [stdout] test tests::tag_invalidation_removes_cached_query_result ... ok
[INFO] [stdout] test tests::query_cache_policy_macro_builds_segmented_keys_and_tags ... ok
[INFO] [stdout] test tests::query_cache_policy_macro_encodes_preset_and_freshness_budget ... ok
[INFO] [stdout] test tests::query_builder_with_name_replaces_diagnostic_label ... ok
[INFO] [stdout] test transaction::tests::collected_invalidations_can_apply_directly_to_local_cache ... ok
[INFO] [stdout] test transaction::tests::collector_preserves_namespace_reason_and_ordered_intents ... ok
[INFO] [stdout] test tests::with_policy_replaces_existing_descriptor_policy ... ok
[INFO] [stdout] test prepared::tests::prepared_policy_can_use_custom_static_key_and_tag_set ... ok
[INFO] [stdout] test tests::db_query_stale_on_loader_error_uses_bounded_fallback ... ok
[INFO] [stdout] test tests::per_query_ttl_expires_cached_query_result ... ok
[INFO] [stdout] test tests::db_query_refresh_policy_serves_stale_and_refreshes_in_background ... ok
[INFO] [stderr]      Running tests/cached_vs_direct_differential.rs (/opt/rustwide/target/release/deps/cached_vs_direct_differential-9defff604a65ab4b)
[INFO] [stdout] 
[INFO] [stdout] test result: ok. 74 passed; 0 failed; 0 ignored; 0 measured; 0 filtered out; finished in 0.14s
[INFO] [stdout] 
[INFO] [stdout] 
[INFO] [stderr]      Running tests/cached_vs_direct_postgres.rs (/opt/rustwide/target/release/deps/cached_vs_direct_postgres-543cf18969c5b160)
[INFO] [stdout] running 0 tests
[INFO] [stderr]      Running tests/custom_outbox_contract.rs (/opt/rustwide/target/release/deps/custom_outbox_contract-5a5d6c94f20d7a6f)
[INFO] [stdout] 
[INFO] [stdout] test result: ok. 0 passed; 0 failed; 0 ignored; 0 measured; 0 filtered out; finished in 0.00s
[INFO] [stdout] 
[INFO] [stdout] 
[INFO] [stdout] running 0 tests
[INFO] [stdout] 
[INFO] [stdout] test result: ok. 0 passed; 0 failed; 0 ignored; 0 measured; 0 filtered out; finished in 0.00s
[INFO] [stdout] 
[INFO] [stdout] 
[INFO] [stdout] running 1 test
[INFO] [stdout] test external_adapter_compiles_and_waits_for_only_the_receipt_commit ... ok
[INFO] [stderr]      Running tests/dependency.rs (/opt/rustwide/target/release/deps/dependency-1a17bf0737fe8f94)
[INFO] [stdout] 
[INFO] [stdout] test result: ok. 1 passed; 0 failed; 0 ignored; 0 measured; 0 filtered out; finished in 0.00s
[INFO] [stdout] 
[INFO] [stdout] 
[INFO] [stdout] running 2 tests
[INFO] [stdout] test macro_records_sql_dependency_metadata ... ok
[INFO] [stdout] test policy_records_sql_dependency_metadata ... ok
[INFO] [stderr]      Running tests/derive_ui.rs (/opt/rustwide/target/release/deps/derive_ui-45f56b0f0d74729a)
[INFO] [stdout] 
[INFO] [stdout] test result: ok. 2 passed; 0 failed; 0 ignored; 0 measured; 0 filtered out; finished in 0.06s
[INFO] [stdout] 
[INFO] [stdout] 
[INFO] [stdout] running 1 test
[INFO] [stderr]    Compiling proc-macro2 v1.0.106
[INFO] [stderr]    Compiling unicode-ident v1.0.24
[INFO] [stderr]    Compiling quote v1.0.46
[INFO] [stderr]    Compiling libc v0.2.186
[INFO] [stderr]    Compiling cfg-if v1.0.4
[INFO] [stderr]    Compiling crossbeam-utils v0.8.21
[INFO] [stderr]    Compiling serde_core v1.0.228
[INFO] [stderr]    Compiling serde v1.0.228
[INFO] [stderr]    Compiling zerocopy v0.8.52
[INFO] [stderr]    Compiling scopeguard v1.2.0
[INFO] [stderr]    Compiling crossbeam-epoch v0.9.20
[INFO] [stderr]    Compiling pin-project-lite v0.2.17
[INFO] [stderr]    Compiling getrandom v0.4.3
[INFO] [stderr]    Compiling semver v1.0.28
[INFO] [stderr]    Compiling getrandom v0.3.4
[INFO] [stderr]    Compiling thiserror v2.0.18
[INFO] [stderr]    Compiling byteorder v1.5.0
[INFO] [stderr]    Compiling parking v2.2.1
[INFO] [stderr]    Compiling lock_api v0.4.14
[INFO] [stderr]    Compiling autocfg v1.5.1
[INFO] [stderr]    Compiling parking_lot_core v0.9.12
[INFO] [stderr]    Compiling winnow v1.0.3
[INFO] [stderr]    Compiling typenum v1.20.1
[INFO] [stderr]    Compiling rustc_version v0.4.1
[INFO] [stderr]    Compiling hashbrown v0.17.1
[INFO] [stderr]    Compiling equivalent v1.0.2
[INFO] [stderr]    Compiling spin v0.9.9
[INFO] [stderr]    Compiling hash32 v0.2.1
[INFO] [stderr]    Compiling rustix v1.1.4
[INFO] [stderr]    Compiling zmij v1.0.21
[INFO] [stderr]    Compiling shlex v2.0.1
[INFO] [stderr]    Compiling smallvec v1.15.2
[INFO] [stderr]    Compiling toml_datetime v1.1.1+spec-1.1.0
[INFO] [stderr]    Compiling stable_deref_trait v1.2.1
[INFO] [stderr]    Compiling bytes v1.12.0
[INFO] [stderr]    Compiling find-msvc-tools v0.1.9
[INFO] [stderr]    Compiling portable-atomic v1.13.1
[INFO] [stderr]    Compiling either v1.16.0
[INFO] [stderr]    Compiling serde_json v1.0.150
[INFO] [stderr]    Compiling bitflags v2.13.0
[INFO] [stderr]    Compiling rayon-core v1.13.0
[INFO] [stderr]    Compiling num-traits v0.2.19
[INFO] [stderr]    Compiling futures-core v0.3.32
[INFO] [stderr]    Compiling futures-task v0.3.32
[INFO] [stderr]    Compiling cc v1.2.65
[INFO] [stderr]    Compiling regex-syntax v0.8.11
[INFO] [stderr]    Compiling syn v2.0.118
[INFO] [stderr]    Compiling heapless v0.7.17
[INFO] [stderr]    Compiling linux-raw-sys v0.12.1
[INFO] [stderr]    Compiling slab v0.4.12
[INFO] [stderr]    Compiling const-oid v0.10.2
[INFO] [stderr]    Compiling concurrent-queue v2.5.0
[INFO] [stderr]    Compiling indexmap v2.14.0
[INFO] [stderr]    Compiling crossbeam-channel v0.5.15
[INFO] [stderr]    Compiling crossbeam-deque v0.8.6
[INFO] [stderr]    Compiling event-listener v5.4.1
[INFO] [stderr]    Compiling clap_lex v1.1.0
[INFO] [stderr]    Compiling plotters-backend v0.3.7
[INFO] [stderr]    Compiling hybrid-array v0.4.13
[INFO] [stderr]    Compiling event-listener-strategy v0.5.4
[INFO] [stderr]    Compiling mio v1.2.1
[INFO] [stderr]    Compiling socket2 v0.6.4
[INFO] [stderr]    Compiling rand_core v0.9.5
[INFO] [stderr]    Compiling uuid v1.23.4
[INFO] [stderr]    Compiling async-lock v3.4.2
[INFO] [stderr]    Compiling parking_lot v0.12.5
[INFO] [stderr]    Compiling fastrand v2.4.1
[INFO] [stderr]    Compiling ciborium-io v0.2.2
[INFO] [stderr]    Compiling itoa v1.0.18
[INFO] [stderr]    Compiling memchr v2.8.2
[INFO] [stderr]    Compiling once_cell v1.21.4
[INFO] [stderr]    Compiling toml_parser v1.1.2+spec-1.1.0
[INFO] [stderr]    Compiling tagptr v0.2.0
[INFO] [stderr]    Compiling anstyle v1.0.14
[INFO] [stderr]    Compiling plotters-svg v0.3.7
[INFO] [stderr]    Compiling wait-timeout v0.2.1
[INFO] [stderr]    Compiling clap_builder v4.6.0
[INFO] [stderr]    Compiling crossbeam-queue v0.3.12
[INFO] [stderr]    Compiling block-buffer v0.12.1
[INFO] [stderr]    Compiling crypto-common v0.2.2
[INFO] [stderr]    Compiling itertools v0.13.0
[INFO] [stderr]    Compiling cpufeatures v0.3.0
[INFO] [stderr]    Compiling same-file v1.0.6
[INFO] [stderr]    Compiling cast v0.3.0
[INFO] [stderr]    Compiling quick-error v1.2.3
[INFO] [stderr]    Compiling fnv v1.0.7
[INFO] [stderr]    Compiling bit-vec v0.8.0
[INFO] [stderr]    Compiling walkdir v2.5.0
[INFO] [stderr]    Compiling plotters v0.3.7
[INFO] [stderr]    Compiling rand v0.9.4
[INFO] [stderr]    Compiling bit-set v0.8.0
[INFO] [stderr]    Compiling rand_xorshift v0.4.0
[INFO] [stderr]    Compiling page_size v0.6.0
[INFO] [stderr]    Compiling unarray v0.1.4
[INFO] [stderr]    Compiling toml_edit v0.25.12+spec-1.1.0
[INFO] [stderr]    Compiling anes v0.1.6
[INFO] [stderr]    Compiling oorandom v11.1.5
[INFO] [stderr]    Compiling rayon v1.12.0
[INFO] [stderr]    Compiling tempfile v3.27.0
[INFO] [stderr]    Compiling alloca v0.4.0
[INFO] [stderr]    Compiling regex-automata v0.4.14
[INFO] [stderr]    Compiling rusty-fork v0.3.1
[INFO] [stderr]    Compiling digest v0.11.3
[INFO] [stderr]    Compiling sha2 v0.11.0
[INFO] [stderr]    Compiling criterion-plot v0.8.2
[INFO] [stderr]    Compiling proc-macro-crate v3.5.0
[INFO] [stderr]    Compiling clap v4.6.1
[INFO] [stderr]    Compiling regex v1.12.4
[INFO] [stderr]    Compiling serde_derive v1.0.228
[INFO] [stderr]    Compiling zerocopy-derive v0.8.52
[INFO] [stderr]    Compiling thiserror-impl v2.0.18
[INFO] [stderr]    Compiling futures-macro v0.3.32
[INFO] [stderr]    Compiling tokio-macros v2.7.0
[INFO] [stderr]    Compiling async-trait v0.1.89
[INFO] [stderr]    Compiling hydracache-macros v0.73.0
[INFO] [stderr]    Compiling tokio v1.52.3
[INFO] [stderr]    Compiling futures-util v0.3.32
[INFO] [stderr]    Compiling cobs v0.3.0
[INFO] [stderr]    Compiling hydra-moka v0.12.15-hydra.1
[INFO] [stderr]    Compiling tinytemplate v1.2.1
[INFO] [stderr]    Compiling postcard v1.1.3
[INFO] [stderr]    Compiling hydracache-core v0.73.0
[INFO] [stderr]    Compiling hydracache v0.73.0
[INFO] [stderr]    Compiling half v2.7.1
[INFO] [stderr]    Compiling ppv-lite86 v0.2.21
[INFO] [stderr]    Compiling ciborium-ll v0.2.2
[INFO] [stderr]    Compiling rand_chacha v0.9.0
[INFO] [stderr]    Compiling ciborium v0.2.2
[INFO] [stderr]    Compiling proptest v1.11.0
[INFO] [stderr]    Compiling criterion v0.8.2
[INFO] [stderr]    Compiling hydracache-db v0.73.0 (/opt/rustwide/workdir)
[INFO] [stdout] test proc_macro_compile_tests has been running for over 60 seconds
[INFO] [stderr]    Compiling hydracache-db-tests v0.0.0 (/opt/rustwide/target/tests/trybuild/hydracache-db)
[INFO] [stderr]     Finished `dev` profile [unoptimized + debuginfo] target(s) in 1m 04s
[INFO] [stderr] 
[INFO] [stderr] 
[INFO] [stderr] test tests/derive/pass_entity.rs [should pass] ... ok
[INFO] [stderr] test tests/derive/pass_field_id.rs [should pass] ... ok
[INFO] [stderr] test tests/derive/pass_no_collection.rs [should pass] ... ok
[INFO] [stderr] test tests/derive/fail_conflicting_id_metadata.rs [should fail to compile] ... ok
[INFO] [stderr] test tests/derive/fail_duplicate_field_id.rs [should fail to compile] ... ok
[INFO] [stderr] test tests/derive/fail_field_id_value.rs [should fail to compile] ... ok
[INFO] [stderr] test tests/derive/fail_missing_entity.rs [should fail to compile] ... ok
[INFO] [stderr] test tests/derive/fail_missing_id.rs [should fail to compile] ... ok
[INFO] [stderr] test tests/derive/fail_unknown_field_option.rs [should fail to compile] ... ok
[INFO] [stderr] test tests/derive/fail_unknown_option.rs [should fail to compile] ... ok
[INFO] [stderr] test tests/policy/pass_entity_policy.rs [should pass] ... ok
[INFO] [stderr] test tests/policy/pass_key_policy.rs [should pass] ... ok
[INFO] [stderr] test tests/policy/pass_preset_refresh_policy.rs [should pass] ... ok
[INFO] [stderr] test tests/policy/pass_segment_policy.rs [should pass] ... ok
[INFO] [stderr] test tests/policy/pass_required_dimensions.rs [should pass] ... ok
[INFO] [stderr] test tests/policy/pass_sql_lint_warn.rs [should pass] ... ok
[INFO] [stderr] test tests/policy/pass_sql_lint_deny.rs [should pass] ... ok
[INFO] [stderr] test tests/policy/pass_profile_policy.rs [should pass] ... ok
[INFO] [stderr] test tests/policy/pass_prepared_policy.rs [should pass] ... ok
[INFO] [stderr] test tests/policy/fail_conflicting_key_sources.rs [should fail to compile] ... ok
[INFO] [stderr] test tests/policy/fail_empty_key_segments.rs [should fail to compile] ... ok
[INFO] [stderr] test tests/policy/fail_empty_tag_segment_group.rs [should fail to compile] ... ok
[INFO] [stderr] test tests/policy/fail_entity_missing_id.rs [should fail to compile] ... ok
[INFO] [stderr] test tests/policy/fail_flat_tag_segments.rs [should fail to compile] ... ok
[INFO] [stderr] test tests/policy/fail_missing_key_source.rs [should fail to compile] ... ok
[INFO] [stderr] test tests/policy/fail_required_dimensions_missing_label.rs [should fail to compile] ... ok
[INFO] [stderr] test tests/policy/fail_required_dimensions_without_key_segments.rs [should fail to compile] ... ok
[INFO] [stderr] test tests/policy/fail_preset_with_ttl.rs [should fail to compile] ... ok
[INFO] [stderr] test tests/policy/fail_unknown_preset.rs [should fail to compile] ... ok
[INFO] [stderr] test tests/policy/fail_unknown_lint_mode.rs [should fail to compile] ... ok
[INFO] [stderr] test tests/policy/fail_duplicate_sql.rs [should fail to compile] ... ok
[INFO] [stderr] test tests/policy/fail_unknown_builtin_profile.rs [should fail to compile] ... ok
[INFO] [stderr] test tests/policy/fail_prepared_conflicting_key_sources.rs [should fail to compile] ... ok
[INFO] [stderr] test tests/policy/fail_prepared_duplicate_option.rs [should fail to compile] ... ok
[INFO] [stderr] test tests/policy/fail_prepared_empty_key_segments.rs [should fail to compile] ... ok
[INFO] [stderr] test tests/policy/fail_prepared_empty_tag_segment_group.rs [should fail to compile] ... ok
[INFO] [stderr] test tests/policy/fail_prepared_empty_tag_segments.rs [should fail to compile] ... ok
[INFO] [stderr] test tests/policy/fail_prepared_flat_tag_segments.rs [should fail to compile] ... ok
[INFO] [stderr] test tests/policy/fail_prepared_missing_key_source.rs [should fail to compile] ... ok
[INFO] [stdout] test proc_macro_compile_tests ... ok
[INFO] [stderr] test tests/policy/fail_prepared_unknown_option.rs [should fail to compile] ... ok
[INFO] [stdout] 
[INFO] [stderr] 
[INFO] [stdout] test result: ok. 1 passed; 0 failed; 0 ignored; 0 measured; 0 filtered out; finished in 150.63s
[INFO] [stderr] 
[INFO] [stdout] 
[INFO] [stderr]      Running tests/hook_failures.rs (/opt/rustwide/target/release/deps/hook_failures-cca842a4e855eb33)
[INFO] [stdout] 
[INFO] [stdout] running 2 tests
[INFO] [stderr]      Running tests/hook_sql_snapshot.rs (/opt/rustwide/target/release/deps/hook_sql_snapshot-488febef976b7e78)
[INFO] [stdout] test hook_version_mismatch_detected_at_startup ... ok
[INFO] [stdout] test missing_outbox_table_clear_error ... ok
[INFO] [stdout] 
[INFO] [stdout] test result: ok. 2 passed; 0 failed; 0 ignored; 0 measured; 0 filtered out; finished in 0.00s
[INFO] [stdout] 
[INFO] [stdout] 
[INFO] [stdout] running 5 tests
[INFO] [stdout] test render_rejects_invalid_table_identifier ... ok
[INFO] [stdout] test pg_insert_update_delete_snapshot ... ok
[INFO] [stdout] test render_rejects_missing_tag_columns ... ok
[INFO] [stdout] test mysql_snapshot ... ok
[INFO] [stdout] test sqlite_snapshot ... ok
[INFO] [stdout] 
[INFO] [stdout] test result: ok. 5 passed; 0 failed; 0 ignored; 0 measured; 0 filtered out; finished in 0.00s
[INFO] [stdout] 
[INFO] [stderr]      Running tests/mysql_hooks.rs (/opt/rustwide/target/release/deps/mysql_hooks-9dddac0218497678)
[INFO] [stdout] 
[INFO] [stdout] running 1 test
[INFO] [stdout] test mysql_trigger_outbox_worker_end_to_end ... ignored, requires a MySQL test container and HYDRACACHE_TEST_MYSQL_URL
[INFO] [stdout] 
[INFO] [stdout] test result: ok. 0 passed; 0 failed; 1 ignored; 0 measured; 0 filtered out; finished in 0.00s
[INFO] [stdout] 
[INFO] [stderr]      Running tests/outbox_barrier.rs (/opt/rustwide/target/release/deps/outbox_barrier-d09d0dfab0bcf220)
[INFO] [stdout] 
[INFO] [stdout] running 5 tests
[INFO] [stdout] test dead_lettered_receipt_is_degraded_never_satisfied ... ok
[INFO] [stdout] test receipt_wait_is_not_blocked_by_a_later_pending_commit ... ok
[INFO] [stdout] test no_wait_preserves_backward_compatible_behavior ... ok
[INFO] [stdout] test best_effort_timeout_returns_degraded_outcome ... ok
[INFO] [stderr]      Running tests/outbox_claims.rs (/opt/rustwide/target/release/deps/outbox_claims-00a5b2a992104688)
[INFO] [stdout] test local_barrier_succeeds_after_worker_drains ... ok
[INFO] [stdout] 
[INFO] [stdout] test result: ok. 5 passed; 0 failed; 0 ignored; 0 measured; 0 filtered out; finished in 0.02s
[INFO] [stdout] 
[INFO] [stderr]      Running tests/outbox_postgres.rs (/opt/rustwide/target/release/deps/outbox_postgres-54622f997abf8abf)
[INFO] [stdout] 
[INFO] [stdout] running 0 tests
[INFO] [stdout] 
[INFO] [stdout] test result: ok. 0 passed; 0 failed; 0 ignored; 0 measured; 0 filtered out; finished in 0.00s
[INFO] [stdout] 
[INFO] [stdout] 
[INFO] [stdout] running 0 tests
[INFO] [stdout] 
[INFO] [stdout] test result: ok. 0 passed; 0 failed; 0 ignored; 0 measured; 0 filtered out; finished in 0.00s
[INFO] [stdout] 
[INFO] [stderr]      Running tests/outbox_property.rs (/opt/rustwide/target/release/deps/outbox_property-565d25f5495bd6fa)
[INFO] [stdout] 
[INFO] [stdout] running 1 test
[INFO] [stdout] test escaping_never_collides ... ok
[INFO] [stdout] 
[INFO] [stdout] test result: ok. 1 passed; 0 failed; 0 ignored; 0 measured; 0 filtered out; finished in 0.02s
[INFO] [stdout] 
[INFO] [stderr]      Running tests/outbox_schema_migration.rs (/opt/rustwide/target/release/deps/outbox_schema_migration-c15bc1908ff25698)
[INFO] [stdout] 
[INFO] [stdout] running 0 tests
[INFO] [stdout] 
[INFO] [stdout] test result: ok. 0 passed; 0 failed; 0 ignored; 0 measured; 0 filtered out; finished in 0.00s
[INFO] [stdout] 
[INFO] [stdout] 
[INFO] [stdout] running 0 tests
[INFO] [stdout] 
[INFO] [stdout] test result: ok. 0 passed; 0 failed; 0 ignored; 0 measured; 0 filtered out; finished in 0.00s
[INFO] [stdout] 
[INFO] [stderr]      Running tests/outbox_sqlite.rs (/opt/rustwide/target/release/deps/outbox_sqlite-1887923d0823a32b)
[INFO] [stderr]      Running tests/outbox_worker.rs (/opt/rustwide/target/release/deps/outbox_worker-da96633bea8906ed)
[INFO] [stdout] 
[INFO] [stdout] running 8 tests
[INFO] [stdout] test namespace_isolation ... ok
[INFO] [stdout] test worker_dead_letters_after_max_attempts ... ok
[INFO] [stdout] test worker_retries_failed_publish_with_backoff ... ok
[INFO] [stdout] test frontier_advances_only_after_apply ... ok
[INFO] [stdout] test claim_order_is_oldest_first ... ok
[INFO] [stdout] test status_reports_pending_oldest_and_dead ... ok
[INFO] [stdout] test reset_dead_letters_reenables_rows ... ok
[INFO] [stdout] test custom_adapter_persists_and_replays_intent ... ok
[INFO] [stdout] 
[INFO] [stdout] test result: ok. 8 passed; 0 failed; 0 ignored; 0 measured; 0 filtered out; finished in 0.01s
[INFO] [stdout] 
[INFO] [stderr]      Running tests/policy_guide.rs (/opt/rustwide/target/release/deps/policy_guide-256cd960f7dd55c1)
[INFO] [stdout] 
[INFO] [stdout] running 14 tests
[INFO] [stdout] test collection_tag_does_not_replace_unique_key ... ok
[INFO] [stdout] test filters_are_escaped_as_key_segments ... ok
[INFO] [stdout] test permission_policy_key_contains_security_dimensions ... ok
[INFO] [stdout] test fragile_upstream_policy_has_bounded_stale_on_loader_error ... ok
[INFO] [stdout] test entity_by_id_policy_uses_entity_and_collection_tags ... ok
[INFO] [stdout] test short_lived_search_policy_includes_tenant_query_and_collection_tags ... ok
[INFO] [stdout] test tenant_dimension_changes_physical_key ... ok
[INFO] [stdout] test unsafe_key_examples_are_documented_not_runtime_enforced ... ok
[INFO] [stdout] test negative_and_explicit_invalidation_policies_encode_different_freshness_intent ... ok
[INFO] [stdout] test pagination_and_sort_are_part_of_list_key ... ok
[INFO] [stdout] test review_checklist_dimensions_each_change_search_policy_key ... ok
[INFO] [stdout] test permission_dimension_changes_physical_key ... ok
[INFO] [stdout] test read_mostly_catalog_policy_uses_refresh_ahead_and_collection_tags ... ok
[INFO] [stderr]      Running tests/postgres_hooks.rs (/opt/rustwide/target/release/deps/postgres_hooks-ebfc79396abf8319)
[INFO] [stdout] test freshness_budget_policy_shapes_encode_production_intent ... ok
[INFO] [stdout] 
[INFO] [stdout] test result: ok. 14 passed; 0 failed; 0 ignored; 0 measured; 0 filtered out; finished in 0.01s
[INFO] [stdout] 
[INFO] [stdout] 
[INFO] [stdout] running 2 tests
[INFO] [stdout] test pg_listen_notify_wakeup ... ignored, requires a Postgres test container and HYDRACACHE_TEST_POSTGRES_URL
[INFO] [stdout] test pg_trigger_outbox_worker_end_to_end ... ignored, requires a Postgres test container and HYDRACACHE_TEST_POSTGRES_URL
[INFO] [stdout] 
[INFO] [stdout] test result: ok. 0 passed; 0 failed; 2 ignored; 0 measured; 0 filtered out; finished in 0.00s
[INFO] [stdout] 
[INFO] [stderr]      Running tests/production_validation.rs (/opt/rustwide/target/release/deps/production_validation-63601c6c108eb61a)
[INFO] [stdout] 
[INFO] [stdout] running 15 tests
[INFO] [stdout] test db_flow_records_stale_load_discard_when_invalidated_during_load ... ok
[INFO] [stdout] test db_flow_updates_hit_miss_load_counters ... ok
[INFO] [stdout] test rollback_keeps_existing_cached_value ... ok
[INFO] [stdout] test committed_delete_invalidates_entity_and_collection ... ok
[INFO] [stdout] test staged_invalidation_plan_executes_only_after_commit ... ok
[INFO] [stdout] test db_flow_records_single_flight_joins ... ok
[INFO] [stdout] test committed_insert_invalidates_collection ... ok
[INFO] [stdout] test committed_update_invalidates_entity_and_reloads ... ok
[INFO] [stdout] test double_invalidation_after_commit_is_idempotent ... ok
[INFO] [stdout] test rollback_drops_staged_invalidation_plan_without_evicting ... ok
[INFO] [stdout] test db_flow_records_invalidation_count ... ok
[INFO] [stdout] test external_write_requires_compensating_invalidation_plan ... ok
[INFO] [stdout] test failed_write_does_not_invalidate_cached_entity ... ok
[INFO] [stdout] test db_flow_records_stale_fallback_when_loader_fails ... ok
[INFO] [stdout] test production_style_query_cache_flow_validates_hits_invalidation_refresh_and_diagnostics ... ok
[INFO] [stderr]      Running tests/profile_runtime.rs (/opt/rustwide/target/release/deps/profile_runtime-d47f282c9561d62e)
[INFO] [stdout] 
[INFO] [stdout] test result: ok. 15 passed; 0 failed; 0 ignored; 0 measured; 0 filtered out; finished in 0.24s
[INFO] [stdout] 
[INFO] [stdout] 
[INFO] [stderr]      Running tests/profiles.rs (/opt/rustwide/target/release/deps/profiles-dd67267474b7b18f)
[INFO] [stdout] running 4 tests
[INFO] [stdout] test allowlist_reason_turns_violation_into_allowed_status ... ok
[INFO] [stdout] test diagnostics_include_profile_and_required_labels ... ok
[INFO] [stdout] test deny_mode_fails_gate ... ok
[INFO] [stdout] test warn_mode_warns_does_not_fail ... ok
[INFO] [stdout] 
[INFO] [stdout] test result: ok. 4 passed; 0 failed; 0 ignored; 0 measured; 0 filtered out; finished in 0.00s
[INFO] [stdout] 
[INFO] [stdout] 
[INFO] [stdout] running 7 tests
[INFO] [stderr]      Running tests/reconcile.rs (/opt/rustwide/target/release/deps/reconcile-c17bc131c6332492)
[INFO] [stdout] test allowlist_requires_reason_text ... ok
[INFO] [stdout] test fails_when_permission_missing ... ok
[INFO] [stdout] test custom_profile_reused ... ok
[INFO] [stdout] test unlinked_label_is_rejected ... ok
[INFO] [stdout] test profile_passes_when_linked ... ok
[INFO] [stdout] test fails_when_page_or_cursor_missing ... ok
[INFO] [stdout] test fails_when_tenant_missing ... ok
[INFO] [stdout] 
[INFO] [stdout] test result: ok. 7 passed; 0 failed; 0 ignored; 0 measured; 0 filtered out; finished in 0.00s
[INFO] [stdout] 
[INFO] [stdout] 
[INFO] [stdout] running 4 tests
[INFO] [stdout] test reconcile_missing_hook_version_reports_drift ... ok
[INFO] [stderr]      Running tests/reconcile_sqlite.rs (/opt/rustwide/target/release/deps/reconcile_sqlite-a21eb46528d1b8de)
[INFO] [stdout] test reconcile_clean_state_reports_clean ... ok
[INFO] [stdout] test reconcile_outbox_backlog_reports_lag ... ok
[INFO] [stdout] test reconcile_manual_invalidation_clears_drift_where_applicable ... ok
[INFO] [stdout] 
[INFO] [stdout] test result: ok. 4 passed; 0 failed; 0 ignored; 0 measured; 0 filtered out; finished in 0.00s
[INFO] [stdout] 
[INFO] [stderr]      Running tests/release_37_docs.rs (/opt/rustwide/target/release/deps/release_37_docs-4851238a00eef308)
[INFO] [stdout] 
[INFO] [stdout] running 0 tests
[INFO] [stdout] 
[INFO] [stdout] test result: ok. 0 passed; 0 failed; 0 ignored; 0 measured; 0 filtered out; finished in 0.00s
[INFO] [stdout] 
[INFO] [stdout] 
[INFO] [stdout] running 2 tests
[INFO] [stderr] error: test failed, to rerun pass `--test release_37_docs`
[INFO] [stdout] test compat_register_tracks_release_37_durable_and_wire_artifacts ... FAILED
[INFO] [stdout] test release_37_adr_skeleton_exists_with_required_headings ... FAILED
[INFO] [stdout] 
[INFO] [stdout] failures:
[INFO] [stdout] 
[INFO] [stdout] ---- compat_register_tracks_release_37_durable_and_wire_artifacts stdout ----
[INFO] [stdout] 
[INFO] [stdout] thread 'compat_register_tracks_release_37_durable_and_wire_artifacts' (6456) panicked at tests/release_37_docs.rs:13:33:
[INFO] [stdout] failed to read /opt/docs/COMPAT.md: No such file or directory (os error 2)
[INFO] [stdout] stack backtrace:
[INFO] [stdout]    0:     0x5e6b0d062d91 - <<std[70759c8f55707aa4]::sys::backtrace::BacktraceLock>::print::DisplayBacktrace as core[df12db4294e9bfd3]::fmt::Display>::fmt
[INFO] [stdout]    1:     0x5e6b0d076ffa - core[df12db4294e9bfd3]::fmt::write
[INFO] [stdout]    2:     0x5e6b0d06724c - <alloc[2182bb758b4b3781]::vec::Vec<u8> as core[df12db4294e9bfd3]::io::write::Write>::write_fmt
[INFO] [stdout]    3:     0x5e6b0d03ed86 - std[70759c8f55707aa4]::panicking::default_hook::{closure#0}
[INFO] [stdout]    4:     0x5e6b0d05b189 - std[70759c8f55707aa4]::panicking::default_hook
[INFO] [stdout]    5:     0x5e6b0cff6e30 - test[9d35eded1c95d3be]::test_main_inner::<test[9d35eded1c95d3be]::test_main_static::{closure#0}>::{closure#0}
[INFO] [stdout]    6:     0x5e6b0d05b342 - std[70759c8f55707aa4]::panicking::panic_with_hook
[INFO] [stdout]    7:     0x5e6b0d03ee32 - std[70759c8f55707aa4]::panicking::panic_handler::{closure#0}
[INFO] [stdout]    8:     0x5e6b0d037a29 - std[70759c8f55707aa4]::sys::backtrace::__rust_end_short_backtrace::<std[70759c8f55707aa4]::panicking::panic_handler::{closure#0}, !>
[INFO] [stdout]    9:     0x5e6b0d03fa2d - __rustc[8fa7c3cbc660c2b3]::rust_begin_unwind
[INFO] [stdout]   10:     0x5e6b0d07772c - core[df12db4294e9bfd3]::panicking::panic_fmt
[INFO] [stdout]   11:     0x5e6b0cfe90c9 - release_37_docs[4f63d84d3470db70]::read_doc::<std[70759c8f55707aa4]::path::PathBuf>::{closure#0}
[INFO] [stdout]   12:     0x5e6b0cfea05e - <release_37_docs[4f63d84d3470db70]::compat_register_tracks_release_37_durable_and_wire_artifacts::{closure#0} as core[df12db4294e9bfd3]::ops::function::FnOnce<()>>::call_once
[INFO] [stdout]   13:     0x5e6b0cfea11b - test[9d35eded1c95d3be]::__rust_begin_short_backtrace::<core[df12db4294e9bfd3]::result::Result<(), alloc[2182bb758b4b3781]::string::String>, fn() -> core[df12db4294e9bfd3]::result::Result<(), alloc[2182bb758b4b3781]::string::String>>
[INFO] [stdout]   14:     0x5e6b0cff7785 - test[9d35eded1c95d3be]::run_test::{closure#0}
[INFO] [stdout]   15:     0x5e6b0cff1044 - std[70759c8f55707aa4]::sys::backtrace::__rust_begin_short_backtrace::<test[9d35eded1c95d3be]::run_test::{closure#1}, ()>
[INFO] [stdout]   16:     0x5e6b0cffa8e2 - <std[70759c8f55707aa4]::thread::lifecycle::spawn_unchecked<test[9d35eded1c95d3be]::run_test::{closure#1}, ()>::{closure#1} as core[df12db4294e9bfd3]::ops::function::FnOnce<()>>::call_once::{shim:vtable#0}
[INFO] [stdout]   17:     0x5e6b0d0622f9 - <std[70759c8f55707aa4]::sys::thread::unix::Thread>::new::thread_start
[INFO] [stdout]   18:     0x7afceca2edfa - <unknown>
[INFO] [stdout]   19:     0x7afcecac23d4 - clone
[INFO] [stdout]   20:                0x0 - <unknown>
[INFO] [stdout] 
[INFO] [stdout] ---- release_37_adr_skeleton_exists_with_required_headings stdout ----
[INFO] [stdout] 
[INFO] [stdout] thread 'release_37_adr_skeleton_exists_with_required_headings' (6457) panicked at tests/release_37_docs.rs:13:33:
[INFO] [stdout] failed to read /opt/docs/adr/0008-ownership.md: No such file or directory (os error 2)
[INFO] [stdout] stack backtrace:
[INFO] [stdout]    0:     0x5e6b0d062d91 - <<std[70759c8f55707aa4]::sys::backtrace::BacktraceLock>::print::DisplayBacktrace as core[df12db4294e9bfd3]::fmt::Display>::fmt
[INFO] [stdout]    1:     0x5e6b0d076ffa - core[df12db4294e9bfd3]::fmt::write
[INFO] [stdout]    2:     0x5e6b0d06724c - <alloc[2182bb758b4b3781]::vec::Vec<u8> as core[df12db4294e9bfd3]::io::write::Write>::write_fmt
[INFO] [stdout]    3:     0x5e6b0d03ed86 - std[70759c8f55707aa4]::panicking::default_hook::{closure#0}
[INFO] [stdout]    4:     0x5e6b0d05b189 - std[70759c8f55707aa4]::panicking::default_hook
[INFO] [stdout]    5:     0x5e6b0cff6e30 - test[9d35eded1c95d3be]::test_main_inner::<test[9d35eded1c95d3be]::test_main_static::{closure#0}>::{closure#0}
[INFO] [stdout]    6:     0x5e6b0d05b342 - std[70759c8f55707aa4]::panicking::panic_with_hook
[INFO] [stdout]    7:     0x5e6b0d03ee32 - std[70759c8f55707aa4]::panicking::panic_handler::{closure#0}
[INFO] [stdout]    8:     0x5e6b0d037a29 - std[70759c8f55707aa4]::sys::backtrace::__rust_end_short_backtrace::<std[70759c8f55707aa4]::panicking::panic_handler::{closure#0}, !>
[INFO] [stdout]    9:     0x5e6b0d03fa2d - __rustc[8fa7c3cbc660c2b3]::rust_begin_unwind
[INFO] [stdout]   10:     0x5e6b0d07772c - core[df12db4294e9bfd3]::panicking::panic_fmt
[INFO] [stdout]   11:     0x5e6b0cfe90c9 - release_37_docs[4f63d84d3470db70]::read_doc::<std[70759c8f55707aa4]::path::PathBuf>::{closure#0}
[INFO] [stdout]   12:     0x5e6b0cfe9dfe - <release_37_docs[4f63d84d3470db70]::release_37_adr_skeleton_exists_with_required_headings::{closure#0} as core[df12db4294e9bfd3]::ops::function::FnOnce<()>>::call_once
[INFO] [stdout]   13:     0x5e6b0cfea11b - test[9d35eded1c95d3be]::__rust_begin_short_backtrace::<core[df12db4294e9bfd3]::result::Result<(), alloc[2182bb758b4b3781]::string::String>, fn() -> core[df12db4294e9bfd3]::result::Result<(), alloc[2182bb758b4b3781]::string::String>>
[INFO] [stdout]   14:     0x5e6b0cff7785 - test[9d35eded1c95d3be]::run_test::{closure#0}
[INFO] [stdout]   15:     0x5e6b0cff1044 - std[70759c8f55707aa4]::sys::backtrace::__rust_begin_short_backtrace::<test[9d35eded1c95d3be]::run_test::{closure#1}, ()>
[INFO] [stdout]   16:     0x5e6b0cffa8e2 - <std[70759c8f55707aa4]::thread::lifecycle::spawn_unchecked<test[9d35eded1c95d3be]::run_test::{closure#1}, ()>::{closure#1} as core[df12db4294e9bfd3]::ops::function::FnOnce<()>>::call_once::{shim:vtable#0}
[INFO] [stdout]   17:     0x5e6b0d0622f9 - <std[70759c8f55707aa4]::sys::thread::unix::Thread>::new::thread_start
[INFO] [stdout]   18:     0x7afceca2edfa - <unknown>
[INFO] [stdout]   19:     0x7afcecac23d4 - clone
[INFO] [stdout]   20:                0x0 - <unknown>
[INFO] [stdout] 
[INFO] [stdout] 
[INFO] [stdout] failures:
[INFO] [stdout]     compat_register_tracks_release_37_durable_and_wire_artifacts
[INFO] [stdout]     release_37_adr_skeleton_exists_with_required_headings
[INFO] [stdout] 
[INFO] [stdout] test result: FAILED. 0 passed; 2 failed; 0 ignored; 0 measured; 0 filtered out; finished in 0.01s
[INFO] [stdout] 
[INFO] running `Command { std: "docker" "inspect" "31264abc4ba4aa56506ba863251d80854d3edc23d42adbc6e232e00608a47e4f", kill_on_drop: false }`
[INFO] running `Command { std: "docker" "rm" "-f" "31264abc4ba4aa56506ba863251d80854d3edc23d42adbc6e232e00608a47e4f", kill_on_drop: false }`
[INFO] [stdout] 31264abc4ba4aa56506ba863251d80854d3edc23d42adbc6e232e00608a47e4f
