[INFO] fetching crate hybrid_phi 1.0.0...
[INFO] testing hybrid_phi-1.0.0 against 1.99.0-beta.8+cargoflags=--release for beta-release-1.100-2
[INFO] extracting crate hybrid_phi 1.0.0 into /workspace/builds/worker-0-tc1/source
[INFO] started tweaking crates.io crate hybrid_phi 1.0.0
[INFO] removed 0 missing examples
[INFO] finished tweaking crates.io crate hybrid_phi 1.0.0
[INFO] tweaked toml for crates.io crate hybrid_phi 1.0.0 written to /workspace/builds/worker-0-tc1/source/Cargo.toml
[INFO] validating manifest of crates.io crate hybrid_phi 1.0.0 on toolchain 1.99.0-beta.8
[INFO] running `Command { std: CARGO_HOME="/workspace/cargo-home" RUSTUP_HOME="/workspace/rustup-home" "/workspace/cargo-home/bin/cargo" "+1.99.0-beta.8" "metadata" "--manifest-path" "Cargo.toml" "--no-deps", kill_on_drop: false }`
[INFO] crate crates.io crate hybrid_phi 1.0.0 already has a lockfile, it will not be regenerated
[INFO] running `Command { std: CARGO_HOME="/workspace/cargo-home" RUSTUP_HOME="/workspace/rustup-home" "/workspace/cargo-home/bin/cargo" "+1.99.0-beta.8" "fetch" "--manifest-path" "Cargo.toml", kill_on_drop: false }`
[INFO] [stderr]  Downloading crates ...
[INFO] [stderr]   Downloaded dwrote v0.11.3
[INFO] [stderr]   Downloaded windows-link v0.1.1
[INFO] [stderr]   Downloaded bytemuck v1.23.0
[INFO] [stderr]   Downloaded windows-strings v0.4.0
[INFO] [stderr]   Downloaded windows-result v0.3.2
[INFO] [stderr]   Downloaded pathfinder_simd v0.5.4
[INFO] [stderr]   Downloaded font-kit v0.14.2
[INFO] [stderr]   Downloaded windows-core v0.61.0
[INFO] running `Command { std: "docker" "create" "-v" "/var/lib/crater-agent-workspace/builds/worker-0-tc1/source:/opt/rustwide/workdir:ro,Z" "-v" "/var/lib/crater-agent-workspace/builds/worker-0-tc1/target:/opt/rustwide/target:rw,Z" "-v" "/var/lib/crater-agent-workspace/cargo-home:/opt/rustwide/cargo-home:ro,Z" "-v" "/var/lib/crater-agent-workspace/rustup-home:/opt/rustwide/rustup-home:ro,Z" "-m" "1610612736" "--network" "none" "ghcr.io/rust-lang/crates-build-env/linux@sha256:77db811e55d90add9212f6832c23229e3de5f1c1f9905e8cb07319ea15df73ac" "sleep" "infinity", kill_on_drop: false }`
[INFO] [stdout] 1f1355047e15d0dd3a4364f5ff6464aed6ed666387231adb2ade49a25a8be247
[INFO] running `Command { std: "docker" "start" "1f1355047e15d0dd3a4364f5ff6464aed6ed666387231adb2ade49a25a8be247", kill_on_drop: false }`
[INFO] running `Command { std: "docker" "inspect" "1f1355047e15d0dd3a4364f5ff6464aed6ed666387231adb2ade49a25a8be247", kill_on_drop: false }`
[INFO] running `Command { std: "docker" "exec" "-e" "SOURCE_DIR=/opt/rustwide/workdir" "-e" "CARGO_HOME=/opt/rustwide/cargo-home" "-e" "RUSTUP_HOME=/opt/rustwide/rustup-home" "-e" "CARGO_TARGET_DIR=/opt/rustwide/target" "-w" "/opt/rustwide/workdir" "--user" "0:0" "1f1355047e15d0dd3a4364f5ff6464aed6ed666387231adb2ade49a25a8be247" "/opt/rustwide/cargo-home/bin/cargo" "+1.99.0-beta.8" "metadata" "--no-deps" "--format-version=1", kill_on_drop: false }`
[INFO] running `Command { std: "docker" "inspect" "1f1355047e15d0dd3a4364f5ff6464aed6ed666387231adb2ade49a25a8be247", kill_on_drop: false }`
[INFO] running `Command { std: "docker" "exec" "-e" "SOURCE_DIR=/opt/rustwide/workdir" "-e" "CARGO_HOME=/opt/rustwide/cargo-home" "-e" "RUSTUP_HOME=/opt/rustwide/rustup-home" "-e" "CARGO_TARGET_DIR=/opt/rustwide/target" "-e" "CARGO_INCREMENTAL=0" "-e" "RUST_BACKTRACE=full" "-e" "RUSTFLAGS=--cap-lints=warn" "-e" "RUSTDOCFLAGS=--cap-lints=warn" "-w" "/opt/rustwide/workdir" "--user" "0:0" "1f1355047e15d0dd3a4364f5ff6464aed6ed666387231adb2ade49a25a8be247" "/opt/rustwide/cargo-home/bin/cargo" "+1.99.0-beta.8" "build" "--frozen" "--message-format=json" "--release", kill_on_drop: false }`
[INFO] [stderr]    Compiling libc v0.2.172
[INFO] [stderr]    Compiling semver v1.0.26
[INFO] [stderr]    Compiling proc-macro2 v1.0.95
[INFO] [stderr]    Compiling zerocopy v0.8.25
[INFO] [stderr]    Compiling libloading v0.8.6
[INFO] [stderr]    Compiling cc v1.2.21
[INFO] [stderr]    Compiling miniz_oxide v0.8.8
[INFO] [stderr]    Compiling yeslogic-fontconfig-sys v6.0.0
[INFO] [stderr]    Compiling fdeflate v0.3.7
[INFO] [stderr]    Compiling bytemuck v1.23.0
[INFO] [stderr]    Compiling weezl v0.1.8
[INFO] [stderr]    Compiling font-kit v0.14.2
[INFO] [stderr]    Compiling jpeg-decoder v0.3.1
[INFO] [stderr]    Compiling iana-time-zone v0.1.63
[INFO] [stderr]    Compiling bitflags v2.9.0
[INFO] [stderr]    Compiling float-ord v0.3.2
[INFO] [stderr]    Compiling ttf-parser v0.20.0
[INFO] [stderr]    Compiling dlib v0.5.2
[INFO] [stderr]    Compiling rustc_version v0.4.1
[INFO] [stderr]    Compiling gif v0.12.0
[INFO] [stderr]    Compiling pathfinder_simd v0.5.4
[INFO] [stderr]    Compiling flate2 v1.1.1
[INFO] [stderr]    Compiling quote v1.0.40
[INFO] [stderr]    Compiling syn v2.0.101
[INFO] [stderr]    Compiling getrandom v0.2.16
[INFO] [stderr]    Compiling dirs-sys v0.4.1
[INFO] [stderr]    Compiling png v0.17.16
[INFO] [stderr]    Compiling pathfinder_geometry v0.5.1
[INFO] [stderr]    Compiling rand_core v0.6.4
[INFO] [stderr]    Compiling dirs v5.0.1
[INFO] [stderr]    Compiling freetype-sys v0.20.1
[INFO] [stderr]    Compiling ppv-lite86 v0.2.21
[INFO] [stderr]    Compiling image v0.24.9
[INFO] [stderr]    Compiling rand_chacha v0.3.1
[INFO] [stderr]    Compiling rand v0.8.5
[INFO] [stderr]    Compiling serde_derive v1.0.219
[INFO] [stderr]    Compiling plotters-bitmap v0.3.7
[INFO] [stderr]    Compiling serde v1.0.219
[INFO] [stderr]    Compiling chrono v0.4.41
[INFO] [stderr]    Compiling serde_json v1.0.140
[INFO] [stderr]    Compiling plotters v0.3.7
[INFO] [stderr]    Compiling hybrid_phi v1.0.0 (/opt/rustwide/workdir)
[INFO] [stderr]     Finished `release` profile [optimized] target(s) in 39.53s
[INFO] running `Command { std: "docker" "inspect" "1f1355047e15d0dd3a4364f5ff6464aed6ed666387231adb2ade49a25a8be247", kill_on_drop: false }`
[INFO] running `Command { std: "docker" "exec" "-e" "SOURCE_DIR=/opt/rustwide/workdir" "-e" "CARGO_HOME=/opt/rustwide/cargo-home" "-e" "RUSTUP_HOME=/opt/rustwide/rustup-home" "-e" "CARGO_TARGET_DIR=/opt/rustwide/target" "-e" "CARGO_INCREMENTAL=0" "-e" "RUST_BACKTRACE=full" "-e" "RUSTFLAGS=--cap-lints=warn" "-e" "RUSTDOCFLAGS=--cap-lints=warn" "-w" "/opt/rustwide/workdir" "--user" "0:0" "1f1355047e15d0dd3a4364f5ff6464aed6ed666387231adb2ade49a25a8be247" "/opt/rustwide/cargo-home/bin/cargo" "+1.99.0-beta.8" "test" "--frozen" "--no-run" "--message-format=json" "--release", kill_on_drop: false }`
[INFO] [stderr]    Compiling hybrid_phi v1.0.0 (/opt/rustwide/workdir)
[INFO] [stderr]     Finished `release` profile [optimized] target(s) in 4.50s
[INFO] running `Command { std: "docker" "inspect" "1f1355047e15d0dd3a4364f5ff6464aed6ed666387231adb2ade49a25a8be247", kill_on_drop: false }`
[INFO] running `Command { std: "docker" "exec" "-e" "SOURCE_DIR=/opt/rustwide/workdir" "-e" "CARGO_HOME=/opt/rustwide/cargo-home" "-e" "RUSTUP_HOME=/opt/rustwide/rustup-home" "-e" "CARGO_TARGET_DIR=/opt/rustwide/target" "-e" "CARGO_INCREMENTAL=0" "-e" "RUST_BACKTRACE=full" "-e" "RUSTFLAGS=--cap-lints=warn" "-e" "RUSTDOCFLAGS=--cap-lints=warn" "-w" "/opt/rustwide/workdir" "--user" "0:0" "1f1355047e15d0dd3a4364f5ff6464aed6ed666387231adb2ade49a25a8be247" "/opt/rustwide/cargo-home/bin/cargo" "+1.99.0-beta.8" "test" "--frozen" "--release", kill_on_drop: false }`
[INFO] [stderr]     Finished `release` profile [optimized] target(s) in 0.12s
[INFO] [stderr]      Running unittests src/lib.rs (/opt/rustwide/target/release/deps/hybrid_phi-962629a2320ce596)
[INFO] [stdout] 
[INFO] [stdout] running 7 tests
[INFO] [stdout] test signal::tests::test_phi_signal_cycle ... ok
[INFO] [stdout] test memory::tests::test_phi_memory_cycle ... ok
[INFO] [stdout] test phi_router::tests::test_phi_routing_logic ... FAILED
[INFO] [stdout] test storage::tests::test_save_load_quantized ... FAILED
[INFO] [stdout] test phi_fs::tests::test_phi_fs_cycle ... FAILED
[INFO] [stdout] test quantized_memory::tests::test_quantized_phi_memory ... ok
[INFO] [stdout] test phi_codec::tests::test_phi_codec_roundtrip ... ok
[INFO] [stderr] error: test failed, to rerun pass `--lib`
[INFO] [stdout] 
[INFO] [stdout] failures:
[INFO] [stdout] 
[INFO] [stdout] ---- phi_router::tests::test_phi_routing_logic stdout ----
[INFO] [stdout] 
[INFO] [stdout] thread 'phi_router::tests::test_phi_routing_logic' (1277) panicked at src/phi_fs.rs:17:30:
[INFO] [stdout] failed to create φ-store directory: Os { code: 30, kind: ReadOnlyFilesystem, message: "Read-only file system" }
[INFO] [stdout] stack backtrace:
[INFO] [stdout]    0:     0x64ed506a3661 - <<std[70759c8f55707aa4]::sys::backtrace::BacktraceLock>::print::DisplayBacktrace as core[df12db4294e9bfd3]::fmt::Display>::fmt
[INFO] [stdout]    1:     0x64ed506b833a - core[df12db4294e9bfd3]::fmt::write
[INFO] [stdout]    2:     0x64ed506a7dcc - <alloc[2182bb758b4b3781]::vec::Vec<u8> as core[df12db4294e9bfd3]::io::write::Write>::write_fmt
[INFO] [stdout]    3:     0x64ed5067e636 - std[70759c8f55707aa4]::panicking::default_hook::{closure#0}
[INFO] [stdout]    4:     0x64ed5069b409 - std[70759c8f55707aa4]::panicking::default_hook
[INFO] [stdout]    5:     0x64ed506369a0 - test[9d35eded1c95d3be]::test_main_inner::<test[9d35eded1c95d3be]::test_main_static::{closure#0}>::{closure#0}
[INFO] [stdout]    6:     0x64ed5069b5c2 - std[70759c8f55707aa4]::panicking::panic_with_hook
[INFO] [stdout]    7:     0x64ed5067e6e2 - std[70759c8f55707aa4]::panicking::panic_handler::{closure#0}
[INFO] [stdout]    8:     0x64ed506772a9 - std[70759c8f55707aa4]::sys::backtrace::__rust_end_short_backtrace::<std[70759c8f55707aa4]::panicking::panic_handler::{closure#0}, !>
[INFO] [stdout]    9:     0x64ed5067f2dd - __rustc[8fa7c3cbc660c2b3]::rust_begin_unwind
[INFO] [stdout]   10:     0x64ed506b8a6c - core[df12db4294e9bfd3]::panicking::panic_fmt
[INFO] [stdout]   11:     0x64ed506b8842 - core[df12db4294e9bfd3]::result::unwrap_failed
[INFO] [stdout]   12:     0x64ed50627fc6 - hybrid_phi[e4ce9d55f6519c32]::phi_router::tests::test_phi_routing_logic
[INFO] [stdout]   13:     0x64ed50629419 - <hybrid_phi[e4ce9d55f6519c32]::phi_router::tests::test_phi_routing_logic::{closure#0} as core[df12db4294e9bfd3]::ops::function::FnOnce<()>>::call_once
[INFO] [stdout]   14:     0x64ed50629c8b - test[9d35eded1c95d3be]::__rust_begin_short_backtrace::<core[df12db4294e9bfd3]::result::Result<(), alloc[2182bb758b4b3781]::string::String>, fn() -> core[df12db4294e9bfd3]::result::Result<(), alloc[2182bb758b4b3781]::string::String>>
[INFO] [stdout]   15:     0x64ed506372f5 - test[9d35eded1c95d3be]::run_test::{closure#0}
[INFO] [stdout]   16:     0x64ed50630bb4 - std[70759c8f55707aa4]::sys::backtrace::__rust_begin_short_backtrace::<test[9d35eded1c95d3be]::run_test::{closure#1}, ()>
[INFO] [stdout]   17:     0x64ed5063a452 - <std[70759c8f55707aa4]::thread::lifecycle::spawn_unchecked<test[9d35eded1c95d3be]::run_test::{closure#1}, ()>::{closure#1} as core[df12db4294e9bfd3]::ops::function::FnOnce<()>>::call_once::{shim:vtable#0}
[INFO] [stdout]   18:     0x64ed506a2f39 - <std[70759c8f55707aa4]::sys::thread::unix::Thread>::new::thread_start
[INFO] [stdout]   19:     0x7cfb2c26adfa - <unknown>
[INFO] [stdout]   20:     0x7cfb2c2fe3d4 - clone
[INFO] [stdout]   21:                0x0 - <unknown>
[INFO] [stdout] 
[INFO] [stdout] ---- storage::tests::test_save_load_quantized stdout ----
[INFO] [stdout] 
[INFO] [stdout] thread 'storage::tests::test_save_load_quantized' (1280) panicked at src/storage.rs:41:41:
[INFO] [stdout] save failed: Os { code: 30, kind: ReadOnlyFilesystem, message: "Read-only file system" }
[INFO] [stdout] stack backtrace:
[INFO] [stdout]    0:     0x64ed506a3661 - <<std[70759c8f55707aa4]::sys::backtrace::BacktraceLock>::print::DisplayBacktrace as core[df12db4294e9bfd3]::fmt::Display>::fmt
[INFO] [stdout]    1:     0x64ed506b833a - core[df12db4294e9bfd3]::fmt::write
[INFO] [stdout]    2:     0x64ed506a7dcc - <alloc[2182bb758b4b3781]::vec::Vec<u8> as core[df12db4294e9bfd3]::io::write::Write>::write_fmt
[INFO] [stdout]    3:     0x64ed5067e636 - std[70759c8f55707aa4]::panicking::default_hook::{closure#0}
[INFO] [stdout]    4:     0x64ed5069b409 - std[70759c8f55707aa4]::panicking::default_hook
[INFO] [stdout]    5:     0x64ed506369a0 - test[9d35eded1c95d3be]::test_main_inner::<test[9d35eded1c95d3be]::test_main_static::{closure#0}>::{closure#0}
[INFO] [stdout]    6:     0x64ed5069b5c2 - std[70759c8f55707aa4]::panicking::panic_with_hook
[INFO] [stdout]    7:     0x64ed5067e6e2 - std[70759c8f55707aa4]::panicking::panic_handler::{closure#0}
[INFO] [stdout]    8:     0x64ed506772a9 - std[70759c8f55707aa4]::sys::backtrace::__rust_end_short_backtrace::<std[70759c8f55707aa4]::panicking::panic_handler::{closure#0}, !>
[INFO] [stdout]    9:     0x64ed5067f2dd - __rustc[8fa7c3cbc660c2b3]::rust_begin_unwind
[INFO] [stdout]   10:     0x64ed506b8a6c - core[df12db4294e9bfd3]::panicking::panic_fmt
[INFO] [stdout]   11:     0x64ed506b8842 - core[df12db4294e9bfd3]::result::unwrap_failed
[INFO] [stdout]   12:     0x64ed50629aea - <hybrid_phi[e4ce9d55f6519c32]::storage::tests::test_save_load_quantized::{closure#0} as core[df12db4294e9bfd3]::ops::function::FnOnce<()>>::call_once
[INFO] [stdout]   13:     0x64ed50629c8b - test[9d35eded1c95d3be]::__rust_begin_short_backtrace::<core[df12db4294e9bfd3]::result::Result<(), alloc[2182bb758b4b3781]::string::String>, fn() -> core[df12db4294e9bfd3]::result::Result<(), alloc[2182bb758b4b3781]::string::String>>
[INFO] [stdout]   14:     0x64ed506372f5 - test[9d35eded1c95d3be]::run_test::{closure#0}
[INFO] [stdout]   15:     0x64ed50630bb4 - std[70759c8f55707aa4]::sys::backtrace::__rust_begin_short_backtrace::<test[9d35eded1c95d3be]::run_test::{closure#1}, ()>
[INFO] [stdout]   16:     0x64ed5063a452 - <std[70759c8f55707aa4]::thread::lifecycle::spawn_unchecked<test[9d35eded1c95d3be]::run_test::{closure#1}, ()>::{closure#1} as core[df12db4294e9bfd3]::ops::function::FnOnce<()>>::call_once::{shim:vtable#0}
[INFO] [stdout]   17:     0x64ed506a2f39 - <std[70759c8f55707aa4]::sys::thread::unix::Thread>::new::thread_start
[INFO] [stdout]   18:     0x7cfb2c26adfa - <unknown>
[INFO] [stdout]   19:     0x7cfb2c2fe3d4 - clone
[INFO] [stdout]   20:                0x0 - <unknown>
[INFO] [stdout] 
[INFO] [stdout] ---- phi_fs::tests::test_phi_fs_cycle stdout ----
[INFO] [stdout] 
[INFO] [stdout] thread 'phi_fs::tests::test_phi_fs_cycle' (1276) panicked at src/phi_fs.rs:17:30:
[INFO] [stdout] failed to create φ-store directory: Os { code: 30, kind: ReadOnlyFilesystem, message: "Read-only file system" }
[INFO] [stdout] stack backtrace:
[INFO] [stdout]    0:     0x64ed506a3661 - <<std[70759c8f55707aa4]::sys::backtrace::BacktraceLock>::print::DisplayBacktrace as core[df12db4294e9bfd3]::fmt::Display>::fmt
[INFO] [stdout]    1:     0x64ed506b833a - core[df12db4294e9bfd3]::fmt::write
[INFO] [stdout]    2:     0x64ed506a7dcc - <alloc[2182bb758b4b3781]::vec::Vec<u8> as core[df12db4294e9bfd3]::io::write::Write>::write_fmt
[INFO] [stdout]    3:     0x64ed5067e636 - std[70759c8f55707aa4]::panicking::default_hook::{closure#0}
[INFO] [stdout]    4:     0x64ed5069b409 - std[70759c8f55707aa4]::panicking::default_hook
[INFO] [stdout]    5:     0x64ed506369a0 - test[9d35eded1c95d3be]::test_main_inner::<test[9d35eded1c95d3be]::test_main_static::{closure#0}>::{closure#0}
[INFO] [stdout]    6:     0x64ed5069b5c2 - std[70759c8f55707aa4]::panicking::panic_with_hook
[INFO] [stdout]    7:     0x64ed5067e6e2 - std[70759c8f55707aa4]::panicking::panic_handler::{closure#0}
[INFO] [stdout]    8:     0x64ed506772a9 - std[70759c8f55707aa4]::sys::backtrace::__rust_end_short_backtrace::<std[70759c8f55707aa4]::panicking::panic_handler::{closure#0}, !>
[INFO] [stdout]    9:     0x64ed5067f2dd - __rustc[8fa7c3cbc660c2b3]::rust_begin_unwind
[INFO] [stdout]   10:     0x64ed506b8a6c - core[df12db4294e9bfd3]::panicking::panic_fmt
[INFO] [stdout]   11:     0x64ed506b8842 - core[df12db4294e9bfd3]::result::unwrap_failed
[INFO] [stdout]   12:     0x64ed506284df - hybrid_phi[e4ce9d55f6519c32]::phi_fs::tests::test_phi_fs_cycle
[INFO] [stdout]   13:     0x64ed50629479 - <hybrid_phi[e4ce9d55f6519c32]::phi_fs::tests::test_phi_fs_cycle::{closure#0} as core[df12db4294e9bfd3]::ops::function::FnOnce<()>>::call_once
[INFO] [stdout]   14:     0x64ed50629c8b - test[9d35eded1c95d3be]::__rust_begin_short_backtrace::<core[df12db4294e9bfd3]::result::Result<(), alloc[2182bb758b4b3781]::string::String>, fn() -> core[df12db4294e9bfd3]::result::Result<(), alloc[2182bb758b4b3781]::string::String>>
[INFO] [stdout]   15:     0x64ed506372f5 - test[9d35eded1c95d3be]::run_test::{closure#0}
[INFO] [stdout]   16:     0x64ed50630bb4 - std[70759c8f55707aa4]::sys::backtrace::__rust_begin_short_backtrace::<test[9d35eded1c95d3be]::run_test::{closure#1}, ()>
[INFO] [stdout]   17:     0x64ed5063a452 - <std[70759c8f55707aa4]::thread::lifecycle::spawn_unchecked<test[9d35eded1c95d3be]::run_test::{closure#1}, ()>::{closure#1} as core[df12db4294e9bfd3]::ops::function::FnOnce<()>>::call_once::{shim:vtable#0}
[INFO] [stdout]   18:     0x64ed506a2f39 - <std[70759c8f55707aa4]::sys::thread::unix::Thread>::new::thread_start
[INFO] [stdout]   19:     0x7cfb2c26adfa - <unknown>
[INFO] [stdout]   20:     0x7cfb2c2fe3d4 - clone
[INFO] [stdout]   21:                0x0 - <unknown>
[INFO] [stdout] 
[INFO] [stdout] 
[INFO] [stdout] failures:
[INFO] [stdout]     phi_fs::tests::test_phi_fs_cycle
[INFO] [stdout]     phi_router::tests::test_phi_routing_logic
[INFO] [stdout]     storage::tests::test_save_load_quantized
[INFO] [stdout] 
[INFO] [stdout] test result: FAILED. 4 passed; 3 failed; 0 ignored; 0 measured; 0 filtered out; finished in 0.01s
[INFO] [stdout] 
[INFO] running `Command { std: "docker" "inspect" "1f1355047e15d0dd3a4364f5ff6464aed6ed666387231adb2ade49a25a8be247", kill_on_drop: false }`
[INFO] running `Command { std: "docker" "rm" "-f" "1f1355047e15d0dd3a4364f5ff6464aed6ed666387231adb2ade49a25a8be247", kill_on_drop: false }`
[INFO] [stdout] 1f1355047e15d0dd3a4364f5ff6464aed6ed666387231adb2ade49a25a8be247
