[INFO] fetching crate hybrid-version 0.1.0...
[INFO] testing hybrid-version-0.1.0 against 1.99.0-beta.8+cargoflags=--release for beta-release-1.100-2
[INFO] extracting crate hybrid-version 0.1.0 into /workspace/builds/worker-6-tc1/source
[INFO] started tweaking crates.io crate hybrid-version 0.1.0
[INFO] finished tweaking crates.io crate hybrid-version 0.1.0
[INFO] tweaked toml for crates.io crate hybrid-version 0.1.0 written to /workspace/builds/worker-6-tc1/source/Cargo.toml
[INFO] validating manifest of crates.io crate hybrid-version 0.1.0 on toolchain 1.99.0-beta.8
[INFO] running `Command { std: CARGO_HOME="/workspace/cargo-home" RUSTUP_HOME="/workspace/rustup-home" "/workspace/cargo-home/bin/cargo" "+1.99.0-beta.8" "metadata" "--manifest-path" "Cargo.toml" "--no-deps", kill_on_drop: false }`
[INFO] running `Command { std: CARGO_HOME="/workspace/cargo-home" RUSTUP_HOME="/workspace/rustup-home" "/workspace/cargo-home/bin/cargo" "+1.99.0-beta.8" "generate-lockfile" "--manifest-path" "Cargo.toml", kill_on_drop: false }`
[INFO] [stderr]     Updating crates.io index
[INFO] [stderr]      Locking 51 packages to highest compatible versions
[INFO] [stderr]       Adding time v0.3.41 (available: v0.3.55)
[INFO] [stderr]       Adding time-core v0.1.4 (available: v0.1.9)
[INFO] [stderr]       Adding time-macros v0.2.22 (available: v0.2.32)
[INFO] [stderr]       Adding tzdb v0.5.10 (available: v0.7.3)
[INFO] running `Command { std: CARGO_HOME="/workspace/cargo-home" RUSTUP_HOME="/workspace/rustup-home" "/workspace/cargo-home/bin/cargo" "+1.99.0-beta.8" "fetch" "--manifest-path" "Cargo.toml", kill_on_drop: false }`
[INFO] [stderr]     Blocking waiting for file lock on package cache
[INFO] [stderr]     Blocking waiting for file lock on package cache
[INFO] [stderr]  Downloading crates ...
[INFO] [stderr]   Downloaded tzdb v0.5.10
[INFO] [stderr]   Downloaded const_fn v0.4.12
[INFO] [stderr]   Downloaded tzdb v0.6.1
[INFO] [stderr]   Downloaded tzdb_data v0.1.8
[INFO] [stderr]   Downloaded tz-rs v0.6.14
[INFO] running `Command { std: "docker" "create" "-v" "/var/lib/crater-agent-workspace/builds/worker-6-tc1/source:/opt/rustwide/workdir:ro,Z" "-v" "/var/lib/crater-agent-workspace/builds/worker-6-tc1/target:/opt/rustwide/target:rw,Z" "-v" "/var/lib/crater-agent-workspace/cargo-home:/opt/rustwide/cargo-home:ro,Z" "-v" "/var/lib/crater-agent-workspace/rustup-home:/opt/rustwide/rustup-home:ro,Z" "-m" "1610612736" "--network" "none" "ghcr.io/rust-lang/crates-build-env/linux@sha256:77db811e55d90add9212f6832c23229e3de5f1c1f9905e8cb07319ea15df73ac" "sleep" "infinity", kill_on_drop: false }`
[INFO] [stdout] fdb72ba0258bd4b931ecc0e9d8922ae17233dfb115ff398183f9ed4fd76d65f3
[INFO] running `Command { std: "docker" "start" "fdb72ba0258bd4b931ecc0e9d8922ae17233dfb115ff398183f9ed4fd76d65f3", kill_on_drop: false }`
[INFO] running `Command { std: "docker" "inspect" "fdb72ba0258bd4b931ecc0e9d8922ae17233dfb115ff398183f9ed4fd76d65f3", kill_on_drop: false }`
[INFO] running `Command { std: "docker" "exec" "-e" "SOURCE_DIR=/opt/rustwide/workdir" "-e" "CARGO_HOME=/opt/rustwide/cargo-home" "-e" "RUSTUP_HOME=/opt/rustwide/rustup-home" "-e" "CARGO_TARGET_DIR=/opt/rustwide/target" "-w" "/opt/rustwide/workdir" "--user" "0:0" "fdb72ba0258bd4b931ecc0e9d8922ae17233dfb115ff398183f9ed4fd76d65f3" "/opt/rustwide/cargo-home/bin/cargo" "+1.99.0-beta.8" "metadata" "--no-deps" "--format-version=1", kill_on_drop: false }`
[INFO] running `Command { std: "docker" "inspect" "fdb72ba0258bd4b931ecc0e9d8922ae17233dfb115ff398183f9ed4fd76d65f3", kill_on_drop: false }`
[INFO] running `Command { std: "docker" "exec" "-e" "SOURCE_DIR=/opt/rustwide/workdir" "-e" "CARGO_HOME=/opt/rustwide/cargo-home" "-e" "RUSTUP_HOME=/opt/rustwide/rustup-home" "-e" "CARGO_TARGET_DIR=/opt/rustwide/target" "-e" "CARGO_INCREMENTAL=0" "-e" "RUST_BACKTRACE=full" "-e" "RUSTFLAGS=--cap-lints=warn" "-e" "RUSTDOCFLAGS=--cap-lints=warn" "-w" "/opt/rustwide/workdir" "--user" "0:0" "fdb72ba0258bd4b931ecc0e9d8922ae17233dfb115ff398183f9ed4fd76d65f3" "/opt/rustwide/cargo-home/bin/cargo" "+1.99.0-beta.8" "build" "--frozen" "--message-format=json" "--release", kill_on_drop: false }`
[INFO] [stderr]    Compiling const_fn v0.4.12
[INFO] [stderr]    Compiling time-core v0.1.4
[INFO] [stderr]    Compiling num-conv v0.1.0
[INFO] [stderr]    Compiling deranged v0.4.0
[INFO] [stderr]    Compiling time-macros v0.2.22
[INFO] [stderr]    Compiling time v0.3.41
[INFO] [stderr]    Compiling tz-rs v0.6.14
[INFO] [stderr]    Compiling tzdb_data v0.1.8
[INFO] [stderr]    Compiling tzdb v0.6.1
[INFO] [stderr]    Compiling tzdb v0.5.10
[INFO] [stderr]    Compiling hybrid-version v0.1.0 (/opt/rustwide/workdir)
[INFO] [stderr]     Finished `release` profile [optimized] target(s) in 12.64s
[INFO] running `Command { std: "docker" "inspect" "fdb72ba0258bd4b931ecc0e9d8922ae17233dfb115ff398183f9ed4fd76d65f3", kill_on_drop: false }`
[INFO] running `Command { std: "docker" "exec" "-e" "SOURCE_DIR=/opt/rustwide/workdir" "-e" "CARGO_HOME=/opt/rustwide/cargo-home" "-e" "RUSTUP_HOME=/opt/rustwide/rustup-home" "-e" "CARGO_TARGET_DIR=/opt/rustwide/target" "-e" "CARGO_INCREMENTAL=0" "-e" "RUST_BACKTRACE=full" "-e" "RUSTFLAGS=--cap-lints=warn" "-e" "RUSTDOCFLAGS=--cap-lints=warn" "-w" "/opt/rustwide/workdir" "--user" "0:0" "fdb72ba0258bd4b931ecc0e9d8922ae17233dfb115ff398183f9ed4fd76d65f3" "/opt/rustwide/cargo-home/bin/cargo" "+1.99.0-beta.8" "test" "--frozen" "--no-run" "--message-format=json" "--release", kill_on_drop: false }`
[INFO] [stderr]    Compiling hybrid-version v0.1.0 (/opt/rustwide/workdir)
[INFO] [stderr]     Finished `release` profile [optimized] target(s) in 2.07s
[INFO] running `Command { std: "docker" "inspect" "fdb72ba0258bd4b931ecc0e9d8922ae17233dfb115ff398183f9ed4fd76d65f3", kill_on_drop: false }`
[INFO] running `Command { std: "docker" "exec" "-e" "SOURCE_DIR=/opt/rustwide/workdir" "-e" "CARGO_HOME=/opt/rustwide/cargo-home" "-e" "RUSTUP_HOME=/opt/rustwide/rustup-home" "-e" "CARGO_TARGET_DIR=/opt/rustwide/target" "-e" "CARGO_INCREMENTAL=0" "-e" "RUST_BACKTRACE=full" "-e" "RUSTFLAGS=--cap-lints=warn" "-e" "RUSTDOCFLAGS=--cap-lints=warn" "-w" "/opt/rustwide/workdir" "--user" "0:0" "fdb72ba0258bd4b931ecc0e9d8922ae17233dfb115ff398183f9ed4fd76d65f3" "/opt/rustwide/cargo-home/bin/cargo" "+1.99.0-beta.8" "test" "--frozen" "--release", kill_on_drop: false }`
[INFO] [stderr]     Finished `release` profile [optimized] target(s) in 0.05s
[INFO] [stderr]      Running unittests src/lib.rs (/opt/rustwide/target/release/deps/hybrid_version-bdbf5247c9f1ed33)
[INFO] [stdout] 
[INFO] [stdout] running 53 tests
[INFO] [stdout] test compiler::tests::test_compiler_env_debug ... ok
[INFO] [stdout] test error::tests::test_from_str ... ok
[INFO] [stdout] test compiler::tests::test_build_model_display ... ok
[INFO] [stdout] test compiler::tests::test_build_model_func ... ok
[INFO] [stdout] test error::tests::test_from_io_error ... ok
[INFO] [stdout] test error::tests::test_git_command_error ... ok
[INFO] [stdout] test git::tests::test_parse_numstat_binary ... ok
[INFO] [stdout] test git::tests::test_parse_numstat_normal ... ok
[INFO] [stdout] test git::tests::test_parse_numstat_empty ... ok
[INFO] [stdout] test error::tests::test_from_string ... ok
[INFO] [stdout] test error::tests::test_error_chain ... ok
[INFO] [stdout] test git::tests::test_parse_tz_offset_short ... ok
[INFO] [stdout] test git::tests::test_parse_tz_offset_zero ... ok
[INFO] [stdout] test compiler::tests::test_compiler_env_default ... ok
[INFO] [stdout] test ts::tests::test_datetime_default ... ok
[INFO] [stdout] test git::tests::test_parse_tz_offset_positive ... ok
[INFO] [stdout] test ts::tests::test_human_format_utc ... ok
[INFO] [stdout] test compiler::tests::test_build_model_default ... ok
[INFO] [stdout] test ts::tests::test_datetime_equality ... ok
[INFO] [stdout] test git::tests::test_parse_tz_offset_negative ... ok
[INFO] [stdout] test ts::tests::test_datetime_now ... ok
[INFO] [stdout] test ts::tests::test_timestamp_to_local_negative_offset ... ok
[INFO] [stdout] test ts::tests::test_local_now_human_format ... ok
[INFO] [stdout] test ts::tests::test_timestamp_to_local_offset ... ok
[INFO] [stdout] test git::tests::test_parse_tz_offset_empty ... ok
[INFO] [stdout] test ts::tests::test_timestamp_2_utc ... ok
[INFO] [stdout] test version::tests::test_parse_version_line_empty ... ok
[INFO] [stdout] test version::tests::test_parse_version_line_non_numeric ... ok
[INFO] [stdout] test version::tests::test_parse_version_line_spaced ... ok
[INFO] [stdout] test version::tests::test_out_file ... ok
[INFO] [stdout] test version::tests::test_parse_version_line_spaces_around_equals ... ok
[INFO] [stdout] test version::tests::test_parse_version_line_leading_whitespace ... ok
[INFO] [stdout] test ts::tests::test_timestamp_to_utc_rfc3339 ... ok
[INFO] [stdout] test version::tests::test_parse_version_line_standard ... ok
[INFO] [stdout] test version::tests::test_parse_version_line_no_match ... ok
[INFO] [stdout] test version::tests::test_parse_version_line_too_few_parts ... ok
[INFO] [stdout] test git::tests::test_blob_content_cargo_toml ... FAILED
[INFO] [stdout] test version::tests::test_version_debug_format ... FAILED
[INFO] [stdout] test version::tests::test_write_buildlog ... FAILED
[INFO] [stdout] test git::tests::test_head_short_id ... FAILED
[INFO] [stdout] test version::tests::test_version_new_with_build_id ... FAILED
[INFO] [stdout] test git::tests::test_modified_lines ... FAILED
[INFO] [stdout] test version::tests::test_version_write_output_format ... FAILED
[INFO] [stdout] test git::tests::test_revwalk_count_since ... FAILED
[INFO] [stdout] test version::tests::test_modified_cannot_build_release_returns_self ... FAILED
[INFO] [stdout] test git::tests::test_branch ... FAILED
[INFO] [stdout] test version::tests::version_new_and_write ... FAILED
[INFO] [stdout] test git::tests::test_discover_current_repo ... FAILED
[INFO] [stdout] test git::tests::test_head_commit_time ... FAILED
[INFO] [stdout] test git::tests::test_blame_line_commit ... FAILED
[INFO] [stdout] test version::tests::test_version_new_without_build_id ... FAILED
[INFO] [stdout] test git::tests::test_is_bare ... FAILED
[INFO] [stderr] error: test failed, to rerun pass `--lib`
[INFO] [stdout] test compiler::tests::test_compiler_env_detection ... ok
[INFO] [stdout] 
[INFO] [stdout] failures:
[INFO] [stdout] 
[INFO] [stdout] ---- git::tests::test_blob_content_cargo_toml stdout ----
[INFO] [stdout] 
[INFO] [stdout] thread 'git::tests::test_blob_content_cargo_toml' (400) panicked at src/git.rs:319:66:
[INFO] [stdout] failed to discover git repo: GitCommand("fatal: not a git repository (or any parent up to mount point /opt/rustwide)\nStopping at filesystem boundary (GIT_DISCOVERY_ACROSS_FILESYSTEM not set).")
[INFO] [stdout] stack backtrace:
[INFO] [stdout]    0:     0x64f7ac4f8f01 - <<std[70759c8f55707aa4]::sys::backtrace::BacktraceLock>::print::DisplayBacktrace as core[df12db4294e9bfd3]::fmt::Display>::fmt
[INFO] [stdout]    1:     0x64f7ac50d7da - core[df12db4294e9bfd3]::fmt::write
[INFO] [stdout]    2:     0x64f7ac4fd48c - <alloc[2182bb758b4b3781]::vec::Vec<u8> as core[df12db4294e9bfd3]::io::write::Write>::write_fmt
[INFO] [stdout]    3:     0x64f7ac4d45a6 - std[70759c8f55707aa4]::panicking::default_hook::{closure#0}
[INFO] [stdout]    4:     0x64f7ac4f0db9 - std[70759c8f55707aa4]::panicking::default_hook
[INFO] [stdout]    5:     0x64f7ac47e710 - test[9d35eded1c95d3be]::test_main_inner::<test[9d35eded1c95d3be]::test_main_static::{closure#0}>::{closure#0}
[INFO] [stdout]    6:     0x64f7ac4f0f72 - std[70759c8f55707aa4]::panicking::panic_with_hook
[INFO] [stdout]    7:     0x64f7ac4d4652 - std[70759c8f55707aa4]::panicking::panic_handler::{closure#0}
[INFO] [stdout]    8:     0x64f7ac4cd199 - std[70759c8f55707aa4]::sys::backtrace::__rust_end_short_backtrace::<std[70759c8f55707aa4]::panicking::panic_handler::{closure#0}, !>
[INFO] [stdout]    9:     0x64f7ac4d524d - __rustc[8fa7c3cbc660c2b3]::rust_begin_unwind
[INFO] [stdout]   10:     0x64f7ac50df0c - core[df12db4294e9bfd3]::panicking::panic_fmt
[INFO] [stdout]   11:     0x64f7ac50dce2 - core[df12db4294e9bfd3]::result::unwrap_failed
[INFO] [stdout]   12:     0x64f7ac4655fc - hybrid_version[e1236e8191b2cc9]::git::tests::test_blob_content_cargo_toml
[INFO] [stdout]   13:     0x64f7ac46b779 - <hybrid_version[e1236e8191b2cc9]::git::tests::test_blob_content_cargo_toml::{closure#0} as core[df12db4294e9bfd3]::ops::function::FnOnce<()>>::call_once
[INFO] [stdout]   14:     0x64f7ac4719fb - test[9d35eded1c95d3be]::__rust_begin_short_backtrace::<core[df12db4294e9bfd3]::result::Result<(), alloc[2182bb758b4b3781]::string::String>, fn() -> core[df12db4294e9bfd3]::result::Result<(), alloc[2182bb758b4b3781]::string::String>>
[INFO] [stdout]   15:     0x64f7ac47f065 - test[9d35eded1c95d3be]::run_test::{closure#0}
[INFO] [stdout]   16:     0x64f7ac478924 - std[70759c8f55707aa4]::sys::backtrace::__rust_begin_short_backtrace::<test[9d35eded1c95d3be]::run_test::{closure#1}, ()>
[INFO] [stdout]   17:     0x64f7ac4821c2 - <std[70759c8f55707aa4]::thread::lifecycle::spawn_unchecked<test[9d35eded1c95d3be]::run_test::{closure#1}, ()>::{closure#1} as core[df12db4294e9bfd3]::ops::function::FnOnce<()>>::call_once::{shim:vtable#0}
[INFO] [stdout]   18:     0x64f7ac4f8149 - <std[70759c8f55707aa4]::sys::thread::unix::Thread>::new::thread_start
[INFO] [stdout]   19:     0x7d23682badfa - <unknown>
[INFO] [stdout]   20:     0x7d236834e3d4 - clone
[INFO] [stdout]   21:                0x0 - <unknown>
[INFO] [stdout] 
[INFO] [stdout] ---- version::tests::test_version_debug_format stdout ----
[INFO] [stdout] 
[INFO] [stdout] thread 'version::tests::test_version_debug_format' (451) panicked at src/version.rs:549:42:
[INFO] [stdout] Version::new should succeed: GitCommand("fatal: not a git repository (or any parent up to mount point /opt/rustwide)\nStopping at filesystem boundary (GIT_DISCOVERY_ACROSS_FILESYSTEM not set).")
[INFO] [stdout] stack backtrace:
[INFO] [stdout]    0:     0x64f7ac4f8f01 - <<std[70759c8f55707aa4]::sys::backtrace::BacktraceLock>::print::DisplayBacktrace as core[df12db4294e9bfd3]::fmt::Display>::fmt
[INFO] [stdout]    1:     0x64f7ac50d7da - core[df12db4294e9bfd3]::fmt::write
[INFO] [stdout]    2:     0x64f7ac4fd48c - <alloc[2182bb758b4b3781]::vec::Vec<u8> as core[df12db4294e9bfd3]::io::write::Write>::write_fmt
[INFO] [stdout]    3:     0x64f7ac4d45a6 - std[70759c8f55707aa4]::panicking::default_hook::{closure#0}
[INFO] [stdout]    4:     0x64f7ac4f0db9 - std[70759c8f55707aa4]::panicking::default_hook
[INFO] [stdout]    5:     0x64f7ac47e710 - test[9d35eded1c95d3be]::test_main_inner::<test[9d35eded1c95d3be]::test_main_static::{closure#0}>::{closure#0}
[INFO] [stdout]    6:     0x64f7ac4f0f72 - std[70759c8f55707aa4]::panicking::panic_with_hook
[INFO] [stdout]    7:     0x64f7ac4d4652 - std[70759c8f55707aa4]::panicking::panic_handler::{closure#0}
[INFO] [stdout]    8:     0x64f7ac4cd199 - std[70759c8f55707aa4]::sys::backtrace::__rust_end_short_backtrace::<std[70759c8f55707aa4]::panicking::panic_handler::{closure#0}, !>
[INFO] [stdout]    9:     0x64f7ac4d524d - __rustc[8fa7c3cbc660c2b3]::rust_begin_unwind
[INFO] [stdout]   10:     0x64f7ac50df0c - core[df12db4294e9bfd3]::panicking::panic_fmt
[INFO] [stdout]   11:     0x64f7ac50dce2 - core[df12db4294e9bfd3]::result::unwrap_failed
[INFO] [stdout]   12:     0x64f7ac45fedb - hybrid_version[e1236e8191b2cc9]::version::tests::test_version_debug_format
[INFO] [stdout]   13:     0x64f7ac46b9b9 - <hybrid_version[e1236e8191b2cc9]::version::tests::test_version_debug_format::{closure#0} as core[df12db4294e9bfd3]::ops::function::FnOnce<()>>::call_once
[INFO] [stdout]   14:     0x64f7ac4719fb - test[9d35eded1c95d3be]::__rust_begin_short_backtrace::<core[df12db4294e9bfd3]::result::Result<(), alloc[2182bb758b4b3781]::string::String>, fn() -> core[df12db4294e9bfd3]::result::Result<(), alloc[2182bb758b4b3781]::string::String>>
[INFO] [stdout]   15:     0x64f7ac47f065 - test[9d35eded1c95d3be]::run_test::{closure#0}
[INFO] [stdout]   16:     0x64f7ac478924 - std[70759c8f55707aa4]::sys::backtrace::__rust_begin_short_backtrace::<test[9d35eded1c95d3be]::run_test::{closure#1}, ()>
[INFO] [stdout]   17:     0x64f7ac4821c2 - <std[70759c8f55707aa4]::thread::lifecycle::spawn_unchecked<test[9d35eded1c95d3be]::run_test::{closure#1}, ()>::{closure#1} as core[df12db4294e9bfd3]::ops::function::FnOnce<()>>::call_once::{shim:vtable#0}
[INFO] [stdout]   18:     0x64f7ac4f8149 - <std[70759c8f55707aa4]::sys::thread::unix::Thread>::new::thread_start
[INFO] [stdout]   19:     0x7d23682badfa - <unknown>
[INFO] [stdout]   20:     0x7d236834e3d4 - clone
[INFO] [stdout]   21:                0x0 - <unknown>
[INFO] [stdout] 
[INFO] [stdout] ---- version::tests::test_write_buildlog stdout ----
[INFO] [stdout] 
[INFO] [stdout] thread 'version::tests::test_write_buildlog' (460) panicked at src/version.rs:571:42:
[INFO] [stdout] Version::new should succeed: GitCommand("fatal: not a git repository (or any parent up to mount point /opt/rustwide)\nStopping at filesystem boundary (GIT_DISCOVERY_ACROSS_FILESYSTEM not set).")
[INFO] [stdout] stack backtrace:
[INFO] [stdout]    0:     0x64f7ac4f8f01 - <<std[70759c8f55707aa4]::sys::backtrace::BacktraceLock>::print::DisplayBacktrace as core[df12db4294e9bfd3]::fmt::Display>::fmt
[INFO] [stdout]    1:     0x64f7ac50d7da - core[df12db4294e9bfd3]::fmt::write
[INFO] [stdout]    2:     0x64f7ac4fd48c - <alloc[2182bb758b4b3781]::vec::Vec<u8> as core[df12db4294e9bfd3]::io::write::Write>::write_fmt
[INFO] [stdout]    3:     0x64f7ac4d45a6 - std[70759c8f55707aa4]::panicking::default_hook::{closure#0}
[INFO] [stdout]    4:     0x64f7ac4f0db9 - std[70759c8f55707aa4]::panicking::default_hook
[INFO] [stdout]    5:     0x64f7ac47e710 - test[9d35eded1c95d3be]::test_main_inner::<test[9d35eded1c95d3be]::test_main_static::{closure#0}>::{closure#0}
[INFO] [stdout]    6:     0x64f7ac4f0f72 - std[70759c8f55707aa4]::panicking::panic_with_hook
[INFO] [stdout]    7:     0x64f7ac4d4652 - std[70759c8f55707aa4]::panicking::panic_handler::{closure#0}
[INFO] [stdout]    8:     0x64f7ac4cd199 - std[70759c8f55707aa4]::sys::backtrace::__rust_end_short_backtrace::<std[70759c8f55707aa4]::panicking::panic_handler::{closure#0}, !>
[INFO] [stdout]    9:     0x64f7ac4d524d - __rustc[8fa7c3cbc660c2b3]::rust_begin_unwind
[INFO] [stdout]   10:     0x64f7ac50df0c - core[df12db4294e9bfd3]::panicking::panic_fmt
[INFO] [stdout]   11:     0x64f7ac50dce2 - core[df12db4294e9bfd3]::result::unwrap_failed
[INFO] [stdout]   12:     0x64f7ac45f945 - hybrid_version[e1236e8191b2cc9]::version::tests::test_write_buildlog
[INFO] [stdout]   13:     0x64f7ac46b979 - <hybrid_version[e1236e8191b2cc9]::version::tests::test_write_buildlog::{closure#0} as core[df12db4294e9bfd3]::ops::function::FnOnce<()>>::call_once
[INFO] [stdout]   14:     0x64f7ac4719fb - test[9d35eded1c95d3be]::__rust_begin_short_backtrace::<core[df12db4294e9bfd3]::result::Result<(), alloc[2182bb758b4b3781]::string::String>, fn() -> core[df12db4294e9bfd3]::result::Result<(), alloc[2182bb758b4b3781]::string::String>>
[INFO] [stdout]   15:     0x64f7ac47f065 - test[9d35eded1c95d3be]::run_test::{closure#0}
[INFO] [stdout]   16:     0x64f7ac478924 - std[70759c8f55707aa4]::sys::backtrace::__rust_begin_short_backtrace::<test[9d35eded1c95d3be]::run_test::{closure#1}, ()>
[INFO] [stdout]   17:     0x64f7ac4821c2 - <std[70759c8f55707aa4]::thread::lifecycle::spawn_unchecked<test[9d35eded1c95d3be]::run_test::{closure#1}, ()>::{closure#1} as core[df12db4294e9bfd3]::ops::function::FnOnce<()>>::call_once::{shim:vtable#0}
[INFO] [stdout]   18:     0x64f7ac4f8149 - <std[70759c8f55707aa4]::sys::thread::unix::Thread>::new::thread_start
[INFO] [stdout]   19:     0x7d23682badfa - <unknown>
[INFO] [stdout]   20:     0x7d236834e3d4 - clone
[INFO] [stdout]   21:                0x0 - <unknown>
[INFO] [stdout] 
[INFO] [stdout] ---- git::tests::test_head_short_id stdout ----
[INFO] [stdout] 
[INFO] [stdout] thread 'git::tests::test_head_short_id' (404) panicked at src/git.rs:319:66:
[INFO] [stdout] failed to discover git repo: GitCommand("fatal: not a git repository (or any parent up to mount point /opt/rustwide)\nStopping at filesystem boundary (GIT_DISCOVERY_ACROSS_FILESYSTEM not set).")
[INFO] [stdout] stack backtrace:
[INFO] [stdout]    0:     0x64f7ac4f8f01 - <<std[70759c8f55707aa4]::sys::backtrace::BacktraceLock>::print::DisplayBacktrace as core[df12db4294e9bfd3]::fmt::Display>::fmt
[INFO] [stdout]    1:     0x64f7ac50d7da - core[df12db4294e9bfd3]::fmt::write
[INFO] [stdout]    2:     0x64f7ac4fd48c - <alloc[2182bb758b4b3781]::vec::Vec<u8> as core[df12db4294e9bfd3]::io::write::Write>::write_fmt
[INFO] [stdout]    3:     0x64f7ac4d45a6 - std[70759c8f55707aa4]::panicking::default_hook::{closure#0}
[INFO] [stdout]    4:     0x64f7ac4f0db9 - std[70759c8f55707aa4]::panicking::default_hook
[INFO] [stdout]    5:     0x64f7ac47e710 - test[9d35eded1c95d3be]::test_main_inner::<test[9d35eded1c95d3be]::test_main_static::{closure#0}>::{closure#0}
[INFO] [stdout]    6:     0x64f7ac4f0f72 - std[70759c8f55707aa4]::panicking::panic_with_hook
[INFO] [stdout]    7:     0x64f7ac4d4652 - std[70759c8f55707aa4]::panicking::panic_handler::{closure#0}
[INFO] [stdout]    8:     0x64f7ac4cd199 - std[70759c8f55707aa4]::sys::backtrace::__rust_end_short_backtrace::<std[70759c8f55707aa4]::panicking::panic_handler::{closure#0}, !>
[INFO] [stdout]    9:     0x64f7ac4d524d - __rustc[8fa7c3cbc660c2b3]::rust_begin_unwind
[INFO] [stdout]   10:     0x64f7ac50df0c - core[df12db4294e9bfd3]::panicking::panic_fmt
[INFO] [stdout]   11:     0x64f7ac50dce2 - core[df12db4294e9bfd3]::result::unwrap_failed
[INFO] [stdout]   12:     0x64f7ac464311 - hybrid_version[e1236e8191b2cc9]::git::tests::test_head_short_id
[INFO] [stdout]   13:     0x64f7ac46b4b9 - <hybrid_version[e1236e8191b2cc9]::git::tests::test_head_short_id::{closure#0} as core[df12db4294e9bfd3]::ops::function::FnOnce<()>>::call_once
[INFO] [stdout]   14:     0x64f7ac4719fb - test[9d35eded1c95d3be]::__rust_begin_short_backtrace::<core[df12db4294e9bfd3]::result::Result<(), alloc[2182bb758b4b3781]::string::String>, fn() -> core[df12db4294e9bfd3]::result::Result<(), alloc[2182bb758b4b3781]::string::String>>
[INFO] [stdout]   15:     0x64f7ac47f065 - test[9d35eded1c95d3be]::run_test::{closure#0}
[INFO] [stdout]   16:     0x64f7ac478924 - std[70759c8f55707aa4]::sys::backtrace::__rust_begin_short_backtrace::<test[9d35eded1c95d3be]::run_test::{closure#1}, ()>
[INFO] [stdout]   17:     0x64f7ac4821c2 - <std[70759c8f55707aa4]::thread::lifecycle::spawn_unchecked<test[9d35eded1c95d3be]::run_test::{closure#1}, ()>::{closure#1} as core[df12db4294e9bfd3]::ops::function::FnOnce<()>>::call_once::{shim:vtable#0}
[INFO] [stdout]   18:     0x64f7ac4f8149 - <std[70759c8f55707aa4]::sys::thread::unix::Thread>::new::thread_start
[INFO] [stdout]   19:     0x7d23682badfa - <unknown>
[INFO] [stdout]   20:     0x7d236834e3d4 - clone
[INFO] [stdout]   21:                0x0 - <unknown>
[INFO] [stdout] 
[INFO] [stdout] ---- version::tests::test_version_new_with_build_id stdout ----
[INFO] [stdout] 
[INFO] [stdout] thread 'version::tests::test_version_new_with_build_id' (453) panicked at src/version.rs:499:9:
[INFO] [stdout] Version::new_for should succeed: Err(GitCommand("fatal: not a git repository (or any parent up to mount point /opt/rustwide)\nStopping at filesystem boundary (GIT_DISCOVERY_ACROSS_FILESYSTEM not set)."))
[INFO] [stdout] stack backtrace:
[INFO] [stdout]    0:     0x64f7ac4f8f01 - <<std[70759c8f55707aa4]::sys::backtrace::BacktraceLock>::print::DisplayBacktrace as core[df12db4294e9bfd3]::fmt::Display>::fmt
[INFO] [stdout]    1:     0x64f7ac50d7da - core[df12db4294e9bfd3]::fmt::write
[INFO] [stdout]    2:     0x64f7ac4fd48c - <alloc[2182bb758b4b3781]::vec::Vec<u8> as core[df12db4294e9bfd3]::io::write::Write>::write_fmt
[INFO] [stdout]    3:     0x64f7ac4d45a6 - std[70759c8f55707aa4]::panicking::default_hook::{closure#0}
[INFO] [stdout]    4:     0x64f7ac4f0db9 - std[70759c8f55707aa4]::panicking::default_hook
[INFO] [stdout]    5:     0x64f7ac47e710 - test[9d35eded1c95d3be]::test_main_inner::<test[9d35eded1c95d3be]::test_main_static::{closure#0}>::{closure#0}
[INFO] [stdout]    6:     0x64f7ac4f0f72 - std[70759c8f55707aa4]::panicking::panic_with_hook
[INFO] [stdout]    7:     0x64f7ac4d4652 - std[70759c8f55707aa4]::panicking::panic_handler::{closure#0}
[INFO] [stdout]    8:     0x64f7ac4cd199 - std[70759c8f55707aa4]::sys::backtrace::__rust_end_short_backtrace::<std[70759c8f55707aa4]::panicking::panic_handler::{closure#0}, !>
[INFO] [stdout]    9:     0x64f7ac4d524d - __rustc[8fa7c3cbc660c2b3]::rust_begin_unwind
[INFO] [stdout]   10:     0x64f7ac50df0c - core[df12db4294e9bfd3]::panicking::panic_fmt
[INFO] [stdout]   11:     0x64f7ac4600c8 - hybrid_version[e1236e8191b2cc9]::version::tests::test_version_new_with_build_id
[INFO] [stdout]   12:     0x64f7ac46baa9 - <hybrid_version[e1236e8191b2cc9]::version::tests::test_version_new_with_build_id::{closure#0} as core[df12db4294e9bfd3]::ops::function::FnOnce<()>>::call_once
[INFO] [stdout]   13:     0x64f7ac4719fb - test[9d35eded1c95d3be]::__rust_begin_short_backtrace::<core[df12db4294e9bfd3]::result::Result<(), alloc[2182bb758b4b3781]::string::String>, fn() -> core[df12db4294e9bfd3]::result::Result<(), alloc[2182bb758b4b3781]::string::String>>
[INFO] [stdout]   14:     0x64f7ac47f065 - test[9d35eded1c95d3be]::run_test::{closure#0}
[INFO] [stdout]   15:     0x64f7ac478924 - std[70759c8f55707aa4]::sys::backtrace::__rust_begin_short_backtrace::<test[9d35eded1c95d3be]::run_test::{closure#1}, ()>
[INFO] [stdout]   16:     0x64f7ac4821c2 - <std[70759c8f55707aa4]::thread::lifecycle::spawn_unchecked<test[9d35eded1c95d3be]::run_test::{closure#1}, ()>::{closure#1} as core[df12db4294e9bfd3]::ops::function::FnOnce<()>>::call_once::{shim:vtable#0}
[INFO] [stdout]   17:     0x64f7ac4f8149 - <std[70759c8f55707aa4]::sys::thread::unix::Thread>::new::thread_start
[INFO] [stdout]   18:     0x7d23682badfa - <unknown>
[INFO] [stdout]   19:     0x7d236834e3d4 - clone
[INFO] [stdout]   20:                0x0 - <unknown>
[INFO] [stdout] 
[INFO] [stdout] ---- git::tests::test_modified_lines stdout ----
[INFO] [stdout] 
[INFO] [stdout] thread 'git::tests::test_modified_lines' (406) panicked at src/git.rs:319:66:
[INFO] [stdout] failed to discover git repo: GitCommand("fatal: not a git repository (or any parent up to mount point /opt/rustwide)\nStopping at filesystem boundary (GIT_DISCOVERY_ACROSS_FILESYSTEM not set).")
[INFO] [stdout] stack backtrace:
[INFO] [stdout]    0:     0x64f7ac4f8f01 - <<std[70759c8f55707aa4]::sys::backtrace::BacktraceLock>::print::DisplayBacktrace as core[df12db4294e9bfd3]::fmt::Display>::fmt
[INFO] [stdout]    1:     0x64f7ac50d7da - core[df12db4294e9bfd3]::fmt::write
[INFO] [stdout]    2:     0x64f7ac4fd48c - <alloc[2182bb758b4b3781]::vec::Vec<u8> as core[df12db4294e9bfd3]::io::write::Write>::write_fmt
[INFO] [stdout]    3:     0x64f7ac4d45a6 - std[70759c8f55707aa4]::panicking::default_hook::{closure#0}
[INFO] [stdout]    4:     0x64f7ac4f0db9 - std[70759c8f55707aa4]::panicking::default_hook
[INFO] [stdout]    5:     0x64f7ac47e710 - test[9d35eded1c95d3be]::test_main_inner::<test[9d35eded1c95d3be]::test_main_static::{closure#0}>::{closure#0}
[INFO] [stdout]    6:     0x64f7ac4f0f72 - std[70759c8f55707aa4]::panicking::panic_with_hook
[INFO] [stdout]    7:     0x64f7ac4d4652 - std[70759c8f55707aa4]::panicking::panic_handler::{closure#0}
[INFO] [stdout]    8:     0x64f7ac4cd199 - std[70759c8f55707aa4]::sys::backtrace::__rust_end_short_backtrace::<std[70759c8f55707aa4]::panicking::panic_handler::{closure#0}, !>
[INFO] [stdout]    9:     0x64f7ac4d524d - __rustc[8fa7c3cbc660c2b3]::rust_begin_unwind
[INFO] [stdout]   10:     0x64f7ac50df0c - core[df12db4294e9bfd3]::panicking::panic_fmt
[INFO] [stdout]   11:     0x64f7ac50dce2 - core[df12db4294e9bfd3]::result::unwrap_failed
[INFO] [stdout]   12:     0x64f7ac464502 - hybrid_version[e1236e8191b2cc9]::git::tests::test_modified_lines
[INFO] [stdout]   13:     0x64f7ac46b4d9 - <hybrid_version[e1236e8191b2cc9]::git::tests::test_modified_lines::{closure#0} as core[df12db4294e9bfd3]::ops::function::FnOnce<()>>::call_once
[INFO] [stdout]   14:     0x64f7ac4719fb - test[9d35eded1c95d3be]::__rust_begin_short_backtrace::<core[df12db4294e9bfd3]::result::Result<(), alloc[2182bb758b4b3781]::string::String>, fn() -> core[df12db4294e9bfd3]::result::Result<(), alloc[2182bb758b4b3781]::string::String>>
[INFO] [stdout]   15:     0x64f7ac47f065 - test[9d35eded1c95d3be]::run_test::{closure#0}
[INFO] [stdout]   16:     0x64f7ac478924 - std[70759c8f55707aa4]::sys::backtrace::__rust_begin_short_backtrace::<test[9d35eded1c95d3be]::run_test::{closure#1}, ()>
[INFO] [stdout]   17:     0x64f7ac4821c2 - <std[70759c8f55707aa4]::thread::lifecycle::spawn_unchecked<test[9d35eded1c95d3be]::run_test::{closure#1}, ()>::{closure#1} as core[df12db4294e9bfd3]::ops::function::FnOnce<()>>::call_once::{shim:vtable#0}
[INFO] [stdout]   18:     0x64f7ac4f8149 - <std[70759c8f55707aa4]::sys::thread::unix::Thread>::new::thread_start
[INFO] [stdout]   19:     0x7d23682badfa - <unknown>
[INFO] [stdout]   20:     0x7d236834e3d4 - clone
[INFO] [stdout]   21:                0x0 - <unknown>
[INFO] [stdout] 
[INFO] [stdout] ---- version::tests::test_version_write_output_format stdout ----
[INFO] [stdout] 
[INFO] [stdout] thread 'version::tests::test_version_write_output_format' (455) panicked at src/version.rs:519:42:
[INFO] [stdout] Version::new should succeed: GitCommand("fatal: not a git repository (or any parent up to mount point /opt/rustwide)\nStopping at filesystem boundary (GIT_DISCOVERY_ACROSS_FILESYSTEM not set).")
[INFO] [stdout] stack backtrace:
[INFO] [stdout]    0:     0x64f7ac4f8f01 - <<std[70759c8f55707aa4]::sys::backtrace::BacktraceLock>::print::DisplayBacktrace as core[df12db4294e9bfd3]::fmt::Display>::fmt
[INFO] [stdout]    1:     0x64f7ac50d7da - core[df12db4294e9bfd3]::fmt::write
[INFO] [stdout]    2:     0x64f7ac4fd48c - <alloc[2182bb758b4b3781]::vec::Vec<u8> as core[df12db4294e9bfd3]::io::write::Write>::write_fmt
[INFO] [stdout]    3:     0x64f7ac4d45a6 - std[70759c8f55707aa4]::panicking::default_hook::{closure#0}
[INFO] [stdout]    4:     0x64f7ac4f0db9 - std[70759c8f55707aa4]::panicking::default_hook
[INFO] [stdout]    5:     0x64f7ac47e710 - test[9d35eded1c95d3be]::test_main_inner::<test[9d35eded1c95d3be]::test_main_static::{closure#0}>::{closure#0}
[INFO] [stdout]    6:     0x64f7ac4f0f72 - std[70759c8f55707aa4]::panicking::panic_with_hook
[INFO] [stdout]    7:     0x64f7ac4d4652 - std[70759c8f55707aa4]::panicking::panic_handler::{closure#0}
[INFO] [stdout]    8:     0x64f7ac4cd199 - std[70759c8f55707aa4]::sys::backtrace::__rust_end_short_backtrace::<std[70759c8f55707aa4]::panicking::panic_handler::{closure#0}, !>
[INFO] [stdout]    9:     0x64f7ac4d524d - __rustc[8fa7c3cbc660c2b3]::rust_begin_unwind
[INFO] [stdout]   10:     0x64f7ac50df0c - core[df12db4294e9bfd3]::panicking::panic_fmt
[INFO] [stdout]   11:     0x64f7ac50dce2 - core[df12db4294e9bfd3]::result::unwrap_failed
[INFO] [stdout]   12:     0x64f7ac460441 - hybrid_version[e1236e8191b2cc9]::version::tests::test_version_write_output_format
[INFO] [stdout]   13:     0x64f7ac46bb99 - <hybrid_version[e1236e8191b2cc9]::version::tests::test_version_write_output_format::{closure#0} as core[df12db4294e9bfd3]::ops::function::FnOnce<()>>::call_once
[INFO] [stdout]   14:     0x64f7ac4719fb - test[9d35eded1c95d3be]::__rust_begin_short_backtrace::<core[df12db4294e9bfd3]::result::Result<(), alloc[2182bb758b4b3781]::string::String>, fn() -> core[df12db4294e9bfd3]::result::Result<(), alloc[2182bb758b4b3781]::string::String>>
[INFO] [stdout]   15:     0x64f7ac47f065 - test[9d35eded1c95d3be]::run_test::{closure#0}
[INFO] [stdout]   16:     0x64f7ac478924 - std[70759c8f55707aa4]::sys::backtrace::__rust_begin_short_backtrace::<test[9d35eded1c95d3be]::run_test::{closure#1}, ()>
[INFO] [stdout]   17:     0x64f7ac4821c2 - <std[70759c8f55707aa4]::thread::lifecycle::spawn_unchecked<test[9d35eded1c95d3be]::run_test::{closure#1}, ()>::{closure#1} as core[df12db4294e9bfd3]::ops::function::FnOnce<()>>::call_once::{shim:vtable#0}
[INFO] [stdout]   18:     0x64f7ac4f8149 - <std[70759c8f55707aa4]::sys::thread::unix::Thread>::new::thread_start
[INFO] [stdout]   19:     0x7d23682badfa - <unknown>
[INFO] [stdout]   20:     0x7d236834e3d4 - clone
[INFO] [stdout]   21:                0x0 - <unknown>
[INFO] [stdout] 
[INFO] [stdout] ---- git::tests::test_revwalk_count_since stdout ----
[INFO] [stdout] 
[INFO] [stdout] thread 'git::tests::test_revwalk_count_since' (418) panicked at src/git.rs:319:66:
[INFO] [stdout] failed to discover git repo: GitCommand("fatal: not a git repository (or any parent up to mount point /opt/rustwide)\nStopping at filesystem boundary (GIT_DISCOVERY_ACROSS_FILESYSTEM not set).")
[INFO] [stdout] stack backtrace:
[INFO] [stdout]    0:     0x64f7ac4f8f01 - <<std[70759c8f55707aa4]::sys::backtrace::BacktraceLock>::print::DisplayBacktrace as core[df12db4294e9bfd3]::fmt::Display>::fmt
[INFO] [stdout]    1:     0x64f7ac50d7da - core[df12db4294e9bfd3]::fmt::write
[INFO] [stdout]    2:     0x64f7ac4fd48c - <alloc[2182bb758b4b3781]::vec::Vec<u8> as core[df12db4294e9bfd3]::io::write::Write>::write_fmt
[INFO] [stdout]    3:     0x64f7ac4d45a6 - std[70759c8f55707aa4]::panicking::default_hook::{closure#0}
[INFO] [stdout]    4:     0x64f7ac4f0db9 - std[70759c8f55707aa4]::panicking::default_hook
[INFO] [stdout]    5:     0x64f7ac47e710 - test[9d35eded1c95d3be]::test_main_inner::<test[9d35eded1c95d3be]::test_main_static::{closure#0}>::{closure#0}
[INFO] [stdout]    6:     0x64f7ac4f0f72 - std[70759c8f55707aa4]::panicking::panic_with_hook
[INFO] [stdout]    7:     0x64f7ac4d4652 - std[70759c8f55707aa4]::panicking::panic_handler::{closure#0}
[INFO] [stdout]    8:     0x64f7ac4cd199 - std[70759c8f55707aa4]::sys::backtrace::__rust_end_short_backtrace::<std[70759c8f55707aa4]::panicking::panic_handler::{closure#0}, !>
[INFO] [stdout]    9:     0x64f7ac4d524d - __rustc[8fa7c3cbc660c2b3]::rust_begin_unwind
[INFO] [stdout]   10:     0x64f7ac50df0c - core[df12db4294e9bfd3]::panicking::panic_fmt
[INFO] [stdout]   11:     0x64f7ac50dce2 - core[df12db4294e9bfd3]::result::unwrap_failed
[INFO] [stdout]   12:     0x64f7ac464dce - hybrid_version[e1236e8191b2cc9]::git::tests::test_revwalk_count_since
[INFO] [stdout]   13:     0x64f7ac46b589 - <hybrid_version[e1236e8191b2cc9]::git::tests::test_revwalk_count_since::{closure#0} as core[df12db4294e9bfd3]::ops::function::FnOnce<()>>::call_once
[INFO] [stdout]   14:     0x64f7ac4719fb - test[9d35eded1c95d3be]::__rust_begin_short_backtrace::<core[df12db4294e9bfd3]::result::Result<(), alloc[2182bb758b4b3781]::string::String>, fn() -> core[df12db4294e9bfd3]::result::Result<(), alloc[2182bb758b4b3781]::string::String>>
[INFO] [stdout]   15:     0x64f7ac47f065 - test[9d35eded1c95d3be]::run_test::{closure#0}
[INFO] [stdout]   16:     0x64f7ac478924 - std[70759c8f55707aa4]::sys::backtrace::__rust_begin_short_backtrace::<test[9d35eded1c95d3be]::run_test::{closure#1}, ()>
[INFO] [stdout]   17:     0x64f7ac4821c2 - <std[70759c8f55707aa4]::thread::lifecycle::spawn_unchecked<test[9d35eded1c95d3be]::run_test::{closure#1}, ()>::{closure#1} as core[df12db4294e9bfd3]::ops::function::FnOnce<()>>::call_once::{shim:vtable#0}
[INFO] [stdout]   18:     0x64f7ac4f8149 - <std[70759c8f55707aa4]::sys::thread::unix::Thread>::new::thread_start
[INFO] [stdout]   19:     0x7d23682badfa - <unknown>
[INFO] [stdout]   20:     0x7d236834e3d4 - clone
[INFO] [stdout]   21:                0x0 - <unknown>
[INFO] [stdout] 
[INFO] [stdout] ---- version::tests::test_modified_cannot_build_release_returns_self stdout ----
[INFO] [stdout] 
[INFO] [stdout] thread 'version::tests::test_modified_cannot_build_release_returns_self' (441) panicked at src/version.rs:589:42:
[INFO] [stdout] Version::new should succeed: GitCommand("fatal: not a git repository (or any parent up to mount point /opt/rustwide)\nStopping at filesystem boundary (GIT_DISCOVERY_ACROSS_FILESYSTEM not set).")
[INFO] [stdout] stack backtrace:
[INFO] [stdout]    0:     0x64f7ac4f8f01 - <<std[70759c8f55707aa4]::sys::backtrace::BacktraceLock>::print::DisplayBacktrace as core[df12db4294e9bfd3]::fmt::Display>::fmt
[INFO] [stdout]    1:     0x64f7ac50d7da - core[df12db4294e9bfd3]::fmt::write
[INFO] [stdout]    2:     0x64f7ac4fd48c - <alloc[2182bb758b4b3781]::vec::Vec<u8> as core[df12db4294e9bfd3]::io::write::Write>::write_fmt
[INFO] [stdout]    3:     0x64f7ac4d45a6 - std[70759c8f55707aa4]::panicking::default_hook::{closure#0}
[INFO] [stdout]    4:     0x64f7ac4f0db9 - std[70759c8f55707aa4]::panicking::default_hook
[INFO] [stdout]    5:     0x64f7ac47e710 - test[9d35eded1c95d3be]::test_main_inner::<test[9d35eded1c95d3be]::test_main_static::{closure#0}>::{closure#0}
[INFO] [stdout]    6:     0x64f7ac4f0f72 - std[70759c8f55707aa4]::panicking::panic_with_hook
[INFO] [stdout]    7:     0x64f7ac4d4652 - std[70759c8f55707aa4]::panicking::panic_handler::{closure#0}
[INFO] [stdout]    8:     0x64f7ac4cd199 - std[70759c8f55707aa4]::sys::backtrace::__rust_end_short_backtrace::<std[70759c8f55707aa4]::panicking::panic_handler::{closure#0}, !>
[INFO] [stdout]    9:     0x64f7ac4d524d - __rustc[8fa7c3cbc660c2b3]::rust_begin_unwind
[INFO] [stdout]   10:     0x64f7ac50df0c - core[df12db4294e9bfd3]::panicking::panic_fmt
[INFO] [stdout]   11:     0x64f7ac50dce2 - core[df12db4294e9bfd3]::result::unwrap_failed
[INFO] [stdout]   12:     0x64f7ac4608dc - hybrid_version[e1236e8191b2cc9]::version::tests::test_modified_cannot_build_release_returns_self
[INFO] [stdout]   13:     0x64f7ac46bd79 - <hybrid_version[e1236e8191b2cc9]::version::tests::test_modified_cannot_build_release_returns_self::{closure#0} as core[df12db4294e9bfd3]::ops::function::FnOnce<()>>::call_once
[INFO] [stdout]   14:     0x64f7ac4719fb - test[9d35eded1c95d3be]::__rust_begin_short_backtrace::<core[df12db4294e9bfd3]::result::Result<(), alloc[2182bb758b4b3781]::string::String>, fn() -> core[df12db4294e9bfd3]::result::Result<(), alloc[2182bb758b4b3781]::string::String>>
[INFO] [stdout]   15:     0x64f7ac47f065 - test[9d35eded1c95d3be]::run_test::{closure#0}
[INFO] [stdout]   16:     0x64f7ac478924 - std[70759c8f55707aa4]::sys::backtrace::__rust_begin_short_backtrace::<test[9d35eded1c95d3be]::run_test::{closure#1}, ()>
[INFO] [stdout]   17:     0x64f7ac4821c2 - <std[70759c8f55707aa4]::thread::lifecycle::spawn_unchecked<test[9d35eded1c95d3be]::run_test::{closure#1}, ()>::{closure#1} as core[df12db4294e9bfd3]::ops::function::FnOnce<()>>::call_once::{shim:vtable#0}
[INFO] [stdout]   18:     0x64f7ac4f8149 - <std[70759c8f55707aa4]::sys::thread::unix::Thread>::new::thread_start
[INFO] [stdout]   19:     0x7d23682badfa - <unknown>
[INFO] [stdout]   20:     0x7d236834e3d4 - clone
[INFO] [stdout]   21:                0x0 - <unknown>
[INFO] [stdout] 
[INFO] [stdout] ---- git::tests::test_branch stdout ----
[INFO] [stdout] 
[INFO] [stdout] thread 'git::tests::test_branch' (401) panicked at src/git.rs:319:66:
[INFO] [stdout] failed to discover git repo: GitCommand("fatal: not a git repository (or any parent up to mount point /opt/rustwide)\nStopping at filesystem boundary (GIT_DISCOVERY_ACROSS_FILESYSTEM not set).")
[INFO] [stdout] stack backtrace:
[INFO] [stdout]    0:     0x64f7ac4f8f01 - <<std[70759c8f55707aa4]::sys::backtrace::BacktraceLock>::print::DisplayBacktrace as core[df12db4294e9bfd3]::fmt::Display>::fmt
[INFO] [stdout]    1:     0x64f7ac50d7da - core[df12db4294e9bfd3]::fmt::write
[INFO] [stdout]    2:     0x64f7ac4fd48c - <alloc[2182bb758b4b3781]::vec::Vec<u8> as core[df12db4294e9bfd3]::io::write::Write>::write_fmt
[INFO] [stdout]    3:     0x64f7ac4d45a6 - std[70759c8f55707aa4]::panicking::default_hook::{closure#0}
[INFO] [stdout]    4:     0x64f7ac4f0db9 - std[70759c8f55707aa4]::panicking::default_hook
[INFO] [stdout]    5:     0x64f7ac47e710 - test[9d35eded1c95d3be]::test_main_inner::<test[9d35eded1c95d3be]::test_main_static::{closure#0}>::{closure#0}
[INFO] [stdout]    6:     0x64f7ac4f0f72 - std[70759c8f55707aa4]::panicking::panic_with_hook
[INFO] [stdout]    7:     0x64f7ac4d4652 - std[70759c8f55707aa4]::panicking::panic_handler::{closure#0}
[INFO] [stdout]    8:     0x64f7ac4cd199 - std[70759c8f55707aa4]::sys::backtrace::__rust_end_short_backtrace::<std[70759c8f55707aa4]::panicking::panic_handler::{closure#0}, !>
[INFO] [stdout]    9:     0x64f7ac4d524d - __rustc[8fa7c3cbc660c2b3]::rust_begin_unwind
[INFO] [stdout]   10:     0x64f7ac50df0c - core[df12db4294e9bfd3]::panicking::panic_fmt
[INFO] [stdout]   11:     0x64f7ac50dce2 - core[df12db4294e9bfd3]::result::unwrap_failed
[INFO] [stdout]   12:     0x64f7ac463d9a - hybrid_version[e1236e8191b2cc9]::git::tests::test_branch
[INFO] [stdout]   13:     0x64f7ac46b479 - <hybrid_version[e1236e8191b2cc9]::git::tests::test_branch::{closure#0} as core[df12db4294e9bfd3]::ops::function::FnOnce<()>>::call_once
[INFO] [stdout]   14:     0x64f7ac4719fb - test[9d35eded1c95d3be]::__rust_begin_short_backtrace::<core[df12db4294e9bfd3]::result::Result<(), alloc[2182bb758b4b3781]::string::String>, fn() -> core[df12db4294e9bfd3]::result::Result<(), alloc[2182bb758b4b3781]::string::String>>
[INFO] [stdout]   15:     0x64f7ac47f065 - test[9d35eded1c95d3be]::run_test::{closure#0}
[INFO] [stdout]   16:     0x64f7ac478924 - std[70759c8f55707aa4]::sys::backtrace::__rust_begin_short_backtrace::<test[9d35eded1c95d3be]::run_test::{closure#1}, ()>
[INFO] [stdout]   17:     0x64f7ac4821c2 - <std[70759c8f55707aa4]::thread::lifecycle::spawn_unchecked<test[9d35eded1c95d3be]::run_test::{closure#1}, ()>::{closure#1} as core[df12db4294e9bfd3]::ops::function::FnOnce<()>>::call_once::{shim:vtable#0}
[INFO] [stdout]   18:     0x64f7ac4f8149 - <std[70759c8f55707aa4]::sys::thread::unix::Thread>::new::thread_start
[INFO] [stdout]   19:     0x7d23682badfa - <unknown>
[INFO] [stdout]   20:     0x7d236834e3d4 - clone
[INFO] [stdout]   21:                0x0 - <unknown>
[INFO] [stdout] 
[INFO] [stdout] ---- version::tests::version_new_and_write stdout ----
[INFO] [stdout] 
[INFO] [stdout] thread 'version::tests::version_new_and_write' (464) panicked at src/version.rs:434:9:
[INFO] [stdout] Version::new should succeed in repo: Err(GitCommand("fatal: not a git repository (or any parent up to mount point /opt/rustwide)\nStopping at filesystem boundary (GIT_DISCOVERY_ACROSS_FILESYSTEM not set)."))
[INFO] [stdout] stack backtrace:
[INFO] [stdout]    0:     0x64f7ac4f8f01 - <<std[70759c8f55707aa4]::sys::backtrace::BacktraceLock>::print::DisplayBacktrace as core[df12db4294e9bfd3]::fmt::Display>::fmt
[INFO] [stdout]    1:     0x64f7ac50d7da - core[df12db4294e9bfd3]::fmt::write
[INFO] [stdout]    2:     0x64f7ac4fd48c - <alloc[2182bb758b4b3781]::vec::Vec<u8> as core[df12db4294e9bfd3]::io::write::Write>::write_fmt
[INFO] [stdout]    3:     0x64f7ac4d45a6 - std[70759c8f55707aa4]::panicking::default_hook::{closure#0}
[INFO] [stdout]    4:     0x64f7ac4f0db9 - std[70759c8f55707aa4]::panicking::default_hook
[INFO] [stdout]    5:     0x64f7ac47e710 - test[9d35eded1c95d3be]::test_main_inner::<test[9d35eded1c95d3be]::test_main_static::{closure#0}>::{closure#0}
[INFO] [stdout]    6:     0x64f7ac4f0f72 - std[70759c8f55707aa4]::panicking::panic_with_hook
[INFO] [stdout]    7:     0x64f7ac4d4652 - std[70759c8f55707aa4]::panicking::panic_handler::{closure#0}
[INFO] [stdout]    8:     0x64f7ac4cd199 - std[70759c8f55707aa4]::sys::backtrace::__rust_end_short_backtrace::<std[70759c8f55707aa4]::panicking::panic_handler::{closure#0}, !>
[INFO] [stdout]    9:     0x64f7ac4d524d - __rustc[8fa7c3cbc660c2b3]::rust_begin_unwind
[INFO] [stdout]   10:     0x64f7ac50df0c - core[df12db4294e9bfd3]::panicking::panic_fmt
[INFO] [stdout]   11:     0x64f7ac45fc44 - hybrid_version[e1236e8191b2cc9]::version::tests::version_new_and_write
[INFO] [stdout]   12:     0x64f7ac46b999 - <hybrid_version[e1236e8191b2cc9]::version::tests::version_new_and_write::{closure#0} as core[df12db4294e9bfd3]::ops::function::FnOnce<()>>::call_once
[INFO] [stdout]   13:     0x64f7ac4719fb - test[9d35eded1c95d3be]::__rust_begin_short_backtrace::<core[df12db4294e9bfd3]::result::Result<(), alloc[2182bb758b4b3781]::string::String>, fn() -> core[df12db4294e9bfd3]::result::Result<(), alloc[2182bb758b4b3781]::string::String>>
[INFO] [stdout]   14:     0x64f7ac47f065 - test[9d35eded1c95d3be]::run_test::{closure#0}
[INFO] [stdout]   15:     0x64f7ac478924 - std[70759c8f55707aa4]::sys::backtrace::__rust_begin_short_backtrace::<test[9d35eded1c95d3be]::run_test::{closure#1}, ()>
[INFO] [stdout]   16:     0x64f7ac4821c2 - <std[70759c8f55707aa4]::thread::lifecycle::spawn_unchecked<test[9d35eded1c95d3be]::run_test::{closure#1}, ()>::{closure#1} as core[df12db4294e9bfd3]::ops::function::FnOnce<()>>::call_once::{shim:vtable#0}
[INFO] [stdout]   17:     0x64f7ac4f8149 - <std[70759c8f55707aa4]::sys::thread::unix::Thread>::new::thread_start
[INFO] [stdout]   18:     0x7d23682badfa - <unknown>
[INFO] [stdout]   19:     0x7d236834e3d4 - clone
[INFO] [stdout]   20:                0x0 - <unknown>
[INFO] [stdout] 
[INFO] [stdout] ---- git::tests::test_discover_current_repo stdout ----
[INFO] [stdout] 
[INFO] [stdout] thread 'git::tests::test_discover_current_repo' (402) panicked at src/git.rs:319:66:
[INFO] [stdout] failed to discover git repo: GitCommand("fatal: not a git repository (or any parent up to mount point /opt/rustwide)\nStopping at filesystem boundary (GIT_DISCOVERY_ACROSS_FILESYSTEM not set).")
[INFO] [stdout] stack backtrace:
[INFO] [stdout]    0:     0x64f7ac4f8f01 - <<std[70759c8f55707aa4]::sys::backtrace::BacktraceLock>::print::DisplayBacktrace as core[df12db4294e9bfd3]::fmt::Display>::fmt
[INFO] [stdout]    1:     0x64f7ac50d7da - core[df12db4294e9bfd3]::fmt::write
[INFO] [stdout]    2:     0x64f7ac4fd48c - <alloc[2182bb758b4b3781]::vec::Vec<u8> as core[df12db4294e9bfd3]::io::write::Write>::write_fmt
[INFO] [stdout]    3:     0x64f7ac4d45a6 - std[70759c8f55707aa4]::panicking::default_hook::{closure#0}
[INFO] [stdout]    4:     0x64f7ac4f0db9 - std[70759c8f55707aa4]::panicking::default_hook
[INFO] [stdout]    5:     0x64f7ac47e710 - test[9d35eded1c95d3be]::test_main_inner::<test[9d35eded1c95d3be]::test_main_static::{closure#0}>::{closure#0}
[INFO] [stdout]    6:     0x64f7ac4f0f72 - std[70759c8f55707aa4]::panicking::panic_with_hook
[INFO] [stdout]    7:     0x64f7ac4d4652 - std[70759c8f55707aa4]::panicking::panic_handler::{closure#0}
[INFO] [stdout]    8:     0x64f7ac4cd199 - std[70759c8f55707aa4]::sys::backtrace::__rust_end_short_backtrace::<std[70759c8f55707aa4]::panicking::panic_handler::{closure#0}, !>
[INFO] [stdout]    9:     0x64f7ac4d524d - __rustc[8fa7c3cbc660c2b3]::rust_begin_unwind
[INFO] [stdout]   10:     0x64f7ac50df0c - core[df12db4294e9bfd3]::panicking::panic_fmt
[INFO] [stdout]   11:     0x64f7ac50dce2 - core[df12db4294e9bfd3]::result::unwrap_failed
[INFO] [stdout]   12:     0x64f7ac464f76 - hybrid_version[e1236e8191b2cc9]::git::tests::test_discover_current_repo
[INFO] [stdout]   13:     0x64f7ac46b6b9 - <hybrid_version[e1236e8191b2cc9]::git::tests::test_discover_current_repo::{closure#0} as core[df12db4294e9bfd3]::ops::function::FnOnce<()>>::call_once
[INFO] [stdout]   14:     0x64f7ac4719fb - test[9d35eded1c95d3be]::__rust_begin_short_backtrace::<core[df12db4294e9bfd3]::result::Result<(), alloc[2182bb758b4b3781]::string::String>, fn() -> core[df12db4294e9bfd3]::result::Result<(), alloc[2182bb758b4b3781]::string::String>>
[INFO] [stdout]   15:     0x64f7ac47f065 - test[9d35eded1c95d3be]::run_test::{closure#0}
[INFO] [stdout]   16:     0x64f7ac478924 - std[70759c8f55707aa4]::sys::backtrace::__rust_begin_short_backtrace::<test[9d35eded1c95d3be]::run_test::{closure#1}, ()>
[INFO] [stdout]   17:     0x64f7ac4821c2 - <std[70759c8f55707aa4]::thread::lifecycle::spawn_unchecked<test[9d35eded1c95d3be]::run_test::{closure#1}, ()>::{closure#1} as core[df12db4294e9bfd3]::ops::function::FnOnce<()>>::call_once::{shim:vtable#0}
[INFO] [stdout]   18:     0x64f7ac4f8149 - <std[70759c8f55707aa4]::sys::thread::unix::Thread>::new::thread_start
[INFO] [stdout]   19:     0x7d23682badfa - <unknown>
[INFO] [stdout]   20:     0x7d236834e3d4 - clone
[INFO] [stdout]   21:                0x0 - <unknown>
[INFO] [stdout] 
[INFO] [stdout] ---- git::tests::test_head_commit_time stdout ----
[INFO] [stdout] 
[INFO] [stdout] thread 'git::tests::test_head_commit_time' (403) panicked at src/git.rs:319:66:
[INFO] [stdout] failed to discover git repo: GitCommand("fatal: not a git repository (or any parent up to mount point /opt/rustwide)\nStopping at filesystem boundary (GIT_DISCOVERY_ACROSS_FILESYSTEM not set).")
[INFO] [stdout] stack backtrace:
[INFO] [stdout]    0:     0x64f7ac4f8f01 - <<std[70759c8f55707aa4]::sys::backtrace::BacktraceLock>::print::DisplayBacktrace as core[df12db4294e9bfd3]::fmt::Display>::fmt
[INFO] [stdout]    1:     0x64f7ac50d7da - core[df12db4294e9bfd3]::fmt::write
[INFO] [stdout]    2:     0x64f7ac4fd48c - <alloc[2182bb758b4b3781]::vec::Vec<u8> as core[df12db4294e9bfd3]::io::write::Write>::write_fmt
[INFO] [stdout]    3:     0x64f7ac4d45a6 - std[70759c8f55707aa4]::panicking::default_hook::{closure#0}
[INFO] [stdout]    4:     0x64f7ac4f0db9 - std[70759c8f55707aa4]::panicking::default_hook
[INFO] [stdout]    5:     0x64f7ac47e710 - test[9d35eded1c95d3be]::test_main_inner::<test[9d35eded1c95d3be]::test_main_static::{closure#0}>::{closure#0}
[INFO] [stdout]    6:     0x64f7ac4f0f72 - std[70759c8f55707aa4]::panicking::panic_with_hook
[INFO] [stdout]    7:     0x64f7ac4d4652 - std[70759c8f55707aa4]::panicking::panic_handler::{closure#0}
[INFO] [stdout]    8:     0x64f7ac4cd199 - std[70759c8f55707aa4]::sys::backtrace::__rust_end_short_backtrace::<std[70759c8f55707aa4]::panicking::panic_handler::{closure#0}, !>
[INFO] [stdout]    9:     0x64f7ac4d524d - __rustc[8fa7c3cbc660c2b3]::rust_begin_unwind
[INFO] [stdout]   10:     0x64f7ac50df0c - core[df12db4294e9bfd3]::panicking::panic_fmt
[INFO] [stdout]   11:     0x64f7ac50dce2 - core[df12db4294e9bfd3]::result::unwrap_failed
[INFO] [stdout]   12:     0x64f7ac46474c - hybrid_version[e1236e8191b2cc9]::git::tests::test_head_commit_time
[INFO] [stdout]   13:     0x64f7ac46b4f9 - <hybrid_version[e1236e8191b2cc9]::git::tests::test_head_commit_time::{closure#0} as core[df12db4294e9bfd3]::ops::function::FnOnce<()>>::call_once
[INFO] [stdout]   14:     0x64f7ac4719fb - test[9d35eded1c95d3be]::__rust_begin_short_backtrace::<core[df12db4294e9bfd3]::result::Result<(), alloc[2182bb758b4b3781]::string::String>, fn() -> core[df12db4294e9bfd3]::result::Result<(), alloc[2182bb758b4b3781]::string::String>>
[INFO] [stdout]   15:     0x64f7ac47f065 - test[9d35eded1c95d3be]::run_test::{closure#0}
[INFO] [stdout]   16:     0x64f7ac478924 - std[70759c8f55707aa4]::sys::backtrace::__rust_begin_short_backtrace::<test[9d35eded1c95d3be]::run_test::{closure#1}, ()>
[INFO] [stdout]   17:     0x64f7ac4821c2 - <std[70759c8f55707aa4]::thread::lifecycle::spawn_unchecked<test[9d35eded1c95d3be]::run_test::{closure#1}, ()>::{closure#1} as core[df12db4294e9bfd3]::ops::function::FnOnce<()>>::call_once::{shim:vtable#0}
[INFO] [stdout]   18:     0x64f7ac4f8149 - <std[70759c8f55707aa4]::sys::thread::unix::Thread>::new::thread_start
[INFO] [stdout]   19:     0x7d23682badfa - <unknown>
[INFO] [stdout]   20:     0x7d236834e3d4 - clone
[INFO] [stdout]   21:                0x0 - <unknown>
[INFO] [stdout] 
[INFO] [stdout] ---- git::tests::test_blame_line_commit stdout ----
[INFO] [stdout] 
[INFO] [stdout] thread 'git::tests::test_blame_line_commit' (398) panicked at src/git.rs:319:66:
[INFO] [stdout] failed to discover git repo: GitCommand("fatal: not a git repository (or any parent up to mount point /opt/rustwide)\nStopping at filesystem boundary (GIT_DISCOVERY_ACROSS_FILESYSTEM not set).")
[INFO] [stdout] stack backtrace:
[INFO] [stdout]    0:     0x64f7ac4f8f01 - <<std[70759c8f55707aa4]::sys::backtrace::BacktraceLock>::print::DisplayBacktrace as core[df12db4294e9bfd3]::fmt::Display>::fmt
[INFO] [stdout]    1:     0x64f7ac50d7da - core[df12db4294e9bfd3]::fmt::write
[INFO] [stdout]    2:     0x64f7ac4fd48c - <alloc[2182bb758b4b3781]::vec::Vec<u8> as core[df12db4294e9bfd3]::io::write::Write>::write_fmt
[INFO] [stdout]    3:     0x64f7ac4d45a6 - std[70759c8f55707aa4]::panicking::default_hook::{closure#0}
[INFO] [stdout]    4:     0x64f7ac4f0db9 - std[70759c8f55707aa4]::panicking::default_hook
[INFO] [stdout]    5:     0x64f7ac47e710 - test[9d35eded1c95d3be]::test_main_inner::<test[9d35eded1c95d3be]::test_main_static::{closure#0}>::{closure#0}
[INFO] [stdout]    6:     0x64f7ac4f0f72 - std[70759c8f55707aa4]::panicking::panic_with_hook
[INFO] [stdout]    7:     0x64f7ac4d4652 - std[70759c8f55707aa4]::panicking::panic_handler::{closure#0}
[INFO] [stdout]    8:     0x64f7ac4cd199 - std[70759c8f55707aa4]::sys::backtrace::__rust_end_short_backtrace::<std[70759c8f55707aa4]::panicking::panic_handler::{closure#0}, !>
[INFO] [stdout]    9:     0x64f7ac4d524d - __rustc[8fa7c3cbc660c2b3]::rust_begin_unwind
[INFO] [stdout]   10:     0x64f7ac50df0c - core[df12db4294e9bfd3]::panicking::panic_fmt
[INFO] [stdout]   11:     0x64f7ac50dce2 - core[df12db4294e9bfd3]::result::unwrap_failed
[INFO] [stdout]   12:     0x64f7ac464aa7 - hybrid_version[e1236e8191b2cc9]::git::tests::test_blame_line_commit
[INFO] [stdout]   13:     0x64f7ac46b519 - <hybrid_version[e1236e8191b2cc9]::git::tests::test_blame_line_commit::{closure#0} as core[df12db4294e9bfd3]::ops::function::FnOnce<()>>::call_once
[INFO] [stdout]   14:     0x64f7ac4719fb - test[9d35eded1c95d3be]::__rust_begin_short_backtrace::<core[df12db4294e9bfd3]::result::Result<(), alloc[2182bb758b4b3781]::string::String>, fn() -> core[df12db4294e9bfd3]::result::Result<(), alloc[2182bb758b4b3781]::string::String>>
[INFO] [stdout]   15:     0x64f7ac47f065 - test[9d35eded1c95d3be]::run_test::{closure#0}
[INFO] [stdout]   16:     0x64f7ac478924 - std[70759c8f55707aa4]::sys::backtrace::__rust_begin_short_backtrace::<test[9d35eded1c95d3be]::run_test::{closure#1}, ()>
[INFO] [stdout]   17:     0x64f7ac4821c2 - <std[70759c8f55707aa4]::thread::lifecycle::spawn_unchecked<test[9d35eded1c95d3be]::run_test::{closure#1}, ()>::{closure#1} as core[df12db4294e9bfd3]::ops::function::FnOnce<()>>::call_once::{shim:vtable#0}
[INFO] [stdout]   18:     0x64f7ac4f8149 - <std[70759c8f55707aa4]::sys::thread::unix::Thread>::new::thread_start
[INFO] [stdout]   19:     0x7d23682badfa - <unknown>
[INFO] [stdout]   20:     0x7d236834e3d4 - clone
[INFO] [stdout]   21:                0x0 - <unknown>
[INFO] [stdout] 
[INFO] [stdout] ---- version::tests::test_version_new_without_build_id stdout ----
[INFO] [stdout] 
[INFO] [stdout] thread 'version::tests::test_version_new_without_build_id' (454) panicked at src/version.rs:508:9:
[INFO] [stdout] Version::new should succeed: Err(GitCommand("fatal: not a git repository (or any parent up to mount point /opt/rustwide)\nStopping at filesystem boundary (GIT_DISCOVERY_ACROSS_FILESYSTEM not set)."))
[INFO] [stdout] stack backtrace:
[INFO] [stdout]    0:     0x64f7ac4f8f01 - <<std[70759c8f55707aa4]::sys::backtrace::BacktraceLock>::print::DisplayBacktrace as core[df12db4294e9bfd3]::fmt::Display>::fmt
[INFO] [stdout]    1:     0x64f7ac50d7da - core[df12db4294e9bfd3]::fmt::write
[INFO] [stdout]    2:     0x64f7ac4fd48c - <alloc[2182bb758b4b3781]::vec::Vec<u8> as core[df12db4294e9bfd3]::io::write::Write>::write_fmt
[INFO] [stdout]    3:     0x64f7ac4d45a6 - std[70759c8f55707aa4]::panicking::default_hook::{closure#0}
[INFO] [stdout]    4:     0x64f7ac4f0db9 - std[70759c8f55707aa4]::panicking::default_hook
[INFO] [stdout]    5:     0x64f7ac47e710 - test[9d35eded1c95d3be]::test_main_inner::<test[9d35eded1c95d3be]::test_main_static::{closure#0}>::{closure#0}
[INFO] [stdout]    6:     0x64f7ac4f0f72 - std[70759c8f55707aa4]::panicking::panic_with_hook
[INFO] [stdout]    7:     0x64f7ac4d4652 - std[70759c8f55707aa4]::panicking::panic_handler::{closure#0}
[INFO] [stdout]    8:     0x64f7ac4cd199 - std[70759c8f55707aa4]::sys::backtrace::__rust_end_short_backtrace::<std[70759c8f55707aa4]::panicking::panic_handler::{closure#0}, !>
[INFO] [stdout]    9:     0x64f7ac4d524d - __rustc[8fa7c3cbc660c2b3]::rust_begin_unwind
[INFO] [stdout]   10:     0x64f7ac50df0c - core[df12db4294e9bfd3]::panicking::panic_fmt
[INFO] [stdout]   11:     0x64f7ac460704 - hybrid_version[e1236e8191b2cc9]::version::tests::test_version_new_without_build_id
[INFO] [stdout]   12:     0x64f7ac46bbb9 - <hybrid_version[e1236e8191b2cc9]::version::tests::test_version_new_without_build_id::{closure#0} as core[df12db4294e9bfd3]::ops::function::FnOnce<()>>::call_once
[INFO] [stdout]   13:     0x64f7ac4719fb - test[9d35eded1c95d3be]::__rust_begin_short_backtrace::<core[df12db4294e9bfd3]::result::Result<(), alloc[2182bb758b4b3781]::string::String>, fn() -> core[df12db4294e9bfd3]::result::Result<(), alloc[2182bb758b4b3781]::string::String>>
[INFO] [stdout]   14:     0x64f7ac47f065 - test[9d35eded1c95d3be]::run_test::{closure#0}
[INFO] [stdout]   15:     0x64f7ac478924 - std[70759c8f55707aa4]::sys::backtrace::__rust_begin_short_backtrace::<test[9d35eded1c95d3be]::run_test::{closure#1}, ()>
[INFO] [stdout]   16:     0x64f7ac4821c2 - <std[70759c8f55707aa4]::thread::lifecycle::spawn_unchecked<test[9d35eded1c95d3be]::run_test::{closure#1}, ()>::{closure#1} as core[df12db4294e9bfd3]::ops::function::FnOnce<()>>::call_once::{shim:vtable#0}
[INFO] [stdout]   17:     0x64f7ac4f8149 - <std[70759c8f55707aa4]::sys::thread::unix::Thread>::new::thread_start
[INFO] [stdout]   18:     0x7d23682badfa - <unknown>
[INFO] [stdout]   19:     0x7d236834e3d4 - clone
[INFO] [stdout]   20:                0x0 - <unknown>
[INFO] [stdout] 
[INFO] [stdout] ---- git::tests::test_is_bare stdout ----
[INFO] [stdout] 
[INFO] [stdout] thread 'git::tests::test_is_bare' (405) panicked at src/git.rs:319:66:
[INFO] [stdout] failed to discover git repo: GitCommand("fatal: not a git repository (or any parent up to mount point /opt/rustwide)\nStopping at filesystem boundary (GIT_DISCOVERY_ACROSS_FILESYSTEM not set).")
[INFO] [stdout] stack backtrace:
[INFO] [stdout]    0:     0x64f7ac4f8f01 - <<std[70759c8f55707aa4]::sys::backtrace::BacktraceLock>::print::DisplayBacktrace as core[df12db4294e9bfd3]::fmt::Display>::fmt
[INFO] [stdout]    1:     0x64f7ac50d7da - core[df12db4294e9bfd3]::fmt::write
[INFO] [stdout]    2:     0x64f7ac4fd48c - <alloc[2182bb758b4b3781]::vec::Vec<u8> as core[df12db4294e9bfd3]::io::write::Write>::write_fmt
[INFO] [stdout]    3:     0x64f7ac4d45a6 - std[70759c8f55707aa4]::panicking::default_hook::{closure#0}
[INFO] [stdout]    4:     0x64f7ac4f0db9 - std[70759c8f55707aa4]::panicking::default_hook
[INFO] [stdout]    5:     0x64f7ac47e710 - test[9d35eded1c95d3be]::test_main_inner::<test[9d35eded1c95d3be]::test_main_static::{closure#0}>::{closure#0}
[INFO] [stdout]    6:     0x64f7ac4f0f72 - std[70759c8f55707aa4]::panicking::panic_with_hook
[INFO] [stdout]    7:     0x64f7ac4d4652 - std[70759c8f55707aa4]::panicking::panic_handler::{closure#0}
[INFO] [stdout]    8:     0x64f7ac4cd199 - std[70759c8f55707aa4]::sys::backtrace::__rust_end_short_backtrace::<std[70759c8f55707aa4]::panicking::panic_handler::{closure#0}, !>
[INFO] [stdout]    9:     0x64f7ac4d524d - __rustc[8fa7c3cbc660c2b3]::rust_begin_unwind
[INFO] [stdout]   10:     0x64f7ac50df0c - core[df12db4294e9bfd3]::panicking::panic_fmt
[INFO] [stdout]   11:     0x64f7ac50dce2 - core[df12db4294e9bfd3]::result::unwrap_failed
[INFO] [stdout]   12:     0x64f7ac463fa3 - hybrid_version[e1236e8191b2cc9]::git::tests::test_is_bare
[INFO] [stdout]   13:     0x64f7ac46b499 - <hybrid_version[e1236e8191b2cc9]::git::tests::test_is_bare::{closure#0} as core[df12db4294e9bfd3]::ops::function::FnOnce<()>>::call_once
[INFO] [stdout]   14:     0x64f7ac4719fb - test[9d35eded1c95d3be]::__rust_begin_short_backtrace::<core[df12db4294e9bfd3]::result::Result<(), alloc[2182bb758b4b3781]::string::String>, fn() -> core[df12db4294e9bfd3]::result::Result<(), alloc[2182bb758b4b3781]::string::String>>
[INFO] [stdout]   15:     0x64f7ac47f065 - test[9d35eded1c95d3be]::run_test::{closure#0}
[INFO] [stdout]   16:     0x64f7ac478924 - std[70759c8f55707aa4]::sys::backtrace::__rust_begin_short_backtrace::<test[9d35eded1c95d3be]::run_test::{closure#1}, ()>
[INFO] [stdout]   17:     0x64f7ac4821c2 - <std[70759c8f55707aa4]::thread::lifecycle::spawn_unchecked<test[9d35eded1c95d3be]::run_test::{closure#1}, ()>::{closure#1} as core[df12db4294e9bfd3]::ops::function::FnOnce<()>>::call_once::{shim:vtable#0}
[INFO] [stdout]   18:     0x64f7ac4f8149 - <std[70759c8f55707aa4]::sys::thread::unix::Thread>::new::thread_start
[INFO] [stdout]   19:     0x7d23682badfa - <unknown>
[INFO] [stdout]   20:     0x7d236834e3d4 - clone
[INFO] [stdout]   21:                0x0 - <unknown>
[INFO] [stdout] 
[INFO] [stdout] 
[INFO] [stdout] failures:
[INFO] [stdout]     git::tests::test_blame_line_commit
[INFO] [stdout]     git::tests::test_blob_content_cargo_toml
[INFO] [stdout]     git::tests::test_branch
[INFO] [stdout]     git::tests::test_discover_current_repo
[INFO] [stdout]     git::tests::test_head_commit_time
[INFO] [stdout]     git::tests::test_head_short_id
[INFO] [stdout]     git::tests::test_is_bare
[INFO] [stdout]     git::tests::test_modified_lines
[INFO] [stdout]     git::tests::test_revwalk_count_since
[INFO] [stdout]     version::tests::test_modified_cannot_build_release_returns_self
[INFO] [stdout]     version::tests::test_version_debug_format
[INFO] [stdout]     version::tests::test_version_new_with_build_id
[INFO] [stdout]     version::tests::test_version_new_without_build_id
[INFO] [stdout]     version::tests::test_version_write_output_format
[INFO] [stdout]     version::tests::test_write_buildlog
[INFO] [stdout]     version::tests::version_new_and_write
[INFO] [stdout] 
[INFO] [stdout] test result: FAILED. 37 passed; 16 failed; 0 ignored; 0 measured; 0 filtered out; finished in 0.09s
[INFO] [stdout] 
[INFO] running `Command { std: "docker" "inspect" "fdb72ba0258bd4b931ecc0e9d8922ae17233dfb115ff398183f9ed4fd76d65f3", kill_on_drop: false }`
[INFO] running `Command { std: "docker" "rm" "-f" "fdb72ba0258bd4b931ecc0e9d8922ae17233dfb115ff398183f9ed4fd76d65f3", kill_on_drop: false }`
[INFO] [stdout] fdb72ba0258bd4b931ecc0e9d8922ae17233dfb115ff398183f9ed4fd76d65f3
