[INFO] fetching crate huwxe9xuh2hdhw9892opa 0.1.1...
[INFO] testing huwxe9xuh2hdhw9892opa-0.1.1 against 1.100.0-beta.1+cargoflags=--release for beta-release-1.100-2
[INFO] extracting crate huwxe9xuh2hdhw9892opa 0.1.1 into /workspace/builds/worker-0-tc2/source
[INFO] started tweaking crates.io crate huwxe9xuh2hdhw9892opa 0.1.1
[INFO] finished tweaking crates.io crate huwxe9xuh2hdhw9892opa 0.1.1
[INFO] tweaked toml for crates.io crate huwxe9xuh2hdhw9892opa 0.1.1 written to /workspace/builds/worker-0-tc2/source/Cargo.toml
[INFO] validating manifest of crates.io crate huwxe9xuh2hdhw9892opa 0.1.1 on toolchain 1.100.0-beta.1
[INFO] running `Command { std: CARGO_HOME="/workspace/cargo-home" RUSTUP_HOME="/workspace/rustup-home" "/workspace/cargo-home/bin/cargo" "+1.100.0-beta.1" "metadata" "--manifest-path" "Cargo.toml" "--no-deps", kill_on_drop: false }`
[INFO] crate crates.io crate huwxe9xuh2hdhw9892opa 0.1.1 already has a lockfile, it will not be regenerated
[INFO] running `Command { std: CARGO_HOME="/workspace/cargo-home" RUSTUP_HOME="/workspace/rustup-home" "/workspace/cargo-home/bin/cargo" "+1.100.0-beta.1" "fetch" "--manifest-path" "Cargo.toml", kill_on_drop: false }`
[INFO] running `Command { std: "docker" "create" "-v" "/var/lib/crater-agent-workspace/builds/worker-0-tc2/source:/opt/rustwide/workdir:ro,Z" "-v" "/var/lib/crater-agent-workspace/builds/worker-0-tc2/target:/opt/rustwide/target:rw,Z" "-v" "/var/lib/crater-agent-workspace/cargo-home:/opt/rustwide/cargo-home:ro,Z" "-v" "/var/lib/crater-agent-workspace/rustup-home:/opt/rustwide/rustup-home:ro,Z" "-m" "1610612736" "--network" "none" "ghcr.io/rust-lang/crates-build-env/linux@sha256:77db811e55d90add9212f6832c23229e3de5f1c1f9905e8cb07319ea15df73ac" "sleep" "infinity", kill_on_drop: false }`
[INFO] [stdout] 0725f78df07be8ae73adeb3daec9e7182627b792d928f79fb504c5b9f3f0eba5
[INFO] running `Command { std: "docker" "start" "0725f78df07be8ae73adeb3daec9e7182627b792d928f79fb504c5b9f3f0eba5", kill_on_drop: false }`
[INFO] running `Command { std: "docker" "inspect" "0725f78df07be8ae73adeb3daec9e7182627b792d928f79fb504c5b9f3f0eba5", kill_on_drop: false }`
[INFO] running `Command { std: "docker" "exec" "-e" "SOURCE_DIR=/opt/rustwide/workdir" "-e" "CARGO_HOME=/opt/rustwide/cargo-home" "-e" "RUSTUP_HOME=/opt/rustwide/rustup-home" "-e" "CARGO_TARGET_DIR=/opt/rustwide/target" "-w" "/opt/rustwide/workdir" "--user" "0:0" "0725f78df07be8ae73adeb3daec9e7182627b792d928f79fb504c5b9f3f0eba5" "/opt/rustwide/cargo-home/bin/cargo" "+1.100.0-beta.1" "metadata" "--no-deps" "--format-version=1", kill_on_drop: false }`
[INFO] running `Command { std: "docker" "inspect" "0725f78df07be8ae73adeb3daec9e7182627b792d928f79fb504c5b9f3f0eba5", kill_on_drop: false }`
[INFO] running `Command { std: "docker" "exec" "-e" "SOURCE_DIR=/opt/rustwide/workdir" "-e" "CARGO_HOME=/opt/rustwide/cargo-home" "-e" "RUSTUP_HOME=/opt/rustwide/rustup-home" "-e" "CARGO_TARGET_DIR=/opt/rustwide/target" "-e" "CARGO_INCREMENTAL=0" "-e" "RUST_BACKTRACE=full" "-e" "RUSTFLAGS=--cap-lints=warn" "-e" "RUSTDOCFLAGS=--cap-lints=warn" "-w" "/opt/rustwide/workdir" "--user" "0:0" "0725f78df07be8ae73adeb3daec9e7182627b792d928f79fb504c5b9f3f0eba5" "/opt/rustwide/cargo-home/bin/cargo" "+1.100.0-beta.1" "build" "--frozen" "--message-format=json" "--release", kill_on_drop: false }`
[INFO] [stderr]    Compiling huwxe9xuh2hdhw9892opa v0.1.1 (/opt/rustwide/workdir)
[INFO] [stdout] warning: variable does not need to be mutable
[INFO] [stdout]  --> src/main.rs:4:9
[INFO] [stdout]   |
[INFO] [stdout] 4 |     let mut m = vec![5,4];
[INFO] [stdout]   |         ----^
[INFO] [stdout]   |         |
[INFO] [stdout]   |         help: remove this `mut`
[INFO] [stdout]   |
[INFO] [stdout]   = note: `#[warn(unused_mut)]` (part of `#[warn(unused)]`) on by default
[INFO] [stdout] 
[INFO] [stdout] 
[INFO] [stdout] warning: unused variable: `r`
[INFO] [stdout]  --> src/main.rs:6:9
[INFO] [stdout]   |
[INFO] [stdout] 6 |     let r = x[0];
[INFO] [stdout]   |         ^ help: if this is intentional, prefix it with an underscore: `_r`
[INFO] [stdout]   |
[INFO] [stdout]   = note: `#[warn(unused_variables)]` (part of `#[warn(unused)]`) on by default
[INFO] [stdout] 
[INFO] [stdout] 
[INFO] [stderr]     Finished `release` profile [optimized] target(s) in 0.33s
[INFO] running `Command { std: "docker" "inspect" "0725f78df07be8ae73adeb3daec9e7182627b792d928f79fb504c5b9f3f0eba5", kill_on_drop: false }`
[INFO] running `Command { std: "docker" "exec" "-e" "SOURCE_DIR=/opt/rustwide/workdir" "-e" "CARGO_HOME=/opt/rustwide/cargo-home" "-e" "RUSTUP_HOME=/opt/rustwide/rustup-home" "-e" "CARGO_TARGET_DIR=/opt/rustwide/target" "-e" "CARGO_INCREMENTAL=0" "-e" "RUST_BACKTRACE=full" "-e" "RUSTFLAGS=--cap-lints=warn" "-e" "RUSTDOCFLAGS=--cap-lints=warn" "-w" "/opt/rustwide/workdir" "--user" "0:0" "0725f78df07be8ae73adeb3daec9e7182627b792d928f79fb504c5b9f3f0eba5" "/opt/rustwide/cargo-home/bin/cargo" "+1.100.0-beta.1" "test" "--frozen" "--no-run" "--message-format=json" "--release", kill_on_drop: false }`
[INFO] [stderr]    Compiling huwxe9xuh2hdhw9892opa v0.1.1 (/opt/rustwide/workdir)
[INFO] [stdout] warning: variable does not need to be mutable
[INFO] [stdout]  --> src/main.rs:4:9
[INFO] [stdout]   |
[INFO] [stdout] 4 |     let mut m = vec![5,4];
[INFO] [stdout]   |         ----^
[INFO] [stdout]   |         |
[INFO] [stdout]   |         help: remove this `mut`
[INFO] [stdout]   |
[INFO] [stdout]   = note: `#[warn(unused_mut)]` (part of `#[warn(unused)]`) on by default
[INFO] [stdout] 
[INFO] [stdout] 
[INFO] [stdout] warning: unused variable: `r`
[INFO] [stdout]  --> src/main.rs:6:9
[INFO] [stdout]   |
[INFO] [stdout] 6 |     let r = x[0];
[INFO] [stdout]   |         ^ help: if this is intentional, prefix it with an underscore: `_r`
[INFO] [stdout]   |
[INFO] [stdout]   = note: `#[warn(unused_variables)]` (part of `#[warn(unused)]`) on by default
[INFO] [stdout] 
[INFO] [stdout] 
[INFO] [stderr]     Finished `release` profile [optimized] target(s) in 0.19s
[INFO] running `Command { std: "docker" "inspect" "0725f78df07be8ae73adeb3daec9e7182627b792d928f79fb504c5b9f3f0eba5", kill_on_drop: false }`
[INFO] running `Command { std: "docker" "exec" "-e" "SOURCE_DIR=/opt/rustwide/workdir" "-e" "CARGO_HOME=/opt/rustwide/cargo-home" "-e" "RUSTUP_HOME=/opt/rustwide/rustup-home" "-e" "CARGO_TARGET_DIR=/opt/rustwide/target" "-e" "CARGO_INCREMENTAL=0" "-e" "RUST_BACKTRACE=full" "-e" "RUSTFLAGS=--cap-lints=warn" "-e" "RUSTDOCFLAGS=--cap-lints=warn" "-w" "/opt/rustwide/workdir" "--user" "0:0" "0725f78df07be8ae73adeb3daec9e7182627b792d928f79fb504c5b9f3f0eba5" "/opt/rustwide/cargo-home/bin/cargo" "+1.100.0-beta.1" "test" "--frozen" "--release", kill_on_drop: false }`
[INFO] [stderr] warning: variable does not need to be mutable
[INFO] [stderr]  --> src/main.rs:4:9
[INFO] [stderr]   |
[INFO] [stderr] 4 |     let mut m = vec![5,4];
[INFO] [stderr]   |         ----^
[INFO] [stderr]   |         |
[INFO] [stderr]   |         help: remove this `mut`
[INFO] [stderr]   |
[INFO] [stderr]   = note: `#[warn(unused_mut)]` (part of `#[warn(unused)]`) on by default
[INFO] [stderr] 
[INFO] [stderr] warning: unused variable: `r`
[INFO] [stderr]  --> src/main.rs:6:9
[INFO] [stderr]   |
[INFO] [stderr] 6 |     let r = x[0];
[INFO] [stderr]   |         ^ help: if this is intentional, prefix it with an underscore: `_r`
[INFO] [stderr]   |
[INFO] [stderr]   = note: `#[warn(unused_variables)]` (part of `#[warn(unused)]`) on by default
[INFO] [stderr] 
[INFO] [stderr] warning: `huwxe9xuh2hdhw9892opa` (bin "huwxe9xuh2hdhw9892opa" test) generated 2 warnings (run `cargo fix --bin "huwxe9xuh2hdhw9892opa" -p huwxe9xuh2hdhw9892opa --tests` to apply 2 suggestions)
[INFO] [stderr]     Finished `release` profile [optimized] target(s) in 0.02s
[INFO] [stderr]      Running unittests src/lib.rs (/opt/rustwide/target/release/build/huwxe9xuh2hdhw9892opa/c7bef6b8cc1dca3b/out/huwxe9xuh2hdhw9892opa-c7bef6b8cc1dca3b)
[INFO] [stdout] 
[INFO] [stdout] running 1 test
[INFO] [stdout] test tests::test ... ok
[INFO] [stdout] 
[INFO] [stdout] test result: ok. 1 passed; 0 failed; 0 ignored; 0 measured; 0 filtered out; finished in 0.00s
[INFO] [stdout] 
[INFO] [stderr]      Running unittests src/main.rs (/opt/rustwide/target/release/build/huwxe9xuh2hdhw9892opa/4b097b746b7f91a5/out/huwxe9xuh2hdhw9892opa-4b097b746b7f91a5)
[INFO] [stderr]    Doc-tests huwxe9xuh2hdhw9892opa
[INFO] [stdout] 
[INFO] [stdout] running 0 tests
[INFO] [stdout] 
[INFO] [stdout] test result: ok. 0 passed; 0 failed; 0 ignored; 0 measured; 0 filtered out; finished in 0.00s
[INFO] [stdout] 
[INFO] [stdout] 
[INFO] [stdout] running 2 tests
[INFO] [stdout] test src/lib.rs - add_one (line 21) ... FAILED
[INFO] [stdout] test src/lib.rs - utils::print (line 8) ... FAILED
[INFO] [stdout] 
[INFO] [stdout] failures:
[INFO] [stdout] 
[INFO] [stdout] ---- src/lib.rs - add_one (line 21) stdout ----
[INFO] [stdout] error[E0433]: cannot find module or crate `testing` in this scope
[INFO] [stdout]   --> src/lib.rs:22:9
[INFO] [stdout]    |
[INFO] [stdout] 22 | let x = testing::add_one(5);
[INFO] [stdout]    |         ^^^^^^^ use of unresolved module or unlinked crate `testing`
[INFO] [stdout]    |
[INFO] [stdout]    = help: if you wanted to use a crate named `testing`, use `cargo add testing` to add it to your `Cargo.toml`
[INFO] [stdout] 
[INFO] [stdout] error: aborting due to 1 previous error
[INFO] [stdout] 
[INFO] [stdout] For more information about this error, try `rustc --explain E0433`.
[INFO] [stdout] Couldn't compile the test.
[INFO] [stdout] ---- src/lib.rs - utils::print (line 8) stdout ----
[INFO] [stdout] error[E0423]: cannot find function `print` in this scope
[INFO] [stdout]  --> src/lib.rs:9:1
[INFO] [stdout]   |
[INFO] [stdout] 9 | print()
[INFO] [stdout]   | ^^^^^ not found in this scope
[INFO] [stdout]   |
[INFO] [stdout]   = note: a macro named `print` exists in another namespace
[INFO] [stdout] help: use `!` to invoke the macro
[INFO] [stdout]   |
[INFO] [stdout] 9 | print!()
[INFO] [stdout]   |      +
[INFO] [stdout] 
[INFO] [stdout] error: aborting due to 1 previous error
[INFO] [stdout] 
[INFO] [stdout] For more information about this error, try `rustc --explain E0423`.
[INFO] [stdout] Couldn't compile the test.
[INFO] [stdout] 
[INFO] [stdout] failures:
[INFO] [stdout]     src/lib.rs - add_one (line 21)
[INFO] [stdout]     src/lib.rs - utils::print (line 8)
[INFO] [stdout] 
[INFO] [stdout] test result: FAILED. 0 passed; 2 failed; 0 ignored; 0 measured; 0 filtered out; finished in 0.11s
[INFO] [stdout] 
[INFO] [stderr] error: doctest failed, to rerun pass `--doc`
[INFO] running `Command { std: "docker" "inspect" "0725f78df07be8ae73adeb3daec9e7182627b792d928f79fb504c5b9f3f0eba5", kill_on_drop: false }`
[INFO] running `Command { std: "docker" "rm" "-f" "0725f78df07be8ae73adeb3daec9e7182627b792d928f79fb504c5b9f3f0eba5", kill_on_drop: false }`
[INFO] [stdout] 0725f78df07be8ae73adeb3daec9e7182627b792d928f79fb504c5b9f3f0eba5
