[INFO] fetching crate husky-rs 0.4.0...
[INFO] testing husky-rs-0.4.0 against 1.99.0-beta.8+cargoflags=--release for beta-release-1.100-2
[INFO] extracting crate husky-rs 0.4.0 into /workspace/builds/worker-4-tc1/source
[INFO] started tweaking crates.io crate husky-rs 0.4.0
[INFO] removed 0 missing tests
[INFO] finished tweaking crates.io crate husky-rs 0.4.0
[INFO] tweaked toml for crates.io crate husky-rs 0.4.0 written to /workspace/builds/worker-4-tc1/source/Cargo.toml
[INFO] validating manifest of crates.io crate husky-rs 0.4.0 on toolchain 1.99.0-beta.8
[INFO] running `Command { std: CARGO_HOME="/workspace/cargo-home" RUSTUP_HOME="/workspace/rustup-home" "/workspace/cargo-home/bin/cargo" "+1.99.0-beta.8" "metadata" "--manifest-path" "Cargo.toml" "--no-deps", kill_on_drop: false }`
[INFO] crate crates.io crate husky-rs 0.4.0 already has a lockfile, it will not be regenerated
[INFO] running `Command { std: CARGO_HOME="/workspace/cargo-home" RUSTUP_HOME="/workspace/rustup-home" "/workspace/cargo-home/bin/cargo" "+1.99.0-beta.8" "fetch" "--manifest-path" "Cargo.toml", kill_on_drop: false }`
[INFO] [stderr]     Blocking waiting for file lock on package cache
[INFO] running `Command { std: "docker" "create" "-v" "/var/lib/crater-agent-workspace/builds/worker-4-tc1/source:/opt/rustwide/workdir:ro,Z" "-v" "/var/lib/crater-agent-workspace/builds/worker-4-tc1/target:/opt/rustwide/target:rw,Z" "-v" "/var/lib/crater-agent-workspace/cargo-home:/opt/rustwide/cargo-home:ro,Z" "-v" "/var/lib/crater-agent-workspace/rustup-home:/opt/rustwide/rustup-home:ro,Z" "-m" "1610612736" "--network" "none" "ghcr.io/rust-lang/crates-build-env/linux@sha256:77db811e55d90add9212f6832c23229e3de5f1c1f9905e8cb07319ea15df73ac" "sleep" "infinity", kill_on_drop: false }`
[INFO] [stdout] 5322476b8ab573e348f1f3f328be7fed366eabadf0219502d93bbda78ff2577a
[INFO] running `Command { std: "docker" "start" "5322476b8ab573e348f1f3f328be7fed366eabadf0219502d93bbda78ff2577a", kill_on_drop: false }`
[INFO] running `Command { std: "docker" "inspect" "5322476b8ab573e348f1f3f328be7fed366eabadf0219502d93bbda78ff2577a", kill_on_drop: false }`
[INFO] running `Command { std: "docker" "exec" "-e" "SOURCE_DIR=/opt/rustwide/workdir" "-e" "CARGO_HOME=/opt/rustwide/cargo-home" "-e" "RUSTUP_HOME=/opt/rustwide/rustup-home" "-e" "CARGO_TARGET_DIR=/opt/rustwide/target" "-w" "/opt/rustwide/workdir" "--user" "0:0" "5322476b8ab573e348f1f3f328be7fed366eabadf0219502d93bbda78ff2577a" "/opt/rustwide/cargo-home/bin/cargo" "+1.99.0-beta.8" "metadata" "--no-deps" "--format-version=1", kill_on_drop: false }`
[INFO] running `Command { std: "docker" "inspect" "5322476b8ab573e348f1f3f328be7fed366eabadf0219502d93bbda78ff2577a", kill_on_drop: false }`
[INFO] running `Command { std: "docker" "exec" "-e" "SOURCE_DIR=/opt/rustwide/workdir" "-e" "CARGO_HOME=/opt/rustwide/cargo-home" "-e" "RUSTUP_HOME=/opt/rustwide/rustup-home" "-e" "CARGO_TARGET_DIR=/opt/rustwide/target" "-e" "CARGO_INCREMENTAL=0" "-e" "RUST_BACKTRACE=full" "-e" "RUSTFLAGS=--cap-lints=warn" "-e" "RUSTDOCFLAGS=--cap-lints=warn" "-w" "/opt/rustwide/workdir" "--user" "0:0" "5322476b8ab573e348f1f3f328be7fed366eabadf0219502d93bbda78ff2577a" "/opt/rustwide/cargo-home/bin/cargo" "+1.99.0-beta.8" "build" "--frozen" "--message-format=json" "--release", kill_on_drop: false }`
[INFO] [stderr]    Compiling husky-rs v0.4.0 (/opt/rustwide/workdir)
[INFO] [stderr]     Finished `release` profile [optimized] target(s) in 5.19s
[INFO] running `Command { std: "docker" "inspect" "5322476b8ab573e348f1f3f328be7fed366eabadf0219502d93bbda78ff2577a", kill_on_drop: false }`
[INFO] running `Command { std: "docker" "exec" "-e" "SOURCE_DIR=/opt/rustwide/workdir" "-e" "CARGO_HOME=/opt/rustwide/cargo-home" "-e" "RUSTUP_HOME=/opt/rustwide/rustup-home" "-e" "CARGO_TARGET_DIR=/opt/rustwide/target" "-e" "CARGO_INCREMENTAL=0" "-e" "RUST_BACKTRACE=full" "-e" "RUSTFLAGS=--cap-lints=warn" "-e" "RUSTDOCFLAGS=--cap-lints=warn" "-w" "/opt/rustwide/workdir" "--user" "0:0" "5322476b8ab573e348f1f3f328be7fed366eabadf0219502d93bbda78ff2577a" "/opt/rustwide/cargo-home/bin/cargo" "+1.99.0-beta.8" "test" "--frozen" "--no-run" "--message-format=json" "--release", kill_on_drop: false }`
[INFO] [stderr]    Compiling husky-rs v0.4.0 (/opt/rustwide/workdir)
[INFO] [stderr]     Finished `release` profile [optimized] target(s) in 28.99s
[INFO] running `Command { std: "docker" "inspect" "5322476b8ab573e348f1f3f328be7fed366eabadf0219502d93bbda78ff2577a", kill_on_drop: false }`
[INFO] running `Command { std: "docker" "exec" "-e" "SOURCE_DIR=/opt/rustwide/workdir" "-e" "CARGO_HOME=/opt/rustwide/cargo-home" "-e" "RUSTUP_HOME=/opt/rustwide/rustup-home" "-e" "CARGO_TARGET_DIR=/opt/rustwide/target" "-e" "CARGO_INCREMENTAL=0" "-e" "RUST_BACKTRACE=full" "-e" "RUSTFLAGS=--cap-lints=warn" "-e" "RUSTDOCFLAGS=--cap-lints=warn" "-w" "/opt/rustwide/workdir" "--user" "0:0" "5322476b8ab573e348f1f3f328be7fed366eabadf0219502d93bbda78ff2577a" "/opt/rustwide/cargo-home/bin/cargo" "+1.99.0-beta.8" "test" "--frozen" "--release", kill_on_drop: false }`
[INFO] [stderr]     Finished `release` profile [optimized] target(s) in 0.02s
[INFO] [stdout] 
[INFO] [stderr]      Running unittests src/lib.rs (/opt/rustwide/target/release/deps/husky_rs-6a27c36bf1c22625)
[INFO] [stdout] running 13 tests
[INFO] [stderr]      Running unittests src/bin/husky.rs (/opt/rustwide/target/release/deps/husky-fe689bf8ce7b53c4)
[INFO] [stdout] test tests::test_should_skip_installation_set_to_empty ... ok
[INFO] [stderr]      Running tests/test_cli.rs (/opt/rustwide/target/release/deps/test_cli-1dd39b484c526f17)
[INFO] [stdout] test tests::test_should_skip_installation_set_to_1 ... ok
[INFO] [stdout] test tests::test_is_valid_hook_name_all_supported ... ok
[INFO] [stdout] test tests::test_constants_match ... ok
[INFO] [stdout] test tests::test_should_skip_installation_not_set ... ok
[INFO] [stdout] test tests::test_hooks_dir ... ok
[INFO] [stdout] test tests::test_supported_hooks_no_duplicates ... ok
[INFO] [stdout] test tests::test_should_skip_installation_set_to_any_value ... ok
[INFO] [stdout] test tests::test_hooks_dir_with_trailing_slash ... ok
[INFO] [stdout] test tests::test_is_valid_hook_name ... ok
[INFO] [stdout] test tests::test_supported_hooks_count ... ok
[INFO] [stdout] test tests::test_hooks_dir_relative_path ... ok
[INFO] [stdout] test tests::test_is_valid_hook_name_case_sensitive ... ok
[INFO] [stdout] 
[INFO] [stdout] test result: ok. 13 passed; 0 failed; 0 ignored; 0 measured; 0 filtered out; finished in 0.01s
[INFO] [stdout] 
[INFO] [stdout] 
[INFO] [stdout] running 0 tests
[INFO] [stdout] 
[INFO] [stdout] test result: ok. 0 passed; 0 failed; 0 ignored; 0 measured; 0 filtered out; finished in 0.00s
[INFO] [stdout] 
[INFO] [stdout] 
[INFO] [stdout] running 16 tests
[INFO] [stdout] test test_cli_add_pre_commit ... ok
[INFO] [stdout] test test_cli_templates_have_executable_permission ... ok
[INFO] [stdout] test test_cli_version ... ok
[INFO] [stdout] test test_cli_pre_push_template ... ok
[INFO] [stdout] test test_cli_add_missing_hook_name ... ok
[INFO] [stdout] test test_cli_unknown_command ... ok
[INFO] [stdout] test test_cli_add_commit_msg ... ok
[INFO] [stdout] test test_cli_list_with_hooks ... ok
[INFO] [stdout] test test_cli_init_already_exists ... ok
[INFO] [stdout] test test_cli_help ... ok
[INFO] [stdout] test test_cli_add_duplicate_hook ... ok
[INFO] [stdout] test test_cli_list_with_invalid_hook ... ok
[INFO] [stdout] test test_cli_init_creates_directory ... ok
[INFO] [stdout] test test_cli_list_no_hooks ... ok
[INFO] [stdout] test test_cli_uninstall ... ok
[INFO] [stdout] test test_cli_full_workflow_init_add_build ... ok
[INFO] [stdout] 
[INFO] [stdout] test result: ok. 16 passed; 0 failed; 0 ignored; 0 measured; 0 filtered out; finished in 1.17s
[INFO] [stdout] 
[INFO] [stderr]      Running tests/test_helpers.rs (/opt/rustwide/target/release/deps/test_helpers-3b688bbaa2afa538)
[INFO] [stdout] 
[INFO] [stdout] running 1 test
[INFO] [stdout] test test_helper_file_support ... FAILED
[INFO] [stdout] 
[INFO] [stdout] failures:
[INFO] [stdout] 
[INFO] [stdout] ---- test_helper_file_support stdout ----
[INFO] [stdout] 
[INFO] [stdout] thread 'test_helper_file_support' (625) panicked at tests/common/mod.rs:262:5:
[INFO] [stdout] Hook 'pre-commit' should be installed and core.hooksPath should be set
[INFO] [stdout] stack backtrace:
[INFO] [stdout]    0:     0x5f88adcdec27 - <unknown>
[INFO] [stdout]    1:     0x5f88adcc75da - <unknown>
[INFO] [stdout]    2:     0x5f88adcde1db - <unknown>
[INFO] [stdout]    3:     0x5f88adcddcbf - <unknown>
[INFO] [stdout]    4:     0x5f88adcdd8ea - <unknown>
[INFO] [stdout]    5:     0x5f88adcdd422 - <unknown>
[INFO] [stdout]    6:     0x5f88add04891 - <unknown>
[INFO] [stdout]    7:     0x5f88add04849 - <unknown>
[INFO] [stdout]    8:     0x5f88add04d5c - <unknown>
[INFO] [stdout]    9:     0x5f88adcc746b - <unknown>
[INFO] [stdout]   10:     0x5f88adcc3043 - <unknown>
[INFO] [stdout]   11:     0x5f88adcc5899 - <unknown>
[INFO] [stdout]   12:     0x5f88add1e97b - <unknown>
[INFO] [stdout]   13:     0x5f88add1aaf1 - <unknown>
[INFO] [stdout]   14:     0x5f88add1a2dc - <unknown>
[INFO] [stdout]   15:     0x5f88add36bcc - <unknown>
[INFO] [stdout]   16:     0x5f88add061b2 - <unknown>
[INFO] [stdout]   17:     0x7719e3321dfa - <unknown>
[INFO] [stdout]   18:     0x7719e33b53d4 - clone
[INFO] [stdout]   19:                0x0 - <unknown>
[INFO] [stdout] 
[INFO] [stdout] 
[INFO] [stdout] failures:
[INFO] [stdout]     test_helper_file_support
[INFO] [stdout] 
[INFO] [stdout] test result: FAILED. 0 passed; 1 failed; 0 ignored; 0 measured; 0 filtered out; finished in 0.64s
[INFO] [stdout] 
[INFO] [stderr] error: test failed, to rerun pass `--test test_helpers`
[INFO] running `Command { std: "docker" "inspect" "5322476b8ab573e348f1f3f328be7fed366eabadf0219502d93bbda78ff2577a", kill_on_drop: false }`
[INFO] running `Command { std: "docker" "rm" "-f" "5322476b8ab573e348f1f3f328be7fed366eabadf0219502d93bbda78ff2577a", kill_on_drop: false }`
[INFO] [stdout] 5322476b8ab573e348f1f3f328be7fed366eabadf0219502d93bbda78ff2577a
