[INFO] fetching crate huskarl-macros 0.4.1...
[INFO] testing huskarl-macros-0.4.1 against 1.99.0-beta.8+cargoflags=--release for beta-release-1.100-2
[INFO] extracting crate huskarl-macros 0.4.1 into /workspace/builds/worker-7-tc1/source
[INFO] started tweaking crates.io crate huskarl-macros 0.4.1
[INFO] removed 0 missing tests
[INFO] finished tweaking crates.io crate huskarl-macros 0.4.1
[INFO] tweaked toml for crates.io crate huskarl-macros 0.4.1 written to /workspace/builds/worker-7-tc1/source/Cargo.toml
[INFO] validating manifest of crates.io crate huskarl-macros 0.4.1 on toolchain 1.99.0-beta.8
[INFO] running `Command { std: CARGO_HOME="/workspace/cargo-home" RUSTUP_HOME="/workspace/rustup-home" "/workspace/cargo-home/bin/cargo" "+1.99.0-beta.8" "metadata" "--manifest-path" "Cargo.toml" "--no-deps", kill_on_drop: false }`
[INFO] crate crates.io crate huskarl-macros 0.4.1 already has a lockfile, it will not be regenerated
[INFO] running `Command { std: CARGO_HOME="/workspace/cargo-home" RUSTUP_HOME="/workspace/rustup-home" "/workspace/cargo-home/bin/cargo" "+1.99.0-beta.8" "fetch" "--manifest-path" "Cargo.toml", kill_on_drop: false }`
[INFO] [stderr]  Downloading crates ...
[INFO] [stderr]   Downloaded bon v3.9.3
[INFO] [stderr]   Downloaded bon-macros v3.9.3
[INFO] running `Command { std: "docker" "create" "-v" "/var/lib/crater-agent-workspace/builds/worker-7-tc1/source:/opt/rustwide/workdir:ro,Z" "-v" "/var/lib/crater-agent-workspace/builds/worker-7-tc1/target:/opt/rustwide/target:rw,Z" "-v" "/var/lib/crater-agent-workspace/cargo-home:/opt/rustwide/cargo-home:ro,Z" "-v" "/var/lib/crater-agent-workspace/rustup-home:/opt/rustwide/rustup-home:ro,Z" "-m" "1610612736" "--network" "none" "ghcr.io/rust-lang/crates-build-env/linux@sha256:77db811e55d90add9212f6832c23229e3de5f1c1f9905e8cb07319ea15df73ac" "sleep" "infinity", kill_on_drop: false }`
[INFO] [stdout] 4a3f8e275b0d4ca8a25b57e5eb38f9ca32052a81d007f5da68b0a1a1283d7fc7
[INFO] running `Command { std: "docker" "start" "4a3f8e275b0d4ca8a25b57e5eb38f9ca32052a81d007f5da68b0a1a1283d7fc7", kill_on_drop: false }`
[INFO] running `Command { std: "docker" "inspect" "4a3f8e275b0d4ca8a25b57e5eb38f9ca32052a81d007f5da68b0a1a1283d7fc7", kill_on_drop: false }`
[INFO] running `Command { std: "docker" "exec" "-e" "SOURCE_DIR=/opt/rustwide/workdir" "-e" "CARGO_HOME=/opt/rustwide/cargo-home" "-e" "RUSTUP_HOME=/opt/rustwide/rustup-home" "-e" "CARGO_TARGET_DIR=/opt/rustwide/target" "-w" "/opt/rustwide/workdir" "--user" "0:0" "4a3f8e275b0d4ca8a25b57e5eb38f9ca32052a81d007f5da68b0a1a1283d7fc7" "/opt/rustwide/cargo-home/bin/cargo" "+1.99.0-beta.8" "metadata" "--no-deps" "--format-version=1", kill_on_drop: false }`
[INFO] running `Command { std: "docker" "inspect" "4a3f8e275b0d4ca8a25b57e5eb38f9ca32052a81d007f5da68b0a1a1283d7fc7", kill_on_drop: false }`
[INFO] running `Command { std: "docker" "exec" "-e" "SOURCE_DIR=/opt/rustwide/workdir" "-e" "CARGO_HOME=/opt/rustwide/cargo-home" "-e" "RUSTUP_HOME=/opt/rustwide/rustup-home" "-e" "CARGO_TARGET_DIR=/opt/rustwide/target" "-e" "CARGO_INCREMENTAL=0" "-e" "RUST_BACKTRACE=full" "-e" "RUSTFLAGS=--cap-lints=warn" "-e" "RUSTDOCFLAGS=--cap-lints=warn" "-w" "/opt/rustwide/workdir" "--user" "0:0" "4a3f8e275b0d4ca8a25b57e5eb38f9ca32052a81d007f5da68b0a1a1283d7fc7" "/opt/rustwide/cargo-home/bin/cargo" "+1.99.0-beta.8" "build" "--frozen" "--message-format=json" "--release", kill_on_drop: false }`
[INFO] [stderr]    Compiling syn v3.0.4
[INFO] [stderr]    Compiling darling_core v0.24.1
[INFO] [stderr]    Compiling darling_macro v0.24.1
[INFO] [stderr]    Compiling darling v0.24.1
[INFO] [stderr]    Compiling huskarl-macros v0.4.1 (/opt/rustwide/workdir)
[INFO] [stderr]     Finished `release` profile [optimized] target(s) in 12.05s
[INFO] running `Command { std: "docker" "inspect" "4a3f8e275b0d4ca8a25b57e5eb38f9ca32052a81d007f5da68b0a1a1283d7fc7", kill_on_drop: false }`
[INFO] running `Command { std: "docker" "exec" "-e" "SOURCE_DIR=/opt/rustwide/workdir" "-e" "CARGO_HOME=/opt/rustwide/cargo-home" "-e" "RUSTUP_HOME=/opt/rustwide/rustup-home" "-e" "CARGO_TARGET_DIR=/opt/rustwide/target" "-e" "CARGO_INCREMENTAL=0" "-e" "RUST_BACKTRACE=full" "-e" "RUSTFLAGS=--cap-lints=warn" "-e" "RUSTDOCFLAGS=--cap-lints=warn" "-w" "/opt/rustwide/workdir" "--user" "0:0" "4a3f8e275b0d4ca8a25b57e5eb38f9ca32052a81d007f5da68b0a1a1283d7fc7" "/opt/rustwide/cargo-home/bin/cargo" "+1.99.0-beta.8" "test" "--frozen" "--no-run" "--message-format=json" "--release", kill_on_drop: false }`
[INFO] [stderr]    Compiling target-triple v1.0.1
[INFO] [stderr]    Compiling syn v2.0.119
[INFO] [stderr]    Compiling toml_datetime v1.1.1+spec-1.1.0
[INFO] [stderr]    Compiling serde_spanned v1.1.1
[INFO] [stderr]    Compiling serde_json v1.0.151
[INFO] [stderr]    Compiling serde_derive v1.0.229
[INFO] [stderr]    Compiling syn v3.0.4
[INFO] [stderr]    Compiling serde v1.0.229
[INFO] [stderr]    Compiling dissimilar v1.0.11
[INFO] [stderr]    Compiling toml_writer v1.1.2+spec-1.1.0
[INFO] [stderr]    Compiling ident_case v1.0.1
[INFO] [stderr]    Compiling glob v0.3.4
[INFO] [stderr]    Compiling toml_edit v0.25.13+spec-1.1.0
[INFO] [stderr]    Compiling toml v1.1.4+spec-1.1.0
[INFO] [stderr]    Compiling proc-macro-crate v3.5.0
[INFO] [stderr]    Compiling huskarl-macros v0.4.1 (/opt/rustwide/workdir)
[INFO] [stderr]    Compiling trybuild v1.0.120
[INFO] [stderr]    Compiling darling_core v0.24.1
[INFO] [stderr]    Compiling darling_core v0.23.0
[INFO] [stderr]    Compiling prettyplease v0.2.37
[INFO] [stderr]    Compiling darling v0.24.1
[INFO] [stderr]    Compiling darling_macro v0.23.0
[INFO] [stderr]    Compiling darling v0.23.0
[INFO] [stderr]    Compiling bon-macros v3.9.3
[INFO] [stderr]    Compiling bon v3.9.3
[INFO] [stderr]     Finished `release` profile [optimized] target(s) in 29.56s
[INFO] running `Command { std: "docker" "inspect" "4a3f8e275b0d4ca8a25b57e5eb38f9ca32052a81d007f5da68b0a1a1283d7fc7", kill_on_drop: false }`
[INFO] running `Command { std: "docker" "exec" "-e" "SOURCE_DIR=/opt/rustwide/workdir" "-e" "CARGO_HOME=/opt/rustwide/cargo-home" "-e" "RUSTUP_HOME=/opt/rustwide/rustup-home" "-e" "CARGO_TARGET_DIR=/opt/rustwide/target" "-e" "CARGO_INCREMENTAL=0" "-e" "RUST_BACKTRACE=full" "-e" "RUSTFLAGS=--cap-lints=warn" "-e" "RUSTDOCFLAGS=--cap-lints=warn" "-w" "/opt/rustwide/workdir" "--user" "0:0" "4a3f8e275b0d4ca8a25b57e5eb38f9ca32052a81d007f5da68b0a1a1283d7fc7" "/opt/rustwide/cargo-home/bin/cargo" "+1.99.0-beta.8" "test" "--frozen" "--release", kill_on_drop: false }`
[INFO] [stderr]     Finished `release` profile [optimized] target(s) in 0.07s
[INFO] [stderr]      Running unittests src/lib.rs (/opt/rustwide/target/release/deps/huskarl_macros-1a04b8f81f092b04)
[INFO] [stdout] 
[INFO] [stdout] running 0 tests
[INFO] [stdout] 
[INFO] [stderr]      Running tests/ui.rs (/opt/rustwide/target/release/deps/ui-7f369c66321f79e8)
[INFO] [stdout] test result: ok. 0 passed; 0 failed; 0 ignored; 0 measured; 0 filtered out; finished in 0.00s
[INFO] [stdout] 
[INFO] [stdout] 
[INFO] [stdout] running 3 tests
[INFO] [stdout] test ui_compile_fail ... ignored, stderr snapshots are pinned to nightly diagnostics
[INFO] [stderr]    Compiling proc-macro2 v1.0.107
[INFO] [stderr]    Compiling quote v1.0.47
[INFO] [stderr]    Compiling unicode-ident v1.0.24
[INFO] [stderr]    Compiling ident_case v1.0.1
[INFO] [stderr]    Compiling strsim v0.11.1
[INFO] [stderr]    Compiling prettyplease v0.2.37
[INFO] [stderr]    Compiling rustversion v1.0.23
[INFO] [stderr]    Compiling equivalent v1.0.2
[INFO] [stderr]    Compiling hashbrown v0.17.1
[INFO] [stderr]    Compiling winnow v1.0.4
[INFO] [stderr]    Compiling toml_datetime v1.1.1+spec-1.1.0
[INFO] [stderr]    Compiling indexmap v2.14.0
[INFO] [stderr]    Compiling syn v3.0.4
[INFO] [stderr]    Compiling syn v2.0.119
[INFO] [stderr]    Compiling toml_parser v1.1.3+spec-1.1.0
[INFO] [stderr]    Compiling toml_edit v0.25.13+spec-1.1.0
[INFO] [stderr]    Compiling proc-macro-crate v3.5.0
[INFO] [stderr]    Compiling darling_core v0.24.1
[INFO] [stderr]    Compiling darling_core v0.23.0
[INFO] [stderr]    Compiling darling_macro v0.24.1
[INFO] [stderr]    Compiling darling v0.24.1
[INFO] [stderr]    Compiling huskarl-macros v0.4.1 (/opt/rustwide/workdir)
[INFO] [stderr]    Compiling darling_macro v0.23.0
[INFO] [stderr]    Compiling darling v0.23.0
[INFO] [stderr]    Compiling bon-macros v3.9.3
[INFO] [stderr]    Compiling bon v3.9.3
[INFO] [stderr]    Compiling huskarl-macros-tests v0.0.0 (/opt/rustwide/target/tests/trybuild/huskarl-macros)
[INFO] [stderr]     Finished `dev` profile [unoptimized + debuginfo] target(s) in 19.82s
[INFO] [stderr] 
[INFO] [stderr] 
[INFO] [stderr] test tests/ui/pass_classify_generics.rs ... error
[INFO] [stderr] ┈┈┈┈┈┈┈┈┈┈┈┈┈┈┈┈┈┈┈┈┈┈┈┈┈┈┈┈┈┈┈┈┈┈┈┈┈┈┈┈┈┈┈┈┈┈┈┈┈┈┈┈┈┈┈┈┈┈┈┈
[INFO] [stderr] error[E0433]: cannot find `huskarl_core` in the list of imported crates
[INFO] [stderr]  --> tests/ui/pass_classify_generics.rs:3:17
[INFO] [stderr]   |
[INFO] [stderr] 3 | #[derive(Debug, huskarl_macros::Classify)]
[INFO] [stderr]   |                 ^^^^^^^^^^^^^^^^^^^^^^^^ could not find `huskarl_core` in the list of imported crates
[INFO] [stderr]   |
[INFO] [stderr]   = note: this error originates in the derive macro `huskarl_macros::Classify` (in Nightly builds, run with -Z macro-backtrace for more info)
[INFO] [stderr] 
[INFO] [stderr] error[E0433]: cannot find module or crate `huskarl_core` in this scope
[INFO] [stderr]   --> tests/ui/pass_classify_generics.rs:29:38
[INFO] [stderr]    |
[INFO] [stderr] 29 |     assert_eq!(error.retry_advice(), huskarl_core::RetryAdvice::No);
[INFO] [stderr]    |                                      ^^^^^^^^^^^^ use of unresolved module or unlinked crate `huskarl_core`
[INFO] [stderr]    |
[INFO] [stderr] help: there is a crate or module with a similar name
[INFO] [stderr]    |
[INFO] [stderr] 29 -     assert_eq!(error.retry_advice(), huskarl_core::RetryAdvice::No);
[INFO] [stderr] 29 +     assert_eq!(error.retry_advice(), huskarl_macros::RetryAdvice::No);
[INFO] [stderr]    |
[INFO] [stderr] 
[INFO] [stderr] error[E0433]: cannot find module or crate `huskarl_core` in this scope
[INFO] [stderr]   --> tests/ui/pass_classify_generics.rs:10:13
[INFO] [stderr]    |
[INFO] [stderr] 10 |     Wrapped(huskarl_core::Error),
[INFO] [stderr]    |             ^^^^^^^^^^^^ use of unresolved module or unlinked crate `huskarl_core`
[INFO] [stderr]    |
[INFO] [stderr] help: there is a crate or module with a similar name
[INFO] [stderr]    |
[INFO] [stderr] 10 -     Wrapped(huskarl_core::Error),
[INFO] [stderr] 10 +     Wrapped(huskarl_macros::Error),
[INFO] [stderr]    |
[INFO] [stderr] 
[INFO] [stderr] error[E0433]: cannot find module or crate `huskarl_core` in this scope
[INFO] [stderr]   --> tests/ui/pass_classify_generics.rs:28:16
[INFO] [stderr]    |
[INFO] [stderr] 28 |     let error: huskarl_core::Error = GenericCause::Leaf("leaf").into();
[INFO] [stderr]    |                ^^^^^^^^^^^^ use of unresolved module or unlinked crate `huskarl_core`
[INFO] [stderr]    |
[INFO] [stderr] help: there is a crate or module with a similar name
[INFO] [stderr]    |
[INFO] [stderr] 28 -     let error: huskarl_core::Error = GenericCause::Leaf("leaf").into();
[INFO] [stderr] 28 +     let error: huskarl_macros::Error = GenericCause::Leaf("leaf").into();
[INFO] [stderr]    |
[INFO] [stderr] ┈┈┈┈┈┈┈┈┈┈┈┈┈┈┈┈┈┈┈┈┈┈┈┈┈┈┈┈┈┈┈┈┈┈┈┈┈┈┈┈┈┈┈┈┈┈┈┈┈┈┈┈┈┈┈┈┈┈┈┈
[INFO] [stderr] 
[INFO] [stderr] test tests/ui/pass_classify_qualified.rs ... error
[INFO] [stderr] ┈┈┈┈┈┈┈┈┈┈┈┈┈┈┈┈┈┈┈┈┈┈┈┈┈┈┈┈┈┈┈┈┈┈┈┈┈┈┈┈┈┈┈┈┈┈┈┈┈┈┈┈┈┈┈┈┈┈┈┈
[INFO] [stderr] error[E0433]: cannot find `huskarl_core` in the list of imported crates
[INFO] [stderr]   --> tests/ui/pass_classify_qualified.rs:42:17
[INFO] [stderr]    |
[INFO] [stderr] 42 | #[derive(Debug, huskarl_macros::Classify)]
[INFO] [stderr]    |                 ^^^^^^^^^^^^^^^^^^^^^^^^ could not find `huskarl_core` in the list of imported crates
[INFO] [stderr]    |
[INFO] [stderr]    = note: this error originates in the derive macro `huskarl_macros::Classify` (in Nightly builds, run with -Z macro-backtrace for more info)
[INFO] [stderr] 
[INFO] [stderr] error[E0433]: cannot find `huskarl_core` in the list of imported crates
[INFO] [stderr]   --> tests/ui/pass_classify_qualified.rs:15:17
[INFO] [stderr]    |
[INFO] [stderr] 15 | struct Nested(::huskarl_core::Error);
[INFO] [stderr]    |                 ^^^^^^^^^^^^ could not find `huskarl_core` in the list of imported crates
[INFO] [stderr] 
[INFO] [stderr] error[E0433]: cannot find `huskarl_core` in the list of imported crates
[INFO] [stderr]   --> tests/ui/pass_classify_qualified.rs:44:12
[INFO] [stderr]    |
[INFO] [stderr] 44 |     Core(::huskarl_core::Error),
[INFO] [stderr]    |            ^^^^^^^^^^^^ could not find `huskarl_core` in the list of imported crates
[INFO] [stderr] 
[INFO] [stderr] error[E0433]: cannot find module or crate `huskarl_core` in this scope
[INFO] [stderr]   --> tests/ui/pass_classify_qualified.rs:56:42
[INFO] [stderr]    |
[INFO] [stderr] 56 |     fn nested_origin(source: &Nested) -> huskarl_core::error::propagation::Origin<'_> {
[INFO] [stderr]    |                                          ^^^^^^^^^^^^ use of unresolved module or unlinked crate `huskarl_core`
[INFO] [stderr]    |
[INFO] [stderr] help: there is a crate or module with a similar name
[INFO] [stderr]    |
[INFO] [stderr] 56 -     fn nested_origin(source: &Nested) -> huskarl_core::error::propagation::Origin<'_> {
[INFO] [stderr] 56 +     fn nested_origin(source: &Nested) -> huskarl_macros::error::propagation::Origin<'_> {
[INFO] [stderr]    |
[INFO] [stderr] 
[INFO] [stderr] error[E0433]: cannot find module or crate `huskarl_core` in this scope
[INFO] [stderr]   --> tests/ui/pass_classify_qualified.rs:57:9
[INFO] [stderr]    |
[INFO] [stderr] 57 |         huskarl_core::error::propagation::Origin::Propagates(&source.0)
[INFO] [stderr]    |         ^^^^^^^^^^^^ use of unresolved module or unlinked crate `huskarl_core`
[INFO] [stderr]    |
[INFO] [stderr] help: there is a crate or module with a similar name
[INFO] [stderr]    |
[INFO] [stderr] 57 -         huskarl_core::error::propagation::Origin::Propagates(&source.0)
[INFO] [stderr] 57 +         huskarl_macros::error::propagation::Origin::Propagates(&source.0)
[INFO] [stderr]    |
[INFO] [stderr] 
[INFO] [stderr] error[E0433]: cannot find module or crate `huskarl_core` in this scope
[INFO] [stderr]   --> tests/ui/pass_classify_qualified.rs:70:42
[INFO] [stderr]    |
[INFO] [stderr] 70 |     let inner = huskarl_core::Error::new(huskarl_core::RetryAdvice::RETRY, "inner");
[INFO] [stderr]    |                                          ^^^^^^^^^^^^ use of unresolved module or unlinked crate `huskarl_core`
[INFO] [stderr]    |
[INFO] [stderr] help: there is a crate or module with a similar name
[INFO] [stderr]    |
[INFO] [stderr] 70 -     let inner = huskarl_core::Error::new(huskarl_core::RetryAdvice::RETRY, "inner");
[INFO] [stderr] 70 +     let inner = huskarl_core::Error::new(huskarl_macros::RetryAdvice::RETRY, "inner");
[INFO] [stderr]    |
[INFO] [stderr] 
[INFO] [stderr] error[E0433]: cannot find module or crate `huskarl_core` in this scope
[INFO] [stderr]   --> tests/ui/pass_classify_qualified.rs:72:43
[INFO] [stderr]    |
[INFO] [stderr] 72 |     assert_eq!(propagated.retry_advice(), huskarl_core::RetryAdvice::RETRY);
[INFO] [stderr]    |                                           ^^^^^^^^^^^^ use of unresolved module or unlinked crate `huskarl_core`
[INFO] [stderr]    |
[INFO] [stderr] help: there is a crate or module with a similar name
[INFO] [stderr]    |
[INFO] [stderr] 72 -     assert_eq!(propagated.retry_advice(), huskarl_core::RetryAdvice::RETRY);
[INFO] [stderr] 72 +     assert_eq!(propagated.retry_advice(), huskarl_macros::RetryAdvice::RETRY);
[INFO] [stderr]    |
[INFO] [stderr] 
[INFO] [stderr] error[E0433]: cannot find module or crate `huskarl_core` in this scope
[INFO] [stderr]   --> tests/ui/pass_classify_qualified.rs:76:35
[INFO] [stderr]    |
[INFO] [stderr] 76 |     assert_eq!(io.retry_advice(), huskarl_core::RetryAdvice::No);
[INFO] [stderr]    |                                   ^^^^^^^^^^^^ use of unresolved module or unlinked crate `huskarl_core`
[INFO] [stderr]    |
[INFO] [stderr] help: there is a crate or module with a similar name
[INFO] [stderr]    |
[INFO] [stderr] 76 -     assert_eq!(io.retry_advice(), huskarl_core::RetryAdvice::No);
[INFO] [stderr] 76 +     assert_eq!(io.retry_advice(), huskarl_macros::RetryAdvice::No);
[INFO] [stderr]    |
[INFO] [stderr] 
[INFO] [stderr] error[E0433]: cannot find module or crate `huskarl_core` in this scope
[INFO] [stderr]   --> tests/ui/pass_classify_qualified.rs:79:40
[INFO] [stderr]    |
[INFO] [stderr] 79 |     assert_eq!(foreign.retry_advice(), huskarl_core::RetryAdvice::RETRY);
[INFO] [stderr]    |                                        ^^^^^^^^^^^^ use of unresolved module or unlinked crate `huskarl_core`
[INFO] [stderr]    |
[INFO] [stderr] help: there is a crate or module with a similar name
[INFO] [stderr]    |
[INFO] [stderr] 79 -     assert_eq!(foreign.retry_advice(), huskarl_core::RetryAdvice::RETRY);
[INFO] [stderr] 79 +     assert_eq!(foreign.retry_advice(), huskarl_macros::RetryAdvice::RETRY);
[INFO] [stderr]    |
[INFO] [stderr] 
[INFO] [stderr] error[E0433]: cannot find module or crate `huskarl_core` in this scope
[INFO] [stderr]   --> tests/ui/pass_classify_qualified.rs:82:44
[INFO] [stderr]    |
[INFO] [stderr] 82 |     assert_eq!(crate_local.retry_advice(), huskarl_core::RetryAdvice::No);
[INFO] [stderr]    |                                            ^^^^^^^^^^^^ use of unresolved module or unlinked crate `huskarl_core`
[INFO] [stderr]    |
[INFO] [stderr] help: there is a crate or module with a similar name
[INFO] [stderr]    |
[INFO] [stderr] 82 -     assert_eq!(crate_local.retry_advice(), huskarl_core::RetryAdvice::No);
[INFO] [stderr] 82 +     assert_eq!(crate_local.retry_advice(), huskarl_macros::RetryAdvice::No);
[INFO] [stderr]    |
[INFO] [stderr] 
[INFO] [stderr] error[E0433]: cannot find module or crate `huskarl_core` in this scope
[INFO] [stderr]   --> tests/ui/pass_classify_qualified.rs:84:42
[INFO] [stderr]    |
[INFO] [stderr] 84 |     let inner = huskarl_core::Error::new(huskarl_core::RetryAdvice::RETRY, "nested inner");
[INFO] [stderr]    |                                          ^^^^^^^^^^^^ use of unresolved module or unlinked crate `huskarl_core`
[INFO] [stderr]    |
[INFO] [stderr] help: there is a crate or module with a similar name
[INFO] [stderr]    |
[INFO] [stderr] 84 -     let inner = huskarl_core::Error::new(huskarl_core::RetryAdvice::RETRY, "nested inner");
[INFO] [stderr] 84 +     let inner = huskarl_core::Error::new(huskarl_macros::RetryAdvice::RETRY, "nested inner");
[INFO] [stderr]    |
[INFO] [stderr] 
[INFO] [stderr] error[E0433]: cannot find module or crate `huskarl_core` in this scope
[INFO] [stderr]   --> tests/ui/pass_classify_qualified.rs:86:39
[INFO] [stderr]    |
[INFO] [stderr] 86 |     assert_eq!(nested.retry_advice(), huskarl_core::RetryAdvice::RETRY);
[INFO] [stderr]    |                                       ^^^^^^^^^^^^ use of unresolved module or unlinked crate `huskarl_core`
[INFO] [stderr]    |
[INFO] [stderr] help: there is a crate or module with a similar name
[INFO] [stderr]    |
[INFO] [stderr] 86 -     assert_eq!(nested.retry_advice(), huskarl_core::RetryAdvice::RETRY);
[INFO] [stderr] 86 +     assert_eq!(nested.retry_advice(), huskarl_macros::RetryAdvice::RETRY);
[INFO] [stderr]    |
[INFO] [stderr] 
[INFO] [stderr] error[E0433]: cannot find module or crate `huskarl_core` in this scope
[INFO] [stderr]   --> tests/ui/pass_classify_qualified.rs:70:17
[INFO] [stderr]    |
[INFO] [stderr] 70 |     let inner = huskarl_core::Error::new(huskarl_core::RetryAdvice::RETRY, "inner");
[INFO] [stderr]    |                 ^^^^^^^^^^^^ use of unresolved module or unlinked crate `huskarl_core`
[INFO] [stderr]    |
[INFO] [stderr] help: there is a crate or module with a similar name
[INFO] [stderr]    |
[INFO] [stderr] 70 -     let inner = huskarl_core::Error::new(huskarl_core::RetryAdvice::RETRY, "inner");
[INFO] [stderr] 70 +     let inner = huskarl_macros::Error::new(huskarl_core::RetryAdvice::RETRY, "inner");
[INFO] [stderr]    |
[INFO] [stderr] help: consider importing one of these items
[INFO] [stderr]    |
[INFO] [stderr]  1 + use crate::Error;
[INFO] [stderr]    |
[INFO] [stderr]  1 + use crate::fmt::Error;
[INFO] [stderr]    |
[INFO] [stderr]  1 + use crate::foreign::Error;
[INFO] [stderr]    |
[INFO] [stderr]  1 + use std::error::Error;
[INFO] [stderr]    |
[INFO] [stderr]    = and 4 other candidates
[INFO] [stderr] help: if you import `Error`, refer to it directly
[INFO] [stderr]    |
[INFO] [stderr] 70 -     let inner = huskarl_core::Error::new(huskarl_core::RetryAdvice::RETRY, "inner");
[INFO] [stderr] 70 +     let inner = Error::new(huskarl_core::RetryAdvice::RETRY, "inner");
[INFO] [stderr]    |
[INFO] [stderr] 
[INFO] [stderr] error[E0433]: cannot find module or crate `huskarl_core` in this scope
[INFO] [stderr]   --> tests/ui/pass_classify_qualified.rs:84:17
[INFO] [stderr]    |
[INFO] [stderr] 84 |     let inner = huskarl_core::Error::new(huskarl_core::RetryAdvice::RETRY, "nested inner");
[INFO] [stderr]    |                 ^^^^^^^^^^^^ use of unresolved module or unlinked crate `huskarl_core`
[INFO] [stderr]    |
[INFO] [stderr] help: there is a crate or module with a similar name
[INFO] [stderr]    |
[INFO] [stderr] 84 -     let inner = huskarl_core::Error::new(huskarl_core::RetryAdvice::RETRY, "nested inner");
[INFO] [stderr] 84 +     let inner = huskarl_macros::Error::new(huskarl_core::RetryAdvice::RETRY, "nested inner");
[INFO] [stderr]    |
[INFO] [stderr] help: consider importing one of these items
[INFO] [stderr]    |
[INFO] [stderr]  1 + use crate::Error;
[INFO] [stderr]    |
[INFO] [stderr]  1 + use crate::fmt::Error;
[INFO] [stderr]    |
[INFO] [stderr]  1 + use crate::foreign::Error;
[INFO] [stderr]    |
[INFO] [stderr]  1 + use std::error::Error;
[INFO] [stderr]    |
[INFO] [stderr]    = and 4 other candidates
[INFO] [stderr] help: if you import `Error`, refer to it directly
[INFO] [stderr]    |
[INFO] [stderr] 84 -     let inner = huskarl_core::Error::new(huskarl_core::RetryAdvice::RETRY, "nested inner");
[INFO] [stderr] 84 +     let inner = Error::new(huskarl_core::RetryAdvice::RETRY, "nested inner");
[INFO] [stderr]    |
[INFO] [stderr] 
[INFO] [stderr] error[E0433]: cannot find module or crate `huskarl_core` in this scope
[INFO] [stderr]   --> tests/ui/pass_classify_qualified.rs:71:21
[INFO] [stderr]    |
[INFO] [stderr] 71 |     let propagated: huskarl_core::Error = QualifiedCause::Core(inner).into();
[INFO] [stderr]    |                     ^^^^^^^^^^^^ use of unresolved module or unlinked crate `huskarl_core`
[INFO] [stderr]    |
[INFO] [stderr] help: there is a crate or module with a similar name
[INFO] [stderr]    |
[INFO] [stderr] 71 -     let propagated: huskarl_core::Error = QualifiedCause::Core(inner).into();
[INFO] [stderr] 71 +     let propagated: huskarl_macros::Error = QualifiedCause::Core(inner).into();
[INFO] [stderr]    |
[INFO] [stderr] 
[INFO] [stderr] error[E0433]: cannot find module or crate `huskarl_core` in this scope
[INFO] [stderr]   --> tests/ui/pass_classify_qualified.rs:74:13
[INFO] [stderr]    |
[INFO] [stderr] 74 |     let io: huskarl_core::Error =
[INFO] [stderr]    |             ^^^^^^^^^^^^ use of unresolved module or unlinked crate `huskarl_core`
[INFO] [stderr]    |
[INFO] [stderr] help: there is a crate or module with a similar name
[INFO] [stderr]    |
[INFO] [stderr] 74 -     let io: huskarl_core::Error =
[INFO] [stderr] 74 +     let io: huskarl_macros::Error =
[INFO] [stderr]    |
[INFO] [stderr] 
[INFO] [stderr] error[E0433]: cannot find module or crate `huskarl_core` in this scope
[INFO] [stderr]   --> tests/ui/pass_classify_qualified.rs:78:18
[INFO] [stderr]    |
[INFO] [stderr] 78 |     let foreign: huskarl_core::Error = QualifiedCause::Foreign(foreign::Error).into();
[INFO] [stderr]    |                  ^^^^^^^^^^^^ use of unresolved module or unlinked crate `huskarl_core`
[INFO] [stderr]    |
[INFO] [stderr] help: there is a crate or module with a similar name
[INFO] [stderr]    |
[INFO] [stderr] 78 -     let foreign: huskarl_core::Error = QualifiedCause::Foreign(foreign::Error).into();
[INFO] [stderr] 78 +     let foreign: huskarl_macros::Error = QualifiedCause::Foreign(foreign::Error).into();
[INFO] [stderr]    |
[INFO] [stderr] 
[INFO] [stderr] error[E0433]: cannot find module or crate `huskarl_core` in this scope
[INFO] [stderr]   --> tests/ui/pass_classify_qualified.rs:81:22
[INFO] [stderr]    |
[INFO] [stderr] 81 |     let crate_local: huskarl_core::Error = QualifiedCause::CrateLocal(crate::Error).into();
[INFO] [stderr]    |                      ^^^^^^^^^^^^ use of unresolved module or unlinked crate `huskarl_core`
[INFO] [stderr]    |
[INFO] [stderr] help: there is a crate or module with a similar name
[INFO] [stderr]    |
[INFO] [stderr] 81 -     let crate_local: huskarl_core::Error = QualifiedCause::CrateLocal(crate::Error).into();
[INFO] [stderr] 81 +     let crate_local: huskarl_macros::Error = QualifiedCause::CrateLocal(crate::Error).into();
[INFO] [stderr]    |
[INFO] [stderr] 
[INFO] [stderr] error[E0433]: cannot find module or crate `huskarl_core` in this scope
[INFO] [stderr]   --> tests/ui/pass_classify_qualified.rs:85:17
[INFO] [stderr]    |
[INFO] [stderr] 85 |     let nested: huskarl_core::Error = QualifiedCause::Nested(Nested(inner)).into();
[INFO] [stderr]    |                 ^^^^^^^^^^^^ use of unresolved module or unlinked crate `huskarl_core`
[INFO] [stderr]    |
[INFO] [stderr] help: there is a crate or module with a similar name
[INFO] [stderr]    |
[INFO] [stderr] 85 -     let nested: huskarl_core::Error = QualifiedCause::Nested(Nested(inner)).into();
[INFO] [stderr] 85 +     let nested: huskarl_macros::Error = QualifiedCause::Nested(Nested(inner)).into();
[INFO] [stderr]    |
[INFO] [stderr] ┈┈┈┈┈┈┈┈┈┈┈┈┈┈┈┈┈┈┈┈┈┈┈┈┈┈┈┈┈┈┈┈┈┈┈┈┈┈┈┈┈┈┈┈┈┈┈┈┈┈┈┈┈┈┈┈┈┈┈┈
[INFO] [stderr] 
[INFO] [stderr] test tests/ui/pass_default_state_mod.rs ... ok
[INFO] [stderr] test tests/ui/pass_from_metadata.rs ... error
[INFO] [stderr] ┈┈┈┈┈┈┈┈┈┈┈┈┈┈┈┈┈┈┈┈┈┈┈┈┈┈┈┈┈┈┈┈┈┈┈┈┈┈┈┈┈┈┈┈┈┈┈┈┈┈┈┈┈┈┈┈┈┈┈┈
[INFO] [stderr] error[E0433]: cannot find `huskarl_core` in the list of imported crates
[INFO] [stderr]   --> tests/ui/pass_from_metadata.rs:53:5
[INFO] [stderr]    |
[INFO] [stderr] 53 |     #[huskarl_macros::from_metadata(metadata = crate::Meta)]
[INFO] [stderr]    |     ^^^^^^^^^^^^^^^^^^^^^^^^^^^^^^^^^^^^^^^^^^^^^^^^^^^^^^^^ could not find `huskarl_core` in the list of imported crates
[INFO] [stderr]    |
[INFO] [stderr]    = note: this error originates in the attribute macro `huskarl_macros::from_metadata` (in Nightly builds, run with -Z macro-backtrace for more info)
[INFO] [stderr] 
[INFO] [stderr] error[E0433]: cannot find module or crate `huskarl_core` in this scope
[INFO] [stderr]    --> tests/ui/pass_from_metadata.rs:148:36
[INFO] [stderr]     |
[INFO] [stderr] 148 |     assert_eq!(err.retry_advice(), huskarl_core::RetryAdvice::No);
[INFO] [stderr]     |                                    ^^^^^^^^^^^^ use of unresolved module or unlinked crate `huskarl_core`
[INFO] [stderr]     |
[INFO] [stderr] help: there is a crate or module with a similar name
[INFO] [stderr]     |
[INFO] [stderr] 148 -     assert_eq!(err.retry_advice(), huskarl_core::RetryAdvice::No);
[INFO] [stderr] 148 +     assert_eq!(err.retry_advice(), huskarl_macros::RetryAdvice::No);
[INFO] [stderr]     |
[INFO] [stderr] ┈┈┈┈┈┈┈┈┈┈┈┈┈┈┈┈┈┈┈┈┈┈┈┈┈┈┈┈┈┈┈┈┈┈┈┈┈┈┈┈┈┈┈┈┈┈┈┈┈┈┈┈┈┈┈┈┈┈┈┈
[INFO] [stderr] 
[INFO] [stderr] test tests/ui/pass_impl_mode.rs ... error
[INFO] [stderr] ┈┈┈┈┈┈┈┈┈┈┈┈┈┈┈┈┈┈┈┈┈┈┈┈┈┈┈┈┈┈┈┈┈┈┈┈┈┈┈┈┈┈┈┈┈┈┈┈┈┈┈┈┈┈┈┈┈┈┈┈
[INFO] [stderr] error[E0433]: cannot find module or crate `huskarl_core` in this scope
[INFO] [stderr]   --> tests/ui/pass_impl_mode.rs:18:17
[INFO] [stderr]    |
[INFO] [stderr] 18 |                 huskarl_core::RetryAdvice::No,
[INFO] [stderr]    |                 ^^^^^^^^^^^^ use of unresolved module or unlinked crate `huskarl_core`
[INFO] [stderr]    |
[INFO] [stderr] help: there is a crate or module with a similar name
[INFO] [stderr]    |
[INFO] [stderr] 18 -                 huskarl_core::RetryAdvice::No,
[INFO] [stderr] 18 +                 huskarl_macros::RetryAdvice::No,
[INFO] [stderr]    |
[INFO] [stderr] 
[INFO] [stderr] error[E0433]: cannot find module or crate `huskarl_core` in this scope
[INFO] [stderr]   --> tests/ui/pass_impl_mode.rs:17:17
[INFO] [stderr]    |
[INFO] [stderr] 17 |             Err(huskarl_core::Error::new(
[INFO] [stderr]    |                 ^^^^^^^^^^^^ use of unresolved module or unlinked crate `huskarl_core`
[INFO] [stderr]    |
[INFO] [stderr] help: there is a crate or module with a similar name
[INFO] [stderr]    |
[INFO] [stderr] 17 -             Err(huskarl_core::Error::new(
[INFO] [stderr] 17 +             Err(huskarl_macros::Error::new(
[INFO] [stderr]    |
[INFO] [stderr] help: consider importing one of these items
[INFO] [stderr]    |
[INFO] [stderr]  7 + use std::error::Error;
[INFO] [stderr]    |
[INFO] [stderr]  7 + use std::fmt::Error;
[INFO] [stderr]    |
[INFO] [stderr]  7 + use std::io::Error;
[INFO] [stderr]    |
[INFO] [stderr]  7 + use core::error::Error;
[INFO] [stderr]    |
[INFO] [stderr]    = and 1 other candidate
[INFO] [stderr] help: if you import `Error`, refer to it directly
[INFO] [stderr]    |
[INFO] [stderr] 17 -             Err(huskarl_core::Error::new(
[INFO] [stderr] 17 +             Err(Error::new(
[INFO] [stderr]    |
[INFO] [stderr] 
[INFO] [stderr] error[E0433]: cannot find module or crate `huskarl_core` in this scope
[INFO] [stderr]   --> tests/ui/pass_impl_mode.rs:11:38
[INFO] [stderr]    |
[INFO] [stderr] 11 |     fn into_url(self) -> Result<Url, huskarl_core::Error>;
[INFO] [stderr]    |                                      ^^^^^^^^^^^^ use of unresolved module or unlinked crate `huskarl_core`
[INFO] [stderr]    |
[INFO] [stderr] help: there is a crate or module with a similar name
[INFO] [stderr]    |
[INFO] [stderr] 11 -     fn into_url(self) -> Result<Url, huskarl_core::Error>;
[INFO] [stderr] 11 +     fn into_url(self) -> Result<Url, huskarl_macros::Error>;
[INFO] [stderr]    |
[INFO] [stderr] 
[INFO] [stderr] error[E0433]: cannot find module or crate `huskarl_core` in this scope
[INFO] [stderr]   --> tests/ui/pass_impl_mode.rs:15:38
[INFO] [stderr]    |
[INFO] [stderr] 15 |     fn into_url(self) -> Result<Url, huskarl_core::Error> {
[INFO] [stderr]    |                                      ^^^^^^^^^^^^ use of unresolved module or unlinked crate `huskarl_core`
[INFO] [stderr]    |
[INFO] [stderr] help: there is a crate or module with a similar name
[INFO] [stderr]    |
[INFO] [stderr] 15 -     fn into_url(self) -> Result<Url, huskarl_core::Error> {
[INFO] [stderr] 15 +     fn into_url(self) -> Result<Url, huskarl_macros::Error> {
[INFO] [stderr]    |
[INFO] [stderr] 
[INFO] [stderr] error[E0433]: cannot find module or crate `huskarl_core` in this scope
[INFO] [stderr]   --> tests/ui/pass_impl_mode.rs:30:38
[INFO] [stderr]    |
[INFO] [stderr] 30 |     fn into_url(self) -> Result<Url, huskarl_core::Error> {
[INFO] [stderr]    |                                      ^^^^^^^^^^^^ use of unresolved module or unlinked crate `huskarl_core`
[INFO] [stderr]    |
[INFO] [stderr] help: there is a crate or module with a similar name
[INFO] [stderr]    |
[INFO] [stderr] 30 -     fn into_url(self) -> Result<Url, huskarl_core::Error> {
[INFO] [stderr] 30 +     fn into_url(self) -> Result<Url, huskarl_macros::Error> {
[INFO] [stderr]    |
[INFO] [stderr] 
[INFO] [stderr] error[E0433]: cannot find module or crate `huskarl_core` in this scope
[INFO] [stderr]   --> tests/ui/pass_impl_mode.rs:62:66
[INFO] [stderr]    |
[INFO] [stderr] 62 |         #[builder(with = |url: impl crate::IntoUrl| -> Result<_, huskarl_core::Error> {
[INFO] [stderr]    |                                                                  ^^^^^^^^^^^^ use of unresolved module or unlinked crate `huskarl_core`
[INFO] [stderr]    |
[INFO] [stderr] help: there is a crate or module with a similar name
[INFO] [stderr]    |
[INFO] [stderr] 62 -         #[builder(with = |url: impl crate::IntoUrl| -> Result<_, huskarl_core::Error> {
[INFO] [stderr] 62 +         #[builder(with = |url: impl crate::IntoUrl| -> Result<_, huskarl_macros::Error> {
[INFO] [stderr]    |
[INFO] [stderr] ┈┈┈┈┈┈┈┈┈┈┈┈┈┈┈┈┈┈┈┈┈┈┈┈┈┈┈┈┈┈┈┈┈┈┈┈┈┈┈┈┈┈┈┈┈┈┈┈┈┈┈┈┈┈┈┈┈┈┈┈
[INFO] [stderr] 
[INFO] [stderr] test tests/ui/pass_method_config.rs ... error
[INFO] [stdout] test ui_pass ... FAILED
[INFO] [stderr] ┈┈┈┈┈┈┈┈┈┈┈┈┈┈┈┈┈┈┈┈┈┈┈┈┈┈┈┈┈┈┈┈┈┈┈┈┈┈┈┈┈┈┈┈┈┈┈┈┈┈┈┈┈┈┈┈┈┈┈┈
[INFO] [stderr] error[E0433]: cannot find `huskarl_core` in the list of imported crates
[INFO] [stderr]   --> tests/ui/pass_method_config.rs:38:1
[INFO] [stderr]    |
[INFO] [stderr] 38 | / #[huskarl_macros::from_metadata(
[INFO] [stderr] 39 | |     metadata = crate::Meta,
[INFO] [stderr] 40 | |     method(name = "from_meta_internal", vis = "")
[INFO] [stderr] 41 | | )]
[INFO] [stderr]    | |__^ could not find `huskarl_core` in the list of imported crates
[INFO] [stderr]    |
[INFO] [stderr]    = note: this error originates in the attribute macro `huskarl_macros::from_metadata` (in Nightly builds, run with -Z macro-backtrace for more info)
[INFO] [stderr] 
[INFO] [stderr] error[E0433]: cannot find module or crate `huskarl_core` in this scope
[INFO] [stderr]   --> tests/ui/pass_method_config.rs:82:36
[INFO] [stderr]    |
[INFO] [stderr] 82 |     assert_eq!(err.retry_advice(), huskarl_core::RetryAdvice::No);
[INFO] [stderr]    |                                    ^^^^^^^^^^^^ use of unresolved module or unlinked crate `huskarl_core`
[INFO] [stderr]    |
[INFO] [stderr] help: there is a crate or module with a similar name
[INFO] [stderr]    |
[INFO] [stderr] 82 -     assert_eq!(err.retry_advice(), huskarl_core::RetryAdvice::No);
[INFO] [stderr] 82 +     assert_eq!(err.retry_advice(), huskarl_macros::RetryAdvice::No);
[INFO] [stderr]    |
[INFO] [stderr] 
[INFO] [stderr] error[E0433]: cannot find module or crate `huskarl_core` in this scope
[INFO] [stderr]   --> tests/ui/pass_method_config.rs:14:38
[INFO] [stderr]    |
[INFO] [stderr] 14 |     fn into_url(self) -> Result<Url, huskarl_core::Error>;
[INFO] [stderr]    |                                      ^^^^^^^^^^^^ use of unresolved module or unlinked crate `huskarl_core`
[INFO] [stderr]    |
[INFO] [stderr] help: there is a crate or module with a similar name
[INFO] [stderr]    |
[INFO] [stderr] 14 -     fn into_url(self) -> Result<Url, huskarl_core::Error>;
[INFO] [stderr] 14 +     fn into_url(self) -> Result<Url, huskarl_macros::Error>;
[INFO] [stderr]    |
[INFO] [stderr] 
[INFO] [stderr] error[E0433]: cannot find module or crate `huskarl_core` in this scope
[INFO] [stderr]   --> tests/ui/pass_method_config.rs:18:38
[INFO] [stderr]    |
[INFO] [stderr] 18 |     fn into_url(self) -> Result<Url, huskarl_core::Error> {
[INFO] [stderr]    |                                      ^^^^^^^^^^^^ use of unresolved module or unlinked crate `huskarl_core`
[INFO] [stderr]    |
[INFO] [stderr] help: there is a crate or module with a similar name
[INFO] [stderr]    |
[INFO] [stderr] 18 -     fn into_url(self) -> Result<Url, huskarl_core::Error> {
[INFO] [stderr] 18 +     fn into_url(self) -> Result<Url, huskarl_macros::Error> {
[INFO] [stderr]    |
[INFO] [stderr] 
[INFO] [stderr] error[E0433]: cannot find module or crate `huskarl_core` in this scope
[INFO] [stderr]   --> tests/ui/pass_method_config.rs:26:38
[INFO] [stderr]    |
[INFO] [stderr] 26 |     fn into_url(self) -> Result<Url, huskarl_core::Error> {
[INFO] [stderr]    |                                      ^^^^^^^^^^^^ use of unresolved module or unlinked crate `huskarl_core`
[INFO] [stderr]    |
[INFO] [stderr] help: there is a crate or module with a similar name
[INFO] [stderr]    |
[INFO] [stderr] 26 -     fn into_url(self) -> Result<Url, huskarl_core::Error> {
[INFO] [stderr] 26 +     fn into_url(self) -> Result<Url, huskarl_macros::Error> {
[INFO] [stderr]    |
[INFO] [stderr] 
[INFO] [stderr] error[E0433]: cannot find module or crate `huskarl_core` in this scope
[INFO] [stderr]   --> tests/ui/pass_method_config.rs:47:62
[INFO] [stderr]    |
[INFO] [stderr] 47 |     #[builder(with = |url: impl crate::IntoUrl| -> Result<_, huskarl_core::Error> {
[INFO] [stderr]    |                                                              ^^^^^^^^^^^^ use of unresolved module or unlinked crate `huskarl_core`
[INFO] [stderr]    |
[INFO] [stderr] help: there is a crate or module with a similar name
[INFO] [stderr]    |
[INFO] [stderr] 47 -     #[builder(with = |url: impl crate::IntoUrl| -> Result<_, huskarl_core::Error> {
[INFO] [stderr] 47 +     #[builder(with = |url: impl crate::IntoUrl| -> Result<_, huskarl_macros::Error> {
[INFO] [stderr]    |
[INFO] [stderr] 
[INFO] [stderr] error[E0433]: cannot find module or crate `huskarl_core` in this scope
[INFO] [stderr]   --> tests/ui/pass_method_config.rs:61:61
[INFO] [stderr]    |
[INFO] [stderr] 61 |     ) -> Result<ClientBuilder<ClientFromMetaInternalState>, huskarl_core::Error> {
[INFO] [stderr]    |                                                             ^^^^^^^^^^^^ use of unresolved module or unlinked crate `huskarl_core`
[INFO] [stderr]    |
[INFO] [stderr] help: there is a crate or module with a similar name
[INFO] [stderr]    |
[INFO] [stderr] 61 -     ) -> Result<ClientBuilder<ClientFromMetaInternalState>, huskarl_core::Error> {
[INFO] [stderr] 61 +     ) -> Result<ClientBuilder<ClientFromMetaInternalState>, huskarl_macros::Error> {
[INFO] [stderr]    |
[INFO] [stderr] ┈┈┈┈┈┈┈┈┈┈┈┈┈┈┈┈┈┈┈┈┈┈┈┈┈┈┈┈┈┈┈┈┈┈┈┈┈┈┈┈┈┈┈┈┈┈┈┈┈┈┈┈┈┈┈┈┈┈┈┈
[INFO] [stderr] 
[INFO] [stderr] 
[INFO] [stderr] 
[INFO] [stderr]     Checking unicode-ident v1.0.24
[INFO] [stderr]     Checking hashbrown v0.17.1
[INFO] [stderr]     Checking equivalent v1.0.2
[INFO] [stderr]     Checking winnow v1.0.4
[INFO] [stderr]     Checking ident_case v1.0.1
[INFO] [stderr]     Checking strsim v0.11.1
[INFO] [stderr]     Checking toml_datetime v1.1.1+spec-1.1.0
[INFO] [stderr]     Checking bon v3.9.3
[INFO] [stderr]     Checking proc-macro2 v1.0.107
[INFO] [stderr]     Checking quote v1.0.47
[INFO] [stderr]     Checking syn v3.0.4
[INFO] [stderr]     Checking indexmap v2.14.0
[INFO] [stderr]     Checking toml_parser v1.1.3+spec-1.1.0
[INFO] [stderr]     Checking toml_edit v0.25.13+spec-1.1.0
[INFO] [stderr]     Checking proc-macro-crate v3.5.0
[INFO] [stderr]     Checking darling_core v0.24.1
[INFO] [stderr]     Checking darling v0.24.1
[INFO] [stderr]     Checking huskarl-macros-tests v0.0.0 (/opt/rustwide/target/tests/trybuild/huskarl-macros)
[INFO] [stderr]     Finished `dev` profile [unoptimized + debuginfo] target(s) in 6.30s
[INFO] [stderr] 
[INFO] [stderr] 
[INFO] [stderr] test tests/ui/fail_classify_duplicate_after_empty.rs ... ok
[INFO] [stderr] test tests/ui/fail_classify_error_field_with_attribute.rs ... ok
[INFO] [stderr] test tests/ui/fail_classify_multiple_directives.rs ... ok
[INFO] [stderr] test tests/ui/fail_classify_unclassified_leaf.rs ... ok
[INFO] [stderr] 
[INFO] [stderr] 
[INFO] [stdout] test ui_classify_compile_fail ... ok
[INFO] [stdout] 
[INFO] [stdout] failures:
[INFO] [stdout] 
[INFO] [stdout] ---- ui_pass stdout ----
[INFO] [stdout] 
[INFO] [stdout] thread 'ui_pass' (948) panicked at /opt/rustwide/cargo-home/registry/src/index.crates.io-1949cf8c6b5b557f/trybuild-1.0.120/src/run.rs:103:13:
[INFO] [stdout] 5 of 6 tests failed
[INFO] [stdout] stack backtrace:
[INFO] [stdout]    0:     0x5ac053586921 - <<std[70759c8f55707aa4]::sys::backtrace::BacktraceLock>::print::DisplayBacktrace as core[df12db4294e9bfd3]::fmt::Display>::fmt
[INFO] [stdout]    1:     0x5ac05359cfda - core[df12db4294e9bfd3]::fmt::write
[INFO] [stdout]    2:     0x5ac05358b3ec - <alloc[2182bb758b4b3781]::vec::Vec<u8> as core[df12db4294e9bfd3]::io::write::Write>::write_fmt
[INFO] [stdout]    3:     0x5ac05355fe06 - std[70759c8f55707aa4]::panicking::default_hook::{closure#0}
[INFO] [stdout]    4:     0x5ac05357df99 - std[70759c8f55707aa4]::panicking::default_hook
[INFO] [stdout]    5:     0x5ac053517270 - test[9d35eded1c95d3be]::test_main_inner::<test[9d35eded1c95d3be]::test_main_static::{closure#0}>::{closure#0}
[INFO] [stdout]    6:     0x5ac05357e152 - std[70759c8f55707aa4]::panicking::panic_with_hook
[INFO] [stdout]    7:     0x5ac05355feb2 - std[70759c8f55707aa4]::panicking::panic_handler::{closure#0}
[INFO] [stdout]    8:     0x5ac053558779 - std[70759c8f55707aa4]::sys::backtrace::__rust_end_short_backtrace::<std[70759c8f55707aa4]::panicking::panic_handler::{closure#0}, !>
[INFO] [stdout]    9:     0x5ac053560aad - __rustc[8fa7c3cbc660c2b3]::rust_begin_unwind
[INFO] [stdout]   10:     0x5ac05359d74c - core[df12db4294e9bfd3]::panicking::panic_fmt
[INFO] [stdout]   11:     0x5ac053464808 - <trybuild[7d63f866b7e2efb5]::Runner>::run
[INFO] [stdout]   12:     0x5ac053467bf0 - <trybuild[7d63f866b7e2efb5]::TestCases as core[df12db4294e9bfd3]::ops::drop::Drop>::drop
[INFO] [stdout]   13:     0x5ac05345e088 - ui[79ecc9efe33ad82b]::ui_pass
[INFO] [stdout]   14:     0x5ac05345e489 - <ui[79ecc9efe33ad82b]::ui_pass::{closure#0} as core[df12db4294e9bfd3]::ops::function::FnOnce<()>>::call_once
[INFO] [stdout]   15:     0x5ac05350a55b - test[9d35eded1c95d3be]::__rust_begin_short_backtrace::<core[df12db4294e9bfd3]::result::Result<(), alloc[2182bb758b4b3781]::string::String>, fn() -> core[df12db4294e9bfd3]::result::Result<(), alloc[2182bb758b4b3781]::string::String>>
[INFO] [stdout]   16:     0x5ac053517bc5 - test[9d35eded1c95d3be]::run_test::{closure#0}
[INFO] [stdout]   17:     0x5ac053511484 - std[70759c8f55707aa4]::sys::backtrace::__rust_begin_short_backtrace::<test[9d35eded1c95d3be]::run_test::{closure#1}, ()>
[INFO] [stdout]   18:     0x5ac05351ad22 - <std[70759c8f55707aa4]::thread::lifecycle::spawn_unchecked<test[9d35eded1c95d3be]::run_test::{closure#1}, ()>::{closure#1} as core[df12db4294e9bfd3]::ops::function::FnOnce<()>>::call_once::{shim:vtable#0}
[INFO] [stdout]   19:     0x5ac053585bd9 - <std[70759c8f55707aa4]::sys::thread::unix::Thread>::new::thread_start
[INFO] [stdout]   20:     0x7b6af07f9dfa - <unknown>
[INFO] [stdout]   21:     0x7b6af088d3d4 - clone
[INFO] [stdout]   22:                0x0 - <unknown>
[INFO] [stdout] 
[INFO] [stdout] 
[INFO] [stdout] failures:
[INFO] [stdout]     ui_pass
[INFO] [stdout] 
[INFO] [stdout] test result: FAILED. 1 passed; 1 failed; 1 ignored; 0 measured; 0 filtered out; finished in 44.71s
[INFO] [stdout] 
[INFO] [stderr] error: test failed, to rerun pass `--test ui`
[INFO] running `Command { std: "docker" "inspect" "4a3f8e275b0d4ca8a25b57e5eb38f9ca32052a81d007f5da68b0a1a1283d7fc7", kill_on_drop: false }`
[INFO] running `Command { std: "docker" "rm" "-f" "4a3f8e275b0d4ca8a25b57e5eb38f9ca32052a81d007f5da68b0a1a1283d7fc7", kill_on_drop: false }`
[INFO] [stdout] 4a3f8e275b0d4ca8a25b57e5eb38f9ca32052a81d007f5da68b0a1a1283d7fc7
