[INFO] fetching crate hunspell-lsp 0.1.2...
[INFO] testing hunspell-lsp-0.1.2 against 1.100.0-beta.1+cargoflags=--release for beta-release-1.100-2
[INFO] extracting crate hunspell-lsp 0.1.2 into /workspace/builds/worker-7-tc2/source
[INFO] started tweaking crates.io crate hunspell-lsp 0.1.2
[INFO] finished tweaking crates.io crate hunspell-lsp 0.1.2
[INFO] tweaked toml for crates.io crate hunspell-lsp 0.1.2 written to /workspace/builds/worker-7-tc2/source/Cargo.toml
[INFO] validating manifest of crates.io crate hunspell-lsp 0.1.2 on toolchain 1.100.0-beta.1
[INFO] running `Command { std: CARGO_HOME="/workspace/cargo-home" RUSTUP_HOME="/workspace/rustup-home" "/workspace/cargo-home/bin/cargo" "+1.100.0-beta.1" "metadata" "--manifest-path" "Cargo.toml" "--no-deps", kill_on_drop: false }`
[INFO] crate crates.io crate hunspell-lsp 0.1.2 already has a lockfile, it will not be regenerated
[INFO] running `Command { std: CARGO_HOME="/workspace/cargo-home" RUSTUP_HOME="/workspace/rustup-home" "/workspace/cargo-home/bin/cargo" "+1.100.0-beta.1" "fetch" "--manifest-path" "Cargo.toml", kill_on_drop: false }`
[INFO] running `Command { std: "docker" "create" "-v" "/var/lib/crater-agent-workspace/builds/worker-7-tc2/source:/opt/rustwide/workdir:ro,Z" "-v" "/var/lib/crater-agent-workspace/builds/worker-7-tc2/target:/opt/rustwide/target:rw,Z" "-v" "/var/lib/crater-agent-workspace/cargo-home:/opt/rustwide/cargo-home:ro,Z" "-v" "/var/lib/crater-agent-workspace/rustup-home:/opt/rustwide/rustup-home:ro,Z" "-m" "1610612736" "--network" "none" "ghcr.io/rust-lang/crates-build-env/linux@sha256:77db811e55d90add9212f6832c23229e3de5f1c1f9905e8cb07319ea15df73ac" "sleep" "infinity", kill_on_drop: false }`
[INFO] [stdout] 59239ce64937859e71d0aceefcb8767cf2499874a3bd9970da1e0afc04dcbadf
[INFO] running `Command { std: "docker" "start" "59239ce64937859e71d0aceefcb8767cf2499874a3bd9970da1e0afc04dcbadf", kill_on_drop: false }`
[INFO] running `Command { std: "docker" "inspect" "59239ce64937859e71d0aceefcb8767cf2499874a3bd9970da1e0afc04dcbadf", kill_on_drop: false }`
[INFO] running `Command { std: "docker" "exec" "-e" "SOURCE_DIR=/opt/rustwide/workdir" "-e" "CARGO_HOME=/opt/rustwide/cargo-home" "-e" "RUSTUP_HOME=/opt/rustwide/rustup-home" "-e" "CARGO_TARGET_DIR=/opt/rustwide/target" "-w" "/opt/rustwide/workdir" "--user" "0:0" "59239ce64937859e71d0aceefcb8767cf2499874a3bd9970da1e0afc04dcbadf" "/opt/rustwide/cargo-home/bin/cargo" "+1.100.0-beta.1" "metadata" "--no-deps" "--format-version=1", kill_on_drop: false }`
[INFO] running `Command { std: "docker" "inspect" "59239ce64937859e71d0aceefcb8767cf2499874a3bd9970da1e0afc04dcbadf", kill_on_drop: false }`
[INFO] running `Command { std: "docker" "exec" "-e" "SOURCE_DIR=/opt/rustwide/workdir" "-e" "CARGO_HOME=/opt/rustwide/cargo-home" "-e" "RUSTUP_HOME=/opt/rustwide/rustup-home" "-e" "CARGO_TARGET_DIR=/opt/rustwide/target" "-e" "CARGO_INCREMENTAL=0" "-e" "RUST_BACKTRACE=full" "-e" "RUSTFLAGS=--cap-lints=warn" "-e" "RUSTDOCFLAGS=--cap-lints=warn" "-w" "/opt/rustwide/workdir" "--user" "0:0" "59239ce64937859e71d0aceefcb8767cf2499874a3bd9970da1e0afc04dcbadf" "/opt/rustwide/cargo-home/bin/cargo" "+1.100.0-beta.1" "build" "--frozen" "--message-format=json" "--release", kill_on_drop: false }`
[INFO] [stderr]    Compiling glob v0.3.3
[INFO] [stderr]    Compiling libc v0.2.185
[INFO] [stderr]    Compiling bitflags v2.11.1
[INFO] [stderr]    Compiling memchr v2.8.0
[INFO] [stderr]    Compiling regex-syntax v0.8.10
[INFO] [stderr]    Compiling bindgen v0.61.0
[INFO] [stderr]    Compiling either v1.15.0
[INFO] [stderr]    Compiling syn v1.0.109
[INFO] [stderr]    Compiling rustix v0.38.44
[INFO] [stderr]    Compiling lazy_static v1.5.0
[INFO] [stderr]    Compiling log v0.4.29
[INFO] [stderr]    Compiling cc v1.2.60
[INFO] [stderr]    Compiling clang-sys v1.8.1
[INFO] [stderr]    Compiling crossbeam-utils v0.8.21
[INFO] [stderr]    Compiling nom v7.1.3
[INFO] [stderr]    Compiling aho-corasick v1.1.4
[INFO] [stderr]    Compiling fluent-uri v0.1.4
[INFO] [stderr]    Compiling crossbeam-channel v0.5.15
[INFO] [stderr]    Compiling regex-automata v0.4.14
[INFO] [stderr]    Compiling which v4.4.2
[INFO] [stderr]    Compiling serde_repr v0.1.20
[INFO] [stderr]    Compiling cexpr v0.6.0
[INFO] [stderr]    Compiling lsp-server v0.7.9
[INFO] [stderr]    Compiling lsp-types v0.97.0
[INFO] [stderr]    Compiling regex v1.12.3
[INFO] [stderr]    Compiling hunspell-sys v0.3.1
[INFO] [stderr]    Compiling hunspell-rs v0.4.0
[INFO] [stderr]    Compiling hunspell-lsp v0.1.2 (/opt/rustwide/workdir)
[INFO] [stderr]     Finished `release` profile [optimized] target(s) in 1m 55s
[INFO] running `Command { std: "docker" "inspect" "59239ce64937859e71d0aceefcb8767cf2499874a3bd9970da1e0afc04dcbadf", kill_on_drop: false }`
[INFO] running `Command { std: "docker" "exec" "-e" "SOURCE_DIR=/opt/rustwide/workdir" "-e" "CARGO_HOME=/opt/rustwide/cargo-home" "-e" "RUSTUP_HOME=/opt/rustwide/rustup-home" "-e" "CARGO_TARGET_DIR=/opt/rustwide/target" "-e" "CARGO_INCREMENTAL=0" "-e" "RUST_BACKTRACE=full" "-e" "RUSTFLAGS=--cap-lints=warn" "-e" "RUSTDOCFLAGS=--cap-lints=warn" "-w" "/opt/rustwide/workdir" "--user" "0:0" "59239ce64937859e71d0aceefcb8767cf2499874a3bd9970da1e0afc04dcbadf" "/opt/rustwide/cargo-home/bin/cargo" "+1.100.0-beta.1" "test" "--frozen" "--no-run" "--message-format=json" "--release", kill_on_drop: false }`
[INFO] [stderr]    Compiling hunspell-lsp v0.1.2 (/opt/rustwide/workdir)
[INFO] [stderr]     Finished `release` profile [optimized] target(s) in 1.89s
[INFO] running `Command { std: "docker" "inspect" "59239ce64937859e71d0aceefcb8767cf2499874a3bd9970da1e0afc04dcbadf", kill_on_drop: false }`
[INFO] running `Command { std: "docker" "exec" "-e" "SOURCE_DIR=/opt/rustwide/workdir" "-e" "CARGO_HOME=/opt/rustwide/cargo-home" "-e" "RUSTUP_HOME=/opt/rustwide/rustup-home" "-e" "CARGO_TARGET_DIR=/opt/rustwide/target" "-e" "CARGO_INCREMENTAL=0" "-e" "RUST_BACKTRACE=full" "-e" "RUSTFLAGS=--cap-lints=warn" "-e" "RUSTDOCFLAGS=--cap-lints=warn" "-w" "/opt/rustwide/workdir" "--user" "0:0" "59239ce64937859e71d0aceefcb8767cf2499874a3bd9970da1e0afc04dcbadf" "/opt/rustwide/cargo-home/bin/cargo" "+1.100.0-beta.1" "test" "--frozen" "--release", kill_on_drop: false }`
[INFO] [stderr]     Finished `release` profile [optimized] target(s) in 0.13s
[INFO] [stderr]      Running unittests src/lib.rs (/opt/rustwide/target/release/build/hunspell-lsp/703d283b1e19c416/out/hunspell_lsp-703d283b1e19c416)
[INFO] [stdout] 
[INFO] [stdout] running 51 tests
[INFO] [stderr] error: /usr/share/hunspell/de_DE_frami.aff: cannot open
[INFO] [stderr] error: /usr/share/hunspell/de_DE_frami.dic: cannot open
[INFO] [stderr] error: /usr/share/hunspell/de_DE_frami.aff: cannot open
[INFO] [stderr] error: /usr/share/hunspell/de_DE_frami.aff: cannot open
[INFO] [stderr] error: /usr/share/hunspell/de_DE_frami.dic: cannot open
[INFO] [stderr] error: /usr/share/hunspell/de_DE_frami.aff: cannot open
[INFO] [stdout] test tests::test_extract_lang_comment_before_plain ... ok
[INFO] [stdout] test tests::test_extract_lang_between_content ... ok
[INFO] [stdout] test tests::test_extract_lang_carriage_return ... ok
[INFO] [stdout] test tests::test_extract_lang_case_sensitive ... ok
[INFO] [stdout] test integration_tests::test_german_encoding ... FAILED
[INFO] [stdout] test tests::test_extract_lang_comment_only ... ok
[INFO] [stdout] test tests::test_extract_lang_empty_text ... ok
[INFO] [stdout] test integration_tests::test_german_suggestions ... FAILED
[INFO] [stdout] test tests::test_extract_lang_hash_comment_with_leading_space ... ok
[INFO] [stdout] test tests::test_extract_lang_invalid_format ... ok
[INFO] [stdout] test tests::test_extract_lang_language_only ... ok
[INFO] [stdout] test tests::test_extract_lang_mixed_comment_styles_first_wins ... ok
[INFO] [stdout] test tests::test_extract_lang_markdown_heading_not_recognized ... ok
[INFO] [stdout] test tests::test_extract_lang_mixed_case_comment_chars ... ok
[INFO] [stdout] test tests::test_extract_lang_html_before_hash ... ok
[INFO] [stdout] test tests::test_extract_lang_html_comment_priority_over_hash ... ok
[INFO] [stdout] test tests::test_extract_lang_no_colon ... ok
[INFO] [stdout] test tests::test_extract_lang_multiline ... ok
[INFO] [stdout] test tests::test_extract_lang_multiple_matches_first_wins ... ok
[INFO] [stdout] test tests::test_extract_lang_multiple_hash_comments_first_wins ... ok
[INFO] [stdout] test tests::test_extract_lang_plain_before_comment ... ok
[INFO] [stdout] test tests::test_extract_lang_not_at_start ... ok
[INFO] [stdout] test tests::test_extract_lang_only_lang_keyword ... ok
[INFO] [stdout] test tests::test_extract_lang_plain_text_at_start ... ok
[INFO] [stdout] test tests::test_extract_lang_no_lang_specified ... ok
[INFO] [stdout] test tests::test_extract_lang_plain_text_end ... ok
[INFO] [stdout] test tests::test_extract_lang_plain_text_middle ... ok
[INFO] [stdout] test tests::test_extract_lang_plain_text_in_sentence ... ok
[INFO] [stdout] test tests::test_extract_lang_with_html_comment_case_insensitive ... ok
[INFO] [stdout] test tests::test_extract_lang_with_double_slash_comment ... ok
[INFO] [stdout] test tests::test_extract_lang_multiple_html_comments_first_wins ... ok
[INFO] [stdout] test tests::test_extract_lang_with_hash_comment ... ok
[INFO] [stdout] test tests::test_extract_lang_with_html_comment ... ok
[INFO] [stdout] test tests::test_extract_lang_with_semicolon_comment ... ok
[INFO] [stdout] test tests::test_extract_lang_with_leading_spaces ... ok
[INFO] [stdout] test tests::test_extract_lang_with_tabs ... ok
[INFO] [stdout] test tests::test_extract_lang_with_special_characters ... ok
[INFO] [stdout] test tests::test_extract_lang_with_percent_comment ... ok
[INFO] [stdout] test tests::test_extract_lang_with_html_comment_with_spaces ... ok
[INFO] [stdout] test tests::test_load_dict_with_special_chars ... ok
[INFO] [stdout] test tests::test_extract_lang_with_underscore ... ok
[INFO] [stdout] test tests::test_extract_lang_with_whitespace ... ok
[INFO] [stdout] test tests::test_load_dict_empty_string ... ok
[INFO] [stdout] test tests::test_load_dict_nonexistent_language ... ok
[INFO] [stdout] test tests::test_should_ignore_real_words ... ok
[INFO] [stdout] test tests::test_should_ignore_multiple_backticks ... ok
[INFO] [stdout] test tests::test_should_ignore_technical_patterns ... ok
[INFO] [stdout] test tests::test_should_ignore_language_codes ... ok
[INFO] [stdout] test tests::test_should_ignore_context_aware ... ok
[INFO] [stdout] test tests::test_should_ignore_backtick_terms ... ok
[INFO] [stdout] test tests::test_should_ignore_backticks_with_spaces ... ok
[INFO] [stdout] 
[INFO] [stdout] failures:
[INFO] [stdout] 
[INFO] [stdout] ---- integration_tests::test_german_encoding stdout ----
[INFO] [stdout] Testing 'möchte': MissingInDictionary
[INFO] [stdout] 
[INFO] [stdout] thread 'integration_tests::test_german_encoding' (974) panicked at src/lib.rs:602:13:
[INFO] [stdout] assertion `left == right` failed: Word 'möchte' should be valid
[INFO] [stdout]   left: MissingInDictionary
[INFO] [stdout]  right: FoundInDictionary
[INFO] [stdout] stack backtrace:
[INFO] [stdout]    0:     0x6445e81164b1 - <<std[617be2ca0a6fd877]::sys::backtrace::BacktraceLock>::print::DisplayBacktrace as core[a373ad73a504971]::fmt::Display>::fmt
[INFO] [stdout]    1:     0x6445e812bc2a - core[a373ad73a504971]::fmt::write
[INFO] [stdout]    2:     0x6445e811a6cc - <alloc[2e1b2a31b91974c5]::vec::Vec<u8> as core[a373ad73a504971]::io::write::Write>::write_fmt
[INFO] [stdout]    3:     0x6445e80f2916 - std[617be2ca0a6fd877]::panicking::default_hook::{closure#0}
[INFO] [stdout]    4:     0x6445e810eb49 - std[617be2ca0a6fd877]::panicking::default_hook
[INFO] [stdout]    5:     0x6445e7f99e40 - test[aada8e7e76ba119b]::test_main_inner::{closure#0}
[INFO] [stdout]    6:     0x6445e810ed02 - std[617be2ca0a6fd877]::panicking::panic_with_hook
[INFO] [stdout]    7:     0x6445e80f29c2 - std[617be2ca0a6fd877]::panicking::panic_handler::{closure#0}
[INFO] [stdout]    8:     0x6445e80eb6d9 - std[617be2ca0a6fd877]::sys::backtrace::__rust_end_short_backtrace::<std[617be2ca0a6fd877]::panicking::panic_handler::{closure#0}, !>
[INFO] [stdout]    9:     0x6445e80f35cd - __rustc[ea4f61d10b84890b]::rust_begin_unwind
[INFO] [stdout]   10:     0x6445e812c40c - core[a373ad73a504971]::panicking::panic_fmt
[INFO] [stdout]   11:     0x6445e812c383 - core[a373ad73a504971]::panicking::assert_failed_inner
[INFO] [stdout]   12:     0x6445e7f84322 - core[a373ad73a504971]::panicking::assert_failed::<hunspell_rs[4b02e374096e8dad]::CheckResult, hunspell_rs[4b02e374096e8dad]::CheckResult>
[INFO] [stdout]   13:     0x6445e7f84f65 - <hunspell_lsp[7f8919486e5bb9ac]::integration_tests::test_german_encoding::{closure#0} as core[a373ad73a504971]::ops::function::FnOnce<()>>::call_once
[INFO] [stdout]   14:     0x6445e7f8d28b - test[aada8e7e76ba119b]::__rust_begin_short_backtrace::<core[a373ad73a504971]::result::Result<(), alloc[2e1b2a31b91974c5]::string::String>, fn() -> core[a373ad73a504971]::result::Result<(), alloc[2e1b2a31b91974c5]::string::String>>
[INFO] [stdout]   15:     0x6445e7f9a465 - test[aada8e7e76ba119b]::run_test::{closure#0}
[INFO] [stdout]   16:     0x6445e7f93d54 - std[617be2ca0a6fd877]::sys::backtrace::__rust_begin_short_backtrace::<test[aada8e7e76ba119b]::run_test::{closure#1}, ()>
[INFO] [stdout]   17:     0x6445e7f9d4f2 - <std[617be2ca0a6fd877]::thread::lifecycle::spawn_unchecked<test[aada8e7e76ba119b]::run_test::{closure#1}, ()>::{closure#1} as core[a373ad73a504971]::ops::function::FnOnce<()>>::call_once::{shim:vtable#0}
[INFO] [stdout]   18:     0x6445e8115d0f - <std[617be2ca0a6fd877]::sys::thread::unix::Thread>::new::thread_start
[INFO] [stdout]   19:     0x72f8e6890dfa - <unknown>
[INFO] [stdout]   20:     0x72f8e69243d4 - clone
[INFO] [stdout]   21:                0x0 - <unknown>
[INFO] [stdout] 
[INFO] [stdout] ---- integration_tests::test_german_suggestions stdout ----
[INFO] [stdout] 
[INFO] [stdout] thread 'integration_tests::test_german_suggestions' (975) panicked at src/lib.rs:611:9:
[INFO] [stdout] assertion `left == right` failed: Word 'möchte' should be valid
[INFO] [stdout]   left: MissingInDictionary
[INFO] [stdout]  right: FoundInDictionary
[INFO] [stdout] stack backtrace:
[INFO] [stdout]    0:     0x6445e81164b1 - <<std[617be2ca0a6fd877]::sys::backtrace::BacktraceLock>::print::DisplayBacktrace as core[a373ad73a504971]::fmt::Display>::fmt
[INFO] [stdout]    1:     0x6445e812bc2a - core[a373ad73a504971]::fmt::write
[INFO] [stdout]    2:     0x6445e811a6cc - <alloc[2e1b2a31b91974c5]::vec::Vec<u8> as core[a373ad73a504971]::io::write::Write>::write_fmt
[INFO] [stdout]    3:     0x6445e80f2916 - std[617be2ca0a6fd877]::panicking::default_hook::{closure#0}
[INFO] [stdout]    4:     0x6445e810eb49 - std[617be2ca0a6fd877]::panicking::default_hook
[INFO] [stdout]    5:     0x6445e7f99e40 - test[aada8e7e76ba119b]::test_main_inner::{closure#0}
[INFO] [stdout]    6:     0x6445e810ed02 - std[617be2ca0a6fd877]::panicking::panic_with_hook
[INFO] [stdout]    7:     0x6445e80f29c2 - std[617be2ca0a6fd877]::panicking::panic_handler::{closure#0}
[INFO] [stdout]    8:     0x6445e80eb6d9 - std[617be2ca0a6fd877]::sys::backtrace::__rust_end_short_backtrace::<std[617be2ca0a6fd877]::panicking::panic_handler::{closure#0}, !>
[INFO] [stdout]    9:     0x6445e80f35cd - __rustc[ea4f61d10b84890b]::rust_begin_unwind
[INFO] [stdout]   10:     0x6445e812c40c - core[a373ad73a504971]::panicking::panic_fmt
[INFO] [stdout]   11:     0x6445e812c383 - core[a373ad73a504971]::panicking::assert_failed_inner
[INFO] [stdout]   12:     0x6445e7f84322 - core[a373ad73a504971]::panicking::assert_failed::<hunspell_rs[4b02e374096e8dad]::CheckResult, hunspell_rs[4b02e374096e8dad]::CheckResult>
[INFO] [stdout]   13:     0x6445e7f851d7 - <hunspell_lsp[7f8919486e5bb9ac]::integration_tests::test_german_suggestions::{closure#0} as core[a373ad73a504971]::ops::function::FnOnce<()>>::call_once
[INFO] [stdout]   14:     0x6445e7f8d28b - test[aada8e7e76ba119b]::__rust_begin_short_backtrace::<core[a373ad73a504971]::result::Result<(), alloc[2e1b2a31b91974c5]::string::String>, fn() -> core[a373ad73a504971]::result::Result<(), alloc[2e1b2a31b91974c5]::string::String>>
[INFO] [stdout]   15:     0x6445e7f9a465 - test[aada8e7e76ba119b]::run_test::{closure#0}
[INFO] [stdout]   16:     0x6445e7f93d54 - std[617be2ca0a6fd877]::sys::backtrace::__rust_begin_short_backtrace::<test[aada8e7e76ba119b]::run_test::{closure#1}, ()>
[INFO] [stdout]   17:     0x6445e7f9d4f2 - <std[617be2ca0a6fd877]::thread::lifecycle::spawn_unchecked<test[aada8e7e76ba119b]::run_test::{closure#1}, ()>::{closure#1} as core[a373ad73a504971]::ops::function::FnOnce<()>>::call_once::{shim:vtable#0}
[INFO] [stdout]   18:     0x6445e8115d0f - <std[617be2ca0a6fd877]::sys::thread::unix::Thread>::new::thread_start
[INFO] [stdout]   19:     0x72f8e6890dfa - <unknown>
[INFO] [stdout]   20:     0x72f8e69243d4 - clone
[INFO] [stdout]   21:                0x0 - <unknown>
[INFO] [stdout] 
[INFO] [stdout] 
[INFO] [stdout] failures:
[INFO] [stdout]     integration_tests::test_german_encoding
[INFO] [stdout]     integration_tests::test_german_suggestions
[INFO] [stdout] 
[INFO] [stdout] test result: FAILED. 49 passed; 2 failed; 0 ignored; 0 measured; 0 filtered out; finished in 0.08s
[INFO] [stdout] 
[INFO] [stderr] error: test failed, to rerun pass `--lib`
[INFO] running `Command { std: "docker" "inspect" "59239ce64937859e71d0aceefcb8767cf2499874a3bd9970da1e0afc04dcbadf", kill_on_drop: false }`
[INFO] running `Command { std: "docker" "rm" "-f" "59239ce64937859e71d0aceefcb8767cf2499874a3bd9970da1e0afc04dcbadf", kill_on_drop: false }`
[INFO] [stdout] 59239ce64937859e71d0aceefcb8767cf2499874a3bd9970da1e0afc04dcbadf
