[INFO] fetching crate humfmt 0.7.0...
[INFO] testing humfmt-0.7.0 against 1.99.0-beta.8+cargoflags=--release for beta-release-1.100-2
[INFO] extracting crate humfmt 0.7.0 into /workspace/builds/worker-0-tc1/source
[INFO] started tweaking crates.io crate humfmt 0.7.0
[INFO] removed 0 missing examples
[INFO] removed 0 missing tests
[INFO] finished tweaking crates.io crate humfmt 0.7.0
[INFO] tweaked toml for crates.io crate humfmt 0.7.0 written to /workspace/builds/worker-0-tc1/source/Cargo.toml
[INFO] validating manifest of crates.io crate humfmt 0.7.0 on toolchain 1.99.0-beta.8
[INFO] running `Command { std: CARGO_HOME="/workspace/cargo-home" RUSTUP_HOME="/workspace/rustup-home" "/workspace/cargo-home/bin/cargo" "+1.99.0-beta.8" "metadata" "--manifest-path" "Cargo.toml" "--no-deps", kill_on_drop: false }`
[INFO] crate crates.io crate humfmt 0.7.0 already has a lockfile, it will not be regenerated
[INFO] running `Command { std: CARGO_HOME="/workspace/cargo-home" RUSTUP_HOME="/workspace/rustup-home" "/workspace/cargo-home/bin/cargo" "+1.99.0-beta.8" "fetch" "--manifest-path" "Cargo.toml", kill_on_drop: false }`
[INFO] running `Command { std: "docker" "create" "-v" "/var/lib/crater-agent-workspace/builds/worker-0-tc1/source:/opt/rustwide/workdir:ro,Z" "-v" "/var/lib/crater-agent-workspace/builds/worker-0-tc1/target:/opt/rustwide/target:rw,Z" "-v" "/var/lib/crater-agent-workspace/cargo-home:/opt/rustwide/cargo-home:ro,Z" "-v" "/var/lib/crater-agent-workspace/rustup-home:/opt/rustwide/rustup-home:ro,Z" "-m" "1610612736" "--network" "none" "ghcr.io/rust-lang/crates-build-env/linux@sha256:77db811e55d90add9212f6832c23229e3de5f1c1f9905e8cb07319ea15df73ac" "sleep" "infinity", kill_on_drop: false }`
[INFO] [stdout] d38834f2a1da98b5afaf01b78a1ebbecb829cebc8e7782f0c38cde92a1a21e39
[INFO] running `Command { std: "docker" "start" "d38834f2a1da98b5afaf01b78a1ebbecb829cebc8e7782f0c38cde92a1a21e39", kill_on_drop: false }`
[INFO] running `Command { std: "docker" "inspect" "d38834f2a1da98b5afaf01b78a1ebbecb829cebc8e7782f0c38cde92a1a21e39", kill_on_drop: false }`
[INFO] running `Command { std: "docker" "exec" "-e" "SOURCE_DIR=/opt/rustwide/workdir" "-e" "CARGO_HOME=/opt/rustwide/cargo-home" "-e" "RUSTUP_HOME=/opt/rustwide/rustup-home" "-e" "CARGO_TARGET_DIR=/opt/rustwide/target" "-w" "/opt/rustwide/workdir" "--user" "0:0" "d38834f2a1da98b5afaf01b78a1ebbecb829cebc8e7782f0c38cde92a1a21e39" "/opt/rustwide/cargo-home/bin/cargo" "+1.99.0-beta.8" "metadata" "--no-deps" "--format-version=1", kill_on_drop: false }`
[INFO] running `Command { std: "docker" "inspect" "d38834f2a1da98b5afaf01b78a1ebbecb829cebc8e7782f0c38cde92a1a21e39", kill_on_drop: false }`
[INFO] running `Command { std: "docker" "exec" "-e" "SOURCE_DIR=/opt/rustwide/workdir" "-e" "CARGO_HOME=/opt/rustwide/cargo-home" "-e" "RUSTUP_HOME=/opt/rustwide/rustup-home" "-e" "CARGO_TARGET_DIR=/opt/rustwide/target" "-e" "CARGO_INCREMENTAL=0" "-e" "RUST_BACKTRACE=full" "-e" "RUSTFLAGS=--cap-lints=warn" "-e" "RUSTDOCFLAGS=--cap-lints=warn" "-w" "/opt/rustwide/workdir" "--user" "0:0" "d38834f2a1da98b5afaf01b78a1ebbecb829cebc8e7782f0c38cde92a1a21e39" "/opt/rustwide/cargo-home/bin/cargo" "+1.99.0-beta.8" "build" "--frozen" "--message-format=json" "--release", kill_on_drop: false }`
[INFO] [stderr]    Compiling humfmt v0.7.0 (/opt/rustwide/workdir)
[INFO] [stderr]     Finished `release` profile [optimized] target(s) in 1.14s
[INFO] running `Command { std: "docker" "inspect" "d38834f2a1da98b5afaf01b78a1ebbecb829cebc8e7782f0c38cde92a1a21e39", kill_on_drop: false }`
[INFO] running `Command { std: "docker" "exec" "-e" "SOURCE_DIR=/opt/rustwide/workdir" "-e" "CARGO_HOME=/opt/rustwide/cargo-home" "-e" "RUSTUP_HOME=/opt/rustwide/rustup-home" "-e" "CARGO_TARGET_DIR=/opt/rustwide/target" "-e" "CARGO_INCREMENTAL=0" "-e" "RUST_BACKTRACE=full" "-e" "RUSTFLAGS=--cap-lints=warn" "-e" "RUSTDOCFLAGS=--cap-lints=warn" "-w" "/opt/rustwide/workdir" "--user" "0:0" "d38834f2a1da98b5afaf01b78a1ebbecb829cebc8e7782f0c38cde92a1a21e39" "/opt/rustwide/cargo-home/bin/cargo" "+1.99.0-beta.8" "test" "--frozen" "--no-run" "--message-format=json" "--release", kill_on_drop: false }`
[INFO] [stderr]    Compiling syn v3.0.6
[INFO] [stderr]    Compiling either v1.18.0
[INFO] [stderr]    Compiling clap_lex v1.1.1
[INFO] [stderr]    Compiling zerocopy-derive v0.8.57
[INFO] [stderr]    Compiling getrandom v0.4.3
[INFO] [stderr]    Compiling wait-timeout v0.2.1
[INFO] [stderr]    Compiling regex-automata v0.4.18
[INFO] [stderr]    Compiling is-terminal v0.4.17
[INFO] [stderr]    Compiling rand v0.9.5
[INFO] [stderr]    Compiling rand_xorshift v0.4.0
[INFO] [stderr]    Compiling tempfile v3.27.0
[INFO] [stderr]    Compiling clap_builder v4.6.7
[INFO] [stderr]    Compiling itertools v0.10.5
[INFO] [stderr]    Compiling rayon v1.12.0
[INFO] [stderr]    Compiling rusty-fork v0.3.1
[INFO] [stderr]    Compiling zerocopy v0.8.57
[INFO] [stderr]    Compiling serde_derive v1.0.229
[INFO] [stderr]    Compiling criterion-plot v0.5.0
[INFO] [stderr]    Compiling regex v1.13.1
[INFO] [stderr]    Compiling clap v4.6.7
[INFO] [stderr]    Compiling serde v1.0.229
[INFO] [stderr]    Compiling tinytemplate v1.2.1
[INFO] [stderr]    Compiling half v2.7.1
[INFO] [stderr]    Compiling ppv-lite86 v0.2.21
[INFO] [stderr]    Compiling ciborium-ll v0.2.2
[INFO] [stderr]    Compiling rand_chacha v0.9.0
[INFO] [stderr]    Compiling ciborium v0.2.2
[INFO] [stderr]    Compiling proptest v1.11.0
[INFO] [stderr]    Compiling criterion v0.5.1
[INFO] [stderr]    Compiling humfmt v0.7.0 (/opt/rustwide/workdir)
[INFO] [stderr]     Finished `release` profile [optimized] target(s) in 49.52s
[INFO] running `Command { std: "docker" "inspect" "d38834f2a1da98b5afaf01b78a1ebbecb829cebc8e7782f0c38cde92a1a21e39", kill_on_drop: false }`
[INFO] running `Command { std: "docker" "exec" "-e" "SOURCE_DIR=/opt/rustwide/workdir" "-e" "CARGO_HOME=/opt/rustwide/cargo-home" "-e" "RUSTUP_HOME=/opt/rustwide/rustup-home" "-e" "CARGO_TARGET_DIR=/opt/rustwide/target" "-e" "CARGO_INCREMENTAL=0" "-e" "RUST_BACKTRACE=full" "-e" "RUSTFLAGS=--cap-lints=warn" "-e" "RUSTDOCFLAGS=--cap-lints=warn" "-w" "/opt/rustwide/workdir" "--user" "0:0" "d38834f2a1da98b5afaf01b78a1ebbecb829cebc8e7782f0c38cde92a1a21e39" "/opt/rustwide/cargo-home/bin/cargo" "+1.99.0-beta.8" "test" "--frozen" "--release", kill_on_drop: false }`
[INFO] [stderr]     Finished `release` profile [optimized] target(s) in 0.14s
[INFO] [stderr]      Running unittests src/lib.rs (/opt/rustwide/target/release/deps/humfmt-518723614ee063a3)
[INFO] [stdout] 
[INFO] [stdout] running 0 tests
[INFO] [stdout] 
[INFO] [stdout] test result: ok. 0 passed; 0 failed; 0 ignored; 0 measured; 0 filtered out; finished in 0.00s
[INFO] [stdout] 
[INFO] [stderr]      Running tests/ago_format.rs (/opt/rustwide/target/release/deps/ago_format-fca0b7c52c14b78c)
[INFO] [stdout] 
[INFO] [stdout] running 13 tests
[INFO] [stdout] test clamps_max_units_like_duration_options ... ok
[INFO] [stdout] test formats_zero_duration_as_relative_time ... ok
[INFO] [stdout] test converts_to_and_from_duration_options ... ok
[INFO] [stdout] test from_duration_options_starts_with_just_now_off ... ok
[INFO] [stdout] test renders_short_durations_as_just_now ... ok
[INFO] [stdout] test just_now_is_off_by_default ... ok
[INFO] [stdout] test supports_extension_trait_usage ... ok
[INFO] [stdout] test formats_basic_relative_times ... ok
[INFO] [stdout] test just_now_ignores_unit_options ... ok
[INFO] [stdout] test supports_long_units ... ok
[INFO] [stdout] test supports_just_now_through_the_extension_trait ... ok
[INFO] [stdout] test supports_max_unit_override ... ok
[INFO] [stdout] test default_options_match_new ... ok
[INFO] [stdout] 
[INFO] [stdout] test result: ok. 13 passed; 0 failed; 0 ignored; 0 measured; 0 filtered out; finished in 0.02s
[INFO] [stdout] 
[INFO] [stderr]      Running tests/bytes_format.rs (/opt/rustwide/target/release/deps/bytes_format-9d25e860fab5fa20)
[INFO] [stdout] 
[INFO] [stdout] running 31 tests
[INFO] [stdout] test forced_sign_combines_with_units_and_precision ... ok
[INFO] [stdout] test min_unit_greater_than_max_unit_safely_clamps ... ok
[INFO] [stdout] test fixed_precision_with_zero_precision_emits_no_decimal ... ok
[INFO] [stdout] test supports_binary_long_units ... ok
[INFO] [stdout] test forced_sign_leaves_zero_unsigned ... ok
[INFO] [stdout] test significant_digits_round_up_past_u128_range_in_forced_unit ... ok
[INFO] [stdout] test fixed_precision_false_trims_by_default ... ok
[INFO] [stdout] test significant_digits_keep_long_unit_labels_plural_when_rounded_up ... ok
[INFO] [stdout] test supports_forcing_specific_unit ... ok
[INFO] [stdout] test supports_long_units ... ok
[INFO] [stdout] test supports_binary_units ... ok
[INFO] [stdout] test supports_max_unit_clamping ... ok
[INFO] [stdout] test supports_bits_mode_decimal ... ok
[INFO] [stdout] test fixed_precision_preserves_trailing_zeros ... ok
[INFO] [stdout] test rounds_up_across_decimal_unit_boundary ... ok
[INFO] [stdout] test forces_sign_on_positive_values ... ok
[INFO] [stdout] test formats_extreme_u128_in_binary_mode ... ok
[INFO] [stdout] test significant_digits_round_up_across_decimal_unit_boundary ... ok
[INFO] [stdout] test fixed_precision_with_space_and_binary ... ok
[INFO] [stdout] test formats_decimal_bytes_by_default ... ok
[INFO] [stdout] test supports_rounding_modes ... ok
[INFO] [stdout] test supports_significant_digits ... ok
[INFO] [stdout] test supports_custom_decimal_separator ... ok
[INFO] [stdout] test supports_bits_mode_binary ... ok
[INFO] [stdout] test supports_bits_mode_long_units ... ok
[INFO] [stdout] test supports_extension_trait_usage ... ok
[INFO] [stdout] test supports_min_unit_clamping ... ok
[INFO] [stdout] test supports_negative_values ... ok
[INFO] [stdout] test supports_optional_space_before_short_units ... ok
[INFO] [stdout] test supports_precision_override ... ok
[INFO] [stdout] test formats_extreme_u128_in_decimal_mode ... ok
[INFO] [stdout] 
[INFO] [stdout] test result: ok. 31 passed; 0 failed; 0 ignored; 0 measured; 0 filtered out; finished in 0.03s
[INFO] [stdout] 
[INFO] [stderr]      Running tests/chrono_integration.rs (/opt/rustwide/target/release/deps/chrono_integration-4a1cac929f820e91)
[INFO] [stdout] 
[INFO] [stdout] running 0 tests
[INFO] [stdout] 
[INFO] [stdout] test result: ok. 0 passed; 0 failed; 0 ignored; 0 measured; 0 filtered out; finished in 0.00s
[INFO] [stdout] 
[INFO] [stderr]      Running tests/duration_format.rs (/opt/rustwide/target/release/deps/duration_format-b58b2936e8784097)
[INFO] [stdout] 
[INFO] [stdout] running 9 tests
[INFO] [stdout] test formats_zero_duration ... ok
[INFO] [stdout] test long_units_singular_vs_plural ... ok
[INFO] [stderr]      Running tests/formatter_flags.rs (/opt/rustwide/target/release/deps/formatter_flags-b67b450c725f05a5)
[INFO] [stdout] test supports_long_units ... ok
[INFO] [stdout] test formats_subsecond_durations ... ok
[INFO] [stdout] test formats_compound_durations ... ok
[INFO] [stdout] test supports_max_unit_override ... ok
[INFO] [stdout] test supports_extension_trait_usage ... ok
[INFO] [stdout] test max_units_clamps_to_one_at_minimum ... ok
[INFO] [stdout] test supports_max_units_up_to_seven ... ok
[INFO] [stdout] 
[INFO] [stdout] test result: ok. 9 passed; 0 failed; 0 ignored; 0 measured; 0 filtered out; finished in 0.00s
[INFO] [stdout] 
[INFO] [stdout] 
[INFO] [stdout] running 10 tests
[INFO] [stdout] test honours_explicit_alignment_and_fill ... ok
[INFO] [stdout] test applies_width_to_every_formatter ... ok
[INFO] [stdout] test centers_extra_column_on_the_right ... ok
[INFO] [stdout] test ignores_sign_and_alternate_flags ... ok
[INFO] [stdout] test ignores_the_zero_flag ... ok
[INFO] [stdout] test unpadded_output_is_unchanged ... ok
[INFO] [stdout] test default_alignment_is_left ... ok
[INFO] [stdout] test width_is_character_based ... ok
[INFO] [stdout] test width_only_sets_a_minimum ... ok
[INFO] [stdout] test precision_never_truncates ... ok
[INFO] [stdout] 
[INFO] [stderr]      Running tests/golden.rs (/opt/rustwide/target/release/deps/golden-c0811ac6e489c5c8)
[INFO] [stdout] test result: ok. 10 passed; 0 failed; 0 ignored; 0 measured; 0 filtered out; finished in 0.01s
[INFO] [stdout] 
[INFO] [stdout] 
[INFO] [stdout] running 8 tests
[INFO] [stdout] test golden_ago_just_now ... ok
[INFO] [stdout] test golden_percent ... ok
[INFO] [stdout] test golden_duration_and_ago ... ok
[INFO] [stdout] test golden_floats ... ok
[INFO] [stdout] test golden_numbers ... ok
[INFO] [stdout] test golden_bytes ... ok
[INFO] [stdout] test golden_lists ... ok
[INFO] [stdout] test golden_ordinals ... ok
[INFO] [stdout] 
[INFO] [stdout] test result: ok. 8 passed; 0 failed; 0 ignored; 0 measured; 0 filtered out; finished in 0.01s
[INFO] [stdout] 
[INFO] [stderr]      Running tests/integer_paths.rs (/opt/rustwide/target/release/deps/integer_paths-01e9f6355a3707cc)
[INFO] [stdout] 
[INFO] [stdout] running 7 tests
[INFO] [stdout] test formats_fixed_precision_across_the_u64_boundary ... ok
[INFO] [stdout] test formats_ordinals_across_the_u64_boundary ... ok
[INFO] [stdout] test groups_uncompacted_digits_across_the_u64_boundary ... ok
[INFO] [stdout] test formats_binary_byte_sizes_across_the_u64_boundary ... ok
[INFO] [stdout] test formats_compact_numbers_across_the_u64_boundary ... ok
[INFO] [stdout] test formats_byte_sizes_across_the_u64_boundary ... ok
[INFO] [stdout] test rounds_significant_digits_across_the_u64_boundary ... ok
[INFO] [stdout] 
[INFO] [stdout] test result: ok. 7 passed; 0 failed; 0 ignored; 0 measured; 0 filtered out; finished in 0.01s
[INFO] [stdout] 
[INFO] [stderr]      Running tests/list_format.rs (/opt/rustwide/target/release/deps/list_format-1301647be304cc31)
[INFO] [stdout] 
[INFO] [stdout] running 11 tests
[INFO] [stdout] test can_disable_serial_comma ... ok
[INFO] [stdout] test formats_two_item_lists ... ok
[INFO] [stdout] test formats_three_item_lists_with_serial_comma ... ok
[INFO] [stdout] test serial_comma_is_ignored_for_non_comma_separators ... ok
[INFO] [stdout] test supports_explicit_serial_comma_boolean_setter ... ok
[INFO] [stdout] test supports_non_string_display_items ... ok
[INFO] [stdout] test formats_single_item_lists ... ok
[INFO] [stdout] test conjunction_alone_keeps_default_serial_comma ... ok
[INFO] [stdout] test supports_custom_separator ... ok
[INFO] [stdout] test supports_custom_conjunction ... ok
[INFO] [stderr]      Running tests/number_edge_cases.rs (/opt/rustwide/target/release/deps/number_edge_cases-19e067b5f21a67b0)
[INFO] [stdout] test formats_empty_lists ... ok
[INFO] [stdout] 
[INFO] [stdout] test result: ok. 11 passed; 0 failed; 0 ignored; 0 measured; 0 filtered out; finished in 0.00s
[INFO] [stdout] 
[INFO] [stdout] 
[INFO] [stdout] running 40 tests
[INFO] [stdout] test avoids_negative_zero_output ... ok
[INFO] [stdout] test avoids_negative_zero_after_rounding_small_floats ... ok
[INFO] [stdout] test float_at_exact_suffix_boundary ... ok
[INFO] [stdout] test float_just_below_rescale_boundary ... ok
[INFO] [stdout] test default_precision_boundaries_around_one_million ... ok
[INFO] [stdout] test force_sign_still_suppresses_sign_for_rounded_zero ... ok
[INFO] [stdout] test formats_extreme_u128_with_significant_digits_without_invalid_artifacts ... ok
[INFO] [stdout] test formats_f32_input ... ok
[INFO] [stdout] test formats_i128_min_with_exact_default_output ... ok
[INFO] [stdout] test formats_i128_min_without_overflow_artifacts ... ok
[INFO] [stdout] test formats_large_finite_f64_without_compaction ... ok
[INFO] [stdout] test formats_large_finite_f64_without_invalid_artifacts ... ok
[INFO] [stdout] test formats_negative_one_for_signed_numbers_and_floats ... ok
[INFO] [stdout] test formats_small_integer_types ... ok
[INFO] [stdout] test formats_one_for_all_main_numeric_kinds ... ok
[INFO] [stdout] test formats_u128_max_with_exact_default_output ... ok
[INFO] [stdout] test formats_zero_for_all_main_numeric_kinds ... ok
[INFO] [stdout] test keeps_rounding_stable_near_decillion_boundary_for_large_values ... ok
[INFO] [stdout] test negative_minimum_positive_finite_float_rounds_to_zero ... ok
[INFO] [stdout] test float_precision_zero_at_rescale_boundary ... ok
[INFO] [stdout] test float_scaling_matches_integer_scaling_for_round_values ... ok
[INFO] [stdout] test formats_u128_max_without_overflow_artifacts ... ok
[INFO] [stdout] test rescales_after_rounding_boundary ... ok
[INFO] [stdout] test preserves_non_finite_values ... ok
[INFO] [stdout] test significant_digits_round_extreme_unsigned_values_correctly ... ok
[INFO] [stdout] test uncompacted_i128_min_is_exact ... ok
[INFO] [stdout] test formats_usize_and_isize ... ok
[INFO] [stdout] test uncompacted_u128_max_is_exact ... ok
[INFO] [stdout] test preserves_non_finite_f32_values ... ok
[INFO] [stdout] test rounds_from_decillion_to_undecillion_boundary ... ok
[INFO] [stdout] test rounds_half_up_at_the_limits_of_f64_precision ... ok
[INFO] [stdout] test sign_symmetry_for_floats ... ok
[INFO] [stdout] test significant_digits_group_integer_part_when_rounding_adds_zeros ... ok
[INFO] [stdout] test significant_digits_round_extreme_signed_values_correctly ... ok
[INFO] [stdout] test very_small_floats_round_to_zero ... ok
[INFO] [stdout] test very_small_positive_float_below_threshold ... ok
[INFO] [stdout] test zero_precision_boundaries_around_one_million ... ok
[INFO] [stdout] test significant_digits_round_up_past_u128_range ... ok
[INFO] [stdout] test very_small_negative_float_below_threshold ... ok
[INFO] [stdout] test minimum_positive_finite_float_rounds_to_zero ... ok
[INFO] [stdout] 
[INFO] [stdout] test result: ok. 40 passed; 0 failed; 0 ignored; 0 measured; 0 filtered out; finished in 0.02s
[INFO] [stdout] 
[INFO] [stderr]      Running tests/number_format.rs (/opt/rustwide/target/release/deps/number_format-3eebacc2ef3f02d8)
[INFO] [stdout] 
[INFO] [stdout] running 37 tests
[INFO] [stdout] test fixed_precision_preserves_trailing_zeros_for_floats ... ok
[INFO] [stdout] test formats_small_numbers_without_suffix ... ok
[INFO] [stdout] test precision_zero_on_float ... ok
[INFO] [stdout] test precision_zero_rounds_correctly ... ok
[INFO] [stdout] test force_sign_renders_plus_for_positive_numbers ... ok
[INFO] [stdout] test formats_negative_numbers ... ok
[INFO] [stdout] test fixed_precision_and_long_units_together ... ok
[INFO] [stdout] test significant_digits_with_fixed_precision_pads_fractional_zeros ... ok
[INFO] [stdout] test force_sign_with_floats_avoids_plus_zero ... ok
[INFO] [stdout] test fixed_precision_preserves_trailing_zeros_for_integers ... ok
[INFO] [stdout] test precision_six_is_maximum ... ok
[INFO] [stdout] test separators_apply_when_scaling_disabled ... ok
[INFO] [stdout] test fixed_precision_with_zero_precision_emits_no_decimal ... ok
[INFO] [stdout] test rounding_modes_for_positive_integers ... ok
[INFO] [stdout] test fixed_precision_false_trims_zeros_by_default ... ok
[INFO] [stdout] test formats_thousands ... ok
[INFO] [stdout] test separators_apply_only_when_unscaled ... ok
[INFO] [stdout] test rounding_modes_for_negative_integers ... ok
[INFO] [stdout] test rounding_modes_for_floats ... ok
[INFO] [stdout] test rounding_modes_near_suffix_boundary ... ok
[INFO] [stdout] test separators_with_negative_unscaled_values ... ok
[INFO] [stdout] test significant_digits_zero_value_formats_as_zero ... ok
[INFO] [stdout] test supports_disabling_compact_scaling ... ok
[INFO] [stdout] test supports_extension_trait_usage ... ok
[INFO] [stdout] test supports_large_long_units_beyond_trillion ... ok
[INFO] [stdout] test supports_long_units ... ok
[INFO] [stdout] test supports_large_units_beyond_trillion ... ok
[INFO] [stdout] test supports_significant_digits_for_unscaled_floats ... ok
[INFO] [stdout] test supports_combined_custom_separators ... ok
[INFO] [stdout] test supports_custom_decimal_separator_with_compact_value ... ok
[INFO] [stdout] test supports_custom_group_separator_when_uncompacted ... ok
[INFO] [stdout] test supports_custom_decimal_separator ... ok
[INFO] [stdout] test supports_precision_override ... ok
[INFO] [stdout] test supports_significant_digits_for_unscaled_integers ... ok
[INFO] [stdout] test supports_separator_rendering_for_float_values ... ok
[INFO] [stdout] test formats_millions ... ok
[INFO] [stdout] test supports_significant_digits_for_compact_integers ... ok
[INFO] [stderr]      Running tests/ordinal_format.rs (/opt/rustwide/target/release/deps/ordinal_format-2ff68022507d6aea)
[INFO] [stdout] 
[INFO] [stdout] test result: ok. 37 passed; 0 failed; 0 ignored; 0 measured; 0 filtered out; finished in 0.01s
[INFO] [stdout] 
[INFO] [stdout] 
[INFO] [stdout] running 7 tests
[INFO] [stdout] test formats_zero_ordinal ... ok
[INFO] [stdout] test formats_larger_ordinals ... ok
[INFO] [stdout] test handles_teen_suffix_exceptions ... ok
[INFO] [stdout] test preserves_negative_prefix_for_signed_values ... ok
[INFO] [stdout] test supports_extension_trait_usage ... ok
[INFO] [stdout] test formats_basic_ordinals ... ok
[INFO] [stdout] test ordinal_suffix_helper_returns_just_the_suffix ... ok
[INFO] [stdout] 
[INFO] [stdout] test result: ok. 7 passed; 0 failed; 0 ignored; 0 measured; 0 filtered out; finished in 0.01s
[INFO] [stdout] 
[INFO] [stderr]      Running tests/percent_format.rs (/opt/rustwide/target/release/deps/percent_format-1b0186cfc27f8509)
[INFO] [stdout] 
[INFO] [stdout] running 32 tests
[INFO] [stdout] test fixed_precision_with_zero_precision_emits_no_decimal ... ok
[INFO] [stdout] test force_sign_avoids_plus_zero_when_rounding ... ok
[INFO] [stdout] test fixed_precision_preserves_trailing_zeros_for_f32 ... ok
[INFO] [stdout] test formats_negative_ratios ... ok
[INFO] [stdout] test floor_rounding ... ok
[INFO] [stdout] test force_sign_renders_plus_for_positive_percents ... ok
[INFO] [stdout] test formats_common_ratios ... ok
[INFO] [stdout] test formats_fractional_ratio_with_default_precision ... ok
[INFO] [stdout] test formats_one_hundred_percent ... ok
[INFO] [stdout] test ceil_rounding ... ok
[INFO] [stdout] test fixed_precision_preserves_trailing_zeros_for_f64 ... ok
[INFO] [stdout] test formats_ratios_above_the_u128_percent_range ... ok
[INFO] [stdout] test preserves_non_finite_values ... ok
[INFO] [stdout] test formats_zero ... ok
[INFO] [stdout] test half_up_rounding ... ok
[INFO] [stdout] test largest_ratios_are_not_saturated ... ok
[INFO] [stdout] test negative_value_rounding_to_zero_suppresses_minus ... ok
[INFO] [stdout] test positive_value_rounding_to_zero_with_force_sign_suppresses_plus ... ok
[INFO] [stdout] test precision_zero_rounds_to_integer ... ok
[INFO] [stdout] test sign_symmetry ... ok
[INFO] [stdout] test supports_custom_decimal_separator ... ok
[INFO] [stdout] test supports_f32_input ... ok
[INFO] [stdout] test supports_extension_trait_usage ... ok
[INFO] [stdout] test formats_values_above_one ... ok
[INFO] [stdout] test trims_trailing_zeros_by_default ... ok
[INFO] [stdout] test rounding_mode_does_not_affect_exact_values ... ok
[INFO] [stdout] test rounds_ratios_at_the_limits_of_f64_precision ... ok
[INFO] [stdout] test unbounded_ratios_keep_sign_and_fixed_precision ... ok
[INFO] [stdout] test unbounded_ratios_ignore_the_rounding_mode ... ok
[INFO] [stdout] test supports_extension_trait_with_options ... ok
[INFO] [stderr]      Running tests/property_invariants.rs (/opt/rustwide/target/release/deps/property_invariants-10604c30110380b9)
[INFO] [stdout] test supports_precision_override_for_f64 ... ok
[INFO] [stdout] test supports_precision_override_for_f32 ... ok
[INFO] [stdout] 
[INFO] [stdout] test result: ok. 32 passed; 0 failed; 0 ignored; 0 measured; 0 filtered out; finished in 0.01s
[INFO] [stdout] 
[INFO] [stdout] 
[INFO] [stdout] running 8 tests
[INFO] [stdout] test number_sign_symmetry_holds_for_nonzero_integers ... ok
[INFO] [stdout] test byte_suffixes_do_not_regress_for_increasing_values ... ok
[INFO] [stdout] test byte_sign_symmetry_holds_for_nonzero_values ... ok
[INFO] [stdout] test duration_output_respects_max_units ... ok
[INFO] [stdout] test ago_output_keeps_duration_rendering_as_prefix ... ok
[INFO] [stdout] test lists_preserve_item_order_and_joining ... ok
[INFO] [stdout] test tiny_negative_numbers_do_not_render_negative_zero ... ok
[INFO] [stdout] test number_suffixes_do_not_regress_for_increasing_values ... ok
[INFO] [stderr]      Running tests/time_integration.rs (/opt/rustwide/target/release/deps/time_integration-a937969f1d33ace0)
[INFO] [stdout] 
[INFO] [stdout] test result: ok. 8 passed; 0 failed; 0 ignored; 0 measured; 0 filtered out; finished in 0.01s
[INFO] [stdout] 
[INFO] [stdout] 
[INFO] [stdout] running 0 tests
[INFO] [stdout] 
[INFO] [stdout] test result: ok. 0 passed; 0 failed; 0 ignored; 0 measured; 0 filtered out; finished in 0.00s
[INFO] [stdout] 
[INFO] [stderr]    Doc-tests humfmt
[INFO] [stdout] 
[INFO] [stdout] running 103 tests
[INFO] [stdout] test src/bytes/mod.rs - bytes::bytes_with (line 62) ... ok
[INFO] [stdout] test src/ago/options.rs - ago::options::AgoOptions::max_units (line 55) ... ok
[INFO] [stdout] test src/bytes/options.rs - bytes::options::BytesOptions (line 63) ... ok
[INFO] [stdout] test src/ago/options.rs - ago::options::AgoOptions::just_now (line 114) ... ok
[INFO] [stdout] test src/ago/mod.rs - ago::ago_with (line 60) ... ok
[INFO] [stdout] test src/bytes/options.rs - bytes::options::BytesOptions::bits (line 245) ... ok
[INFO] [stdout] test src/ago/options.rs - ago::options::AgoOptions (line 12) ... ok
[INFO] [stdout] test src/bytes/options.rs - bytes::options::BytesOptions::binary (line 215) ... ok
[INFO] [stdout] test src/bytes/options.rs - bytes::options::BytesOptions::fixed_precision (line 354) ... ok
[INFO] [stdout] test src/bytes/mod.rs - bytes (line 5) ... ok
[INFO] [stdout] test src/ago/mod.rs - ago (line 8) ... ok
[INFO] [stdout] test src/ago/options.rs - ago::options::AgoOptions::long_units (line 81) ... ok
[INFO] [stdout] test src/bytes/options.rs - bytes::options::BytesOptions (line 70) ... ok
[INFO] [stdout] test src/bytes/options.rs - bytes::options::BytesOptions::min_unit (line 379) ... ok
[INFO] [stdout] test src/bytes/options.rs - bytes::options::BytesOptions::long_units (line 264) ... ok
[INFO] [stdout] test src/duration/mod.rs - duration (line 5) ... ok
[INFO] [stdout] test src/ago/mod.rs - ago::ago (line 48) ... ok
[INFO] [stdout] test src/bytes/options.rs - bytes::options::BytesOptions::space (line 285) ... ok
[INFO] [stdout] test src/bytes/options.rs - bytes::options::BytesOptions::decimal_separator (line 333) ... ok
[INFO] [stdout] test src/bytes/options.rs - bytes::options::BytesOptions::rounding (line 196) ... ok
[INFO] [stdout] test src/bytes/options.rs - bytes::options::BytesOptions::force_sign (line 313) ... ok
[INFO] [stdout] test src/bytes/options.rs - bytes::options::BytesOptions::precision (line 135) ... ok
[INFO] [stdout] test src/bytes/options.rs - bytes::options::BytesOptions::max_unit (line 401) ... ok
[INFO] [stdout] test src/bytes/options.rs - bytes::options::BytesOptions::unit (line 419) ... ok
[INFO] [stdout] test src/bytes/mod.rs - bytes::bytes (line 51) ... ok
[INFO] [stdout] test src/bytes/options.rs - bytes::options::BytesOptions::significant_digits (line 162) ... ok
[INFO] [stdout] test src/duration/options.rs - duration::options::DurationOptions::max_units (line 46) ... ok
[INFO] [stdout] test src/duration/options.rs - duration::options::DurationOptions (line 10) ... ok
[INFO] [stdout] test src/duration/options.rs - duration::options::DurationOptions::long_units (line 79) ... ok
[INFO] [stdout] test src/lib.rs - (line 103) ... ok
[INFO] [stdout] test src/duration/mod.rs - duration::duration (line 51) ... ok
[INFO] [stdout] test src/lib.rs - (line 229) ... ok
[INFO] [stdout] test src/lib.rs - (line 16) ... ok
[INFO] [stdout] test src/lib.rs - (line 163) ... ok
[INFO] [stdout] test src/lib.rs - (line 149) ... ok
[INFO] [stdout] test src/duration/mod.rs - duration::duration_with (line 63) ... ok
[INFO] [stdout] test src/lib.rs - (line 192) ... ok
[INFO] [stdout] test src/lib.rs - (line 331) ... ok
[INFO] [stdout] test src/lib.rs - (line 241) ... ok
[INFO] [stdout] test src/lib.rs - (line 175) ... ok
[INFO] [stdout] test src/lib.rs - (line 202) ... ok
[INFO] [stdout] test src/lib.rs - (line 258) ... ok
[INFO] [stdout] test src/lib.rs - (line 212) ... ok
[INFO] [stdout] test src/lib.rs - (line 269) ... ok
[INFO] [stdout] test src/lib.rs - (line 391) ... ok
[INFO] [stdout] test src/lib.rs - (line 344) ... ok
[INFO] [stdout] test src/lib.rs - (line 501) ... ok
[INFO] [stdout] test src/lib.rs - (line 361) ... ok
[INFO] [stdout] test src/lib.rs - (line 516) ... ok
[INFO] [stdout] test src/lib.rs - (line 400) ... ok
[INFO] [stdout] test src/lib.rs - (line 527) ... ok
[INFO] [stdout] test src/lib.rs - (line 435) ... ok
[INFO] [stdout] test src/lib.rs - (line 565) ... ok
[INFO] [stdout] test src/lib.rs - (line 456) ... ok
[INFO] [stdout] test src/lib.rs - (line 59) ... ok
[INFO] [stdout] test src/lib.rs - (line 378) ... ok
[INFO] [stdout] test src/lib.rs - (line 700) ... FAILED
[INFO] [stdout] test src/lib.rs - (line 662) ... FAILED
[INFO] [stdout] test src/lib.rs - ReadmeExamples (line 266) ... ok
[INFO] [stdout] test src/lib.rs - (line 305) ... ok
[INFO] [stdout] test src/lib.rs - (line 681) ... FAILED
[INFO] [stdout] test src/lib.rs - (line 75) ... ok
[INFO] [stdout] test src/list/mod.rs - list::list (line 46) ... ok
[INFO] [stdout] test src/lib.rs - (line 602) ... ok
[INFO] [stdout] test src/lib.rs - ReadmeExamples (line 93) ... ok
[INFO] [stdout] test src/list/display.rs - list::display::ListDisplay (line 13) ... ok
[INFO] [stdout] test src/lib.rs - ReadmeExamples (line 64) ... ok
[INFO] [stdout] test src/lib.rs - ReadmeExamples (line 133) ... ok
[INFO] [stdout] test src/number/options.rs - number::options::NumberOptions::decimal_separator (line 375) ... ok
[INFO] [stdout] test src/list/mod.rs - list (line 5) ... ok
[INFO] [stdout] test src/number/options.rs - number::options::NumberOptions (line 34) ... ok
[INFO] [stdout] test src/list/options.rs - list::options::ListOptions (line 8) ... ok
[INFO] [stdout] test src/number/mod.rs - number::number (line 79) ... ok
[INFO] [stdout] test src/number/mod.rs - number::number_with (line 94) ... ok
[INFO] [stdout] test src/lib.rs - ReadmeExamples (line 28) ... ok
[INFO] [stdout] test src/number/mod.rs - number (line 7) ... ok
[INFO] [stdout] test src/number/options.rs - number::options::NumberOptions::fixed_precision (line 354) ... ok
[INFO] [stdout] test src/number/options.rs - number::options::NumberOptions::compact (line 198) ... ok
[INFO] [stdout] test src/list/mod.rs - list::list_with (line 58) ... ok
[INFO] [stdout] test src/number/options.rs - number::options::NumberOptions::long_units (line 289) ... ok
[INFO] [stdout] test src/number/options.rs - number::options::NumberOptions::force_sign (line 227) ... ok
[INFO] [stdout] test src/number/options.rs - number::options::NumberOptions::group_separator (line 396) ... ok
[INFO] [stdout] test src/number/options.rs - number::options::NumberOptions::rounding (line 262) ... ok
[INFO] [stdout] test src/ordinal/mod.rs - ordinal::ordinal_suffix (line 60) ... ok
[INFO] [stdout] test src/number/options.rs - number::options::NumberOptions::precision (line 102) ... ok
[INFO] [stdout] test src/percent/mod.rs - percent::percent (line 58) ... ok
[INFO] [stdout] test src/percent/mod.rs - percent (line 15) ... ok
[INFO] [stdout] test src/number/options.rs - number::options::NumberOptions::significant_digits (line 156) ... ok
[INFO] [stdout] test src/number/options.rs - number::options::NumberOptions::separators (line 324) ... ok
[INFO] [stdout] test src/percent/options.rs - percent::options::PercentOptions (line 21) ... ok
[INFO] [stdout] test src/percent/options.rs - percent::options::PercentOptions::decimal_separator (line 148) ... ok
[INFO] [stdout] test src/percent/mod.rs - percent::percent_with (line 70) ... ok
[INFO] [stdout] test src/percent/options.rs - percent::options::PercentOptions::fixed_precision (line 132) ... ok
[INFO] [stdout] test src/ordinal/mod.rs - ordinal::ordinal (line 45) ... ok
[INFO] [stdout] test src/number/options.rs - number::options::NumberOptions::significant_digits (line 145) ... ok
[INFO] [stdout] test src/ordinal/mod.rs - ordinal (line 8) ... ok
[INFO] [stdout] test src/rounding.rs - rounding::RoundingMode (line 12) ... ok
[INFO] [stdout] test src/percent/options.rs - percent::options::PercentOptions::rounding (line 91) ... ok
[INFO] [stdout] test src/percent/options.rs - percent::options::PercentOptions::precision (line 65) ... ok
[INFO] [stdout] test src/percent/options.rs - percent::options::PercentOptions::force_sign (line 109) ... ok
[INFO] [stdout] test src/traits/humanize.rs - traits::humanize::Humanize::human_percent (line 107) ... ok
[INFO] [stdout] test src/prelude.rs - prelude (line 9) ... ok
[INFO] [stdout] test src/traits/humanize.rs - traits::humanize::Humanize (line 15) ... ok
[INFO] [stdout] 
[INFO] [stdout] failures:
[INFO] [stdout] 
[INFO] [stdout] ---- src/lib.rs - (line 700) stdout ----
[INFO] [stdout] error[E0432]: unresolved import `humfmt::chrono`
[INFO] [stdout]    --> src/lib.rs:702:14
[INFO] [stdout]     |
[INFO] [stdout] 702 | use humfmt::{chrono as humchrono, DurationConversionError};
[INFO] [stdout]     |              ------^^^^^^^^^^^^^
[INFO] [stdout]     |              |
[INFO] [stdout]     |              no `chrono` in the root
[INFO] [stdout]     |
[INFO] [stdout] note: found an item that was configured out
[INFO] [stdout]    --> src/lib.rs:17:9
[INFO] [stdout]     |
[INFO] [stdout]  15 | #[cfg(feature = "chrono")]
[INFO] [stdout]     |       ------------------ the item is gated behind the `chrono` feature
[INFO] [stdout]  16 | #[cfg_attr(docsrs, doc(cfg(feature = "chrono")))]
[INFO] [stdout]  17 | pub mod chrono;
[INFO] [stdout]     |         ^^^^^^
[INFO] [stdout] 
[INFO] [stdout] error[E0433]: cannot find module or crate `chrono` in this scope
[INFO] [stdout]    --> src/lib.rs:704:13
[INFO] [stdout]     |
[INFO] [stdout] 704 | let delta = chrono::TimeDelta::try_seconds(-5).unwrap();
[INFO] [stdout]     |             ^^^^^^ use of unresolved module or unlinked crate `chrono`
[INFO] [stdout]     |
[INFO] [stdout] help: to make use of source file src/chrono/mod.rs, use `mod chrono` in this file to declare the module
[INFO] [stdout]     |
[INFO] [stdout] 699 + mod chrono;
[INFO] [stdout]     |
[INFO] [stdout] 
[INFO] [stdout] error: aborting due to 2 previous errors
[INFO] [stdout] 
[INFO] [stdout] Some errors have detailed explanations: E0432, E0433.
[INFO] [stdout] For more information about an error, try `rustc --explain E0432`.
[INFO] [stdout] Couldn't compile the test.
[INFO] [stdout] ---- src/lib.rs - (line 662) stdout ----
[INFO] [stdout] error[E0432]: unresolved import `humfmt::chrono`
[INFO] [stdout]    --> src/lib.rs:664:5
[INFO] [stdout]     |
[INFO] [stdout] 664 | use humfmt::chrono as humchrono;
[INFO] [stdout]     |     ^^^^^^^^------^^^^^^^^^^^^^
[INFO] [stdout]     |             |
[INFO] [stdout]     |             no `chrono` in the root
[INFO] [stdout]     |
[INFO] [stdout] note: found an item that was configured out
[INFO] [stdout]    --> src/lib.rs:17:9
[INFO] [stdout]     |
[INFO] [stdout]  15 | #[cfg(feature = "chrono")]
[INFO] [stdout]     |       ------------------ the item is gated behind the `chrono` feature
[INFO] [stdout]  16 | #[cfg_attr(docsrs, doc(cfg(feature = "chrono")))]
[INFO] [stdout]  17 | pub mod chrono;
[INFO] [stdout]     |         ^^^^^^
[INFO] [stdout] 
[INFO] [stdout] error[E0433]: cannot find module or crate `chrono` in this scope
[INFO] [stdout]    --> src/lib.rs:666:13
[INFO] [stdout]     |
[INFO] [stdout] 666 | let delta = chrono::TimeDelta::try_seconds(90).unwrap();
[INFO] [stdout]     |             ^^^^^^ use of unresolved module or unlinked crate `chrono`
[INFO] [stdout]     |
[INFO] [stdout] help: to make use of source file src/chrono/mod.rs, use `mod chrono` in this file to declare the module
[INFO] [stdout]     |
[INFO] [stdout] 661 + mod chrono;
[INFO] [stdout]     |
[INFO] [stdout] 
[INFO] [stdout] error[E0433]: cannot find module or crate `chrono` in this scope
[INFO] [stdout]    --> src/lib.rs:670:12
[INFO] [stdout]     |
[INFO] [stdout] 670 | let then = chrono::DateTime::from_timestamp(0, 0).unwrap();
[INFO] [stdout]     |            ^^^^^^ use of unresolved module or unlinked crate `chrono`
[INFO] [stdout]     |
[INFO] [stdout] help: to make use of source file src/chrono/mod.rs, use `mod chrono` in this file to declare the module
[INFO] [stdout]     |
[INFO] [stdout] 661 + mod chrono;
[INFO] [stdout]     |
[INFO] [stdout] 
[INFO] [stdout] error[E0433]: cannot find module or crate `chrono` in this scope
[INFO] [stdout]    --> src/lib.rs:671:11
[INFO] [stdout]     |
[INFO] [stdout] 671 | let now = chrono::DateTime::from_timestamp(3665, 0).unwrap();
[INFO] [stdout]     |           ^^^^^^ use of unresolved module or unlinked crate `chrono`
[INFO] [stdout]     |
[INFO] [stdout] help: to make use of source file src/chrono/mod.rs, use `mod chrono` in this file to declare the module
[INFO] [stdout]     |
[INFO] [stdout] 661 + mod chrono;
[INFO] [stdout]     |
[INFO] [stdout] 
[INFO] [stdout] error: aborting due to 4 previous errors
[INFO] [stdout] 
[INFO] [stdout] Some errors have detailed explanations: E0432, E0433.
[INFO] [stdout] For more information about an error, try `rustc --explain E0432`.
[INFO] [stdout] Couldn't compile the test.
[INFO] [stdout] ---- src/lib.rs - (line 681) stdout ----
[INFO] [stdout] error[E0432]: unresolved import `humfmt::time`
[INFO] [stdout]    --> src/lib.rs:683:5
[INFO] [stdout]     |
[INFO] [stdout] 683 | use humfmt::time as humtime;
[INFO] [stdout]     |     ^^^^^^^^----^^^^^^^^^^^
[INFO] [stdout]     |             |
[INFO] [stdout]     |             no `time` in the root
[INFO] [stdout]     |
[INFO] [stdout] note: found an item that was configured out
[INFO] [stdout]    --> src/lib.rs:28:9
[INFO] [stdout]     |
[INFO] [stdout]  26 | #[cfg(feature = "time")]
[INFO] [stdout]     |       ---------------- the item is gated behind the `time` feature
[INFO] [stdout]  27 | #[cfg_attr(docsrs, doc(cfg(feature = "time")))]
[INFO] [stdout]  28 | pub mod time;
[INFO] [stdout]     |         ^^^^
[INFO] [stdout] help: consider importing this module instead
[INFO] [stdout]     |
[INFO] [stdout] 683 - use humfmt::time as humtime;
[INFO] [stdout] 683 + use std::time as humtime;
[INFO] [stdout]     |
[INFO] [stdout] 
[INFO] [stdout] error[E0433]: cannot find module or crate `time` in this scope
[INFO] [stdout]    --> src/lib.rs:688:12
[INFO] [stdout]     |
[INFO] [stdout] 688 | let then = time::OffsetDateTime::from_unix_timestamp(0).unwrap();
[INFO] [stdout]     |            ^^^^ use of unresolved module or unlinked crate `time`
[INFO] [stdout]     |
[INFO] [stdout] help: to make use of source file src/time/mod.rs, use `mod time` in this file to declare the module
[INFO] [stdout]     |
[INFO] [stdout] 680 + mod time;
[INFO] [stdout]     |
[INFO] [stdout] 
[INFO] [stdout] error[E0433]: cannot find module or crate `time` in this scope
[INFO] [stdout]    --> src/lib.rs:689:11
[INFO] [stdout]     |
[INFO] [stdout] 689 | let now = time::OffsetDateTime::from_unix_timestamp(3665).unwrap();
[INFO] [stdout]     |           ^^^^ use of unresolved module or unlinked crate `time`
[INFO] [stdout]     |
[INFO] [stdout] help: to make use of source file src/time/mod.rs, use `mod time` in this file to declare the module
[INFO] [stdout]     |
[INFO] [stdout] 680 + mod time;
[INFO] [stdout]     |
[INFO] [stdout] 
[INFO] [stdout] error[E0433]: cannot find module or crate `time` in this scope
[INFO] [stdout]    --> src/lib.rs:685:13
[INFO] [stdout]     |
[INFO] [stdout] 685 | let delta = time::Duration::seconds(90);
[INFO] [stdout]     |             ^^^^ use of unresolved module or unlinked crate `time`
[INFO] [stdout]     |
[INFO] [stdout] help: to make use of source file src/time/mod.rs, use `mod time` in this file to declare the module
[INFO] [stdout]     |
[INFO] [stdout] 680 + mod time;
[INFO] [stdout]     |
[INFO] [stdout] help: consider importing this struct
[INFO] [stdout]     |
[INFO] [stdout] 680 + use std::time::Duration;
[INFO] [stdout]     |
[INFO] [stdout] help: if you import `Duration`, refer to it directly
[INFO] [stdout]     |
[INFO] [stdout] 685 - let delta = time::Duration::seconds(90);
[INFO] [stdout] 685 + let delta = Duration::seconds(90);
[INFO] [stdout]     |
[INFO] [stdout] 
[INFO] [stdout] error: aborting due to 4 previous errors
[INFO] [stdout] 
[INFO] [stdout] Some errors have detailed explanations: E0432, E0433.
[INFO] [stdout] For more information about an error, try `rustc --explain E0432`.
[INFO] [stdout] Couldn't compile the test.
[INFO] [stdout] 
[INFO] [stdout] failures:
[INFO] [stdout]     src/lib.rs - (line 662)
[INFO] [stdout]     src/lib.rs - (line 681)
[INFO] [stdout]     src/lib.rs - (line 700)
[INFO] [stdout] 
[INFO] [stdout] test result: FAILED. 100 passed; 3 failed; 0 ignored; 0 measured; 0 filtered out; finished in 4.65s
[INFO] [stdout] 
[INFO] [stderr] error: doctest failed, to rerun pass `--doc`
[INFO] running `Command { std: "docker" "inspect" "d38834f2a1da98b5afaf01b78a1ebbecb829cebc8e7782f0c38cde92a1a21e39", kill_on_drop: false }`
[INFO] running `Command { std: "docker" "rm" "-f" "d38834f2a1da98b5afaf01b78a1ebbecb829cebc8e7782f0c38cde92a1a21e39", kill_on_drop: false }`
[INFO] [stdout] d38834f2a1da98b5afaf01b78a1ebbecb829cebc8e7782f0c38cde92a1a21e39
